INSERT INTO `ebay_products` (`id`, `products_id`, `ebay_preis`, `ebay_bild`, `ebay_galleryfeatured`, `ebay_galleryfeaturedduration`, `ebay_kategorie`, `ebay_kategorie2`, `ebay_counter`, `ebay_titel`, `ebay_untertitel`, `ebay_beschreibung`, `ebay_angebotsformat`, `ebay_sofortkauf_preis`, `ebay_auktionsdauer`, `ebay_menge`, `ebay_ort`, `ebay_land`, `ebay_boldtitle`, `ebay_highlight`, `ebay_featured`, `ebay_gallery`, `STATUS`, `ebay_sammler_id`, `ebay_template`, `ebay_shopcat`, `ebay_vat`, `ebay_geldzurueck`, `ebay_sofortneu`, `ebay_new`, `ebay_shopcat_name`, `ebay_shopcat2`, `ebay_shopcat2_name`, `ebay_homepagefeatured`, `ebay_border`, `ebay_bestoffer`, `ebay_bestoffer_price`, `select_set`, `ebay_site`, `ebay_paymentinstructions`, `ebay_gallery_plus`, `ebay_user`, `select_set_multiple`, `ebay_skype_enabled`, `ebay_skype_id`, `ebay_skype_contact_option`, `ebay_bestofferautoacceptprice`, `ebay_revise`, `ebay_revise_option`, `ebay_external_product_id`, `ebay_external_product_id_type`, `ebay_postalcode`, `locked`, `ebay_dispatchtimemax`, `ebay_automatic_list_no_sell`, `itemcondition`, `sku`, `ebay_variations_id`, `ShippingDiscountProfileID`, `InternationalShippingDiscountProfileID`, `reserveprice`, `returnswithincode`, `shippingcostpaidby`, `ean`, `isbn`, `ebay_plus`, `seller_profile_payment_id`, `seller_profile_return_policy_id`, `seller_profile_shipping_id`, `ProductReferenceID`, `scheduletime`) VALUES
(488, 258, 49.9000, '258_0.png', '0', 1, '28108', '', 'RetroStyle', 'Marker Set 120 Farben – Doppelspitze Pinsel/Fein wasserbasiert, Etu', '', '<h2>Marker Set 120 Farben &#8211; Doppelspitze Pinsel/Fein wasserbasiert, Etu</h2>\r\n<p data-start=\"286\" data-end=\"638\"><strong data-start=\"286\" data-end=\"319\">120-teilige Profi-Kunstmarker</strong> mit <strong data-start=\"324\" data-end=\"340\">Doppelspitze</strong>: <strong data-start=\"342\" data-end=\"358\">Pinselspitze</strong> f&#252;r Verl&#228;ufe &amp; Colorings, <strong data-start=\"385\" data-end=\"399\">Feinspitze</strong> f&#252;r Konturen, Notizen &amp; Details. <strong data-start=\"433\" data-end=\"468\">Wasserbasierte, ungiftige Tinte</strong> (geruchsarm, schnell trocknend) f&#252;r <strong data-start=\"505\" data-end=\"574\">Bullet Journal, Skizzen, Handlettering, Malerei, Planer &amp; Notizen</strong>. Stabiler <strong data-start=\"585\" data-end=\"613\">Aufbewahrungskoffer/Etui</strong> f&#252;r Ordnung &amp; Transport.</p>\r\n<h2 data-start=\"640\" data-end=\"653\">Highlights</h2>\r\n<ul data-start=\"654\" data-end=\"1108\">\r\n<li data-start=\"654\" data-end=\"729\">\r\n<p data-start=\"656\" data-end=\"729\"><strong data-start=\"656\" data-end=\"670\">120 Farben</strong> &#8211; gro&#223;e Palette f&#252;r Schattierungen, Blending, Highlights</p>\r\n</li>\r\n<li data-start=\"730\" data-end=\"809\">\r\n<p data-start=\"732\" data-end=\"809\"><strong data-start=\"732\" data-end=\"748\">Doppelspitze</strong> &#8211; <strong data-start=\"751\" data-end=\"761\">Pinsel</strong> (weich, flexibel) &amp; <strong data-start=\"782\" data-end=\"790\">Fein</strong> (pr&#228;zise Linien)</p>\r\n</li>\r\n<li data-start=\"810\" data-end=\"881\">\r\n<p data-start=\"812\" data-end=\"881\"><strong data-start=\"812\" data-end=\"837\">Tinte auf Wasserbasis</strong> &#8211; ungiftig, geruchsarm, schnell trocknend</p>\r\n</li>\r\n<li data-start=\"882\" data-end=\"952\">\r\n<p data-start=\"884\" data-end=\"952\"><strong data-start=\"884\" data-end=\"905\">Sauberes Arbeiten</strong> &#8211; geringe Durchblutung auf geeignetem Papier</p>\r\n</li>\r\n<li data-start=\"953\" data-end=\"1029\">\r\n<p data-start=\"955\" data-end=\"1029\"><strong data-start=\"955\" data-end=\"969\">Vielseitig</strong> &#8211; Journal, Lettering, Comics, Sketchnotes, Coloring-Books</p>\r\n</li>\r\n<li data-start=\"1030\" data-end=\"1108\">\r\n<p data-start=\"1032\" data-end=\"1108\"><strong data-start=\"1032\" data-end=\"1055\">Ordentlich verstaut</strong> &#8211; kompaktes <strong data-start=\"1068\" data-end=\"1076\">Etui</strong> f&#252;rs Studio, Schule &amp; unterwegs</p>\r\n</li>\r\n</ul>\r\n<h2 data-start=\"1110\" data-end=\"1131\">Technische Details</h2>\r\n<ul data-start=\"1132\" data-end=\"1490\">\r\n<li data-start=\"1132\" data-end=\"1173\">\r\n<p data-start=\"1134\" data-end=\"1173\"><strong data-start=\"1134\" data-end=\"1147\">Setgr&#246;&#223;e:</strong> 120 Marker (Multicolor)</p>\r\n</li>\r\n<li data-start=\"1174\" data-end=\"1231\">\r\n<p data-start=\"1176\" data-end=\"1231\"><strong data-start=\"1176\" data-end=\"1188\">Spitzen:</strong> Pinselspitze &amp; Feinspitze (Doppelspitze)</p>\r\n</li>\r\n<li data-start=\"1232\" data-end=\"1274\">\r\n<p data-start=\"1234\" data-end=\"1274\"><strong data-start=\"1234\" data-end=\"1244\">Tinte:</strong> Wasserbasiert, <strong data-start=\"1260\" data-end=\"1272\">ungiftig</strong></p>\r\n</li>\r\n<li data-start=\"1275\" data-end=\"1334\">\r\n<p data-start=\"1277\" data-end=\"1334\"><strong data-start=\"1277\" data-end=\"1295\">Farbe Geh&#228;use:</strong> Schwarz (Marker), Inhalt: Multicolor</p>\r\n</li>\r\n<li data-start=\"1335\" data-end=\"1419\">\r\n<p data-start=\"1337\" data-end=\"1419\"><strong data-start=\"1337\" data-end=\"1353\">Oberfl&#228;chen:</strong> Papier/Karton optimal; auch glatter Kunststoff f&#252;r Markierungen</p>\r\n</li>\r\n<li data-start=\"1420\" data-end=\"1490\">\r\n<p data-start=\"1422\" data-end=\"1490\"><strong data-start=\"1422\" data-end=\"1445\">Empfohlene Nutzung:</strong> Malerei, Skizzieren, Bullet Journal, Notizen</p>\r\n</li>\r\n</ul>\r\n<h2 data-start=\"1642\" data-end=\"1657\">Lieferumfang</h2>\r\n<ul data-start=\"1658\" data-end=\"1739\">\r\n<li data-start=\"1658\" data-end=\"1705\">\r\n<p data-start=\"1660\" data-end=\"1705\"><strong data-start=\"1660\" data-end=\"1689\">120&#215; Doppelspitzen-Marker</strong> (Pinsel/Fein)</p>\r\n</li>\r\n<li data-start=\"1706\" data-end=\"1739\">\r\n<p data-start=\"1708\" data-end=\"1739\"><strong data-start=\"1708\" data-end=\"1739\">1&#215; Etui/Aufbewahrungstasche</strong></p>\r\n</li>\r\n</ul>\r\n<p></p>', 'FixedPriceItem', 0.0000, 0, 2, 'Hamburg', 'DE', NULL, NULL, NULL, '1', 2, 19, 'standard.html', '', 1, 1, 0, 0, '', '', '', 0, 0, 0, 0, 0, 'Germany', 'Vielen Dank für Ihre Bestellung. Sollten Sie Fragen zu Ihrem Auftrag oder auch uns haben, so kommen Sie bitte direkt auf uns zu.', 0, 'justneo', 0, 0, '', '', 0, 'to_qty', 0, '', '', '22337', 0, 1, 0, 1000, '', 0, '', '', 0, 'Months_1', 'Buyer', '', '', 0, '244556264010', '244556265010', '245777488010', '', '0000-00-00 00:00:00'),
(489, 259, 29.9001, '259_0.png', '0', 1, '28108', '', 'RetroStyle', 'Alkoholmarker Set 80 Farben – Doppelspitze Profi Marker Skizzieren mit Tasche', '', '<h2>Alkoholmarker Set 80 Farben &#8211; Doppelspitze Profi Marker Skizzieren mit Tasche</h2>\r\n<p data-start=\"460\" data-end=\"874\"><strong data-start=\"460\" data-end=\"488\">80-teilige Alkoholmarker</strong> mit <strong data-start=\"493\" data-end=\"509\">Doppelspitze</strong>: <strong data-start=\"511\" data-end=\"525\">Feinspitze</strong> f&#252;r Konturen &amp; Details, <strong data-start=\"550\" data-end=\"566\">Mei&#223;elspitze</strong> f&#252;r Fl&#228;chen &amp; saubere Kanten. Die <strong data-start=\"601\" data-end=\"626\">alkoholbasierte Tinte</strong> trocknet schnell, l&#228;sst sich <strong data-start=\"656\" data-end=\"682\">streifenarm verblenden</strong> und liefert <strong data-start=\"695\" data-end=\"728\">leuchtende, langlebige Farben</strong> &#8211; ideal zum <strong data-start=\"741\" data-end=\"808\">Ausmalen, Skizzieren, Illustrieren, Manga/Comics, Handlettering</strong>. Im <strong data-start=\"813\" data-end=\"831\">tragbaren Case</strong> bleibt alles geordnet und transportbereit.</p>\r\n<h3 data-start=\"876\" data-end=\"890\">Highlights</h3>\r\n<ul data-start=\"891\" data-end=\"1251\">\r\n<li data-start=\"891\" data-end=\"965\">\r\n<p data-start=\"893\" data-end=\"965\"><strong data-start=\"893\" data-end=\"916\">80 brillante Farben</strong> &#8211; breite Palette f&#252;r Schattierungen &amp; Blending</p>\r\n</li>\r\n<li data-start=\"966\" data-end=\"1025\">\r\n<p data-start=\"968\" data-end=\"1025\"><strong data-start=\"968\" data-end=\"985\">Doppelspitze:</strong> Fein (Detail) &amp; Mei&#223;el (Fl&#228;che/Kante)</p>\r\n</li>\r\n<li data-start=\"1026\" data-end=\"1102\">\r\n<p data-start=\"1028\" data-end=\"1102\"><strong data-start=\"1028\" data-end=\"1054\">Tinte auf Alkoholbasis</strong> &#8211; schnelltrocknend, wischarm, satte Deckkraft</p>\r\n</li>\r\n<li data-start=\"1103\" data-end=\"1181\">\r\n<p data-start=\"1105\" data-end=\"1181\"><strong data-start=\"1105\" data-end=\"1129\">Gleichm&#228;&#223;ige Fl&#228;chen</strong> &#8211; streifenarm, ideal f&#252;r Illustrationen &amp; Layouts</p>\r\n</li>\r\n<li data-start=\"1182\" data-end=\"1251\">\r\n<p data-start=\"1184\" data-end=\"1251\"><strong data-start=\"1184\" data-end=\"1216\">Portable Aufbewahrungstasche</strong> &#8211; kompakt, griffbereit, ordentlich</p>\r\n</li>\r\n</ul>\r\n<h3 data-start=\"1253\" data-end=\"1272\">Einsatzbereiche</h3>\r\n<p data-start=\"1273\" data-end=\"1406\">Ausmalen &amp; Coloring-Books, Skizzen &amp; Entw&#252;rfe, <strong data-start=\"1320\" data-end=\"1342\">Illustration/Manga</strong>, Architektur-Vorskizzen, Bullet Journal, Lettering, DIY-Karten.</p>\r\n<h3 data-start=\"1408\" data-end=\"1428\">Technische Daten</h3>\r\n<ul data-start=\"1429\" data-end=\"1661\">\r\n<li data-start=\"1429\" data-end=\"1469\">\r\n<p data-start=\"1431\" data-end=\"1469\"><strong data-start=\"1431\" data-end=\"1444\">Setgr&#246;&#223;e:</strong> 80 Marker (Multicolor)</p>\r\n</li>\r\n<li data-start=\"1470\" data-end=\"1531\">\r\n<p data-start=\"1472\" data-end=\"1531\"><strong data-start=\"1472\" data-end=\"1484\">Spitzen:</strong> <strong data-start=\"1485\" data-end=\"1514\">Feinspitze + Mei&#223;elspitze</strong> (Doppelspitze)</p>\r\n</li>\r\n<li data-start=\"1532\" data-end=\"1582\">\r\n<p data-start=\"1534\" data-end=\"1582\"><strong data-start=\"1534\" data-end=\"1544\">Tinte:</strong> <strong data-start=\"1545\" data-end=\"1561\">Alkoholbasis</strong> (schnelltrocknend)</p>\r\n</li>\r\n<li data-start=\"1583\" data-end=\"1621\">\r\n<p data-start=\"1585\" data-end=\"1621\"><strong data-start=\"1585\" data-end=\"1602\">Geh&#228;usefarbe:</strong> Schwarz (Marker)</p>\r\n</li>\r\n<li data-start=\"1622\" data-end=\"1661\">\r\n<p data-start=\"1624\" data-end=\"1661\"><strong data-start=\"1624\" data-end=\"1636\">Zubeh&#246;r:</strong> <strong data-start=\"1637\" data-end=\"1661\">Schwarze Tragetasche</strong></p>\r\n</li>\r\n</ul>\r\n<h3 data-start=\"1663\" data-end=\"1684\">Anwendung &amp; Tipps</h3>\r\n<ul data-start=\"1685\" data-end=\"1901\">\r\n<li data-start=\"1685\" data-end=\"1788\">\r\n<p data-start=\"1687\" data-end=\"1788\">F&#252;r bestes Ergebnis <strong data-start=\"1707\" data-end=\"1750\">markerfestes Papier/Illustrationspapier</strong> verwenden (geringere Durchblutung).</p>\r\n</li>\r\n<li data-start=\"1789\" data-end=\"1845\">\r\n<p data-start=\"1791\" data-end=\"1845\">Marker <strong data-start=\"1798\" data-end=\"1816\">liegend lagern</strong>, Kappen fest verschlie&#223;en.</p>\r\n</li>\r\n<li data-start=\"1846\" data-end=\"1901\">\r\n<p data-start=\"1848\" data-end=\"1901\">Farbverl&#228;ufe durch <strong data-start=\"1867\" data-end=\"1891\">Layering/&#220;berblenden</strong> erzeugen.</p>\r\n</li>\r\n</ul>\r\n<h3 data-start=\"1903\" data-end=\"1917\">Sicherheit</h3>\r\n<p data-start=\"1918\" data-end=\"2036\">Alkoholbasierte Tinte; <strong data-start=\"1941\" data-end=\"1970\">Kinder nur unter Aufsicht</strong> verwenden. Nicht f&#252;r Kinder unter 3 Jahren geeignet (Kleinteile).</p>\r\n<h3 data-start=\"2038\" data-end=\"2054\">Lieferumfang</h3>\r\n<ul data-start=\"2055\" data-end=\"2126\">\r\n<li data-start=\"2055\" data-end=\"2095\">\r\n<p data-start=\"2057\" data-end=\"2095\"><strong data-start=\"2057\" data-end=\"2078\">80&#215; Alkoholmarker</strong> (Doppelspitze)</p>\r\n</li>\r\n<li data-start=\"2096\" data-end=\"2126\">\r\n<p data-start=\"2098\" data-end=\"2126\"><strong data-start=\"2098\" data-end=\"2126\">1&#215; Tragetasche (schwarz)</strong></p>\r\n</li>\r\n</ul>', 'FixedPriceItem', 0.0000, 0, 2, 'Hamburg', 'DE', NULL, NULL, NULL, '1', 2, 19, 'standard.html', '', 1, 1, 0, 0, '', '', '', 0, 0, 0, 0, 0, 'Germany', 'Vielen Dank für Ihre Bestellung. Sollten Sie Fragen zu Ihrem Auftrag oder auch uns haben, so kommen Sie bitte direkt auf uns zu.', 0, 'justneo', 0, 0, '', '', 0, 'to_qty', 0, '', '', '22337', 0, 1, 0, 1000, '', 0, '', '', 0, 'Months_1', 'Buyer', '04262514830573', '', 0, '244556264010', '244556265010', '245777488010', '', '0000-00-00 00:00:00');

-- --------------------------------------------------------

--
-- Tabellenstruktur für Tabelle `ebay_products_characteristics`
--

CREATE TABLE `ebay_products_characteristics` (
  `ebay_products_characteristics_id` int(11) NOT NULL,
  `ebay_products_id` int(11) NOT NULL DEFAULT '0',
  `category_number` tinyint(4) NOT NULL DEFAULT '0',
  `attribute_set_id` int(11) NOT NULL DEFAULT '0',
  `attribute_type` varchar(8) NOT NULL DEFAULT '',
  `attribute_id` int(11) NOT NULL DEFAULT '0',
  `attribute_value` text NOT NULL
) ENGINE=MyISAM DEFAULT CHARSET=utf8;

-- --------------------------------------------------------

--
-- Tabellenstruktur für Tabelle `ebay_products_energy_efficiency`
--

CREATE TABLE `ebay_products_energy_efficiency` (
  `ebay_products_energy_efficiency_id` int(11) NOT NULL,
  `ebay_products_id` int(11) NOT NULL,
  `energy_efficiency_image_description` varchar(255) COLLATE utf8mb4_unicode_ci NOT NULL,
  `energy_efficiency_image_url` varchar(255) COLLATE utf8mb4_unicode_ci NOT NULL,
  `energy_efficiency_ProductInformationsheet` varchar(255) COLLATE utf8mb4_unicode_ci NOT NULL
) ENGINE=InnoDB DEFAULT CHARSET=utf8mb4 COLLATE=utf8mb4_unicode_ci;

-- --------------------------------------------------------

--
-- Tabellenstruktur für Tabelle `ebay_products_history`
--

CREATE TABLE `ebay_products_history` (
  `ebay_products_history_id` int(11) NOT NULL,
  `ebay_products_id` int(11) NOT NULL DEFAULT '0',
  `date_saved` datetime NOT NULL DEFAULT '0000-00-00 00:00:00',
  `comments` text NOT NULL,
  `editor_id` int(11) NOT NULL DEFAULT '0'
) ENGINE=MyISAM DEFAULT CHARSET=utf8;

--
-- Daten für Tabelle `ebay_products_history`
--

INSERT INTO `ebay_products_history` (`ebay_products_history_id`, `ebay_products_id`, `date_saved`, `comments`, `editor_id`) VALUES
(112, 48, '2024-11-15 11:31:25', 'Quicksave: 179977 als Ebaykategorie gespeichert.', 5001),
(113, 49, '2024-11-15 11:32:19', 'Quicksave: 261031 als Ebaykategorie gespeichert.', 5001),
(1110, 373, '2025-02-25 14:06:26', 'Quicksave: 23 als Anzahl gespeichert.', 5001),
(110, 48, '2024-11-15 11:30:49', 'Sammlerprodukt angelegt', 5001),
(111, 49, '2024-11-15 11:30:49', 'Sammlerprodukt angelegt', 5001),
(957, 335, '2025-01-30 13:34:23', 'Quicksave: 28108 als Ebaykategorie gespeichert.', 5001),
(1422, 458, '2025-11-13 09:53:02', 'Auktion 376695064291 manuell eingestellt', 5001),
(980, 339, '2025-02-05 14:26:10', 'Auktion 375973182408 per Hand eingestellt', 5001),
(929, 329, '2025-01-21 13:11:40', 'Quicksave: 181388 als Ebaykategorie gespeichert.', 5001),
(909, 323, '2025-01-21 10:31:15', 'Auktion 375939081522 per Hand eingestellt', 5001),
(1450, 464, '2025-12-04 10:01:15', 'Quicksave: 183477 als 2. Ebaykategorie gespeichert.', 5001),
(975, 339, '2025-02-05 14:24:51', 'Quicksave: 30 als Anzahl gespeichert.', 5001),
(958, 335, '2025-01-30 13:34:35', 'Auktion 375959417842 per Hand eingestellt', 5001),
(978, 339, '2025-02-05 14:25:25', 'Quicksave: 16038 als Ebaykategorie gespeichert.', 5001),
(1109, 373, '2025-02-25 14:06:16', 'Sammlerprodukt angelegt', 5001),
(1108, 292, '2025-02-12 15:49:55', 'Manuelle Preisänderung Auktion 375990555049, alter Preis: 3.9, neuer Preis: 7.9', 5001),
(1107, 364, '2025-02-12 15:39:52', 'Auktion 375990631803 vorzeitig bei Ebay beendet. Bestand wieder gutgeschrieben.', 5001),
(1106, 371, '2025-02-12 15:39:51', 'Auktion 375990649201 vorzeitig bei Ebay beendet. Bestand wieder gutgeschrieben.', 5001),
(1449, 464, '2025-12-04 10:00:58', 'Quicksave: 16081 als Ebaykategorie gespeichert.', 5001),
(1099, 372, '2025-02-12 15:37:55', 'Quicksave: 7300 als Ebaykategorie gespeichert.', 5001),
(1518, 482, '2025-12-14 17:42:24', 'Quicksave: 28108 als Ebaykategorie gespeichert.', 5001),
(1421, 458, '2025-11-13 09:52:50', 'Quicksave: 179019 als 2. Ebaykategorie gespeichert.', 5001),
(1032, 292, '2025-02-12 14:35:50', 'Auktion 375927730868 vorzeitig bei Ebay beendet. Bestand wieder gutgeschrieben.', 5001),
(1436, 461, '2025-11-24 21:22:07', 'Quicksave: 148098 als Ebaykategorie gespeichert.', 5001),
(1437, 461, '2025-11-24 21:23:55', 'Auktion 376727976867 manuell eingestellt', 5001),
(910, 324, '2025-01-21 10:31:18', 'Auktion 375939081777 per Hand eingestellt', 5001),
(1520, 482, '2025-12-14 17:42:36', 'Quicksave: Zustand ID 1000 gespeichert.', 5001),
(931, 329, '2025-01-21 13:12:02', 'Auktion 375939326219 per Hand eingestellt', 5001),
(131, 48, '2024-11-15 12:27:14', 'Quicksave: 6 als Anzahl gespeichert.', 5001),
(132, 49, '2024-11-15 12:27:23', 'Quicksave: 3 als Anzahl gespeichert.', 5001),
(945, 332, '2025-01-30 12:28:25', 'Quicksave: 28108 als Ebaykategorie gespeichert.', 5001),
(1519, 482, '2025-12-14 17:42:30', 'Quicksave: 2 als Anzahl gespeichert.', 5001),
(1477, 471, '2025-12-04 19:26:47', 'Quicksave: 34719 als 2. Ebaykategorie gespeichert.', 5001),
(139, 49, '2024-11-15 13:02:31', 'Auktion 375792383414 per Hand eingestellt', 1),
(944, 332, '2025-01-30 12:07:39', 'Auktion 375959297689 per Hand eingestellt', 5001),
(141, 49, '2024-11-15 17:54:00', 'Auktion 375792383414 vorzeitig bei Ebay beendet. Bestand wieder gutgeschrieben.', 1),
(942, 332, '2025-01-30 12:07:17', 'Quicksave: 4 als Anzahl gespeichert.', 5001),
(943, 332, '2025-01-30 12:07:21', 'Quicksave: Zustand ID 1000 gespeichert.', 5001),
(789, 292, '2025-01-16 18:44:15', 'Quicksave: 3 als Anzahl gespeichert.', 5001),
(1103, 371, '2025-02-12 15:38:30', 'Auktion 375990649201 per Hand eingestellt', 5001),
(1104, 372, '2025-02-12 15:38:34', 'Auktion 375990649246 per Hand eingestellt', 5001),
(841, 307, '2025-01-17 08:52:22', 'Auktion 375928677755 per Hand eingestellt', 5001),
(147, 48, '2024-11-15 17:54:30', 'Quicksave: 4 als Anzahl gespeichert.', 1),
(1147, 383, '2025-03-05 14:55:27', 'Sammlerprodukt angelegt', 5001),
(865, 209, '2025-01-20 15:14:26', 'Auktion 375927738989 vorzeitig bei Ebay beendet. Bestand wieder gutgeschrieben.', 5001),
(1215, 399, '2025-07-04 13:12:05', 'Quicksave: 4 als Anzahl gespeichert.', 5001),
(941, 332, '2025-01-30 12:07:09', 'Quicksave: 28108 als Ebaykategorie gespeichert.', 5001),
(154, 49, '2024-11-15 17:55:03', 'Quicksave: 4 als Anzahl gespeichert.', 1),
(1044, 358, '2025-02-12 14:47:38', 'Quicksave: 122939 als Ebaykategorie gespeichert.', 5001),
(842, 308, '2025-01-17 08:52:24', 'Auktion 375928677776 per Hand eingestellt', 5001),
(834, 308, '2025-01-17 08:51:37', 'Sammlerprodukt angelegt', 5001),
(835, 305, '2025-01-17 08:51:50', 'Quicksave: 10 als Anzahl gespeichert.', 5001),
(1420, 458, '2025-11-13 09:52:29', 'Quicksave: 36120 als Ebaykategorie gespeichert.', 5001),
(976, 339, '2025-02-05 14:24:56', 'Quicksave: 29 als Anzahl gespeichert.', 5001),
(977, 338, '2025-02-05 14:25:14', 'Quicksave: 16038 als Ebaykategorie gespeichert.', 5001),
(165, 48, '2024-11-15 17:56:06', 'Auktion 375792982087 per Hand eingestellt', 1),
(166, 49, '2024-11-15 17:56:09', 'Auktion 375792982128 per Hand eingestellt', 1),
(940, 332, '2025-01-30 12:06:56', 'Sammlerprodukt angelegt', 5001),
(1101, 369, '2025-02-12 15:38:24', 'Auktion 375990649117 per Hand eingestellt', 5001),
(899, 310, '2025-01-21 08:52:25', 'Auktion 375929267973 vorzeitig bei Ebay beendet. Bestand wieder gutgeschrieben.', 5001),
(1043, 357, '2025-02-12 14:47:27', 'Quicksave: 2 als Anzahl gespeichert.', 5001),
(172, 49, '2024-11-21 10:45:18', 'Auktion 375792982128 vorzeitig bei Ebay beendet. Bestand wieder gutgeschrieben.', 5001),
(1517, 482, '2025-12-14 17:42:16', 'Sammlerprodukt angelegt', 5001),
(930, 329, '2025-01-21 13:11:48', 'Quicksave: 11 als Anzahl gespeichert.', 5001),
(1102, 370, '2025-02-12 15:38:28', 'Auktion 375990649154 per Hand eingestellt', 5001),
(934, 330, '2025-01-29 14:50:20', 'Quicksave: 9 als Anzahl gespeichert.', 5001),
(935, 330, '2025-01-29 14:50:33', 'Auktion 375957849017 per Hand eingestellt', 5001),
(839, 305, '2025-01-17 08:52:16', 'Auktion 375928677695 per Hand eingestellt', 5001),
(838, 308, '2025-01-17 08:51:59', 'Quicksave: 10 als Anzahl gespeichert.', 5001),
(832, 306, '2025-01-17 08:51:37', 'Sammlerprodukt angelegt', 5001),
(833, 307, '2025-01-17 08:51:37', 'Sammlerprodukt angelegt', 5001),
(974, 338, '2025-02-05 14:24:42', 'Quicksave: 14 als Anzahl gespeichert.', 5001),
(183, 48, '2024-11-21 10:45:26', 'Auktion 375792982087 vorzeitig bei Ebay beendet. Bestand wieder gutgeschrieben.', 5001),
(955, 335, '2025-01-30 13:34:09', 'Sammlerprodukt angelegt', 5001),
(956, 335, '2025-01-30 13:34:17', 'Quicksave: 4 als Anzahl gespeichert.', 5001),
(1211, 397, '2025-07-02 17:50:24', 'Quicksave: 4 als Anzahl gespeichert.', 5001),
(972, 338, '2025-02-05 14:24:33', 'Sammlerprodukt angelegt', 5001),
(973, 339, '2025-02-05 14:24:33', 'Sammlerprodukt angelegt', 5001),
(1085, 368, '2025-02-12 15:36:16', 'Sammlerprodukt angelegt', 5001),
(1023, 353, '2025-02-05 16:13:32', 'Auktion 375973315359 per Hand eingestellt', 5001),
(837, 307, '2025-01-17 08:51:56', 'Quicksave: 10 als Anzahl gespeichert.', 5001),
(1417, 457, '2025-11-13 08:39:52', 'Auktion 376694923749 manuell eingestellt', 5001),
(1042, 357, '2025-02-12 14:47:16', 'Quicksave: 4 als Anzahl gespeichert.', 5001),
(902, 322, '2025-01-21 09:01:35', 'Auktion 375938938865 vorzeitig bei Ebay beendet. Bestand wieder gutgeschrieben.', 5001),
(1516, 481, '2025-12-14 16:59:21', 'Auktion 376777048291 manuell eingestellt', 5001),
(1125, 376, '2025-02-25 15:12:17', 'Quicksave: 29 als Anzahl gespeichert.', 5001),
(966, 337, '2025-02-05 14:01:27', 'Quicksave: 36114 als Ebaykategorie gespeichert.', 5001),
(814, 213, '2025-01-16 19:03:24', 'Auktion 375850477963 vorzeitig bei Ebay beendet. Bestand wieder gutgeschrieben.', 5001),
(201, 48, '2024-11-21 10:47:29', 'Auktion 375806609599 per Hand eingestellt', 5001),
(202, 49, '2024-11-21 10:47:32', 'Auktion 375806609623 per Hand eingestellt', 5001),
(732, 277, '2025-01-16 18:11:19', 'Sammlerprodukt angelegt', 5001),
(1126, 376, '2025-02-25 15:12:28', 'Auktion 376023078924 per Hand eingestellt', 5001),
(1451, 464, '2025-12-04 10:01:26', 'Auktion 376752441250 manuell eingestellt', 5001),
(463, 171, '2024-11-28 19:49:17', 'Sammlerprodukt angelegt', 5001),
(464, 172, '2024-11-28 19:49:17', 'Sammlerprodukt angelegt', 5001),
(788, 292, '2025-01-16 18:43:09', 'Quicksave: 4 als Anzahl gespeichert.', 5001),
(908, 324, '2025-01-21 10:30:57', 'Quicksave: 181380 als Ebaykategorie gespeichert.', 5001),
(967, 337, '2025-02-05 14:01:50', 'Auktion 375973141592 per Hand eingestellt', 5001),
(703, 71, '2025-01-16 14:30:03', 'Auktion 375806891432 vorzeitig bei Ebay beendet. Bestand wieder gutgeschrieben.', 5001),
(699, 271, '2024-12-11 14:15:44', 'Quicksave: 75233 als Ebaykategorie gespeichert.', 5001),
(907, 323, '2025-01-21 10:30:39', 'Quicksave: 75236 als Ebaykategorie gespeichert.', 5001),
(787, 292, '2025-01-16 18:43:00', 'Sammlerprodukt angelegt', 5001),
(1208, 397, '2025-07-02 17:48:01', 'Sammlerprodukt angelegt', 5001),
(932, 330, '2025-01-29 14:48:56', 'Sammlerprodukt angelegt', 5001),
(933, 330, '2025-01-29 14:49:52', 'Quicksave: 28108 als Ebaykategorie gespeichert.', 5001),
(697, 271, '2024-12-11 14:15:22', 'Quicksave: 4 als Anzahl gespeichert.', 5001),
(698, 270, '2024-12-11 14:15:32', 'Quicksave: 75233 als Ebaykategorie gespeichert.', 5001),
(906, 324, '2025-01-21 10:29:57', 'Quicksave: 4 als Anzahl gespeichert.', 5001),
(904, 324, '2025-01-21 10:29:44', 'Sammlerprodukt angelegt', 5001),
(905, 323, '2025-01-21 10:29:53', 'Quicksave: 4 als Anzahl gespeichert.', 5001),
(859, 295, '2025-01-20 11:10:34', 'Auktion 375927740970 vorzeitig bei Ebay beendet. Bestand wieder gutgeschrieben.', 5001),
(1476, 471, '2025-12-04 19:26:39', 'Quicksave: 155101 als Ebaykategorie gespeichert.', 5001),
(1214, 399, '2025-07-04 13:11:58', 'Sammlerprodukt angelegt', 5001),
(701, 271, '2024-12-11 14:16:25', 'Auktion 375859978493 per Hand eingestellt', 5001),
(696, 270, '2024-12-11 14:15:18', 'Quicksave: 4 als Anzahl gespeichert.', 5001),
(903, 323, '2025-01-21 10:29:44', 'Sammlerprodukt angelegt', 5001),
(790, 292, '2025-01-16 18:46:09', 'Auktion 375927730868 per Hand eingestellt', 5001),
(979, 338, '2025-02-05 14:26:07', 'Auktion 375973182291 per Hand eingestellt', 5001),
(965, 337, '2025-02-05 14:01:18', 'Quicksave: 43 als Anzahl gespeichert.', 5001),
(962, 336, '2025-01-30 13:43:05', 'Auktion 375959423649 per Hand eingestellt', 5001),
(1047, 358, '2025-02-12 14:48:13', 'Auktion 375990564825 per Hand eingestellt', 5001),
(1046, 357, '2025-02-12 14:48:10', 'Auktion 375990564681 per Hand eingestellt', 5001),
(964, 337, '2025-02-05 14:01:09', 'Sammlerprodukt angelegt', 5001),
(960, 336, '2025-01-30 13:42:37', 'Quicksave: 75236 als Ebaykategorie gespeichert.', 5001),
(961, 336, '2025-01-30 13:42:46', 'Quicksave: 9 als Anzahl gespeichert.', 5001),
(1442, 462, '2025-12-01 16:29:10', 'Auktion 376744932546 manuell eingestellt', 5001),
(1045, 358, '2025-02-12 14:47:44', 'Quicksave: 4 als Anzahl gespeichert.', 5001),
(1041, 357, '2025-02-12 14:47:10', 'Quicksave: 134727 als Ebaykategorie gespeichert.', 5001),
(1488, 473, '2025-12-05 13:15:18', 'Auktion 376755642778 manuell eingestellt', 5001),
(1475, 471, '2025-12-04 19:26:29', 'Sammlerprodukt angelegt', 5001),
(280, 89, '2024-11-21 15:30:17', 'Auktion 375806979037 per Hand eingestellt', 5001),
(281, 90, '2024-11-21 15:30:20', 'Auktion 375806979269 per Hand eingestellt', 5001),
(282, 91, '2024-11-21 15:30:23', 'Auktion 375806979630 per Hand eingestellt', 5001),
(279, 93, '2024-11-21 15:29:32', 'Sammlerprodukt angelegt', 5001),
(278, 92, '2024-11-21 15:29:32', 'Sammlerprodukt angelegt', 5001),
(277, 91, '2024-11-21 15:29:32', 'Sammlerprodukt angelegt', 5001),
(276, 90, '2024-11-21 15:29:32', 'Sammlerprodukt angelegt', 5001),
(275, 89, '2024-11-21 15:29:32', 'Sammlerprodukt angelegt', 5001),
(283, 92, '2024-11-21 15:30:25', 'Auktion 375806980040 per Hand eingestellt', 5001),
(284, 93, '2024-11-21 15:30:29', 'Auktion 375806980110 per Hand eingestellt', 5001),
(285, 91, '2024-11-21 15:30:54', 'Quicksave: 4 als Anzahl gespeichert.', 5001),
(286, 92, '2024-11-21 15:31:04', 'Quicksave: 2 als Anzahl gespeichert.', 5001),
(287, 93, '2024-11-21 15:31:10', 'Quicksave: 4 als Anzahl gespeichert.', 5001),
(332, 114, '2024-11-21 16:07:33', 'Auktion 375807035860 per Hand eingestellt', 5001),
(331, 117, '2024-11-21 16:07:15', 'Quicksave: 9 als Anzahl gespeichert.', 5001),
(329, 115, '2024-11-21 16:07:04', 'Quicksave: 4 als Anzahl gespeichert.', 5001),
(330, 116, '2024-11-21 16:07:10', 'Quicksave: 9 als Anzahl gespeichert.', 5001),
(327, 117, '2024-11-21 16:06:42', 'Sammlerprodukt angelegt', 5001),
(328, 114, '2024-11-21 16:06:59', 'Quicksave: 2 als Anzahl gespeichert.', 5001),
(324, 114, '2024-11-21 16:06:42', 'Sammlerprodukt angelegt', 5001),
(325, 115, '2024-11-21 16:06:42', 'Sammlerprodukt angelegt', 5001),
(326, 116, '2024-11-21 16:06:42', 'Sammlerprodukt angelegt', 5001),
(321, 107, '2024-11-21 16:05:26', 'Auktion 375807016892 vorzeitig bei Ebay beendet. Bestand wieder gutgeschrieben.', 5001),
(322, 106, '2024-11-21 16:05:28', 'Auktion 375807016797 vorzeitig bei Ebay beendet. Bestand wieder gutgeschrieben.', 5001),
(323, 109, '2024-11-21 16:05:29', 'Auktion 375807017061 vorzeitig bei Ebay beendet. Bestand wieder gutgeschrieben.', 5001),
(333, 115, '2024-11-21 16:07:37', 'Auktion 375807035952 per Hand eingestellt', 5001),
(334, 116, '2024-11-21 16:07:40', 'Auktion 375807036045 per Hand eingestellt', 5001),
(335, 117, '2024-11-21 16:07:43', 'Auktion 375807036113 per Hand eingestellt', 5001),
(336, 118, '2024-11-21 16:21:46', 'Sammlerprodukt angelegt', 5001),
(337, 118, '2024-11-21 16:21:57', 'Quicksave: 23 als Anzahl gespeichert.', 5001),
(338, 118, '2024-11-21 16:23:06', 'Quicksave: 31390 als Ebaykategorie gespeichert.', 5001),
(339, 118, '2024-11-21 16:23:24', 'Auktion 375807060469 per Hand eingestellt', 5001),
(1100, 368, '2025-02-12 15:38:21', 'Auktion 375990648938 per Hand eingestellt', 5001),
(1091, 369, '2025-02-12 15:36:41', 'Quicksave: 24 als Anzahl gespeichert.', 5001),
(1092, 370, '2025-02-12 15:36:47', 'Quicksave: 24 als Anzahl gespeichert.', 5001),
(1093, 371, '2025-02-12 15:36:51', 'Quicksave: 24 als Anzahl gespeichert.', 5001),
(1094, 372, '2025-02-12 15:36:55', 'Quicksave: 24 als Anzahl gespeichert.', 5001),
(1090, 368, '2025-02-12 15:36:33', 'Quicksave: 9 als Anzahl gespeichert.', 5001),
(1209, 397, '2025-07-02 17:48:10', 'Quicksave: 9 als Anzahl gespeichert.', 5001),
(1210, 397, '2025-07-02 17:48:16', 'Quicksave: 179010 als Ebaykategorie gespeichert.', 5001),
(840, 306, '2025-01-17 08:52:19', 'Auktion 375928677729 per Hand eingestellt', 5001),
(831, 305, '2025-01-17 08:51:37', 'Sammlerprodukt angelegt', 5001),
(1212, 397, '2025-07-02 17:50:35', 'Auktion 376379004717 per Hand eingestellt', 5001),
(1370, 445, '2025-09-30 16:17:19', 'Sammlerprodukt angelegt', 5001),
(1022, 354, '2025-02-05 16:12:43', 'Quicksave: Zustand ID 1000 gespeichert.', 5001),
(1019, 354, '2025-02-05 16:12:15', 'Quicksave: 308 als Ebaykategorie gespeichert.', 5001),
(1020, 353, '2025-02-05 16:12:23', 'Quicksave: 3 als Anzahl gespeichert.', 5001),
(750, 281, '2025-01-16 18:12:50', 'Quicksave: 3 als Anzahl gespeichert.', 5001),
(751, 282, '2025-01-16 18:12:53', 'Quicksave: 3 als Anzahl gespeichert.', 5001),
(752, 283, '2025-01-16 18:12:57', 'Quicksave: 3 als Anzahl gespeichert.', 5001),
(753, 277, '2025-01-16 18:13:09', 'Auktion 375927699625 per Hand eingestellt', 5001),
(754, 278, '2025-01-16 18:13:12', 'Auktion 375927699646 per Hand eingestellt', 5001),
(755, 279, '2025-01-16 18:13:15', 'Auktion 375927699664 per Hand eingestellt', 5001),
(756, 280, '2025-01-16 18:13:17', 'Auktion 375927699689 per Hand eingestellt', 5001),
(757, 281, '2025-01-16 18:13:19', 'Auktion 375927699721 per Hand eingestellt', 5001),
(758, 282, '2025-01-16 18:13:23', 'Auktion 375927699757 per Hand eingestellt', 5001),
(759, 283, '2025-01-16 18:13:25', 'Auktion 375927699839 per Hand eingestellt', 5001),
(1095, 368, '2025-02-12 15:37:09', 'Quicksave: 179964 als Ebaykategorie gespeichert.', 5001),
(1096, 369, '2025-02-12 15:37:25', 'Quicksave: 7300 als Ebaykategorie gespeichert.', 5001),
(1097, 371, '2025-02-12 15:37:40', 'Quicksave: 179964 als Ebaykategorie gespeichert.', 5001),
(1098, 371, '2025-02-12 15:37:47', 'Quicksave: 179977 als Ebaykategorie gespeichert.', 5001),
(971, 293, '2025-02-05 14:09:19', 'Auktion 375927734541 vorzeitig bei Ebay beendet. Bestand wieder gutgeschrieben.', 5001),
(836, 306, '2025-01-17 08:51:53', 'Quicksave: 10 als Anzahl gespeichert.', 5001),
(748, 279, '2025-01-16 18:12:42', 'Quicksave: 3 als Anzahl gespeichert.', 5001),
(749, 280, '2025-01-16 18:12:46', 'Quicksave: 3 als Anzahl gespeichert.', 5001),
(743, 281, '2025-01-16 18:12:10', 'Quicksave: 160705 als Ebaykategorie gespeichert.', 5001),
(744, 282, '2025-01-16 18:12:17', 'Quicksave: 160705 als Ebaykategorie gespeichert.', 5001),
(745, 283, '2025-01-16 18:12:26', 'Quicksave: 160705 als Ebaykategorie gespeichert.', 5001),
(746, 277, '2025-01-16 18:12:34', 'Quicksave: 3 als Anzahl gespeichert.', 5001),
(747, 278, '2025-01-16 18:12:38', 'Quicksave: 3 als Anzahl gespeichert.', 5001),
(1105, 365, '2025-02-12 15:39:49', 'Auktion 375990632044 vorzeitig bei Ebay beendet. Bestand wieder gutgeschrieben.', 5001),
(503, 180, '2024-12-03 12:10:47', 'Auktion 375837989950 vorzeitig bei Ebay beendet. Bestand wieder gutgeschrieben.', 5001),
(1416, 457, '2025-11-13 08:39:40', 'Quicksave: 75236 als Ebaykategorie gespeichert.', 5001),
(1415, 457, '2025-11-13 08:39:36', 'Quicksave: 3 als Anzahl gespeichert.', 5001),
(1414, 457, '2025-11-13 08:39:27', 'Sammlerprodukt angelegt', 5001),
(477, 175, '2024-12-03 09:37:54', 'Quicksave: 62134 als Ebaykategorie gespeichert.', 5001),
(939, 331, '2025-01-30 11:36:35', 'Auktion 375959269083 per Hand eingestellt', 5001),
(938, 331, '2025-01-30 11:33:26', 'Quicksave: 6 als Anzahl gespeichert.', 5001),
(937, 331, '2025-01-30 11:33:19', 'Quicksave: 19187 als Ebaykategorie gespeichert.', 5001),
(936, 331, '2025-01-30 11:33:04', 'Sammlerprodukt angelegt', 5001),
(1207, 396, '2025-07-02 16:57:59', 'Auktion 376378928822 per Hand eingestellt', 5001),
(475, 175, '2024-12-03 09:34:35', 'Quicksave: 23 als Anzahl gespeichert.', 5001),
(476, 175, '2024-12-03 09:35:41', 'Auktion 375837900851 per Hand eingestellt', 5001),
(456, 53, '2024-11-28 19:33:40', 'Auktion 375806702729 vorzeitig bei Ebay beendet. Bestand wieder gutgeschrieben.', 5001),
(455, 52, '2024-11-28 19:33:38', 'Auktion 375806702477 vorzeitig bei Ebay beendet. Bestand wieder gutgeschrieben.', 5001),
(474, 175, '2024-12-03 09:34:25', 'Sammlerprodukt angelegt', 5001),
(1447, 464, '2025-12-04 10:00:31', 'Sammlerprodukt angelegt', 5001),
(1448, 464, '2025-12-04 10:00:40', 'Quicksave: 5 als Anzahl gespeichert.', 5001),
(1024, 354, '2025-02-05 16:13:36', 'Auktion 375973315376 per Hand eingestellt', 5001),
(1021, 353, '2025-02-05 16:12:40', 'Quicksave: Zustand ID 1000 gespeichert.', 5001),
(1016, 353, '2025-02-05 16:11:58', 'Sammlerprodukt angelegt', 5001),
(1017, 354, '2025-02-05 16:11:58', 'Sammlerprodukt angelegt', 5001),
(1018, 353, '2025-02-05 16:12:08', 'Quicksave: 308 als Ebaykategorie gespeichert.', 5001),
(928, 329, '2025-01-21 13:11:25', 'Sammlerprodukt angelegt', 5001),
(585, 220, '2024-12-10 19:50:52', 'Auktion 375857967844 vorzeitig bei Ebay beendet. Bestand wieder gutgeschrieben.', 5001),
(735, 280, '2025-01-16 18:11:19', 'Sammlerprodukt angelegt', 5001),
(736, 281, '2025-01-16 18:11:19', 'Sammlerprodukt angelegt', 5001),
(737, 282, '2025-01-16 18:11:19', 'Sammlerprodukt angelegt', 5001),
(738, 283, '2025-01-16 18:11:19', 'Sammlerprodukt angelegt', 5001),
(739, 277, '2025-01-16 18:11:36', 'Quicksave: 160705 als Ebaykategorie gespeichert.', 5001),
(740, 278, '2025-01-16 18:11:47', 'Quicksave: 160705 als Ebaykategorie gespeichert.', 5001),
(741, 279, '2025-01-16 18:11:54', 'Quicksave: 160705 als Ebaykategorie gespeichert.', 5001),
(742, 280, '2025-01-16 18:12:02', 'Quicksave: 160705 als Ebaykategorie gespeichert.', 5001),
(1515, 481, '2025-12-14 16:58:56', 'Quicksave: 2 als Anzahl gespeichert.', 5001),
(1513, 481, '2025-12-14 16:58:38', 'Sammlerprodukt angelegt', 5001),
(1514, 481, '2025-12-14 16:58:49', 'Quicksave: 28108 als Ebaykategorie gespeichert.', 5001),
(1408, 454, '2025-11-13 07:43:33', 'Auktion 376694824175 manuell eingestellt', 5001),
(1034, 292, '2025-02-12 14:44:20', 'Quicksave: 75236 als Ebaykategorie gespeichert.', 5001),
(1035, 292, '2025-02-12 14:44:37', 'Auktion 375990555049 per Hand eingestellt', 5001),
(1359, 443, '2025-09-25 12:58:08', 'Quicksave: 8 als Anzahl gespeichert.', 5001),
(1357, 441, '2025-09-25 12:57:54', 'Quicksave: 10 als Anzahl gespeichert.', 5001),
(1441, 462, '2025-12-01 16:28:56', 'Quicksave: 117419 als Ebaykategorie gespeichert.', 5001),
(1354, 443, '2025-09-25 12:57:31', 'Quicksave: 117419 als Ebaykategorie gespeichert.', 5001),
(612, 232, '2024-12-11 12:18:26', 'Sammlerprodukt angelegt', 5001),
(959, 336, '2025-01-30 13:42:14', 'Sammlerprodukt angelegt', 5001),
(700, 270, '2024-12-11 14:16:22', 'Auktion 375859978467 per Hand eingestellt', 5001),
(695, 271, '2024-12-11 14:14:57', 'Sammlerprodukt angelegt', 5001),
(694, 270, '2024-12-11 14:14:57', 'Sammlerprodukt angelegt', 5001),
(733, 278, '2025-01-16 18:11:19', 'Sammlerprodukt angelegt', 5001),
(734, 279, '2025-01-16 18:11:19', 'Sammlerprodukt angelegt', 5001),
(1362, 441, '2025-09-25 12:58:27', 'Auktion 376574839270 manuell eingestellt', 5001),
(1356, 440, '2025-09-25 12:57:47', 'Quicksave: 7 als Anzahl gespeichert.', 5001),
(1439, 462, '2025-12-01 16:28:37', 'Sammlerprodukt angelegt', 5001),
(1407, 454, '2025-11-13 07:43:19', 'Quicksave: 117419 als Ebaykategorie gespeichert.', 5001),
(1346, 440, '2025-09-25 12:56:32', 'Sammlerprodukt angelegt', 5001),
(1347, 441, '2025-09-25 12:56:32', 'Sammlerprodukt angelegt', 5001),
(1038, 357, '2025-02-12 14:46:33', 'Sammlerprodukt angelegt', 5001),
(1039, 358, '2025-02-12 14:46:33', 'Sammlerprodukt angelegt', 5001),
(1040, 357, '2025-02-12 14:47:02', 'Quicksave: 134727 als Ebaykategorie gespeichert.', 5001),
(1086, 369, '2025-02-12 15:36:16', 'Sammlerprodukt angelegt', 5001),
(1087, 370, '2025-02-12 15:36:16', 'Sammlerprodukt angelegt', 5001),
(1088, 371, '2025-02-12 15:36:16', 'Sammlerprodukt angelegt', 5001),
(1089, 372, '2025-02-12 15:36:16', 'Sammlerprodukt angelegt', 5001),
(1065, 360, '2025-02-12 15:23:24', 'Auktion 375990582190 vorzeitig bei Ebay beendet. Bestand wieder gutgeschrieben.', 5001),
(1111, 373, '2025-02-25 14:08:24', 'Quicksave: 87141 als Ebaykategorie gespeichert.', 5001),
(1112, 373, '2025-02-25 14:08:57', 'Auktion 376022979546 per Hand eingestellt', 5001),
(1113, 374, '2025-02-25 14:35:15', 'Sammlerprodukt angelegt', 5001),
(1114, 374, '2025-02-25 14:35:30', 'Quicksave: 87141 als Ebaykategorie gespeichert.', 5001),
(1115, 374, '2025-02-25 14:35:41', 'Quicksave: 11 als Anzahl gespeichert.', 5001),
(1116, 374, '2025-02-25 14:35:55', 'Auktion 376023031660 per Hand eingestellt', 5001),
(1117, 307, '2025-02-25 14:38:23', 'Auktion 375928677755 vorzeitig bei Ebay beendet. Bestand wieder gutgeschrieben.', 5001),
(1118, 308, '2025-02-25 14:38:24', 'Auktion 375928677776 vorzeitig bei Ebay beendet. Bestand wieder gutgeschrieben.', 5001),
(1119, 306, '2025-02-25 14:38:26', 'Auktion 375928677729 vorzeitig bei Ebay beendet. Bestand wieder gutgeschrieben.', 5001),
(1120, 305, '2025-02-25 14:38:27', 'Auktion 375928677695 vorzeitig bei Ebay beendet. Bestand wieder gutgeschrieben.', 5001),
(1123, 376, '2025-02-25 15:11:55', 'Sammlerprodukt angelegt', 5001),
(1124, 376, '2025-02-25 15:12:09', 'Quicksave: 181388 als Ebaykategorie gespeichert.', 5001),
(1148, 383, '2025-03-05 14:55:41', 'Quicksave: 179010 als Ebaykategorie gespeichert.', 5001),
(1487, 473, '2025-12-05 13:15:06', 'Quicksave: 4 als Anzahl gespeichert.', 5001),
(1486, 473, '2025-12-05 13:14:58', 'Quicksave: 34719 als 2. Ebaykategorie gespeichert.', 5001),
(1149, 383, '2025-03-05 14:55:54', 'Quicksave: 2 als Anzahl gespeichert.', 5001),
(1150, 383, '2025-03-05 14:56:59', 'Auktion 376043934922 per Hand eingestellt', 5001),
(1369, 444, '2025-09-26 09:14:01', 'Auktion 376576751025 manuell eingestellt', 5001),
(1204, 396, '2025-07-02 16:55:09', 'Sammlerprodukt angelegt', 5001),
(1205, 396, '2025-07-02 16:55:18', 'Quicksave: 179010 als Ebaykategorie gespeichert.', 5001),
(1206, 396, '2025-07-02 16:56:02', 'Quicksave: 9 als Anzahl gespeichert.', 5001),
(1198, 381, '2025-06-03 11:28:29', 'Auktion 376043330956 vorzeitig bei Ebay beendet. Bestand wieder gutgeschrieben.', 5001),
(1368, 444, '2025-09-26 09:13:41', 'Quicksave: 12 als Anzahl gespeichert.', 5001),
(1216, 399, '2025-07-04 13:12:14', 'Quicksave: 36114 als Ebaykategorie gespeichert.', 5001),
(1217, 399, '2025-07-04 13:12:52', 'Quicksave: 4 als Anzahl gespeichert.', 5001),
(1218, 399, '2025-07-04 13:14:15', 'Quicksave: 36114 als Ebaykategorie gespeichert.', 5001),
(1219, 399, '2025-07-04 13:14:25', 'Auktion 376382926277 manuell eingestellt', 5001),
(1231, 402, '2025-07-04 13:59:55', 'Auktion 376382973311 manuell eingestellt', 5001),
(1230, 402, '2025-07-04 13:59:47', 'Quicksave: 3 als Anzahl gespeichert.', 5001),
(1229, 402, '2025-07-04 13:59:36', 'Quicksave: 36114 als Ebaykategorie gespeichert.', 5001),
(1228, 402, '2025-07-04 13:59:26', 'Sammlerprodukt angelegt', 5001),
(1232, 402, '2025-07-04 14:01:38', 'Auktion 376382973311 vorzeitig bei Ebay beendet. Bestand wieder gutgeschrieben.', 5001),
(1233, 329, '2025-07-25 08:14:54', 'Auktion 375939326219 vorzeitig bei Ebay beendet. Bestand wieder gutgeschrieben.', 5001),
(1418, 458, '2025-11-13 09:42:25', 'Sammlerprodukt angelegt', 5001),
(1419, 458, '2025-11-13 09:42:37', 'Quicksave: 49 als Anzahl gespeichert.', 5001),
(1236, 404, '2025-09-05 16:23:26', 'Sammlerprodukt angelegt', 5001),
(1237, 404, '2025-09-05 16:23:36', 'Quicksave: 99 als Anzahl gespeichert.', 5001),
(1238, 404, '2025-09-05 16:25:12', 'Quicksave: 36114 als Ebaykategorie gespeichert.', 5001),
(1239, 404, '2025-09-05 16:25:31', 'Quicksave: Zustand ID 1000 gespeichert.', 5001),
(1240, 404, '2025-09-05 16:26:16', 'Auktion 376529551080 manuell eingestellt', 5001),
(1241, 404, '2025-09-05 16:26:39', 'Quicksave: 50 als Anzahl gespeichert.', 5001),
(1242, 402, '2025-09-05 16:29:04', 'Quicksave: 36114 als Ebaykategorie gespeichert.', 5001),
(1243, 402, '2025-09-05 16:29:19', 'Auktion 376529554367 manuell eingestellt', 5001),
(1434, 461, '2025-11-24 21:13:05', 'Sammlerprodukt angelegt', 5001),
(1330, 429, '2025-09-24 20:03:59', 'Auktion 376573346298 manuell eingestellt', 5001),
(1261, 410, '2025-09-19 20:35:46', 'Auktion 376561688865 manuell eingestellt', 5001),
(1260, 410, '2025-09-19 20:35:30', 'Quicksave: 3 als Anzahl gespeichert.', 5001),
(1259, 410, '2025-09-19 20:35:16', 'Quicksave: 181382 als Ebaykategorie gespeichert.', 5001),
(1258, 410, '2025-09-19 20:35:00', 'Sammlerprodukt angelegt', 5001),
(1305, 423, '2025-09-24 13:17:10', 'Quicksave: 261987 als Ebaykategorie gespeichert.', 5001),
(1306, 423, '2025-09-24 13:17:36', 'Auktion 376572631412 manuell eingestellt', 5001),
(1435, 461, '2025-11-24 21:13:16', 'Quicksave: 1 als Anzahl gespeichert.', 5001),
(1433, 460, '2025-11-13 17:19:19', 'Auktion 376696096574 manuell eingestellt', 5001),
(1428, 183, '2025-11-13 17:15:59', 'Auktion 376630806880 vorzeitig bei Ebay beendet. Bestand wieder gutgeschrieben.', 5001),
(1404, 453, '2025-11-11 15:06:49', 'Auktion 376689793337 manuell eingestellt', 5001),
(1403, 453, '2025-11-11 15:04:21', 'Quicksave: 9 als Anzahl gespeichert.', 5001),
(1402, 453, '2025-11-11 15:04:10', 'Quicksave: 155101 als Ebaykategorie gespeichert.', 5001),
(1304, 423, '2025-09-24 13:17:01', 'Quicksave: 4 als Anzahl gespeichert.', 5001),
(1303, 423, '2025-09-24 13:16:36', 'Sammlerprodukt angelegt', 5001),
(1329, 429, '2025-09-24 20:03:04', 'Quicksave: 4 als Anzahl gespeichert.', 5001),
(1328, 429, '2025-09-24 20:02:58', 'Quicksave: 36114 als Ebaykategorie gespeichert.', 5001),
(1327, 429, '2025-09-24 20:02:48', 'Sammlerprodukt angelegt', 5001),
(1361, 440, '2025-09-25 12:58:24', 'Auktion 376574839222 manuell eingestellt', 5001),
(1352, 441, '2025-09-25 12:57:17', 'Quicksave: 117419 als Ebaykategorie gespeichert.', 5001),
(1351, 440, '2025-09-25 12:57:08', 'Quicksave: 117419 als Ebaykategorie gespeichert.', 5001),
(1405, 454, '2025-11-13 07:42:25', 'Sammlerprodukt angelegt', 5001),
(1406, 454, '2025-11-13 07:42:35', 'Quicksave: 5 als Anzahl gespeichert.', 5001),
(1349, 443, '2025-09-25 12:56:32', 'Sammlerprodukt angelegt', 5001),
(1440, 462, '2025-12-01 16:28:48', 'Quicksave: 3 als Anzahl gespeichert.', 5001),
(1364, 443, '2025-09-25 12:58:31', 'Auktion 376574839340 manuell eingestellt', 5001),
(1366, 444, '2025-09-26 09:13:13', 'Sammlerprodukt angelegt', 5001),
(1367, 444, '2025-09-26 09:13:34', 'Quicksave: 179019 als Ebaykategorie gespeichert.', 5001),
(1371, 445, '2025-09-30 16:17:27', 'Quicksave: 28108 als Ebaykategorie gespeichert.', 5001),
(1372, 445, '2025-09-30 16:17:45', 'Auktion 376586981718 manuell eingestellt', 5001),
(1388, 449, '2025-10-01 13:01:17', 'Quicksave: 2 als Anzahl gespeichert.', 5001),
(1387, 449, '2025-10-01 13:01:05', 'Sammlerprodukt angelegt', 5001),
(1432, 460, '2025-11-13 17:18:54', 'Quicksave: 9 als Anzahl gespeichert.', 5001),
(1431, 460, '2025-11-13 17:18:46', 'Quicksave: 261987 als Ebaykategorie gespeichert.', 5001),
(1430, 460, '2025-11-13 17:18:17', 'Sammlerprodukt angelegt', 5001),
(1401, 453, '2025-11-11 15:03:34', 'Sammlerprodukt angelegt', 5001),
(1389, 449, '2025-10-01 13:10:48', 'Quicksave: 166126 als Ebaykategorie gespeichert.', 5001),
(1396, 451, '2025-10-06 14:09:27', 'Auktion 376601271971 manuell eingestellt', 5001),
(1395, 451, '2025-10-06 14:09:18', 'Quicksave: 4 als Anzahl gespeichert.', 5001),
(1394, 451, '2025-10-06 14:09:04', 'Quicksave: 20636 als Ebaykategorie gespeichert.', 5001),
(1390, 449, '2025-10-01 13:13:03', 'Quicksave: 8867 als 2. Ebaykategorie gespeichert.', 5001),
(1391, 449, '2025-10-01 13:13:16', 'Auktion 376589151968 manuell eingestellt', 5001),
(1393, 451, '2025-10-06 14:05:39', 'Sammlerprodukt angelegt', 5001),
(1397, 452, '2025-10-14 07:38:58', 'Sammlerprodukt angelegt', 5001),
(1478, 471, '2025-12-04 19:26:53', 'Quicksave: 5 als Anzahl gespeichert.', 5001),
(1479, 471, '2025-12-04 19:27:55', 'Auktion 376753573347 manuell eingestellt', 5001),
(1480, 472, '2025-12-04 20:54:48', 'Sammlerprodukt angelegt', 5001),
(1481, 472, '2025-12-04 20:59:43', 'Quicksave: 73459 als Ebaykategorie gespeichert.', 5001),
(1482, 472, '2025-12-04 20:59:55', 'Auktion 376753760451 manuell eingestellt', 5001),
(1484, 473, '2025-12-05 13:14:19', 'Sammlerprodukt angelegt', 5001),
(1485, 473, '2025-12-05 13:14:46', 'Quicksave: 155101 als Ebaykategorie gespeichert.', 5001),
(1489, 474, '2025-12-08 08:44:21', 'Sammlerprodukt angelegt', 5001),
(1490, 474, '2025-12-08 08:44:36', 'Quicksave: 4 als Anzahl gespeichert.', 5001),
(1491, 474, '2025-12-08 08:44:44', 'Quicksave: 36114 als Ebaykategorie gespeichert.', 5001),
(1492, 474, '2025-12-08 08:45:02', 'Quicksave: 181403 als 2. Ebaykategorie gespeichert.', 5001),
(1493, 474, '2025-12-08 08:49:58', 'Quicksave:  als 2. Ebaykategorie gespeichert.', 5001),
(1494, 474, '2025-12-08 08:50:10', 'Auktion 376762558991 manuell eingestellt', 5001),
(1495, 475, '2025-12-08 11:26:21', 'Sammlerprodukt angelegt', 5001),
(1496, 475, '2025-12-08 11:26:49', 'Quicksave: 181380 als Ebaykategorie gespeichert.', 5001),
(1497, 475, '2025-12-08 11:27:03', 'Auktion 376762810881 manuell eingestellt', 5001),
(1504, 478, '2025-12-09 15:51:10', 'Quicksave: 4 als Anzahl gespeichert.', 5001),
(1503, 478, '2025-12-09 15:51:03', 'Quicksave: 87141 als Ebaykategorie gespeichert.', 5001),
(1502, 478, '2025-12-09 15:50:45', 'Sammlerprodukt angelegt', 5001),
(1505, 478, '2025-12-09 15:51:19', 'Auktion 376765611842 manuell eingestellt', 5001),
(1506, 479, '2025-12-11 12:10:04', 'Sammlerprodukt angelegt', 5001),
(1507, 479, '2025-12-11 12:10:24', 'Quicksave: 261987 als Ebaykategorie gespeichert.', 5001),
(1508, 479, '2025-12-11 12:10:32', 'Quicksave: 2 als Anzahl gespeichert.', 5001),
(1509, 479, '2025-12-11 12:10:46', 'Auktion 376770133824 manuell eingestellt', 5001),
(1530, 485, '2025-12-14 17:48:12', 'Quicksave: 3 als Anzahl gespeichert.', 5001),
(1521, 482, '2025-12-14 17:42:52', 'Auktion 376777100993 manuell eingestellt', 5001),
(1529, 485, '2025-12-14 17:48:07', 'Quicksave: 73459 als Ebaykategorie gespeichert.', 5001),
(1528, 485, '2025-12-14 17:47:55', 'Sammlerprodukt angelegt', 5001),
(1531, 485, '2025-12-14 17:48:26', 'Quicksave: 2 als Anzahl gespeichert.', 5001),
(1532, 485, '2025-12-14 17:48:55', 'Auktion 376777109185 manuell eingestellt', 5001),
(1533, 486, '2025-12-14 17:50:11', 'Sammlerprodukt angelegt', 5001),
(1534, 486, '2025-12-14 17:50:32', 'Quicksave: 19187 als Ebaykategorie gespeichert.', 5001),
(1535, 486, '2025-12-14 17:50:38', 'Quicksave: 4 als Anzahl gespeichert.', 5001),
(1536, 486, '2025-12-14 17:50:47', 'Auktion 376777114694 manuell eingestellt', 5001),
(1538, 488, '2025-12-14 20:20:15', 'Sammlerprodukt angelegt', 5001),
(1539, 488, '2025-12-14 20:20:23', 'Quicksave: 2 als Anzahl gespeichert.', 5001),
(1540, 488, '2025-12-14 20:20:31', 'Quicksave: 28108 als Ebaykategorie gespeichert.', 5001),
(1541, 488, '2025-12-14 20:21:26', 'Auktion 376777290612 manuell eingestellt', 5001),
(1542, 489, '2025-12-14 20:38:50', 'Sammlerprodukt angelegt', 5001),
(1543, 489, '2025-12-14 20:39:00', 'Quicksave: 28108 als Ebaykategorie gespeichert.', 5001),
(1544, 489, '2025-12-14 20:39:05', 'Quicksave: 2 als Anzahl gespeichert.', 5001),
(1545, 489, '2025-12-14 20:39:15', 'Auktion 376777310032 manuell eingestellt', 5001);

-- --------------------------------------------------------

--
-- Tabellenstruktur für Tabelle `ebay_products_itemspecifics`
--

CREATE TABLE `ebay_products_itemspecifics` (
  `ebay_products_itemspecifics_id` int(11) NOT NULL,
  `ebay_products_id` int(11) NOT NULL,
  `is_name` varchar(64) NOT NULL,
  `is_value` varchar(255) NOT NULL
) ENGINE=MyISAM DEFAULT CHARSET=utf8;

--
-- Daten für Tabelle `ebay_products_itemspecifics`
--

INSERT INTO `ebay_products_itemspecifics` (`ebay_products_itemspecifics_id`, `ebay_products_id`, `is_name`, `is_value`) VALUES
(4171, 371, 'Hersteller', 'JUSTNEO'),
(3274, 308, 'Hersteller', 'Benson'),
(4172, 371, 'besondere Merkmale', 'Realistisches Design mit 3D-Augen'),
(3273, 308, 'Maße', 'Länge: 15 m'),
(4168, 371, 'Verhalten', 'Sinkend'),
(4169, 371, 'Lauftiefe', 'Variabel'),
(3272, 308, 'Material', 'Hochfestes Polypropylen'),
(3270, 307, 'Gewicht', ''),
(3271, 307, 'Hinweis', 'Belastbarkeit 125kg'),
(3267, 307, 'Breite', ''),
(3268, 307, 'Höhe', ''),
(3269, 307, 'Packmaß', ''),
(3257, 306, 'Hinweis', 'Belastbarkeit 125kg'),
(3258, 307, 'Material', 'Hochfestes Polypropylen'),
(3259, 307, 'Maße', 'Länge: 15 m'),
(3260, 307, 'Hersteller', 'Benson'),
(3261, 307, 'Belastbarkeit', 'Stärke: 3 mm'),
(3262, 307, 'Produktart', 'Paracord'),
(3263, 307, 'Sitzhöhe', ''),
(3264, 307, 'Besondere Merkmale', 'Belastbarkeit: Maximal 125 kg'),
(3265, 307, 'Anwendungsbereich', 'Camping & Outdoor-Aktivitäten'),
(3098, 292, 'Produkt', 'Anhänger'),
(3275, 308, 'Belastbarkeit', 'Stärke: 3 mm'),
(3241, 305, 'Packmaß', ''),
(3242, 305, 'Gewicht', ''),
(3240, 305, 'Höhe', ''),
(3239, 305, 'Breite', ''),
(3238, 305, 'Größe', ''),
(3237, 305, 'Anwendungsbereich', 'Camping & Outdoor-Aktivitäten'),
(3236, 305, 'Besondere Merkmale', 'Belastbarkeit: Maximal 125 kg'),
(3230, 305, 'Material', 'Hochfestes Polypropylen'),
(3231, 305, 'Maße', 'Länge: 15 m'),
(3232, 305, 'Hersteller', 'Benson'),
(3233, 305, 'Belastbarkeit', 'Stärke: 3 mm'),
(3234, 305, 'Produktart', 'Paracord'),
(3235, 305, 'Sitzhöhe', ''),
(5836, 481, 'Sicherheitsmerkmal', ''),
(5835, 481, 'Einsatzbereich', 'Schule, Kunstuntericht, Freizeit'),
(5824, 481, 'Material', 'Kunststoff'),
(5825, 481, 'Maße', ''),
(3282, 308, 'Höhe', ''),
(3280, 308, 'Größe', ''),
(3281, 308, 'Breite', ''),
(4185, 372, 'Hersteller', 'JUSTNEO'),
(4186, 372, 'besondere Merkmale', 'Realistisches Design mit 3D-Augen und scharfen Haken'),
(3039, 283, 'Hersteller', 'JUSTNEO'),
(5582, 461, 'Hersteller', 'JustNeo'),
(5581, 461, 'Anwendungsbereich', 'Kräuter & Gewürze'),
(5580, 461, 'Farbe', 'schwarz'),
(5528, 457, 'Gewicht', '500g'),
(5527, 457, 'Packmaß', ''),
(5526, 457, 'Höhe', '5,5cm'),
(5525, 457, 'Breite', '9cm'),
(3717, 339, 'Gewicht', '6,1 kg'),
(3718, 339, 'Hinweis', 'verstellbare Kopfstütze'),
(3716, 339, 'Packmaß', '61 x 16 x 99 cm'),
(3715, 339, 'Höhe', 'Sitzhöhe: 40 cm'),
(3714, 339, 'Breite', ''),
(3713, 339, 'Größe', ''),
(3712, 339, 'Anwendungsbereich', 'Camping, Outdoor, Garten'),
(3711, 339, 'Besondere Merkmale', 'in vier verschiedene Positionen verstellbar'),
(3662, 335, 'Durchmesser', ''),
(3663, 335, 'Einsatzbereich', 'Schule, Kunstuntericht, Freizeit'),
(5834, 481, 'Durchmesser', ''),
(5833, 481, 'Größe', 'Koffermaße (geschlossen): 29 x 20,5 cm'),
(5832, 481, 'Besondere Merkmale', 'Hochwertige Kohle & Pastelle'),
(5830, 481, 'Produktart', 'Malset'),
(5831, 481, 'Farben', 'schwarz'),
(3622, 332, 'Sicherheitsmerkmal', ''),
(3623, 332, 'Artikelzustand', 'Neu'),
(5829, 481, 'Hersteller', 'Verk Group'),
(5828, 481, 'Anwendungsbereich', 'Skizzieren, Zeichnen und Schattieren'),
(5827, 481, 'Farbe', 'mehrfarbig'),
(5826, 481, 'Gewicht', '0,2 kg'),
(3621, 332, 'Einsatzbereich', 'Kunst, Schule, Kindergarten'),
(3620, 332, 'Durchmesser', ''),
(3619, 332, 'Größe', 'Koffermaße (gefaltet): 23 x 34 x 9 cm'),
(5336, 444, 'Gewicht', '17.4 kg'),
(5335, 444, 'Packmaß', '64 x 32 cm'),
(5332, 444, 'Materialstärke', 'Außenzelt 185T'),
(5333, 444, 'Wassersäule', '3000 mm'),
(5334, 444, 'Maße', 'Maße Außenzelt: 560 x 595 x 175-195 cm'),
(5331, 444, 'Besonderheiten', 'Alle Nähte abgedichtet'),
(5328, 444, 'Material', 'Polyester'),
(5329, 444, 'Eingänge', '2'),
(5330, 444, 'Zelttyp', ''),
(5327, 444, 'Aufbausystem', 'Zeltstangen'),
(5326, 444, 'Hersteller', 'Easy Camp'),
(5324, 444, 'Anwendungsgebiet', 'Familiencamping, Gruppencamping, Festivals'),
(5325, 444, 'Besondere Eigenschaften', 'Stehhöhe, Vorzelt, Belüftung, Moskitonetze'),
(5323, 444, 'Innenzelt', 'Atmungsaktives Polyester'),
(5322, 444, 'Gestänge', 'Fiberglas 12.5/11 mm (EnduraFlex)'),
(5321, 444, 'Anzahl Personen', '6'),
(5320, 444, 'Aufbauzeit', '30 min'),
(3618, 332, 'Besondere Merkmale', 'Robuster Kunststoffkoffer'),
(3616, 332, 'Produktart', 'Buntstifte'),
(3617, 332, 'Farben', ''),
(222, 48, 'Farbe', 'Gelb'),
(223, 48, 'Material', 'Kunststoff'),
(224, 48, 'Teiletyp', 'Angelbox'),
(225, 48, 'Marke', 'Justneo'),
(226, 48, 'Produktart', ''),
(227, 48, 'Hersteller', ''),
(228, 48, 'besondere Merkmale', 'Doppelseitige Fächer: Maximiert die Aufbewahrungsmöglichkeiten'),
(229, 48, 'Hinweis', ''),
(230, 48, 'Anwendungsgebiet', 'Angelausflüge, Camping, Outdoor'),
(231, 48, 'Maße', 'ca. 19 x 11 cm (7,48 x 4,33 Zoll)'),
(232, 48, 'Gewicht', ''),
(233, 49, 'Farbe', 'Schwarz'),
(234, 49, 'Material', 'Fiberglas   ABS'),
(235, 49, 'Teiletyp', 'Angel-Set'),
(236, 49, 'Marke', 'Benson'),
(237, 49, 'Produktart', ''),
(238, 49, 'Hersteller', ''),
(239, 49, 'besondere Merkmale', 'Kompaktes Komplettset'),
(240, 49, 'Hinweis', 'Sofort einsatzbereit'),
(241, 49, 'Anwendungsgebiet', 'Outdoor, Angeln'),
(242, 49, 'Maße', '165'),
(243, 49, 'Gewicht', ''),
(3035, 283, 'Anwendungsbereich', 'Bastel- und Handarbeitsprojekte'),
(3034, 283, 'Maße', '40,64 cm x 86,36 cm'),
(3033, 283, 'Material', 'Filzstoff'),
(3032, 283, 'Farbe', 'schwarz'),
(3031, 282, 'Hersteller', 'JUSTNEO'),
(3589, 330, 'Produktart', 'Buntstifte'),
(3588, 330, 'Hersteller', 'Verk Group'),
(3587, 330, 'Anwendungsbereich', 'Zeichen und Malkunst'),
(3585, 330, 'Gewicht', ''),
(3586, 330, 'Farbe', 'bunt'),
(3583, 330, 'Material', 'Holz'),
(3584, 330, 'Maße', 'Abmessungen des Koffers: 48 cm x 30 cm x 5 cm'),
(3028, 282, 'Produktart', 'Filzstoff'),
(3029, 282, 'Stückzahl', ''),
(3030, 282, 'besondere Merkmale', 'Kostüme, Wohnaccessoires oder Scrapbooking'),
(3021, 281, 'Stückzahl', ''),
(3022, 281, 'besondere Merkmale', 'Kostüme, Wohnaccessoires oder Scrapbooking'),
(3023, 281, 'Hersteller', 'JUSTNEO'),
(3024, 282, 'Farbe', 'braun'),
(3025, 282, 'Material', 'Filzstoff'),
(3026, 282, 'Maße', '40,64 cm x 86,36 cm'),
(3027, 282, 'Anwendungsbereich', 'Bastel- und Handarbeitsprojekte'),
(3266, 307, 'Größe', ''),
(3256, 306, 'Gewicht', ''),
(3255, 306, 'Packmaß', ''),
(3508, 324, 'Größe', '18 cm x 12 cm x 6 cm'),
(3509, 324, 'Gewicht', ''),
(3510, 324, 'Zusatzfunktionen', 'Karabinerhaken, Schnappverschluss, Reißverschlüsse'),
(3506, 324, 'Material', 'Hochwertig, langlebig und wasserdicht'),
(3507, 324, 'Farbe', 'Digital Camo'),
(3504, 323, 'Einsatzbereich', 'Teleskop-Schnalle, Rebound-Drahtseil'),
(3505, 323, 'Sicherheitsmerkmal', 'Anti-Verlust-Sicherung'),
(3503, 323, 'Durchmesser', ''),
(3502, 323, 'Größe', ''),
(3500, 323, 'Farben', ''),
(3501, 323, 'Besondere Merkmale', 'Rebound-System'),
(3493, 323, 'Material', 'Edelstal und Kunststoff'),
(3494, 323, 'Maße', ''),
(3495, 323, 'Gewicht', ''),
(3496, 323, 'Farbe', 'grün'),
(3497, 323, 'Anwendungsbereich', 'Camping & Outdoor-Aktivitäten'),
(3498, 323, 'Hersteller', 'BUYE MOUNT'),
(3499, 323, 'Produktart', 'Überlebensausrüstung'),
(3710, 339, 'Sitzhöhe', '40 cm'),
(3709, 339, 'Produktart', 'Campingstuhl'),
(3708, 339, 'Belastbarkeit', 'bis 120 kg'),
(3707, 339, 'Hersteller', 'Outwell'),
(3706, 339, 'Maße', '(B x T x H): 61 x 85 x 90 cm'),
(3661, 335, 'Größe', 'Etui-Maße (gefaltet): 24 x 21 cm'),
(2903, 271, 'Witterungsbeständigkeit', ''),
(2904, 271, 'Produktart', 'Schaufel'),
(2905, 271, 'Hersteller', 'JustNeo'),
(2906, 271, 'Besondere Merkmale', 'Hülle inklusive Gürtelschlaufe'),
(2907, 271, 'Anwendungsgebiet', 'Survival-Abenteuer, Camping & Outdoor-Aktivitäten'),
(2908, 271, 'Produkt', 'Werkzeug'),
(5433, 451, 'Besondere Eigenschaften', 'hitzebeständig, platzsparend, geruchsneutral'),
(5431, 451, 'Lieferumfang', '1 × Clip-On Silikon-Nudelsieb'),
(5432, 451, 'Packmaß', ''),
(4631, 397, 'Anwendungsgebiet', 'Familiencamping, Festival & Gruppen'),
(4630, 397, 'Besondere Eigenschaften', 'Familienzelt,Gruppenzelt'),
(4629, 397, 'Hersteller', 'Easy Camp'),
(4628, 397, 'Produktart', 'Campingzelt'),
(3097, 292, 'Anwendungsgebiet', 'Schlüsselorganisation, Camping & Outdoor-Aktivitäten'),
(4626, 397, 'Eingänge', '1'),
(3095, 292, 'Hersteller', 'JustNEO'),
(3096, 292, 'Besondere Merkmale', 'Kleine Abmessungen, Vielseitige Funktionen'),
(3094, 292, 'Produktart', 'Karabiner'),
(3093, 292, 'Witterungsbeständigkeit', ''),
(3091, 292, 'Gewicht', ''),
(3092, 292, 'Zusatzfunktionen', 'Schraubendreher, Flaschenöffner und Schlüsselorganizer'),
(3090, 292, 'Größe', '8,5 cm x 4,5 cm'),
(3089, 292, 'Farbe', ''),
(3088, 292, 'Material', 'Lasergeschnittener Edelstahl (robust und langlebig)'),
(3614, 332, 'Anwendungsbereich', 'Zeichnen, Malen, Aquarellieren'),
(3615, 332, 'Hersteller', 'Verk Group'),
(3613, 332, 'Farbe', 'bunt'),
(3612, 332, 'Gewicht', '0,45kg'),
(3611, 332, 'Maße', 'Koffermaße (geöffnet): 71 x 32 x 9,5 cm'),
(5319, 444, 'Produktart', 'Campingzelt'),
(3610, 332, 'Material', 'Kunststoff'),
(3514, 324, 'Anwendungsgebiet', 'Militäreinsätze,Wandern & Reisen'),
(3513, 324, 'Besondere Merkmale', 'zwei Hauptfächer und 6 Taschen'),
(3512, 324, 'Hersteller', 'JustNeo'),
(3511, 324, 'Witterungsbeständigkeit', ''),
(4627, 397, 'Aufbausystem', 'Zeltstangen'),
(3676, 336, 'Produkt', 'Hammer,Axt,Werzeug'),
(3675, 336, 'Anwendungsgebiet', 'Survival, Camping & Outdoor-Aktivitäten'),
(3674, 336, 'Besondere Merkmale', 'Robuste Edelstahl-Konstruktion'),
(4625, 397, 'Besonderheiten', 'Alle Nähte abgedichtet'),
(4624, 397, 'Materialstärke', ''),
(4622, 397, 'Maße', 'Maße (aufgebaut): 300 x 180 x 120 cm'),
(4621, 397, 'Packmaß', '64 x 18 cm'),
(3659, 335, 'Farben', 'schwarz'),
(3660, 335, 'Besondere Merkmale', 'Naturholz (Bleistifte & Kohle)'),
(3658, 335, 'Produktart', 'Malset'),
(3657, 335, 'Hersteller', 'Verk Group'),
(3982, 358, 'Material', 'Edelstal und Kunststoff'),
(3981, 357, 'Artikelzustand', 'Neu'),
(3980, 357, 'Sicherheitsmerkmal', 'Druckspitze für sichere Verwendung'),
(3979, 357, 'Einsatzbereich', 'Kreative Küchenhelfer,  Dekorative Gerichte'),
(3978, 357, 'Durchmesser', ''),
(3977, 357, 'Größe', ''),
(3975, 357, 'Farben', ''),
(3976, 357, 'Besondere Merkmale', 'Robuste Edelstahlklingen'),
(3974, 357, 'Produktart', 'Küchenhelfer'),
(3971, 357, 'Farbe', 'weiß'),
(3972, 357, 'Anwendungsbereich', 'Herstellung Julienne-Streifen'),
(3973, 357, 'Hersteller', 'JustNEO'),
(3968, 357, 'Material', 'Edelstal und Kunststoff'),
(3969, 357, 'Maße', '14 cm x 7 cm'),
(3970, 357, 'Gewicht', ''),
(1039, 118, 'Material', 'Kunststoff'),
(1038, 117, 'Sicherheitsmerkmal', ''),
(1008, 115, 'Besondere Merkmale', 'Hochwertiges PVC, langlebig und flexibel'),
(1009, 115, 'Größe', ''),
(1007, 115, 'Farben', 'silber'),
(1006, 115, 'Produktart', 'Gymnastikball'),
(1005, 115, 'Hersteller', 'JustNEO'),
(732, 93, 'Packmaß', ''),
(733, 93, 'Material', ''),
(734, 93, 'Gewicht', ''),
(735, 93, 'Farben', 'schwarz'),
(736, 93, 'Sonstiges', 'CE-Zertifikat: Ja'),
(1046, 118, 'Farben', 'rot,blau,gelb,grün'),
(1043, 118, 'Anwendungsbereich', 'Outdoor-Spiele, Freizeitaktivitäten'),
(1044, 118, 'Hersteller', 'Leicht & transportabel, Robust & wetterfest'),
(1045, 118, 'Produktart', 'Boule-Spiel Set'),
(1041, 118, 'Gewicht', ''),
(1042, 118, 'Farbe', 'mehrfarbig'),
(1040, 118, 'Maße', ''),
(1003, 115, 'Gewicht', ''),
(1004, 115, 'Anwendungsbereich', 'Rehabilitation, Kräftigung der Rückenmuskulatur'),
(1002, 115, 'Maße', 'Länge des Pumpenschlauchs: 100 cm'),
(1000, 114, 'Sicherheitsmerkmal', ''),
(1001, 115, 'Material', 'hochwertiges PVC'),
(999, 114, 'Einsatzbereich', 'Crossfit, Yoga oder Fitness.'),
(993, 114, 'Hersteller', 'JustNeo'),
(994, 114, 'Produktart', 'Massagerolle'),
(995, 114, 'Farben', ''),
(996, 114, 'Besondere Merkmale', 'Hochwertiger EVA-Schaum'),
(997, 114, 'Größe', ''),
(998, 114, 'Durchmesser', '10 cm'),
(988, 114, 'Material', 'Kunststoff'),
(989, 114, 'Maße', 'Länge: 30 cm'),
(990, 114, 'Gewicht', ''),
(991, 114, 'Farbe', 'blau'),
(992, 114, 'Anwendungsbereich', 'Abrollen der Bein- und Rückenmuskulatur'),
(1014, 116, 'Maße', '40 cm x 13,5 cm x 12 cm'),
(1013, 116, 'Material', 'hochwertiges PVC'),
(1012, 115, 'Sicherheitsmerkmal', ''),
(1011, 115, 'Einsatzbereich', 'Rückentraining, Core-Training, Reha-Übungen'),
(731, 93, 'Größe', 'Maßband: Bis 250 cm, Strahllänge: 630 - 650 nm'),
(730, 93, 'Besondere Merkmale', 'Bietet präzise Lot-, Horizontal- und Kreuz-Lasermessungen'),
(729, 93, 'Anwendungsbereich', 'Bauarbeiten & Handwerk'),
(728, 93, 'Hersteller', 'JUSTNEO'),
(727, 93, 'Produktart', 'Laser-Nivelliergerät'),
(726, 92, 'Sicherheitsmerkmal', ''),
(724, 92, 'Durchmesser', ''),
(725, 92, 'Einsatzbereich', 'Alltägliche Reparaturen, Bau- & Installationsprojekte'),
(723, 92, 'Größe', 'Schlitzschraubendreher Breite: 6 mm'),
(722, 92, 'Besondere Merkmale', 'Magnetische Spitzen, Ergonomische Griffe, Langlebig & robust'),
(721, 92, 'Farben', 'orange, schwarz'),
(720, 92, 'Produktart', 'Schraubendreher-Set'),
(719, 92, 'Hersteller', 'JustNEO'),
(718, 92, 'Anwendungsbereich', 'Heimwerker & Profis, Schraubarbeiten in Werkstätten'),
(717, 92, 'Farbe', 'mehrfarbig'),
(716, 92, 'Gewicht', ''),
(715, 92, 'Maße', 'Länge der Schraubendreher: 2x 210 mm, 2x 240 mm, 2x 260 mm'),
(714, 92, 'Material', 'Stahl und Plastik'),
(713, 91, 'Sonstiges', 'DIY-Projekte & Bastelarbeiten'),
(712, 91, 'Farben', 'gelb,rot'),
(711, 91, 'Gewicht', ''),
(710, 91, 'Material', 'hochwertige Materialien'),
(709, 91, 'Packmaß', ''),
(708, 91, 'Größe', ''),
(707, 91, 'Besondere Merkmale', 'Magnetische Spitzen'),
(706, 91, 'Anwendungsbereich', 'Smartphone- & Tablet-Reparaturen'),
(705, 91, 'Hersteller', 'JUSTNEO'),
(704, 91, 'Produktart', 'Präzisionsschraubendreher'),
(702, 90, 'Farben', 'schwarz'),
(703, 90, 'Sonstiges', 'Transistortests & Durchgangsprüfung:'),
(701, 90, 'Gewicht', ''),
(700, 90, 'Material', ''),
(698, 90, 'Größe', ''),
(699, 90, 'Packmaß', ''),
(697, 90, 'Besondere Merkmale', 'Vielseitige Messmöglichkeiten'),
(695, 90, 'Hersteller', 'JUSTNEO'),
(696, 90, 'Anwendungsbereich', 'Elektroinstallationen'),
(694, 90, 'Produktart', 'Digitales Multimeter'),
(692, 89, 'Farben', ''),
(693, 89, 'Sonstiges', ''),
(691, 89, 'Gewicht', ''),
(690, 89, 'Material', 'hochwertigen Materialien'),
(689, 89, 'Packmaß', ''),
(688, 89, 'Größe', ''),
(687, 89, 'Besondere Merkmale', 'DIY-Werkzeugkasten-Set mit 16 Werkzeugen'),
(686, 89, 'Anwendungsbereich', 'Werkstattprojekte'),
(685, 89, 'Hersteller', 'JUSTNEO'),
(684, 89, 'Produktart', 'Werkzeugkasten'),
(1037, 117, 'Einsatzbereich', ''),
(1036, 117, 'Durchmesser', ''),
(1035, 117, 'Größe', ''),
(1033, 117, 'Farben', 'gelb.schwarz'),
(1034, 117, 'Besondere Merkmale', 'Effektives Koordinationstraining'),
(1032, 117, 'Produktart', 'Trainingsleiter'),
(1031, 117, 'Hersteller', 'JustNEO'),
(1030, 117, 'Anwendungsbereich', 'Schnelligkeitstraining und Beweglichkeitstraining'),
(1029, 117, 'Farbe', 'gelb'),
(1028, 117, 'Gewicht', ''),
(1027, 117, 'Maße', 'Länge 600cm, Berite:42,50'),
(1026, 117, 'Material', 'Kunststoff'),
(1025, 116, 'Sicherheitsmerkmal', ''),
(1024, 116, 'Einsatzbereich', 'Bauchmuskeltraining und Core-Training'),
(1023, 116, 'Durchmesser', ''),
(1022, 116, 'Größe', 'Trainingsmatte: 16,5 cm  x 33,15 cm , 7 mm'),
(1021, 116, 'Besondere Merkmale', 'Integrierte Rückholfeder, Rutschfeste Griffe & Rad'),
(1020, 116, 'Farben', 'schwarz,tot'),
(1019, 116, 'Produktart', 'Bauchtrainingsroller'),
(1018, 116, 'Hersteller', 'JustNEO'),
(1016, 116, 'Farbe', 'mehrfarbig'),
(1017, 116, 'Anwendungsbereich', 'Bauchmuskeltraining'),
(1015, 116, 'Gewicht', ''),
(1010, 115, 'Durchmesser', '65 cm (nach dem Aufblasen)'),
(1047, 118, 'Besondere Merkmale', ''),
(1048, 118, 'Größe', ''),
(1049, 118, 'Durchmesser', ''),
(1050, 118, 'Einsatzbereich', 'Garten, Park & Strand'),
(1051, 118, 'Sicherheitsmerkmal', ''),
(4170, 371, 'Produktart', 'Wobbler'),
(4167, 371, 'Länge (ca.)', '9cm'),
(4165, 371, 'Teiletyp', 'Angelköder'),
(4166, 371, 'Marke', 'Justneo'),
(4164, 371, 'Material', 'Kunststoff'),
(4160, 370, 'Maße', '9cm lang'),
(4159, 370, 'Anwendungsgebiet', 'Perfekter Angelköder für Hechte und Raubfische'),
(4158, 370, 'Hinweis', 'hochwertigem ABS-Material'),
(4157, 370, 'besondere Merkmale', 'Realistisches Design mit 3D-Augen'),
(4156, 370, 'Hersteller', 'JUSTNEO'),
(4147, 369, 'Köderart', 'Jerkbait'),
(4148, 370, 'Farbe', 'Gold'),
(4149, 370, 'Material', 'Kunststoff'),
(4150, 370, 'Teiletyp', 'Angelköder'),
(4151, 370, 'Marke', 'Justneo'),
(4152, 370, 'Länge (ca.)', '9cm'),
(4153, 370, 'Verhalten', 'Sinkend'),
(4154, 370, 'Lauftiefe', 'Variabel'),
(4155, 370, 'Produktart', 'Wobbler'),
(4129, 368, 'Anwendungsgebiet', 'Perfekter Angelköder für Hechte und Raubfische'),
(4128, 368, 'Hinweis', 'hochwertigem ABS-Material'),
(4127, 368, 'besondere Merkmale', 'Realistisches Design mit 3D-Augen'),
(4126, 368, 'Hersteller', 'JUSTNEO'),
(4125, 368, 'Produktart', 'Wobbler'),
(4146, 369, 'Gewicht', '21g'),
(4144, 369, 'Anwendungsgebiet', 'Perfekter Angelköder für Hechte und Raubfische'),
(4145, 369, 'Maße', '9cm lang'),
(4143, 369, 'Hinweis', 'hochwertigem ABS-Material'),
(4130, 368, 'Maße', '9cm lang'),
(4131, 368, 'Gewicht', '21g'),
(4132, 368, 'Köderart', 'Jerkbait'),
(4133, 369, 'Farbe', 'grün'),
(4134, 369, 'Material', 'Kunststoff'),
(4135, 369, 'Teiletyp', 'Angelköder'),
(4136, 369, 'Marke', 'Justneo'),
(4137, 369, 'Länge (ca.)', '9cm'),
(4138, 369, 'Verhalten', 'Sinkend'),
(4139, 369, 'Lauftiefe', 'Variabel'),
(4140, 369, 'Produktart', 'Wobbler'),
(4141, 369, 'Hersteller', 'JUSTNEO'),
(4142, 369, 'besondere Merkmale', 'Realistisches Design mit 3D-Augen'),
(3018, 281, 'Maße', '40,64 cm x 86,36 cm'),
(3019, 281, 'Anwendungsbereich', 'Bastel- und Handarbeitsprojekte'),
(3020, 281, 'Produktart', 'Filzstoff'),
(3017, 281, 'Material', 'Filzstoff'),
(3014, 280, 'besondere Merkmale', 'Kostüme, Wohnaccessoires oder Scrapbooking'),
(3016, 281, 'Farbe', 'blau'),
(3015, 280, 'Hersteller', 'JUSTNEO'),
(4161, 370, 'Gewicht', '21g'),
(4162, 370, 'Köderart', 'Jerkbait'),
(4163, 371, 'Farbe', 'Weiß'),
(3009, 280, 'Material', 'Filzstoff'),
(3010, 280, 'Maße', '40,64 cm x 86,36 cm'),
(3011, 280, 'Anwendungsbereich', 'Bastel- und Handarbeitsprojekte'),
(3012, 280, 'Produktart', 'Filzstoff'),
(3013, 280, 'Stückzahl', ''),
(4182, 372, 'Verhalten', 'Sinkend'),
(4183, 372, 'Lauftiefe', 'Variabel'),
(4181, 372, 'Länge (ca.)', '9cm'),
(3995, 358, 'Artikelzustand', 'Neu'),
(3994, 358, 'Sicherheitsmerkmal', ''),
(3036, 283, 'Produktart', 'Filzstoff'),
(3037, 283, 'Stückzahl', ''),
(3038, 283, 'besondere Merkmale', 'Kostüme, Wohnaccessoires oder Scrapbooking'),
(4201, 373, 'Produktart', 'Kochset'),
(4202, 373, 'Lieferumfang', '1 Teller, 1 Tasse, 1 Suppenteller'),
(4203, 373, 'Packmaß', ''),
(4200, 373, 'Durchmesser', 'Essteller 25 cm, Schüssel 14,5 cm'),
(3000, 279, 'Farbe', 'rot'),
(2999, 278, 'Hersteller', 'JUSTNEO'),
(2998, 278, 'besondere Merkmale', 'Kostüme, Wohnaccessoires oder Scrapbooking'),
(2997, 278, 'Stückzahl', ''),
(2991, 277, 'Hersteller', 'JUSTNEO'),
(2992, 278, 'Farbe', 'orange'),
(2993, 278, 'Material', 'Filzstoff'),
(2994, 278, 'Maße', '40,64 cm x 86,36 cm'),
(2995, 278, 'Anwendungsbereich', 'Bastel- und Handarbeitsprojekte'),
(2996, 278, 'Produktart', 'Filzstoff'),
(3993, 358, 'Einsatzbereich', 'Zubereitung von Saucen & Marinaden'),
(3991, 358, 'Größe', ''),
(3992, 358, 'Durchmesser', ''),
(3990, 358, 'Besondere Merkmale', 'Robuste Materialien, Ergonomischer Griff'),
(3987, 358, 'Hersteller', 'JUSTNEO'),
(3988, 358, 'Produktart', 'Knoblauchpresse'),
(3989, 358, 'Farben', 'grün'),
(3986, 358, 'Anwendungsbereich', 'Küchenhelfer'),
(3985, 358, 'Farbe', 'grün'),
(3984, 358, 'Gewicht', ''),
(3285, 308, 'Hinweis', 'Belastbarkeit 125kg'),
(3284, 308, 'Gewicht', 'Belastbarkeit 125kg'),
(3283, 308, 'Packmaß', ''),
(3253, 306, 'Breite', ''),
(3254, 306, 'Höhe', ''),
(3250, 306, 'Besondere Merkmale', 'Belastbarkeit: Maximal 125 kg'),
(3251, 306, 'Anwendungsbereich', 'Camping & Outdoor-Aktivitäten'),
(4184, 372, 'Produktart', 'Wobbler'),
(3001, 279, 'Material', 'Filzstoff'),
(3609, 331, 'Artikelzustand', 'Neu'),
(3608, 331, 'Sicherheitsmerkmal', ''),
(3008, 280, 'Farbe', 'grün'),
(3006, 279, 'besondere Merkmale', 'Kostüme, Wohnaccessoires oder Scrapbooking'),
(3004, 279, 'Produktart', 'Filzstoff'),
(3005, 279, 'Stückzahl', ''),
(3003, 279, 'Anwendungsbereich', 'Bastel- und Handarbeitsprojekte'),
(5579, 461, 'Gewicht', '80g'),
(5578, 461, 'Maße', '68mm'),
(5544, 458, 'Gewicht', '119 g'),
(5545, 458, 'Farbe', 'weiß'),
(5546, 458, 'Hinweis', 'Hochwertiges Material'),
(5577, 461, 'Material', 'Metall'),
(3607, 331, 'Einsatzbereich', 'Denk- und Logikübungen'),
(3604, 331, 'Besondere Merkmale', 'Fördert Intelligenz, Entwickelt kognitive Fähigkeiten'),
(3606, 331, 'Durchmesser', '6 cm'),
(3605, 331, 'Größe', ''),
(3603, 331, 'Farben', 'braun'),
(3601, 331, 'Hersteller', 'JUSTNEO'),
(3602, 331, 'Produktart', 'Holzball'),
(3600, 331, 'Anwendungsbereich', 'Denkspielzeug, Puzzle'),
(3599, 331, 'Gewicht', ''),
(3598, 331, 'Maße', ''),
(3597, 331, 'Material', 'Holz'),
(3278, 308, 'Besondere Merkmale', 'Belastbarkeit: Maximal 125 kg'),
(3279, 308, 'Anwendungsbereich', 'Camping & Outdoor-Aktivitäten'),
(5529, 457, 'Farbe', 'schwarz'),
(5530, 457, 'Hinweis', 'Ideal für Zeltaufbau, Heringe'),
(1748, 175, 'Sicherheitsmerkmal', ''),
(1749, 175, 'Artikelzustand', 'Neu'),
(1747, 175, 'Einsatzbereich', 'Boxen, CrossFit und MMA'),
(1745, 175, 'Größe', ''),
(1746, 175, 'Durchmesser', ''),
(1744, 175, 'Besondere Merkmale', 'Präzise Kugellager'),
(1743, 175, 'Farben', 'rot, schwarz'),
(1742, 175, 'Produktart', 'Springseil'),
(1739, 175, 'Farbe', 'schwarz'),
(1740, 175, 'Anwendungsbereich', 'Verbesserung von Koordination, Ausdauer u. Rhythmus.'),
(1741, 175, 'Hersteller', 'JUSTNEO'),
(1738, 175, 'Gewicht', '0,15kg'),
(1737, 175, 'Maße', '3 m verstellbar'),
(1736, 175, 'Material', 'Edesltahl'),
(3277, 308, 'Sitzhöhe', ''),
(3276, 308, 'Produktart', 'Paracord'),
(3252, 306, 'Größe', ''),
(3249, 306, 'Sitzhöhe', ''),
(3248, 306, 'Produktart', 'Paracord'),
(3247, 306, 'Belastbarkeit', 'Stärke: 3 mm'),
(3246, 306, 'Hersteller', 'Benson'),
(3244, 306, 'Material', 'Hochfestes Polypropylen'),
(3245, 306, 'Maße', 'Länge: 15 m'),
(3243, 305, 'Hinweis', 'Belastbarkeit 125 kg'),
(5524, 457, 'Länge', ''),
(5523, 457, 'Größe', '25cm'),
(5522, 457, 'Anwendungsbereich', 'Camping, Outdoor, Heimwerken'),
(5467, 453, 'Stil', 'Herz'),
(5521, 457, 'Besondere Merkmale', 'Rutschfester Griff, Metallstiel'),
(5520, 457, 'Sitzhöhe', ''),
(5519, 457, 'Produktart', 'Gummihammer'),
(5518, 457, 'Belastbarkeit', 'Robust'),
(5517, 457, 'Hersteller', 'JustNeo'),
(5466, 453, 'Artikelzustand', 'Neu'),
(5465, 453, 'Sicherheitsmerkmal', 'Abgerundet, stabil'),
(5463, 453, 'Durchmesser', 'ca. 3 cm'),
(5464, 453, 'Einsatzbereich', 'Alltag, Freizeit, Reisen'),
(3007, 279, 'Hersteller', 'JUSTNEO'),
(3002, 279, 'Maße', '40,64 cm x 86,36 cm'),
(2990, 277, 'besondere Merkmale', 'Kostüme, Wohnaccessoires oder Scrapbooking'),
(2989, 277, 'Stückzahl', ''),
(2988, 277, 'Produktart', 'Filzstoff'),
(2987, 277, 'Anwendungsbereich', 'Bastel- und Handarbeitsprojekte'),
(2986, 277, 'Maße', '40,64 cm x 86,36 cm'),
(2985, 277, 'Material', 'Filzstoff'),
(2984, 277, 'Farbe', 'gelb'),
(4623, 397, 'Wassersäule', '2000 mm'),
(4620, 397, 'Gewicht', '3,6 kg'),
(4616, 396, 'Aufbauzeit', '60 Sekunden'),
(4617, 396, 'Farbe', 'shark-grey'),
(4615, 396, 'Anzahl Personen', '2'),
(3665, 335, 'Artikelzustand', 'Neu'),
(3664, 335, 'Sicherheitsmerkmal', ''),
(3656, 335, 'Anwendungsbereich', 'Skizzieren, Zeichnen und Schattieren'),
(3655, 335, 'Farbe', 'mehrfarbig'),
(3654, 335, 'Gewicht', '0,1'),
(3653, 335, 'Maße', 'Etui-Maße (aufgeklappt): 50 cm Breite'),
(3705, 339, 'Material', '100% Polyester,  Gestell: Stahl-Rundrohr'),
(3704, 338, 'Hinweis', 'verstellbare Kopfstütze'),
(3703, 338, 'Gewicht', '12,2'),
(3700, 338, 'Breite', ''),
(3701, 338, 'Höhe', 'Sitzhöhe: 40 cm'),
(3702, 338, 'Packmaß', '61 x 16 x 99 cm'),
(3699, 338, 'Größe', ''),
(3696, 338, 'Sitzhöhe', '40 cm'),
(3697, 338, 'Besondere Merkmale', 'in vier verschiedene Positionen verstellbar'),
(3698, 338, 'Anwendungsbereich', 'Camping, Outdoor, Garten'),
(3694, 338, 'Belastbarkeit', 'bis 120 kg'),
(3695, 338, 'Produktart', 'Campingstuhl'),
(3693, 338, 'Hersteller', 'Outwell'),
(3692, 338, 'Maße', '(B x T x H): 61 x 85 x 90 cm'),
(3691, 338, 'Material', '100% Polyester,  Gestell: Stahl-Rundrohr'),
(5430, 451, 'Produktart', 'Nudelsieb'),
(3983, 358, 'Maße', '15,5 cm x 3 cm, Grifflänge: 9 cm'),
(2902, 271, 'Zusatzfunktionen', 'Schaufel, Spitzhacke, Sägeöffner'),
(2901, 271, 'Gewicht', 'Setgewicht: 0,358 kg'),
(2900, 271, 'Größe', 'Länge (ausgeklappt): 41,5 cm Länge (gefaltet): 16 cm'),
(2898, 271, 'Material', 'Hochwertige und robuste Materialien'),
(2899, 271, 'Farbe', 'grün'),
(2888, 270, 'Farbe', 'grün'),
(2889, 270, 'Größe', 'ausgeklappte Länge von 59 cm (gefaltet): 25 cm'),
(2890, 270, 'Gewicht', 'Setgewicht: 1,2 kg'),
(2891, 270, 'Zusatzfunktionen', 'Hülle mit Gürtelschlaufe'),
(2892, 270, 'Witterungsbeständigkeit', ''),
(2893, 270, 'Produktart', 'Schaufel'),
(2894, 270, 'Hersteller', 'justneo'),
(2895, 270, 'Besondere Merkmale', 'Schaufel, Spitzhacke und Säge'),
(2896, 270, 'Anwendungsgebiet', 'Camping & Outdoor-Abenteuer'),
(2897, 270, 'Produkt', 'Werkzeug'),
(2887, 270, 'Material', 'Hochwertige und robuste Materialien'),
(3652, 335, 'Material', 'Kunststoff'),
(3673, 336, 'Hersteller', 'Verk Group'),
(3671, 336, 'Witterungsbeständigkeit', ''),
(3672, 336, 'Produktart', 'Multitool'),
(3669, 336, 'Gewicht', '350g'),
(3670, 336, 'Zusatzfunktionen', '17 verschiedene Funktionen: Hammer, Axt, Zange & mehr'),
(3668, 336, 'Größe', '18 cm x 9,5 cm'),
(5428, 451, 'Hersteller', 'JUSTNEO'),
(5429, 451, 'Durchmesser', '10 cm'),
(5427, 451, 'Zubehör', ''),
(5426, 451, 'Gewicht', 'ca. 139 g'),
(5425, 451, 'Farbe', 'grau'),
(5285, 441, 'Einsatzort', 'Innen- und Außendekoration'),
(5284, 441, 'Farben', 'Schwarz & Weiß (glänzende Kugeln)'),
(3596, 330, 'Artikelzustand', 'Neu'),
(3595, 330, 'Sicherheitsmerkmal', ''),
(5542, 458, 'Höhe', ''),
(5541, 458, 'Breite', 'Kordel ca. 3–4 mm'),
(5539, 458, 'Größe', ''),
(5540, 458, 'Länge', ''),
(5538, 458, 'Anwendungsbereich', 'Zeltstangen Reparatur'),
(5537, 458, 'Besondere Merkmale', 'Durchziehkabel, Unterlegscheiben'),
(5536, 458, 'Sitzhöhe', 'Universal'),
(5535, 458, 'Produktart', 'Gummiband'),
(5534, 458, 'Belastbarkeit', 'Hohe Rückstellkraft'),
(5533, 458, 'Hersteller', 'Easy Camp'),
(5532, 458, 'Maße', 'Schnurlänge 15 m'),
(3590, 330, 'Farben', ''),
(3582, 329, 'Besondere Eigenschaften', 'Wärmequellen Induktions- und Ofenbetrieb'),
(3581, 329, 'Packmaß', '24 x 14,5 cm (Durchmesser x Höhe)'),
(3580, 329, 'Lieferumfang', 'Deckel, Packsack'),
(3579, 329, 'Produktart', 'Kochset'),
(3577, 329, 'Hersteller', 'Outwell'),
(3578, 329, 'Durchmesser', 'Pfanne 19,5 cm Topf 15,5 und 17,5 cm'),
(3576, 329, 'Zubehör', ''),
(3575, 329, 'Gewicht', '2052 g'),
(3574, 329, 'Farbe', 'Silber'),
(3570, 329, 'Material', 'Rostfreier Stahl'),
(3571, 329, 'Hitzebeständigkeit', ''),
(3572, 329, 'Größe', 'Volumen Töpfe 3 l und 2,4 l'),
(3573, 329, 'Kompatibilität', 'Spülmaschinengeeignet'),
(3594, 330, 'Einsatzbereich', 'Kunsz'),
(3593, 330, 'Durchmesser', ''),
(3592, 330, 'Größe', ''),
(3591, 330, 'Besondere Merkmale', 'Hochwertiger Holzkoffer'),
(4242, 376, 'Packmaß', ''),
(4243, 376, 'Besondere Eigenschaften', 'Leistung: 3800 W'),
(4239, 376, 'Durchmesser', ''),
(4240, 376, 'Produktart', 'Gaskocher'),
(4241, 376, 'Lieferumfang', 'Gaskocher, Transporttasche'),
(4237, 376, 'Zubehör', '1 x Easy Camp Kocher ohne Kartusche'),
(4238, 376, 'Hersteller', 'Easy Camp'),
(4236, 376, 'Gewicht', '169 g'),
(4235, 376, 'Farbe', 'Silber'),
(4234, 376, 'Kompatibilität', 'EN417-Gaskartusche'),
(4233, 376, 'Größe', '12,5 x 12,5 x 8,5 cm (BxTxH)'),
(4232, 376, 'Hitzebeständigkeit', 'Kochzeit 1 l Wasser (Min.): 4:24'),
(4231, 376, 'Material', 'Edelstahl, Messing'),
(3667, 336, 'Farbe', 'schwarz,rot'),
(3666, 336, 'Material', 'Edelstahl (solide und langlebig)'),
(5445, 452, 'Zelttyp', ''),
(5446, 452, 'Besonderheiten', 'Silikon- und PU-beschichtetes Ripstop-Nylon'),
(3690, 337, 'Hinweis', 'leicht, komfortabel'),
(3689, 337, 'Gewicht', '150g'),
(3688, 337, 'Packmaß', '51 x 14 cm'),
(3687, 337, 'Höhe', ''),
(3683, 337, 'Besondere Merkmale', ''),
(3684, 337, 'Anwendungsbereich', 'Camping, Outdoor, Yoga'),
(3685, 337, 'Größe', '180 x 50 x 0,8 cm (L x B x H)'),
(3686, 337, 'Breite', ''),
(3682, 337, 'Sitzhöhe', ''),
(3681, 337, 'Produktart', 'Isomatte'),
(3680, 337, 'Belastbarkeit', ''),
(3679, 337, 'Hersteller', 'Easy Camp'),
(3677, 337, 'Material', 'EVA-Schaumstoff'),
(3678, 337, 'Maße', ''),
(5531, 458, 'Material', 'Elastische Kordel'),
(5444, 452, 'Eingänge', '1'),
(5443, 452, 'Aufbausystem', 'Stangen'),
(5442, 452, 'Hersteller', 'ROBENS'),
(5441, 452, 'Besondere Eigenschaften', 'Ultraleichtes Tunnelzelt'),
(5316, 443, 'Anwendungsgebiet', 'Ideal für Türen, Wände, Fenster oder als Tischdekoration'),
(5317, 443, 'Produkt', 'Kranz'),
(5337, 444, 'Farbe', 'ligth-grey'),
(5338, 445, 'Farbe', 'bunt'),
(5339, 445, 'Material', 'Körperfarbe'),
(5340, 445, 'Maße', 'Set: 12×5 g (Stiftform)'),
(5341, 445, 'Anwendungsbereich', 'Festival, Party, Halloween, Schwarzlicht/UV'),
(5342, 445, 'Produktart', 'Farbe'),
(5343, 445, 'Stückzahl', '12'),
(5344, 445, 'besondere Merkmale', 'Leuchtet unter Schwarzlicht, wasserlöslich'),
(5345, 445, 'Hersteller', 'JustNeo'),
(5440, 452, 'Anwendungsgebiet', 'Trekking, Bikepacking und Camping'),
(5439, 452, 'Innenzelt', '20D Nylon B3 Mesh, atmungsaktiv'),
(5437, 452, 'Anzahl Personen', '3'),
(5438, 452, 'Gestänge', 'Aluminium 7001 T6, Durchmesser 7,0 mm / 9,5 mm'),
(5436, 452, 'Aufbauzeit', '8 min'),
(5435, 452, 'Produktart', 'Campingzelt'),
(5434, 452, 'Schlafkabinen', '1'),
(5405, 449, 'Stil', 'Festival'),
(5404, 449, 'Artikelzustand', 'Neu'),
(5403, 449, 'Sicherheitsmerkmal', 'Sicherung per Clip/Karabiner'),
(5402, 449, 'Einsatzbereich', 'Security, Handwerk, Alltag'),
(5401, 449, 'Durchmesser', '2cm'),
(5400, 449, 'Größe', '3er Pack'),
(5399, 449, 'Besondere Merkmale', 'Einziehbar, Gürtelclip, Karabiner'),
(5398, 449, 'Farben', 'schwarz'),
(5397, 449, 'Produktart', 'Feuerzeughalter'),
(5396, 449, 'Hersteller', 'JustNeo'),
(5395, 449, 'Anwendungsbereich', 'Festival, Camping, Outdoor'),
(5394, 449, 'Farbe', 'schwarz'),
(5393, 449, 'Gewicht', '50g'),
(5391, 449, 'Material', 'Metall'),
(5392, 449, 'Maße', '70–120 cm'),
(2423, 232, 'Anwendungsgebiet', 'DIY-Adventskalender zum selbst Befüllen'),
(2421, 232, 'Farben', ''),
(2422, 232, 'Einsatzort', 'Weihnachtsdekoration'),
(2420, 232, 'Produktart', 'Adventskalender'),
(2419, 232, 'Verpackung', 'Stabiler Karton'),
(2418, 232, 'Hersteller', 'JUSTNEO'),
(2416, 232, 'Durchmesser', ''),
(2417, 232, 'Dekorationselemente', ''),
(2415, 232, 'besondere Merkmale', '24 Boxen zum Zusammenfalten'),
(2414, 232, 'Anwendungsbereich', 'Weihnachten'),
(2413, 232, 'Stil', 'DIY-Bastelset'),
(2412, 232, 'Maße', ''),
(2410, 232, 'Material', 'Papier'),
(2411, 232, 'Farbe', 'braun'),
(5315, 443, 'Einsatzort', 'Innen- und Außendekoration'),
(5286, 441, 'Anwendungsgebiet', 'Türen, Wände, Fenster, Tischdeko'),
(5287, 441, 'Produkt', 'Kranz'),
(5604, 462, 'Anwendungsgebiet', 'Tischdeko, Türen, Wände, Fenster'),
(5603, 462, 'Einsatzort', 'Für Innen- und Außendekoration geeignet'),
(5602, 462, 'Farben', 'Weiß, Hellblau, Silber'),
(5600, 462, 'Verpackung', 'Karton'),
(5601, 462, 'Produktart', 'Weihnachtskranz'),
(5599, 462, 'Hersteller', 'JUSTNEO'),
(5598, 462, 'Dekorationselemente', 'Adventskranz, Weihnachtskranz, Türkranz'),
(5597, 462, 'Durchmesser', '35'),
(5596, 462, 'besondere Merkmale', 'Hochwertiger Kunststoff, langlebig und wetterfest'),
(5595, 462, 'Anwendungsbereich', 'Weihnachten'),
(5594, 462, 'Stil', 'Glam, Party, Weihnachten'),
(5592, 462, 'Farbe', 'mehrfarbig'),
(5593, 462, 'Maße', 'Durchmesser ca. 35 cm'),
(5591, 462, 'Material', 'Kunststoff'),
(5303, 443, 'Material', 'Kunststoff'),
(5304, 443, 'Farbe', 'mehrfarbig'),
(5305, 443, 'Maße', ''),
(5306, 443, 'Stil', 'Glam, Party'),
(5307, 443, 'Anwendungsbereich', 'Weihnachten'),
(5308, 443, 'besondere Merkmale', 'Hochwertiger Kunststoff, langlebig und wetterfest'),
(5309, 443, 'Durchmesser', '33cm'),
(5310, 443, 'Dekorationselemente', ''),
(5311, 443, 'Hersteller', 'JUSTNEO'),
(5312, 443, 'Verpackung', 'Karton'),
(5313, 443, 'Produktart', 'Weihnachtskranz'),
(5314, 443, 'Farben', 'Rot, Grün, Gold (Mix aus glänzenden und matten Kugeln)'),
(4619, 397, 'Material', 'Polyester'),
(4618, 397, 'Schlafkabinen', '1'),
(4612, 396, 'Anwendungsgebiet', 'Camping,Festival,Outdoor'),
(4613, 396, 'Innenzelt', ''),
(4199, 373, 'Hersteller', 'Robens'),
(4198, 373, 'Zubehör', 'Transporttasche'),
(4197, 373, 'Gewicht', '436 g'),
(3921, 353, 'Produktart', 'Simmgabel'),
(3922, 353, 'Farben', 'Silber'),
(3923, 353, 'Besondere Merkmale', '128 Hz, 256 Hz, 512 Hz'),
(3924, 353, 'Größe', ''),
(3925, 353, 'Durchmesser', ''),
(3926, 353, 'Einsatzbereich', 'Klangtherapie, Energiearbeit'),
(3927, 353, 'Sicherheitsmerkmal', ''),
(3928, 353, 'Artikelzustand', 'Neu'),
(3929, 354, 'Material', 'Aluminium'),
(3930, 354, 'Maße', ''),
(3931, 354, 'Gewicht', '300g'),
(3932, 354, 'Farbe', 'gelb'),
(3933, 354, 'Anwendungsbereich', 'Musiktherapie und Klangheilung'),
(3934, 354, 'Hersteller', 'JUSTNEO'),
(3935, 354, 'Produktart', 'Simmgabel'),
(3936, 354, 'Farben', 'Gold'),
(3937, 354, 'Besondere Merkmale', '528 Hz Solfeggio-Stimmgabel'),
(3938, 354, 'Größe', '18cm'),
(3920, 353, 'Hersteller', 'JUSTNEO'),
(3917, 353, 'Gewicht', '500g'),
(3918, 353, 'Farbe', 'schwarz'),
(3919, 353, 'Anwendungsbereich', 'Musiktherapie und Klangheilung'),
(4195, 373, 'Kompatibilität', 'Spülmaschinengeeignet'),
(4196, 373, 'Farbe', 'weiß'),
(4194, 373, 'Größe', 'Tasse 350 ml'),
(4193, 373, 'Hitzebeständigkeit', 'Feuerfest & hitzebeständig'),
(4192, 373, 'Material', 'Hochwertige Emaille'),
(5543, 458, 'Packmaß', 'Kompakt, leicht'),
(3942, 354, 'Artikelzustand', 'Neu'),
(3941, 354, 'Sicherheitsmerkmal', ''),
(3940, 354, 'Einsatzbereich', 'Chakrenarbeit und Energetik'),
(3939, 354, 'Durchmesser', ''),
(3916, 353, 'Maße', ''),
(3915, 353, 'Material', 'Aluminium'),
(4179, 372, 'Material', 'Kunststoff'),
(4180, 372, 'Teiletyp', 'Angelköder'),
(4178, 372, 'Farbe', 'Gelb'),
(4177, 371, 'Köderart', 'Wobbler'),
(4176, 371, 'Gewicht', '21g'),
(4175, 371, 'Maße', '9cm lang'),
(4173, 371, 'Hinweis', 'hochwertigem ABS-Material'),
(4174, 371, 'Anwendungsgebiet', 'Perfekter Angelköder für Hechte und Raubfische'),
(4123, 368, 'Verhalten', 'Sinkend'),
(4124, 368, 'Lauftiefe', 'Variabel'),
(4122, 368, 'Länge (ca.)', '9cm'),
(4120, 368, 'Teiletyp', 'Angelköder'),
(4121, 368, 'Marke', 'Justneo'),
(4119, 368, 'Material', 'Kunststoff'),
(4187, 372, 'Hinweis', 'hochwertigem ABS-Material'),
(4188, 372, 'Anwendungsgebiet', 'Perfekter Angelköder für Hechte und Raubfische'),
(4189, 372, 'Maße', '9cm lang'),
(4190, 372, 'Gewicht', '21g'),
(4191, 372, 'Köderart', 'Hardbait'),
(4204, 373, 'Besondere Eigenschaften', 'Hygienisch & geruchsneutral'),
(4205, 374, 'Material', 'Aluminium'),
(4206, 374, 'Hitzebeständigkeit', 'Feuerfest & hitzebeständig'),
(4207, 374, 'Größe', 'Volumen: 1,4 L (ca. 8-10 Tassen)'),
(4208, 374, 'Kompatibilität', ''),
(4209, 374, 'Farbe', 'Silber'),
(4210, 374, 'Gewicht', '260 g'),
(4211, 374, 'Zubehör', ''),
(4212, 374, 'Hersteller', 'Easy Camp'),
(4213, 374, 'Durchmesser', ''),
(4214, 374, 'Produktart', 'Kaffeekanne'),
(4215, 374, 'Lieferumfang', '1x Kaffeekanne 1,4L 1x Deckel 1x Perkolator'),
(4216, 374, 'Packmaß', ''),
(4217, 374, 'Besondere Eigenschaften', 'Frischer Kaffee direkt in der Kanne gebrüht'),
(5613, 464, 'Pflegehinweis', ''),
(4363, 383, 'Hersteller', 'Outwell'),
(4362, 383, 'Produktart', 'Campingzelt'),
(4360, 383, 'Eingänge', '2'),
(4361, 383, 'Aufbausystem', 'Fiberglasgestänge, Schnellaufbau, Selbsttragend'),
(4357, 383, 'Wassersäule', '3.000 mm'),
(4358, 383, 'Materialstärke', 'Windgeschwindigkeiten 88 km/h'),
(4359, 383, 'Besonderheiten', 'UV-Schutz: UPF 30+'),
(4356, 383, 'Maße', '330 x 180 x 120 cm (L x B x H)'),
(4355, 383, 'Packmaß', 'Maße 58 x 20 cm,'),
(5721, 474, 'Material', 'Stretch-Polyester, PU-Schaum, TPU-Beschichtung'),
(5719, 473, 'Artikelzustand', 'Neu'),
(4352, 383, 'Schlafkabinen', '1'),
(4353, 383, 'Material', 'Polyester'),
(4354, 383, 'Gewicht', '5,2 kg'),
(5720, 473, 'Stil', 'Festival'),
(5718, 473, 'Sicherheitsmerkmal', ''),
(5614, 464, 'Muster', ''),
(5615, 464, 'Größe', ''),
(5715, 473, 'Größe', 'One Size, verstellbar'),
(5716, 473, 'Durchmesser', ''),
(5611, 464, 'Anwendungsgebiet', ''),
(5612, 464, 'Besondere Merkmale', ''),
(5610, 464, 'Maße', ''),
(5609, 464, 'Gewicht', ''),
(5607, 464, 'Material', ''),
(5608, 464, 'Stil', ''),
(5590, 461, 'Artikelzustand', 'Neu'),
(5605, 462, 'Produkt', 'Kranz'),
(5606, 464, 'Produktart', ''),
(5589, 461, 'Sicherheitsmerkmal', ''),
(5588, 461, 'Einsatzbereich', 'Freizeit, Festival'),
(5587, 461, 'Durchmesser', '68mm'),
(5586, 461, 'Größe', 'kompakt'),
(5584, 461, 'Farben', 'schwarz'),
(5585, 461, 'Besondere Merkmale', '4-teilig, Logo'),
(5583, 461, 'Produktart', 'Grinder'),
(4364, 383, 'Besondere Eigenschaften', 'Wind Guard System 2.0'),
(4365, 383, 'Anwendungsgebiet', 'Camping, Trekking, Festivals, Backpacking'),
(4366, 383, 'Innenzelt', 'Atmungsaktives Polyester'),
(4367, 383, 'Gestänge', 'Duratec-Fiberglas (7,9 mm & 8,5 mm)'),
(4368, 383, 'Anzahl Personen', '3'),
(4369, 383, 'Aufbauzeit', '11 min'),
(4370, 383, 'Farbe', 'grün'),
(5318, 444, 'Schlafkabinen', '2'),
(4665, 399, 'Packmaß', '31 x 15 cm'),
(4664, 399, 'Höhe', '9 cm'),
(4663, 399, 'Breite', '70 cm'),
(4662, 399, 'Länge', ''),
(4661, 399, 'Größe', '195 cm länge'),
(4659, 399, 'Besondere Merkmale', 'Doppelventil für schnelles Auf- und Abpumpen'),
(4660, 399, 'Anwendungsbereich', 'Camping, Outdoor'),
(4658, 399, 'Sitzhöhe', ''),
(4657, 399, 'Produktart', 'Luftmatratze'),
(4656, 399, 'Belastbarkeit', ''),
(4655, 399, 'Hersteller', 'Easy Camp'),
(4654, 399, 'Maße', '195 x 70 x 9 cm (L x B x H)'),
(4636, 397, 'Farbe', 'grün'),
(4633, 397, 'Gestänge', 'Fiberglas 7,9/8,5 mm'),
(4634, 397, 'Anzahl Personen', '3'),
(4635, 397, 'Aufbauzeit', '15'),
(4632, 397, 'Innenzelt', 'Atmungsaktives Polyester'),
(4614, 396, 'Gestänge', ''),
(4611, 396, 'Besondere Eigenschaften', 'schnellaufbau'),
(4610, 396, 'Hersteller', 'Qeedo'),
(4609, 396, 'Produktart', 'Campingzelt'),
(4607, 396, 'Eingänge', '1'),
(4608, 396, 'Aufbausystem', 'Inklusive Roll-In-Packtasche, Reparatur-Set, versiegelte Nähte'),
(4599, 396, 'Schlafkabinen', '1'),
(4600, 396, 'Material', 'Polyester'),
(4601, 396, 'Gewicht', '4250 g'),
(4602, 396, 'Packmaß', '76 x 21 x 21 cm'),
(4603, 396, 'Maße', '230 x 160 x 140 cm'),
(4604, 396, 'Wassersäule', '3000 mm (Außenzelt und Bodenplane)'),
(4605, 396, 'Materialstärke', '66D'),
(4606, 396, 'Besonderheiten', 'Quick-Up-System, Aufbau in ca. 60 Sekunden'),
(4653, 399, 'Material', '190T 75D Pongee Polyester, PVC-beschichtet'),
(4666, 399, 'Gewicht', '1.600 g'),
(4667, 399, 'Farbe', ''),
(4668, 399, 'Hinweis', 'Horizontale Luftkammern für optimale Stabilität'),
(4715, 402, 'Breite', '150 cm'),
(4716, 402, 'Höhe', '200 cm'),
(4717, 402, 'Packmaß', 'ca. 38 x 25 x 4 cm'),
(4713, 402, 'Größe', '150 × 200 cm'),
(4714, 402, 'Länge', ''),
(4712, 402, 'Anwendungsbereich', 'Camping, Strand, Park, Outdoor'),
(4711, 402, 'Besondere Merkmale', 'Faltbar, Tragegriff, Klettverschluss, wasserdicht'),
(4710, 402, 'Sitzhöhe', ''),
(4708, 402, 'Belastbarkeit', ''),
(4709, 402, 'Produktart', 'Decke'),
(4707, 402, 'Hersteller', 'Verk Group'),
(4706, 402, 'Maße', '150 × 200 cm'),
(4705, 402, 'Material', 'Textil-Oberseite, wasserdichte Schaumstoff-Unterseite'),
(4718, 402, 'Gewicht', '950 g'),
(4719, 402, 'Farbe', ''),
(4720, 402, 'Hinweis', 'schützt vor Feuchtigkeit auf Gras & Sand'),
(4745, 404, 'Größe', '180 x 50 x 0,8 cm (L x B x H)'),
(4744, 404, 'Anwendungsbereich', 'Camping, Outdoor, Yoga'),
(4743, 404, 'Besondere Merkmale', ''),
(4742, 404, 'Sitzhöhe', ''),
(4741, 404, 'Produktart', 'Isomatte'),
(4740, 404, 'Belastbarkeit', ''),
(4739, 404, 'Hersteller', 'Easy Camp'),
(4738, 404, 'Maße', ''),
(4737, 404, 'Material', 'EVA-Schaumstoff'),
(4746, 404, 'Länge', ''),
(4747, 404, 'Breite', ''),
(4748, 404, 'Höhe', ''),
(4749, 404, 'Packmaß', '51 x 14 cm'),
(4750, 404, 'Gewicht', '150g'),
(4751, 404, 'Farbe', ''),
(4752, 404, 'Hinweis', 'leicht, komfortabel'),
(5281, 441, 'Hersteller', 'JUSTNEO'),
(5282, 441, 'Verpackung', 'Karton'),
(5283, 441, 'Produktart', 'Weihnachtskranz'),
(5107, 429, 'Hinweis', 'Ideal für 2 Personen, top Isolierung'),
(5097, 429, 'Sitzhöhe', '7,5 cm'),
(5098, 429, 'Besondere Merkmale', 'Selbstaufblasend, Härtegrad einstellbar, Pumpsack'),
(5099, 429, 'Anwendungsbereich', 'Camping, Festival, Vanlife, Outdoor'),
(5106, 429, 'Farbe', 'grau'),
(4848, 410, 'Hinweis', ''),
(4847, 410, 'Farbe', ''),
(4846, 410, 'Gewicht', '900g'),
(4845, 410, 'Packmaß', '48 × 28 × 5 cm (gefaltet)'),
(4844, 410, 'Höhe', '22 cm'),
(4842, 410, 'Länge', ''),
(4843, 410, 'Breite', '28 cm'),
(4841, 410, 'Größe', '48 × 28 × 22 cm'),
(4840, 410, 'Anwendungsbereich', 'Picknick, Einkauf, Strand, Camping'),
(4838, 410, 'Sitzhöhe', ''),
(4839, 410, 'Besondere Merkmale', 'Faltbar, wasserdicht, Reißverschluss'),
(4833, 410, 'Material', 'Aluminiumrahmen, Textilgewebe'),
(4834, 410, 'Maße', '48 × 28 × 22 cm'),
(4835, 410, 'Hersteller', 'Verk Group'),
(4836, 410, 'Belastbarkeit', ''),
(4837, 410, 'Produktart', 'Thermo-Picknickkorb / Isolierter Einkaufskorb'),
(5105, 429, 'Gewicht', '5,5 kg'),
(5104, 429, 'Packmaß', '70 × 21 × 21 cm'),
(5103, 429, 'Höhe', '7,5cm'),
(5101, 429, 'Länge', ''),
(5102, 429, 'Breite', '138 cm'),
(5100, 429, 'Größe', 'Double XL'),
(5096, 429, 'Produktart', 'Isomatte selbstaufblasend'),
(5094, 429, 'Hersteller', 'Qeedo'),
(5095, 429, 'Belastbarkeit', 'bis 180 kg'),
(5092, 429, 'Material', 'Stretch-Polyester, PU-Schaum, TPU-Beschichtung'),
(5093, 429, 'Maße', '205 × 138 × 7,5 cm (L × B × H)'),
(5576, 460, 'Stil', 'Armband'),
(5575, 460, 'Artikelzustand', 'Neu'),
(5574, 460, 'Sicherheitsmerkmal', 'nickelfrei, hautfreundlich'),
(5573, 460, 'Einsatzbereich', 'Boho, Hippie, Festival'),
(5572, 460, 'Durchmesser', '7cm'),
(5569, 460, 'Farben', 'Schwarz, Silber, Blau, Orange'),
(5570, 460, 'Besondere Merkmale', 'Logo-Medaillon, elastisch, unisex'),
(5571, 460, 'Größe', 'Einheitsgröße'),
(5568, 460, 'Produktart', 'Armband'),
(5567, 460, 'Hersteller', 'JustNeo'),
(5566, 460, 'Anwendungsbereich', 'Armband, Schmuck, Festival'),
(5565, 460, 'Farbe', 'mehrfarbig'),
(5564, 460, 'Gewicht', '20 g'),
(5563, 460, 'Maße', 'Umfang 16–20 cm'),
(5562, 460, 'Material', 'Edelstal und Kunststoff'),
(5462, 453, 'Größe', 'Kompakt, handlich'),
(5461, 453, 'Besondere Merkmale', 'Beidseitig, robust, glänzend'),
(5460, 453, 'Farben', 'Schwarz, Silber, Blau, Orange'),
(5459, 453, 'Produktart', 'Schlüsselanhänger'),
(5458, 453, 'Hersteller', 'JustNeo'),
(5457, 453, 'Anwendungsbereich', 'Schlüssel, Taschen, Festivals'),
(5456, 453, 'Farbe', 'mehrfarbig'),
(5455, 453, 'Gewicht', '28 g'),
(5454, 453, 'Maße', 'Herz 3 cm, Länge 10 cm'),
(5453, 453, 'Material', 'Glas'),
(5015, 423, 'Material', 'Edelstal und Kunststoff'),
(5016, 423, 'Maße', 'Gesamtlänge mit Kette ca. 10 cm'),
(5017, 423, 'Gewicht', '28 g'),
(5018, 423, 'Farbe', 'mehrfarbig'),
(5019, 423, 'Anwendungsbereich', 'Boho, Hippie, Festival'),
(5020, 423, 'Hersteller', 'JustNeo'),
(5021, 423, 'Produktart', 'Anhänger/ Schmuckanhänger'),
(5022, 423, 'Farben', 'Schwarz, Silber, Blau, Orange'),
(5023, 423, 'Besondere Merkmale', 'eidseitig bedruckt, robust, glänzende Oberfläche'),
(5024, 423, 'Größe', 'Kompakt, handlich, ca. 3 cm Herzbreite'),
(5025, 423, 'Durchmesser', '3 cm Herz'),
(5026, 423, 'Einsatzbereich', 'Freizeit, Alltag, Festivals'),
(5027, 423, 'Sicherheitsmerkmal', 'Abgerundete Kanten, bruchfestes Glas, stabiler Schlüsselring'),
(5028, 423, 'Artikelzustand', 'Neu'),
(5029, 423, 'Stil', 'Anhänger'),
(5280, 441, 'Dekorationselemente', 'Adventskranz, Weihnachtskranz, Türkranz'),
(5279, 441, 'Durchmesser', '33cm'),
(5278, 441, 'besondere Merkmale', 'Hochwertiger Kunststoff, wetterfest und langlebig'),
(5277, 441, 'Anwendungsbereich', 'Weihnachten'),
(5276, 441, 'Stil', 'Weihnachten, Adventskranz, Glam'),
(5275, 441, 'Maße', 'Durchmesser ca. 33 cm'),
(5274, 441, 'Farbe', 'schwarz'),
(5273, 441, 'Material', 'Kunststoff'),
(5272, 440, 'Produkt', 'Kranz'),
(5271, 440, 'Anwendungsgebiet', 'Türen, Wände, Fenster, Tischdeko'),
(5270, 440, 'Einsatzort', 'Innen- und Außendekoration'),
(5269, 440, 'Farben', 'Blau & Silber mit Glitzer'),
(5268, 440, 'Produktart', 'Weihnachtskranz'),
(5267, 440, 'Verpackung', 'Karton'),
(5266, 440, 'Hersteller', 'JUSTNEO'),
(5265, 440, 'Dekorationselemente', 'Weihnachtskranz, Adventskranz,Türkranz'),
(5264, 440, 'Durchmesser', '33 cm (13 Zoll)'),
(5263, 440, 'besondere Merkmale', 'Wetterfest, langlebig, formstabil, stromlos'),
(5262, 440, 'Anwendungsbereich', 'Weihnachten'),
(5261, 440, 'Stil', 'Modern, Glam, Winter'),
(5260, 440, 'Maße', 'Durchmesser ca. 35 cm'),
(5259, 440, 'Farbe', 'weiß'),
(5258, 440, 'Material', 'Kunststoff'),
(5482, 454, 'Produkt', 'Kranz'),
(5516, 457, 'Maße', '25 x 9 x 5,5cm'),
(5515, 457, 'Material', 'Gummi, Metall'),
(5481, 454, 'Anwendungsgebiet', 'Türkranz, Wand- und Fensterdeko'),
(5480, 454, 'Einsatzort', 'Innen- und Außendekoration'),
(5479, 454, 'Farben', 'Blau, Rot, Gelb & Gold hochglanz'),
(5478, 454, 'Produktart', 'Weihnachtskranz'),
(5477, 454, 'Verpackung', 'Karton'),
(5475, 454, 'Dekorationselemente', 'Adventskranz, Weihnachtskranz, Türkranz'),
(5476, 454, 'Hersteller', 'JUSTNEO'),
(5473, 454, 'besondere Merkmale', 'Hochwertiger Kunststoff, wetterfest und langlebig'),
(5474, 454, 'Durchmesser', '35cm'),
(5471, 454, 'Stil', 'Glam, Party'),
(5472, 454, 'Anwendungsbereich', 'Weihnachten'),
(5468, 454, 'Material', 'Kunststoff'),
(5469, 454, 'Farbe', 'bunt'),
(5470, 454, 'Maße', 'Durchmesser ca. 35 cm'),
(5424, 451, 'Kompatibilität', 'Topfrand bis 7 mm; Pfannen, Schüsseln'),
(5423, 451, 'Größe', '21,8 × 5,2 × 10 cm'),
(5422, 451, 'Hitzebeständigkeit', '−40 bis 230 °C'),
(5421, 451, 'Material', 'Silikon, BPA-frei'),
(5447, 452, 'Materialstärke', 'Windgeschwindigkeiten 140 km/h'),
(5448, 452, 'Wassersäule', '2000 mm'),
(5449, 452, 'Maße', '230 x 215 x 110 cm'),
(5450, 452, 'Packmaß', '39 x 14 cm'),
(5451, 452, 'Gewicht', '1,86 kg'),
(5452, 452, 'Farbe', 'grün'),
(5717, 473, 'Einsatzbereich', 'Yoga, Spiritualität, Festival'),
(5714, 473, 'Besondere Merkmale', 'Hexagon-Kegel'),
(5713, 473, 'Farben', 'lila'),
(5711, 473, 'Hersteller', 'JustNeo'),
(5712, 473, 'Produktart', 'Halskette'),
(5710, 473, 'Anwendungsbereich', 'Alltag, Festival, Meditation'),
(5708, 473, 'Maße', '3 cm'),
(5709, 473, 'Gewicht', '75g'),
(5707, 473, 'Material', 'Naturstein'),
(5680, 471, 'Material', 'Naturstein'),
(5681, 471, 'Maße', 'Anhänger ca. 3–4,5 cm; Kordel 45–75 cm'),
(5682, 471, 'Gewicht', '100g'),
(5683, 471, 'Anwendungsbereich', 'Alltag, Festival, Meditation'),
(5684, 471, 'Hersteller', 'Justneo'),
(5685, 471, 'Produktart', 'Halskette'),
(5686, 471, 'Farben', 'Rosa'),
(5687, 471, 'Besondere Merkmale', 'Naturstein-Unikat'),
(5688, 471, 'Größe', 'One Size, verstellbar'),
(5689, 471, 'Durchmesser', ''),
(5690, 471, 'Einsatzbereich', 'Festival, Geschenk, Boho'),
(5691, 471, 'Sicherheitsmerkmal', ''),
(5692, 471, 'Artikelzustand', 'Neu'),
(5693, 471, 'Stil', 'Festival'),
(5694, 472, 'Material', 'Kunstleder'),
(5695, 472, 'Maße', '25 × 20 cm'),
(5696, 472, 'Gewicht', '0,5kg'),
(5697, 472, 'Anwendungsbereich', 'Urlaub, Familie, Jubiläum'),
(5698, 472, 'Hersteller', 'JUSTNEO'),
(5699, 472, 'Produktart', 'Fotoalbum'),
(5700, 472, 'Farben', 'braun'),
(5701, 472, 'Besondere Merkmale', '160 Fotos, 40 Hüllen, Einstecktaschen'),
(5702, 472, 'Größe', 'Fotos 10 × 15 cm'),
(5703, 472, 'Durchmesser', ''),
(5704, 472, 'Einsatzbereich', 'Geschenk, Archiv, Reise'),
(5705, 472, 'Sicherheitsmerkmal', ''),
(5706, 472, 'Artikelzustand', 'Neu'),
(5722, 474, 'Maße', '205 × 138 × 7,5 cm (L × B × H)'),
(5723, 474, 'Hersteller', 'Qeedo'),
(5724, 474, 'Belastbarkeit', 'bis 180 kg'),
(5725, 474, 'Produktart', 'Isomatte selbstaufblasend'),
(5726, 474, 'Sitzhöhe', '7,5 cm'),
(5727, 474, 'Besondere Merkmale', 'Selbstaufblasend, Härtegrad einstellbar, Pumpsack'),
(5728, 474, 'Anwendungsbereich', 'Camping, Festival, Vanlife, Outdoor'),
(5729, 474, 'Größe', 'Double XL'),
(5730, 474, 'Länge', ''),
(5731, 474, 'Breite', '138 cm'),
(5732, 474, 'Höhe', '7,5cm'),
(5733, 474, 'Packmaß', '70 × 21 × 21 cm'),
(5734, 474, 'Gewicht', '5,5 kg'),
(5735, 474, 'Farbe', 'grau'),
(5736, 474, 'Hinweis', 'Ideal für 2 Personen, top Isolierung'),
(5737, 475, 'Material', ''),
(5738, 475, 'Farbe', ''),
(5739, 475, 'Größe', ''),
(5740, 475, 'Gewicht', ''),
(5741, 475, 'Zusatzfunktionen', ''),
(5742, 475, 'Witterungsbeständigkeit', ''),
(5743, 475, 'Produktart', ''),
(5744, 475, 'Hersteller', ''),
(5745, 475, 'Besondere Merkmale', ''),
(5746, 475, 'Anwendungsgebiet', ''),
(5747, 475, 'Produkt', ''),
(5807, 479, 'Sicherheitsmerkmal', ''),
(5806, 479, 'Einsatzbereich', 'Boho, Street, Freizeit'),
(5805, 479, 'Durchmesser', 'InnenØ variabel'),
(5804, 479, 'Größe', 'One Size, anpassbar'),
(5803, 479, 'Besondere Merkmale', 'Verstellbar'),
(5802, 479, 'Farben', 'Kupfer'),
(5801, 479, 'Produktart', 'Armband'),
(5800, 479, 'Hersteller', 'JUSTNEO'),
(5799, 479, 'Anwendungsbereich', 'Festival, Alltag, Geschenk'),
(5798, 479, 'Gewicht', ''),
(5797, 479, 'Maße', 'Innenumfang 16–20 cm'),
(5796, 479, 'Material', 'Kupfer'),
(5780, 478, 'Material', 'Metall'),
(5781, 478, 'Maße', '24 × 24 × 4 cm'),
(5782, 478, 'Hersteller', 'JustNeo'),
(5783, 478, 'Belastbarkeit', ''),
(5784, 478, 'Produktart', 'Geschirr'),
(5785, 478, 'Sitzhöhe', ''),
(5786, 478, 'Besondere Merkmale', 'Kompakt, Tasche inkl., 40 Hüllen'),
(5787, 478, 'Anwendungsbereich', 'Picknick, Camping, Festival'),
(5788, 478, 'Größe', 'Für 2 Personen'),
(5789, 478, 'Länge', ''),
(5790, 478, 'Breite', '24cm'),
(5791, 478, 'Höhe', '4cm'),
(5792, 478, 'Packmaß', '24 × 24 × 4 cm'),
(5793, 478, 'Gewicht', '0,70 kg'),
(5794, 478, 'Farbe', 'weiß'),
(5795, 478, 'Hinweis', 'Robustes Stahl-Zubehör'),
(5808, 479, 'Artikelzustand', 'Neu'),
(5809, 479, 'Stil', 'Boho'),
(5846, 482, 'Besondere Merkmale', 'Einziehbar, nachfüllbar, Etui'),
(5845, 482, 'Farben', 'Schwarz/Silbe'),
(5844, 482, 'Produktart', 'Bleistift'),
(5843, 482, 'Hersteller', 'JustNeo'),
(5842, 482, 'Anwendungsbereich', 'Skizzieren, Zeichnen, Technisch'),
(5841, 482, 'Farbe', 'mehrfarbig'),
(5840, 482, 'Gewicht', 'Leicht'),
(5839, 482, 'Maße', 'Kompaktes Etui-Set'),
(5838, 482, 'Material', 'Kunststoff'),
(5837, 481, 'Artikelzustand', 'Neu'),
(5847, 482, 'Größe', '35-teiliges Set'),
(5848, 482, 'Durchmesser', 'Feinminen & 2 mm'),
(5849, 482, 'Einsatzbereich', 'Schule, Studium, Architektur'),
(5850, 482, 'Sicherheitsmerkmal', 'Altersfreigabe 14+'),
(5851, 482, 'Artikelzustand', 'Neu'),
(5888, 485, 'Einsatzbereich', 'Geschenk, Archiv, Reise'),
(5886, 485, 'Größe', 'Fotos 10 × 15 cm'),
(5887, 485, 'Durchmesser', ''),
(5885, 485, 'Besondere Merkmale', '160 Fotos, 40 Hüllen, Einstecktaschen'),
(5883, 485, 'Produktart', 'Fotoalbum'),
(5884, 485, 'Farben', 'braun'),
(5882, 485, 'Hersteller', 'JUSTNEO'),
(5881, 485, 'Anwendungsbereich', 'Urlaub, Familie, Jubiläum'),
(5880, 485, 'Gewicht', '0,5kg'),
(5879, 485, 'Maße', '25 × 20 cm'),
(5878, 485, 'Material', 'Kunstleder'),
(5889, 485, 'Sicherheitsmerkmal', ''),
(5890, 485, 'Artikelzustand', 'Neu'),
(5891, 486, 'Material', 'Holz'),
(5892, 486, 'Maße', ''),
(5893, 486, 'Gewicht', ''),
(5894, 486, 'Anwendungsbereich', 'Denkspielzeug, Puzzle'),
(5895, 486, 'Hersteller', 'JUSTNEO'),
(5896, 486, 'Produktart', 'Holzball'),
(5897, 486, 'Farben', 'braun'),
(5898, 486, 'Besondere Merkmale', 'Fördert Intelligenz, Entwickelt kognitive Fähigkeiten'),
(5899, 486, 'Größe', ''),
(5900, 486, 'Durchmesser', '6 cm'),
(5901, 486, 'Einsatzbereich', 'Denk- und Logikübungen'),
(5902, 486, 'Sicherheitsmerkmal', ''),
(5903, 486, 'Artikelzustand', 'Neu'),
(5929, 488, 'Einsatzbereich', 'Schule, Studium, Atelier'),
(5928, 488, 'Durchmesser', ''),
(5927, 488, 'Größe', ''),
(5926, 488, 'Besondere Merkmale', 'Doppelspitze Pinsel/Fein, ungiftig, wasserbasier'),
(5925, 488, 'Farben', '120 Farben'),
(5924, 488, 'Produktart', 'Kunstmarker'),
(5923, 488, 'Hersteller', 'JustNeo');
INSERT INTO `ebay_products_itemspecifics` (`ebay_products_itemspecifics_id`, `ebay_products_id`, `is_name`, `is_value`) VALUES
(5922, 488, 'Anwendungsbereich', 'Skizzen, Handlettering, Malerei'),
(5921, 488, 'Farbe', 'mehrfarbig'),
(5920, 488, 'Gewicht', 'Leicht'),
(5919, 488, 'Maße', 'kompakt'),
(5918, 488, 'Material', 'Kunststoff'),
(5930, 488, 'Sicherheitsmerkmal', 'Ungiftig (wasserbasiert)'),
(5931, 488, 'Artikelzustand', 'Neu'),
(5932, 489, 'Material', 'Kunststoff'),
(5933, 489, 'Maße', 'Tasche kompakt, 80-teilig'),
(5934, 489, 'Gewicht', 'Leicht'),
(5935, 489, 'Farbe', 'mehrfarbig'),
(5936, 489, 'Anwendungsbereich', 'Ausmalen, Skizzieren, Illustrieren'),
(5937, 489, 'Hersteller', 'justNeo'),
(5938, 489, 'Produktart', 'Malstifte'),
(5939, 489, 'Farben', '80 Farben'),
(5940, 489, 'Besondere Merkmale', 'Doppelspitze, schnelltrocknend, Tragetasche'),
(5941, 489, 'Größe', '80-teiliges Set'),
(5942, 489, 'Durchmesser', ''),
(5943, 489, 'Einsatzbereich', 'Schule, Studium, Atelier, Hobby'),
(5944, 489, 'Sicherheitsmerkmal', 'Ab 14+, Aufsicht empfohlen'),
(5945, 489, 'Artikelzustand', 'Neu');

-- --------------------------------------------------------

--
-- Tabellenstruktur für Tabelle `ebay_products_itemspecifics_recommendations`
--

CREATE TABLE `ebay_products_itemspecifics_recommendations` (
  `ebay_products_itemspecifics_recommendations_id` int(11) NOT NULL,
  `ebay_products_id` int(11) NOT NULL,
  `is_name` varchar(255) NOT NULL,
  `is_value` varchar(255) NOT NULL
) ENGINE=MyISAM DEFAULT CHARSET=utf8;

-- --------------------------------------------------------

--
-- Tabellenstruktur für Tabelle `ebay_products_manufacturers`
--

CREATE TABLE `ebay_products_manufacturers` (
  `ebay_products_manufacturers_id` int(11) NOT NULL,
  `ebay_products_id` int(11) NOT NULL,
  `manufacturer_companyname` varchar(128) COLLATE utf8mb4_unicode_ci NOT NULL,
  `manufacturer_street1` varchar(128) COLLATE utf8mb4_unicode_ci NOT NULL,
  `manufacturer_street2` varchar(128) COLLATE utf8mb4_unicode_ci NOT NULL,
  `manufacturer_stateorprovince` varchar(128) COLLATE utf8mb4_unicode_ci NOT NULL,
  `manufacturer_postalcode` varchar(16) COLLATE utf8mb4_unicode_ci NOT NULL,
  `manufacturer_cityname` varchar(128) COLLATE utf8mb4_unicode_ci NOT NULL,
  `manufacturer_country` varchar(128) COLLATE utf8mb4_unicode_ci NOT NULL,
  `manufacturer_email` varchar(128) COLLATE utf8mb4_unicode_ci NOT NULL,
  `manufacturer_phone` varchar(128) COLLATE utf8mb4_unicode_ci NOT NULL
) ENGINE=InnoDB DEFAULT CHARSET=utf8mb4 COLLATE=utf8mb4_unicode_ci;

-- --------------------------------------------------------

--
-- Tabellenstruktur für Tabelle `ebay_products_payments`
--

CREATE TABLE `ebay_products_payments` (
  `ebay_products_payments_id` int(11) NOT NULL,
  `ebay_products_id` int(11) NOT NULL DEFAULT '0',
  `payment` varchar(128) NOT NULL DEFAULT ''
) ENGINE=MyISAM DEFAULT CHARSET=utf8;

-- --------------------------------------------------------

--
-- Tabellenstruktur für Tabelle `ebay_products_productsafety`
--

CREATE TABLE `ebay_products_productsafety` (
  `ebay_products_productsafety_id` int(11) NOT NULL,
  `ebay_products_id` int(11) NOT NULL,
  `pictograms` varchar(255) COLLATE utf8mb4_unicode_ci NOT NULL,
  `statements` varchar(255) COLLATE utf8mb4_unicode_ci NOT NULL
) ENGINE=InnoDB DEFAULT CHARSET=utf8mb4 COLLATE=utf8mb4_unicode_ci;

-- --------------------------------------------------------

--
-- Tabellenstruktur für Tabelle `ebay_products_properties`
--

CREATE TABLE `ebay_products_properties` (
  `ebay_products_properties_id` int(11) NOT NULL,
  `ebay_products_id` int(11) NOT NULL,
  `date_added` datetime NOT NULL,
  `sort_order` int(1) NOT NULL
) ENGINE=MyISAM DEFAULT CHARSET=utf8;

-- --------------------------------------------------------

--
-- Tabellenstruktur für Tabelle `ebay_products_properties_description`
--

CREATE TABLE `ebay_products_properties_description` (
  `ebay_products_properties_description_id` int(11) NOT NULL,
  `ebay_products_properties_id` int(11) NOT NULL,
  `language_id` int(1) NOT NULL,
  `title` varchar(64) NOT NULL
) ENGINE=MyISAM DEFAULT CHARSET=utf8;

-- --------------------------------------------------------

--
-- Tabellenstruktur für Tabelle `ebay_products_properties_values`
--

CREATE TABLE `ebay_products_properties_values` (
  `ebay_products_properties_values_id` int(11) NOT NULL,
  `ebay_products_properties_id` int(11) NOT NULL,
  `price` decimal(15,4) NOT NULL,
  `sort_order` int(1) NOT NULL,
  `image` varchar(16) NOT NULL,
  `files_image` varchar(255) NOT NULL
) ENGINE=MyISAM DEFAULT CHARSET=utf8;

-- --------------------------------------------------------

--
-- Tabellenstruktur für Tabelle `ebay_products_properties_values_description`
--

CREATE TABLE `ebay_products_properties_values_description` (
  `ebay_products_properties_values_description_id` int(11) NOT NULL,
  `ebay_products_properties_values_id` int(11) NOT NULL,
  `language_id` int(11) NOT NULL,
  `title` varchar(64) NOT NULL
) ENGINE=MyISAM DEFAULT CHARSET=utf8;

-- --------------------------------------------------------

--
-- Tabellenstruktur für Tabelle `ebay_products_regulatory_documents`
--

CREATE TABLE `ebay_products_regulatory_documents` (
  `ebay_products_regulatory_documents_id` int(11) NOT NULL,
  `ebay_products_id` int(11) NOT NULL,
  `documents_id` varchar(64) COLLATE utf8mb4_unicode_ci NOT NULL,
  `date_added` timestamp NOT NULL DEFAULT CURRENT_TIMESTAMP ON UPDATE CURRENT_TIMESTAMP
) ENGINE=InnoDB DEFAULT CHARSET=utf8mb4 COLLATE=utf8mb4_unicode_ci;

-- --------------------------------------------------------

--
-- Tabellenstruktur für Tabelle `ebay_products_regulatory_hazmats`
--

CREATE TABLE `ebay_products_regulatory_hazmats` (
  `ebay_products_regulatory_hazmats_id` int(11) NOT NULL,
  `ebay_products_id` int(11) NOT NULL,
  `signalword` varchar(32) COLLATE utf8mb4_unicode_ci NOT NULL,
  `date_added` timestamp NOT NULL DEFAULT CURRENT_TIMESTAMP ON UPDATE CURRENT_TIMESTAMP,
  `statements` text COLLATE utf8mb4_unicode_ci NOT NULL,
  `pictograms` text COLLATE utf8mb4_unicode_ci NOT NULL
) ENGINE=InnoDB DEFAULT CHARSET=utf8mb4 COLLATE=utf8mb4_unicode_ci;

-- --------------------------------------------------------

--
-- Tabellenstruktur für Tabelle `ebay_products_responsible_persons`
--

CREATE TABLE `ebay_products_responsible_persons` (
  `ebay_products_responsible_persons_id` int(11) NOT NULL,
  `ebay_products_id` int(11) NOT NULL,
  `rp_companyname` varchar(128) COLLATE utf8mb4_unicode_ci NOT NULL,
  `rp_street1` varchar(128) COLLATE utf8mb4_unicode_ci NOT NULL,
  `rp_street2` varchar(128) COLLATE utf8mb4_unicode_ci NOT NULL,
  `rp_stateorprovince` varchar(128) COLLATE utf8mb4_unicode_ci NOT NULL,
  `rp_postalcode` varchar(16) COLLATE utf8mb4_unicode_ci NOT NULL,
  `rp_cityname` varchar(128) COLLATE utf8mb4_unicode_ci NOT NULL,
  `rp_country` varchar(128) COLLATE utf8mb4_unicode_ci NOT NULL,
  `rp_email` varchar(128) COLLATE utf8mb4_unicode_ci NOT NULL,
  `rp_phone` varchar(128) COLLATE utf8mb4_unicode_ci NOT NULL
) ENGINE=InnoDB DEFAULT CHARSET=utf8mb4 COLLATE=utf8mb4_unicode_ci;

-- --------------------------------------------------------

--
-- Tabellenstruktur für Tabelle `ebay_products_shippings`
--

CREATE TABLE `ebay_products_shippings` (
  `ebay_products_shippings_id` int(11) NOT NULL,
  `ebay_products_id` int(11) NOT NULL DEFAULT '0',
  `shippingtype` enum('international','national') NOT NULL DEFAULT 'national',
  `ShippingService` varchar(64) NOT NULL,
  `ShippingServiceAdditionalCost` float NOT NULL DEFAULT '0',
  `ShippingServiceCost` float NOT NULL DEFAULT '0',
  `ShippingServicePriority` int(11) NOT NULL DEFAULT '0',
  `shipsWithinDays` int(11) NOT NULL DEFAULT '0'
) ENGINE=MyISAM DEFAULT CHARSET=utf8;

-- --------------------------------------------------------

--
-- Tabellenstruktur für Tabelle `ebay_products_shippings_locations`
--

CREATE TABLE `ebay_products_shippings_locations` (
  `ebay_products_shippings_locations_id` int(11) NOT NULL,
  `ebay_products_shippings_id` int(11) NOT NULL DEFAULT '0',
  `location` varchar(255) NOT NULL DEFAULT ''
) ENGINE=MyISAM DEFAULT CHARSET=utf8;

-- --------------------------------------------------------

--
-- Tabellenstruktur für Tabelle `ebay_products_to_categories`
--

CREATE TABLE `ebay_products_to_categories` (
  `id` int(11) NOT NULL,
  `products_id` int(11) NOT NULL DEFAULT '0',
  `category_id` int(11) NOT NULL DEFAULT '0'
) ENGINE=MyISAM DEFAULT CHARSET=utf8;

-- --------------------------------------------------------

--
-- Tabellenstruktur für Tabelle `ebay_products_variations`
--

CREATE TABLE `ebay_products_variations` (
  `ebay_products_variations_id` int(11) NOT NULL,
  `ebay_products_id` int(11) NOT NULL,
  `title` varchar(64) NOT NULL,
  `content` varchar(255) NOT NULL
) ENGINE=MyISAM DEFAULT CHARSET=utf8;

-- --------------------------------------------------------

--
-- Tabellenstruktur für Tabelle `ebay_products_videos`
--

CREATE TABLE `ebay_products_videos` (
  `ebay_products_videos_id` int(11) NOT NULL,
  `ebay_products_id` int(11) NOT NULL,
  `video_id` varchar(255) COLLATE utf8mb4_unicode_ci NOT NULL,
  `video_title` varchar(255) COLLATE utf8mb4_unicode_ci NOT NULL
) ENGINE=InnoDB DEFAULT CHARSET=utf8mb4 COLLATE=utf8mb4_unicode_ci;

-- --------------------------------------------------------

--
-- Tabellenstruktur für Tabelle `ebay_sammler`
--

CREATE TABLE `ebay_sammler` (
  `id` int(11) NOT NULL,
  `titel` varchar(64) NOT NULL DEFAULT '',
  `angelegt` datetime NOT NULL DEFAULT '0000-00-00 00:00:00',
  `aktiv` enum('j','n') NOT NULL DEFAULT 'j',
  `type` varchar(64) NOT NULL DEFAULT '',
  `duration` int(1) NOT NULL DEFAULT '0',
  `boldTitle` int(1) NOT NULL DEFAULT '0',
  `highlight` int(1) NOT NULL DEFAULT '0',
  `quantity` int(11) NOT NULL DEFAULT '0',
  `description` text NOT NULL,
  `featured` int(1) NOT NULL DEFAULT '0',
  `galleryFeatured` int(1) NOT NULL DEFAULT '0',
  `galleryFeaturedDuration` int(1) NOT NULL,
  `gallery` int(1) NOT NULL DEFAULT '0',
  `category` varchar(32) DEFAULT NULL,
  `category2` varchar(32) DEFAULT NULL,
  `counter` varchar(64) NOT NULL DEFAULT '',
  `vat` int(1) NOT NULL DEFAULT '0',
  `geldzurueck` int(1) NOT NULL DEFAULT '0',
  `sofortneu` int(1) NOT NULL DEFAULT '0',
  `new` int(1) NOT NULL DEFAULT '0',
  `border` int(1) NOT NULL DEFAULT '0',
  `homepagefeatured` int(1) NOT NULL DEFAULT '0',
  `site` varchar(16) NOT NULL DEFAULT '',
  `paymentinstructions` text,
  `subtitletext` varchar(55) NOT NULL DEFAULT '',
  `gallery_plus` int(1) NOT NULL DEFAULT '0',
  `bestoffer` int(1) NOT NULL DEFAULT '0',
  `bestoffer_price` float NOT NULL DEFAULT '0',
  `country` char(2) NOT NULL DEFAULT '',
  `location` varchar(45) NOT NULL DEFAULT '',
  `shopcat` varchar(32) NOT NULL DEFAULT '0',
  `shopcat2` varchar(64) NOT NULL DEFAULT '',
  `shopcat_name` varchar(64) NOT NULL DEFAULT '',
  `shopcat2_name` varchar(64) NOT NULL DEFAULT '',
  `user` varchar(128) NOT NULL DEFAULT '',
  `template` varchar(255) NOT NULL DEFAULT '',
  `skype_enabled` int(1) NOT NULL DEFAULT '0',
  `skype_id` varchar(128) NOT NULL DEFAULT '',
  `skype_contact_option` varchar(16) NOT NULL DEFAULT '',
  `bestofferautoacceptprice` float NOT NULL DEFAULT '0',
  `revise` varchar(8) NOT NULL,
  `revise_option` int(11) NOT NULL,
  `postalcode` varchar(8) NOT NULL,
  `dispatchtimemax` tinyint(4) NOT NULL,
  `automatic_list_no_sell` int(1) NOT NULL,
  `itemcondition` int(1) NOT NULL,
  `ShippingDiscountProfileID` varchar(32) NOT NULL,
  `InternationalShippingDiscountProfileID` varchar(32) NOT NULL,
  `reserveprice` float NOT NULL,
  `returnswithincode` varchar(16) NOT NULL,
  `shippingcostpaidby` varchar(32) NOT NULL,
  `ebay_plus` int(1) NOT NULL,
  `seller_profile_payment_id` varchar(32) DEFAULT NULL,
  `seller_profile_return_policy_id` varchar(32) DEFAULT NULL,
  `seller_profile_shipping_id` varchar(32) DEFAULT NULL,
  `scheduletime` datetime NOT NULL
) ENGINE=MyISAM DEFAULT CHARSET=utf8;

--
-- Daten für Tabelle `ebay_sammler`
--

INSERT INTO `ebay_sammler` (`id`, `titel`, `angelegt`, `aktiv`, `type`, `duration`, `boldTitle`, `highlight`, `quantity`, `description`, `featured`, `galleryFeatured`, `galleryFeaturedDuration`, `gallery`, `category`, `category2`, `counter`, `vat`, `geldzurueck`, `sofortneu`, `new`, `border`, `homepagefeatured`, `site`, `paymentinstructions`, `subtitletext`, `gallery_plus`, `bestoffer`, `bestoffer_price`, `country`, `location`, `shopcat`, `shopcat2`, `shopcat_name`, `shopcat2_name`, `user`, `template`, `skype_enabled`, `skype_id`, `skype_contact_option`, `bestofferautoacceptprice`, `revise`, `revise_option`, `postalcode`, `dispatchtimemax`, `automatic_list_no_sell`, `itemcondition`, `ShippingDiscountProfileID`, `InternationalShippingDiscountProfileID`, `reserveprice`, `returnswithincode`, `shippingcostpaidby`, `ebay_plus`, `seller_profile_payment_id`, `seller_profile_return_policy_id`, `seller_profile_shipping_id`, `scheduletime`) VALUES
(6, 'Angelzeug 4,90 Versand', '2024-10-01 17:40:13', 'j', 'FixedPriceItem', 0, 0, 0, 0, 'Beschreibung des neuen Ebaysammlers', 0, 0, 1, 1, '179977', '', 'RetroStyle', 1, 1, 0, 0, 0, 0, 'Germany', 'Vielen Dank für Ihre Bestellung. Sollten Sie Fragen zu Ihrem Auftrag oder auch uns haben, so kommen Sie bitte direkt auf uns zu.', '', 0, 0, 0, 'DE', 'Hamburg', '', '', '', '', 'justneo', 'standard.html', 0, '', '', 0, 'to_qty', 0, '22337', 1, 0, 1000, '', '', 0, 'Months_1', 'Buyer', 0, '244556264010', '244556265010', '244556303010', '0000-00-00 00:00:00'),
(7, 'Paracord 4,90 Versand', '2024-11-12 11:48:32', 'j', 'FixedPriceItem', 0, 0, 0, 0, 'Beschreibung des neuen Ebaysammlers', 0, 0, 1, 1, '181413', '', 'RetroStyle', 1, 1, 0, 0, 0, 0, 'Germany', 'Vielen Dank für Ihre Bestellung. Sollten Sie Fragen zu Ihrem Auftrag oder auch uns haben, so kommen Sie bitte direkt auf uns zu.', '', 0, 0, 0, 'DE', 'Hamburg', '', '', '', '', 'justneo', 'standard.html', 0, '', '', 0, 'to_qty', 0, '22337', 1, 0, 1000, '', '', 0, 'Months_1', 'Buyer', 0, '244556264010', '244556265010', '244556303010', '0000-00-00 00:00:00'),
(10, 'Farbstifte 4,90 Versand', '2024-11-15 11:40:02', 'j', 'FixedPriceItem', 0, 0, 0, 0, 'Beschreibung des neuen Ebaysammlers', 0, 0, 1, 1, '28108', '', 'RetroStyle', 1, 1, 0, 0, 0, 0, 'Germany', 'Vielen Dank für Ihre Bestellung. Sollten Sie Fragen zu Ihrem Auftrag oder auch uns haben, so kommen Sie bitte direkt auf uns zu.', '', 0, 0, 0, 'DE', 'Hamburg', '', '', '', '', 'justneo', 'standard.html', 0, '', '', 0, 'to_qty', 0, '22337', 1, 0, 1000, '', '', 0, 'Months_1', 'Buyer', 0, '244556264010', '244556265010', '244556303010', '0000-00-00 00:00:00'),
(9, 'Weihnachstkränze 4,90 Versand', '2024-11-15 11:09:28', 'j', 'FixedPriceItem', 0, 0, 0, 0, 'Beschreibung des neuen Ebaysammlers', 0, 0, 1, 1, '166725', '', 'RetroStyle', 1, 1, 0, 0, 0, 0, 'Germany', 'Vielen Dank für Ihre Bestellung. Sollten Sie Fragen zu Ihrem Auftrag oder auch uns haben, so kommen Sie bitte direkt auf uns zu.', '', 0, 0, 0, 'DE', 'Hamburg', '', '', '', '', 'justneo', 'standard.html', 0, '', '', 0, 'to_qty', 0, '22337', 1, 0, 1000, '', '', 0, 'Months_1', 'Buyer', 0, '244556264010', '244556265010', '244556303010', '0000-00-00 00:00:00'),
(11, 'Outdoor 4,90 Versand', '2024-11-21 12:14:46', 'j', 'FixedPriceItem', 0, 0, 0, 0, 'Beschreibung des neuen Ebaysammlers', 0, 0, 1, 1, '181415', '', 'RetroStyle', 1, 1, 0, 0, 0, 0, 'Germany', 'Vielen Dank für Ihre Bestellung. Sollten Sie Fragen zu Ihrem Auftrag oder auch uns haben, so kommen Sie bitte direkt auf uns zu.', '', 0, 0, 0, 'DE', 'Hamburg', '', '', '', '', 'justneo', 'standard.html', 0, '', '', 0, 'to_qty', 0, '22337', 1, 0, 1000, '', '', 0, 'Months_1', 'Buyer', 0, '244556264010', '244556265010', '244556303010', '0000-00-00 00:00:00'),
(12, 'Küchengeräte 4,90 Versand', '2024-11-21 14:23:19', 'j', 'FixedPriceItem', 0, 0, 0, 0, 'Beschreibung des neuen Ebaysammlers', 0, 0, 1, 1, '134727', '', 'RetroStyle', 1, 1, 0, 0, 0, 0, 'Germany', 'Vielen Dank für Ihre Bestellung. Sollten Sie Fragen zu Ihrem Auftrag oder auch uns haben, so kommen Sie bitte direkt auf uns zu.', '', 0, 0, 0, 'DE', 'Hamburg', '', '', '', '', 'justneo', 'standard.html', 0, '', '', 0, 'to_qty', 0, '22337', 1, 0, 1000, '', '', 0, 'Months_1', 'Buyer', 0, '244556264010', '244556265010', '244556303010', '0000-00-00 00:00:00'),
(13, 'Werkzeuge 4,90 Versand', '2024-11-21 15:11:11', 'j', 'FixedPriceItem', 0, 0, 0, 0, 'Beschreibung des neuen Ebaysammlers', 0, 0, 1, 1, '23782', '', 'RetroStyle', 1, 1, 0, 0, 0, 0, 'Germany', 'Vielen Dank für Ihre Bestellung. Sollten Sie Fragen zu Ihrem Auftrag oder auch uns haben, so kommen Sie bitte direkt auf uns zu.', '', 0, 0, 0, 'DE', 'Hamburg', '', '', '', '', 'justneo', 'standard.html', 0, '', '', 0, 'to_qty', 0, '22337', 1, 0, 1000, '', '', 0, 'Months_1', 'Buyer', 0, '244556264010', '244556265010', '244556303010', '0000-00-00 00:00:00'),
(14, 'Sport 4,90 Versand', '2024-11-21 15:49:12', 'j', 'FixedPriceItem', 0, 0, 0, 0, 'Beschreibung des neuen Ebaysammlers', 0, 0, 1, 1, '15274', '', 'RetroStyle', 1, 1, 0, 0, 0, 0, 'Germany', 'Vielen Dank für Ihre Bestellung. Sollten Sie Fragen zu Ihrem Auftrag oder auch uns haben, so kommen Sie bitte direkt auf uns zu.', '', 0, 0, 0, 'DE', 'Hamburg', '', '', '', '', 'justneo', 'standard.html', 0, '', '', 0, 'to_qty', 0, '22337', 1, 0, 1000, '', '', 0, 'Months_1', 'Buyer', 0, '244556264010', '244556265010', '244556303010', '0000-00-00 00:00:00'),
(15, 'Gesundheit 4,90 Versand', '2024-11-22 09:38:58', 'j', 'FixedPriceItem', 0, 0, 0, 0, 'Beschreibung des neuen Ebaysammlers', 0, 0, 1, 1, '1279', '', 'RetroStyle', 1, 1, 0, 0, 0, 0, 'Germany', 'Vielen Dank für Ihre Bestellung. Sollten Sie Fragen zu Ihrem Auftrag oder auch uns haben, so kommen Sie bitte direkt auf uns zu.', '', 0, 0, 0, 'DE', 'Hamburg', '', '', '', '', 'justneo', 'standard.html', 0, '', '', 0, 'to_qty', 0, '22337', 1, 0, 0, '', '', 0, 'Months_1', 'Buyer', 0, '244556264010', '244556265010', '244556303010', '0000-00-00 00:00:00'),
(16, 'Bastelzubehör 4,90 Versand', '2024-11-25 12:54:36', 'j', 'FixedPriceItem', 0, 0, 0, 0, 'Beschreibung des neuen Ebaysammlers', 0, 0, 1, 1, '14339', '', 'RetroStyle', 1, 1, 0, 0, 0, 0, 'Germany', 'Vielen Dank für Ihre Bestellung. Sollten Sie Fragen zu Ihrem Auftrag oder auch uns haben, so kommen Sie bitte direkt auf uns zu.', '', 0, 0, 0, 'DE', 'Hamburg', '', '', '', '', 'justneo', 'standard.html', 0, '', '', 0, 'to_qty', 0, '22337', 1, 0, 1000, '', '', 0, 'Months_1', 'Buyer', 0, '244556264010', '244556265010', '244556303010', '0000-00-00 00:00:00'),
(17, 'Hobby 4,90 Versand', '2024-11-25 16:16:51', 'j', 'FixedPriceItem', 0, 0, 0, 0, 'Beschreibung des neuen Ebaysammlers', 0, 0, 1, 1, '1845077', '', 'RetroStyle', 1, 1, 0, 0, 0, 0, 'Germany', 'Vielen Dank für Ihre Bestellung. Sollten Sie Fragen zu Ihrem Auftrag oder auch uns haben, so kommen Sie bitte direkt auf uns zu.', '', 0, 0, 0, 'DE', 'Hamburg', '', '', '', '', 'justneo', 'standard.html', 0, '', '', 0, 'to_qty', 0, '22337', 1, 0, 1000, '', '', 0, 'Months_1', 'Buyer', 0, '244556264010', '244556265010', '244556303010', '0000-00-00 00:00:00'),
(18, 'DHL Warenpost 2,85 Versand', '2024-11-28 19:17:08', 'j', 'FixedPriceItem', 0, 0, 0, 0, 'Beschreibung des neuen Ebaysammlers', 0, 0, 1, 1, '181413', '', 'RetroStyle', 1, 1, 0, 0, 0, 0, 'Germany', 'Vielen Dank für Ihre Bestellung. Sollten Sie Fragen zu Ihrem Auftrag oder auch uns haben, so kommen Sie bitte direkt auf uns zu.', '', 0, 0, 0, 'DE', 'Hamburg', '', '', '', '', 'justneo', 'standard.html', 0, '', '', 0, 'to_qty', 0, '22337', 1, 0, 1000, '', '', 0, 'Months_1', 'Buyer', 0, '244556264010', '244556265010', '245670275010', '0000-00-00 00:00:00'),
(19, 'Versandkostenfrei', '2024-12-03 09:55:32', 'j', 'FixedPriceItem', 0, 0, 0, 0, 'Beschreibung des neuen Ebaysammlers', 0, 0, 1, 1, '75236', '', 'RetroStyle', 1, 1, 0, 0, 0, 0, 'Germany', 'Vielen Dank für Ihre Bestellung. Sollten Sie Fragen zu Ihrem Auftrag oder auch uns haben, so kommen Sie bitte direkt auf uns zu.', '', 0, 0, 0, 'DE', 'Hamburg', '', '', '', '', 'justneo', 'standard.html', 0, '', '', 0, 'to_qty', 0, '22337', 1, 0, 1000, '', '', 0, 'Months_1', 'Buyer', 0, '244556264010', '244556265010', '245777488010', '0000-00-00 00:00:00'),
(20, 'DHL Kleinpaket 3,19', '2025-01-16 18:05:14', 'j', 'FixedPriceItem', 0, 0, 0, 0, 'Beschreibung des neuen Ebaysammlers', 0, 0, 1, 1, '181413', '', 'RetroStyle', 1, 1, 0, 0, 0, 0, 'Germany', 'Vielen Dank für Ihre Bestellung. Sollten Sie Fragen zu Ihrem Auftrag oder auch uns haben, so kommen Sie bitte direkt auf uns zu.', '', 0, 0, 0, 'DE', 'Hamburg', '', '', '', '', 'justneo', 'standard.html', 0, '', '', 0, 'to_qty', 0, '22337', 1, 0, 1000, '', '', 0, 'Months_1', 'Buyer', 0, '244556264010', '244556265010', '245670275010', '0000-00-00 00:00:00'),
(21, 'Musik 4,90 Versand', '2025-02-05 16:03:00', 'j', 'FixedPriceItem', 0, 0, 0, 0, 'Beschreibung des neuen Ebaysammlers', 0, 0, 1, 1, '619', '', 'RetroStyle', 1, 1, 0, 0, 0, 0, 'Germany', 'Vielen Dank für Ihre Bestellung. Sollten Sie Fragen zu Ihrem Auftrag oder auch uns haben, so kommen Sie bitte direkt auf uns zu.', '', 0, 0, 0, 'DE', 'Hamburg', '', '', '', '', 'justneo', 'standard.html', 0, '', '', 0, 'to_qty', 0, '22337', 1, 0, 1000, '', '', 0, 'Months_1', 'Buyer', 0, '244556264010', '244556265010', '244556303010', '0000-00-00 00:00:00');

-- --------------------------------------------------------

--
-- Tabellenstruktur für Tabelle `ebay_sammler_characteristics`
--

CREATE TABLE `ebay_sammler_characteristics` (
  `ebay_sammler_characteristics_id` int(11) NOT NULL,
  `ebay_sammler_id` int(11) NOT NULL DEFAULT '0',
  `category_number` tinyint(4) NOT NULL DEFAULT '0',
  `attribute_set_id` int(11) NOT NULL DEFAULT '0',
  `attribute_type` varchar(8) NOT NULL DEFAULT '',
  `attribute_id` int(11) NOT NULL DEFAULT '0',
  `attribute_value` text NOT NULL
) ENGINE=MyISAM DEFAULT CHARSET=utf8;

-- --------------------------------------------------------

--
-- Tabellenstruktur für Tabelle `ebay_sammler_copy`
--

CREATE TABLE `ebay_sammler_copy` (
  `ebay_sammler_copy_id` int(11) NOT NULL,
  `ebay_sammler_id` int(11) DEFAULT NULL,
  `type` int(1) NOT NULL DEFAULT '0',
  `duration` int(1) NOT NULL DEFAULT '0',
  `boldTitle` int(1) NOT NULL DEFAULT '0',
  `highlight` int(1) NOT NULL DEFAULT '0',
  `quantity` int(1) NOT NULL DEFAULT '0',
  `featured` int(1) NOT NULL DEFAULT '0',
  `galleryFeatured` int(1) NOT NULL DEFAULT '0',
  `galleryFeaturedDuration` int(1) NOT NULL,
  `gallery` int(1) NOT NULL DEFAULT '0',
  `category` int(1) NOT NULL DEFAULT '0',
  `category2` int(1) NOT NULL DEFAULT '0',
  `counter` int(1) NOT NULL DEFAULT '0',
  `vat` int(1) NOT NULL DEFAULT '0',
  `geldzurueck` int(1) NOT NULL DEFAULT '0',
  `sofortneu` int(1) NOT NULL DEFAULT '0',
  `new` int(1) NOT NULL DEFAULT '0',
  `border` int(1) NOT NULL DEFAULT '0',
  `homepagefeatured` int(1) NOT NULL DEFAULT '0',
  `site` int(1) NOT NULL DEFAULT '0',
  `paymentinstructions` int(1) NOT NULL DEFAULT '0',
  `payments` int(1) NOT NULL DEFAULT '0',
  `subtitletext` varchar(55) NOT NULL DEFAULT '',
  `shippingmethods` int(1) NOT NULL DEFAULT '0',
  `gallery_plus` int(1) NOT NULL DEFAULT '0',
  `bestoffer` int(1) NOT NULL DEFAULT '0',
  `bestoffer_price` float NOT NULL DEFAULT '0',
  `country` char(2) NOT NULL DEFAULT '',
  `location` varchar(45) NOT NULL DEFAULT '',
  `shopcat` int(1) NOT NULL DEFAULT '0',
  `shopcat2` int(1) NOT NULL DEFAULT '0',
  `user` int(1) NOT NULL DEFAULT '0',
  `template` varchar(255) NOT NULL DEFAULT '',
  `skype_enabled` int(1) NOT NULL DEFAULT '0',
  `skype_id` varchar(128) NOT NULL DEFAULT '',
  `skype_contact_option` varchar(16) NOT NULL DEFAULT '',
  `bestofferautoacceptprice` float NOT NULL DEFAULT '0',
  `characteristics` int(1) NOT NULL DEFAULT '0',
  `revise` int(1) NOT NULL,
  `revise_option` int(1) NOT NULL,
  `itemspecifics` int(1) NOT NULL,
  `postalcode` int(1) NOT NULL,
  `dispatchtimemax` tinyint(4) NOT NULL,
  `automatic_list_no_sell` int(1) NOT NULL,
  `itemcondition` tinyint(1) NOT NULL,
  `itemspecifics_recommendations` int(1) NOT NULL,
  `ShippingDiscountProfileID` varchar(32) NOT NULL,
  `InternationalShippingDiscountProfileID` varchar(32) NOT NULL,
  `reserveprice` float NOT NULL,
  `returnswithincode` varchar(16) NOT NULL,
  `shippingcostpaidby` varchar(32) NOT NULL,
  `ebay_plus` int(1) NOT NULL,
  `seller_profile_payment_id` varchar(32) DEFAULT NULL,
  `seller_profile_return_policy_id` varchar(32) DEFAULT NULL,
  `seller_profile_shipping_id` varchar(32) DEFAULT NULL,
  `scheduletime` int(11) NOT NULL
) ENGINE=MyISAM DEFAULT CHARSET=utf8;

--
-- Daten für Tabelle `ebay_sammler_copy`
--

INSERT INTO `ebay_sammler_copy` (`ebay_sammler_copy_id`, `ebay_sammler_id`, `type`, `duration`, `boldTitle`, `highlight`, `quantity`, `featured`, `galleryFeatured`, `galleryFeaturedDuration`, `gallery`, `category`, `category2`, `counter`, `vat`, `geldzurueck`, `sofortneu`, `new`, `border`, `homepagefeatured`, `site`, `paymentinstructions`, `payments`, `subtitletext`, `shippingmethods`, `gallery_plus`, `bestoffer`, `bestoffer_price`, `country`, `location`, `shopcat`, `shopcat2`, `user`, `template`, `skype_enabled`, `skype_id`, `skype_contact_option`, `bestofferautoacceptprice`, `characteristics`, `revise`, `revise_option`, `itemspecifics`, `postalcode`, `dispatchtimemax`, `automatic_list_no_sell`, `itemcondition`, `itemspecifics_recommendations`, `ShippingDiscountProfileID`, `InternationalShippingDiscountProfileID`, `reserveprice`, `returnswithincode`, `shippingcostpaidby`, `ebay_plus`, `seller_profile_payment_id`, `seller_profile_return_policy_id`, `seller_profile_shipping_id`, `scheduletime`) VALUES
(23, 6, 1, 1, 0, 0, 0, 0, 0, 0, 1, 1, 0, 0, 1, 1, 0, 0, 0, 0, 1, 1, 1, '', 0, 0, 0, 0, '1', '1', 0, 0, 1, '1', 0, '', '', 0, 0, 0, 0, 0, 1, 1, 0, 1, 0, '', '', 0, '1', '1', 0, '1', '1', '1', 0),
(28, 7, 1, 1, 0, 0, 0, 0, 0, 0, 1, 1, 0, 0, 1, 1, 0, 0, 0, 0, 1, 1, 1, '', 0, 0, 0, 0, '1', '1', 0, 0, 1, '1', 0, '', '', 0, 0, 0, 0, 0, 1, 1, 0, 1, 0, '', '', 0, '1', '1', 0, '1', '1', '1', 0),
(58, 9, 1, 1, 0, 0, 0, 0, 0, 0, 1, 1, 0, 0, 1, 1, 0, 0, 0, 0, 1, 1, 1, '', 0, 0, 0, 0, '1', '1', 0, 0, 1, '1', 0, '', '', 0, 0, 0, 0, 0, 1, 1, 0, 1, 0, '', '', 0, '1', '1', 0, '1', '1', '1', 0),
(32, 10, 1, 1, 0, 0, 0, 0, 0, 0, 1, 1, 0, 0, 1, 1, 0, 0, 0, 0, 1, 1, 1, '', 0, 0, 0, 0, '1', '1', 0, 0, 1, '1', 0, '', '', 0, 0, 0, 0, 0, 1, 1, 0, 1, 0, '', '', 0, '1', '1', 0, '1', '1', '1', 0),
(57, 11, 1, 1, 0, 0, 0, 0, 0, 0, 1, 1, 0, 0, 1, 1, 0, 0, 0, 0, 1, 1, 1, '', 0, 0, 0, 0, '1', '1', 0, 0, 1, '1', 0, '', '', 0, 0, 0, 0, 0, 1, 1, 0, 1, 0, '', '', 0, '1', '1', 0, '1', '1', '1', 0),
(36, 12, 1, 1, 0, 0, 0, 0, 0, 0, 1, 1, 0, 0, 1, 1, 0, 0, 0, 0, 1, 1, 1, '', 0, 0, 0, 0, '1', '1', 0, 0, 1, '1', 0, '', '', 0, 0, 0, 0, 0, 1, 1, 0, 1, 0, '', '', 0, '1', '1', 0, '1', '1', '1', 0),
(38, 13, 1, 1, 0, 0, 0, 0, 0, 0, 1, 1, 0, 0, 1, 1, 0, 0, 0, 0, 1, 1, 1, '', 0, 0, 0, 0, '1', '1', 0, 0, 1, '1', 0, '', '', 0, 0, 0, 0, 0, 1, 1, 0, 1, 0, '', '', 0, '1', '1', 0, '1', '1', '1', 0),
(40, 14, 1, 1, 0, 0, 0, 0, 0, 0, 1, 1, 0, 0, 1, 1, 0, 0, 0, 0, 1, 1, 1, '', 0, 0, 0, 0, '1', '1', 0, 0, 1, '1', 0, '', '', 0, 0, 0, 0, 0, 1, 1, 0, 1, 0, '', '', 0, '1', '1', 0, '1', '1', '1', 0),
(44, 15, 1, 1, 0, 0, 0, 0, 0, 0, 1, 1, 0, 0, 1, 1, 0, 0, 0, 0, 1, 1, 1, '', 0, 0, 0, 0, '1', '1', 0, 0, 1, '1', 0, '', '', 0, 0, 0, 0, 0, 1, 1, 0, 1, 0, '', '', 0, '1', '1', 0, '1', '1', '1', 0),
(46, 16, 1, 1, 0, 0, 0, 0, 0, 0, 1, 1, 0, 0, 1, 1, 0, 0, 0, 0, 1, 1, 1, '', 0, 0, 0, 0, '1', '1', 0, 0, 1, '1', 0, '', '', 0, 0, 0, 0, 0, 1, 1, 0, 1, 0, '', '', 0, '1', '1', 0, '1', '1', '1', 0),
(48, 17, 1, 1, 0, 0, 0, 0, 0, 0, 1, 1, 0, 0, 1, 1, 0, 0, 0, 0, 1, 1, 1, '', 0, 0, 0, 0, '1', '1', 0, 0, 1, '1', 0, '', '', 0, 0, 0, 0, 0, 1, 1, 0, 1, 0, '', '', 0, '1', '1', 0, '1', '1', '1', 0),
(50, 18, 1, 1, 0, 0, 0, 0, 0, 0, 1, 1, 0, 0, 1, 1, 0, 0, 0, 0, 1, 1, 1, '', 0, 0, 0, 0, '1', '1', 0, 0, 1, '1', 0, '', '', 0, 0, 0, 0, 0, 1, 1, 0, 1, 0, '', '', 0, '1', '1', 0, '1', '1', '1', 0),
(56, 19, 1, 1, 0, 0, 0, 0, 0, 0, 1, 1, 0, 0, 1, 1, 0, 0, 0, 0, 1, 1, 1, '', 0, 0, 0, 0, '1', '1', 0, 0, 1, '1', 0, '', '', 0, 0, 0, 0, 0, 1, 1, 0, 1, 0, '', '', 0, '1', '1', 0, '1', '1', '1', 0),
(60, 20, 1, 1, 0, 0, 0, 0, 0, 0, 1, 1, 0, 0, 1, 1, 0, 0, 0, 0, 1, 1, 1, '', 0, 0, 0, 0, '1', '1', 0, 0, 1, '1', 0, '', '', 0, 0, 0, 0, 0, 1, 1, 0, 1, 0, '', '', 0, '1', '1', 0, '1', '1', '1', 0),
(62, 21, 1, 1, 0, 0, 0, 0, 0, 0, 1, 1, 0, 0, 1, 1, 0, 0, 0, 0, 1, 1, 1, '', 0, 0, 0, 0, '1', '1', 0, 0, 1, '1', 0, '', '', 0, 0, 0, 0, 0, 1, 1, 0, 1, 0, '', '', 0, '1', '1', 0, '1', '1', '1', 0);

-- --------------------------------------------------------

--
-- Tabellenstruktur für Tabelle `ebay_sammler_itemspecifics`
--

CREATE TABLE `ebay_sammler_itemspecifics` (
  `ebay_sammler_itemspecifics_id` int(11) NOT NULL,
  `ebay_sammler_id` int(11) NOT NULL,
  `is_name` varchar(64) NOT NULL,
  `is_value` varchar(255) NOT NULL
) ENGINE=MyISAM DEFAULT CHARSET=utf8;

-- --------------------------------------------------------

--
-- Tabellenstruktur für Tabelle `ebay_sammler_itemspecifics_recommendations`
--

CREATE TABLE `ebay_sammler_itemspecifics_recommendations` (
  `ebay_sammler_itemspecifics_recommendations_id` int(11) NOT NULL,
  `ebay_sammler_id` int(11) NOT NULL,
  `is_name` varchar(255) NOT NULL,
  `is_value` varchar(255) NOT NULL
) ENGINE=MyISAM DEFAULT CHARSET=utf8;

--
-- Daten für Tabelle `ebay_sammler_itemspecifics_recommendations`
--

INSERT INTO `ebay_sammler_itemspecifics_recommendations` (`ebay_sammler_itemspecifics_recommendations_id`, `ebay_sammler_id`, `is_name`, `is_value`) VALUES
(1, 6, 'Marke', 'Justneo'),
(2, 6, 'Teiletyp', 'Kit'),
(3, 6, 'Anzahl pro Packung', ''),
(4, 6, 'Produktart', ''),
(5, 6, 'Farbe', ''),
(6, 6, 'Herstellungsland und -region', ''),
(7, 6, 'Material', ''),
(8, 6, 'Herstellernummer', ''),
(9, 6, 'Anzahl der Einheiten', ''),
(10, 6, 'Besonderheiten', ''),
(11, 6, 'Breite', ''),
(12, 6, 'Gewicht', ''),
(13, 6, 'Gewichtkapazität', ''),
(14, 6, 'Höhe', ''),
(15, 6, 'Länge', ''),
(16, 6, 'Maßeinheit', ''),
(17, 6, 'Modell', ''),
(18, 7, 'Anzahl der Einheiten', ''),
(19, 7, 'Anzahl pro Packung', ''),
(20, 7, 'Besonderheiten', ''),
(21, 7, 'Breite', ''),
(22, 7, 'Farbe', ''),
(23, 7, 'Gewicht', ''),
(24, 7, 'Gewichtkapazität', ''),
(25, 7, 'Herstellernummer', ''),
(26, 7, 'Herstellungsland und -region', ''),
(27, 7, 'Höhe', ''),
(28, 7, 'Länge', ''),
(29, 7, 'Marke', 'Justneo'),
(30, 7, 'Maßeinheit', ''),
(31, 7, 'Material', ''),
(32, 7, 'Modell', ''),
(33, 7, 'Produktart', ''),
(34, 7, 'Teiletyp', 'Kit'),
(62, 9, 'Länge', ''),
(61, 9, 'Höhe', ''),
(60, 9, 'Herstellungsland und -region', ''),
(59, 9, 'Herstellernummer', ''),
(58, 9, 'Gewichtkapazität', ''),
(57, 9, 'Gewicht', ''),
(56, 9, 'Farbe', ''),
(55, 9, 'Breite', ''),
(54, 9, 'Besonderheiten', ''),
(53, 9, 'Anzahl pro Packung', ''),
(52, 9, 'Anzahl der Einheiten', ''),
(63, 9, 'Marke', 'Justneo'),
(64, 9, 'Maßeinheit', ''),
(65, 9, 'Material', ''),
(66, 9, 'Modell', ''),
(67, 9, 'Produktart', ''),
(68, 9, 'Teiletyp', 'Kit'),
(69, 10, 'Anzahl der Einheiten', ''),
(70, 10, 'Anzahl pro Packung', ''),
(71, 10, 'Besonderheiten', ''),
(72, 10, 'Breite', ''),
(73, 10, 'Farbe', ''),
(74, 10, 'Gewicht', ''),
(75, 10, 'Gewichtkapazität', ''),
(76, 10, 'Herstellernummer', ''),
(77, 10, 'Herstellungsland und -region', ''),
(78, 10, 'Höhe', ''),
(79, 10, 'Länge', ''),
(80, 10, 'Marke', 'Justneo'),
(81, 10, 'Maßeinheit', ''),
(82, 10, 'Material', ''),
(83, 10, 'Modell', ''),
(84, 10, 'Produktart', ''),
(85, 10, 'Teiletyp', 'Kit'),
(86, 11, 'Anzahl der Einheiten', ''),
(87, 11, 'Anzahl pro Packung', ''),
(88, 11, 'Besonderheiten', ''),
(89, 11, 'Breite', ''),
(90, 11, 'Farbe', ''),
(91, 11, 'Gewicht', ''),
(92, 11, 'Gewichtkapazität', ''),
(93, 11, 'Herstellernummer', ''),
(94, 11, 'Herstellungsland und -region', ''),
(95, 11, 'Höhe', ''),
(96, 11, 'Länge', ''),
(97, 11, 'Marke', 'Justneo'),
(98, 11, 'Maßeinheit', ''),
(99, 11, 'Material', ''),
(100, 11, 'Modell', ''),
(101, 11, 'Produktart', ''),
(102, 11, 'Teiletyp', 'Kit'),
(103, 12, 'Anzahl der Einheiten', ''),
(104, 12, 'Anzahl pro Packung', ''),
(105, 12, 'Besonderheiten', ''),
(106, 12, 'Breite', ''),
(107, 12, 'Farbe', ''),
(108, 12, 'Gewicht', ''),
(109, 12, 'Gewichtkapazität', ''),
(110, 12, 'Herstellernummer', ''),
(111, 12, 'Herstellungsland und -region', ''),
(112, 12, 'Höhe', ''),
(113, 12, 'Länge', ''),
(114, 12, 'Marke', 'Justneo'),
(115, 12, 'Maßeinheit', ''),
(116, 12, 'Material', ''),
(117, 12, 'Modell', ''),
(118, 12, 'Produktart', ''),
(119, 12, 'Teiletyp', 'Kit'),
(120, 13, 'Anzahl der Einheiten', ''),
(121, 13, 'Anzahl pro Packung', ''),
(122, 13, 'Besonderheiten', ''),
(123, 13, 'Breite', ''),
(124, 13, 'Farbe', ''),
(125, 13, 'Gewicht', ''),
(126, 13, 'Gewichtkapazität', ''),
(127, 13, 'Herstellernummer', ''),
(128, 13, 'Herstellungsland und -region', ''),
(129, 13, 'Höhe', ''),
(130, 13, 'Länge', ''),
(131, 13, 'Marke', 'Justneo'),
(132, 13, 'Maßeinheit', ''),
(133, 13, 'Material', ''),
(134, 13, 'Modell', ''),
(135, 13, 'Produktart', ''),
(136, 13, 'Teiletyp', 'Kit'),
(137, 14, 'Anzahl der Einheiten', ''),
(138, 14, 'Anzahl pro Packung', ''),
(139, 14, 'Besonderheiten', ''),
(140, 14, 'Breite', ''),
(141, 14, 'Farbe', ''),
(142, 14, 'Gewicht', ''),
(143, 14, 'Gewichtkapazität', ''),
(144, 14, 'Herstellernummer', ''),
(145, 14, 'Herstellungsland und -region', ''),
(146, 14, 'Höhe', ''),
(147, 14, 'Länge', ''),
(148, 14, 'Marke', 'Justneo'),
(149, 14, 'Maßeinheit', ''),
(150, 14, 'Material', ''),
(151, 14, 'Modell', ''),
(152, 14, 'Produktart', ''),
(153, 14, 'Teiletyp', 'Kit'),
(154, 15, 'Anzahl der Einheiten', ''),
(155, 15, 'Anzahl pro Packung', ''),
(156, 15, 'Besonderheiten', ''),
(157, 15, 'Breite', ''),
(158, 15, 'Farbe', ''),
(159, 15, 'Gewicht', ''),
(160, 15, 'Gewichtkapazität', ''),
(161, 15, 'Herstellernummer', ''),
(162, 15, 'Herstellungsland und -region', ''),
(163, 15, 'Höhe', ''),
(164, 15, 'Länge', ''),
(165, 15, 'Marke', 'Justneo'),
(166, 15, 'Maßeinheit', ''),
(167, 15, 'Material', ''),
(168, 15, 'Modell', ''),
(169, 15, 'Produktart', ''),
(170, 15, 'Teiletyp', 'Kit'),
(171, 16, 'Anzahl der Einheiten', ''),
(172, 16, 'Anzahl pro Packung', ''),
(173, 16, 'Besonderheiten', ''),
(174, 16, 'Breite', ''),
(175, 16, 'Farbe', ''),
(176, 16, 'Gewicht', ''),
(177, 16, 'Gewichtkapazität', ''),
(178, 16, 'Herstellernummer', ''),
(179, 16, 'Herstellungsland und -region', ''),
(180, 16, 'Höhe', ''),
(181, 16, 'Länge', ''),
(182, 16, 'Marke', 'Justneo'),
(183, 16, 'Maßeinheit', ''),
(184, 16, 'Material', ''),
(185, 16, 'Modell', ''),
(186, 16, 'Produktart', ''),
(187, 16, 'Teiletyp', 'Kit'),
(188, 17, 'Anzahl der Einheiten', ''),
(189, 17, 'Anzahl pro Packung', ''),
(190, 17, 'Besonderheiten', ''),
(191, 17, 'Breite', ''),
(192, 17, 'Farbe', ''),
(193, 17, 'Gewicht', ''),
(194, 17, 'Gewichtkapazität', ''),
(195, 17, 'Herstellernummer', ''),
(196, 17, 'Herstellungsland und -region', ''),
(197, 17, 'Höhe', ''),
(198, 17, 'Länge', ''),
(199, 17, 'Marke', 'Justneo'),
(200, 17, 'Maßeinheit', ''),
(201, 17, 'Material', ''),
(202, 17, 'Modell', ''),
(203, 17, 'Produktart', ''),
(204, 17, 'Teiletyp', 'Kit'),
(205, 18, 'Anzahl der Einheiten', ''),
(206, 18, 'Anzahl pro Packung', ''),
(207, 18, 'Besonderheiten', ''),
(208, 18, 'Breite', ''),
(209, 18, 'Farbe', ''),
(210, 18, 'Gewicht', ''),
(211, 18, 'Gewichtkapazität', ''),
(212, 18, 'Herstellernummer', ''),
(213, 18, 'Herstellungsland und -region', ''),
(214, 18, 'Höhe', ''),
(215, 18, 'Länge', ''),
(216, 18, 'Marke', 'Justneo'),
(217, 18, 'Maßeinheit', ''),
(218, 18, 'Material', ''),
(219, 18, 'Modell', ''),
(220, 18, 'Produktart', ''),
(221, 18, 'Teiletyp', 'Kit'),
(222, 19, 'Anzahl der Einheiten', ''),
(223, 19, 'Anzahl pro Packung', ''),
(224, 19, 'Besonderheiten', ''),
(225, 19, 'Breite', ''),
(226, 19, 'Farbe', ''),
(227, 19, 'Gewicht', ''),
(228, 19, 'Gewichtkapazität', ''),
(229, 19, 'Herstellernummer', ''),
(230, 19, 'Herstellungsland und -region', ''),
(231, 19, 'Höhe', ''),
(232, 19, 'Länge', ''),
(233, 19, 'Marke', 'Justneo'),
(234, 19, 'Maßeinheit', ''),
(235, 19, 'Material', ''),
(236, 19, 'Modell', ''),
(237, 19, 'Produktart', ''),
(238, 19, 'Teiletyp', 'Kit'),
(239, 20, 'Anzahl der Einheiten', ''),
(240, 20, 'Anzahl pro Packung', ''),
(241, 20, 'Besonderheiten', ''),
(242, 20, 'Breite', ''),
(243, 20, 'Farbe', ''),
(244, 20, 'Gewicht', ''),
(245, 20, 'Gewichtkapazität', ''),
(246, 20, 'Herstellernummer', ''),
(247, 20, 'Herstellungsland und -region', ''),
(248, 20, 'Höhe', ''),
(249, 20, 'Länge', ''),
(250, 20, 'Marke', 'Justneo'),
(251, 20, 'Maßeinheit', ''),
(252, 20, 'Material', ''),
(253, 20, 'Modell', ''),
(254, 20, 'Produktart', ''),
(255, 20, 'Teiletyp', 'Kit'),
(256, 21, 'Anzahl der Einheiten', ''),
(257, 21, 'Anzahl pro Packung', ''),
(258, 21, 'Besonderheiten', ''),
(259, 21, 'Breite', ''),
(260, 21, 'Farbe', ''),
(261, 21, 'Gewicht', ''),
(262, 21, 'Gewichtkapazität', ''),
(263, 21, 'Herstellernummer', ''),
(264, 21, 'Herstellungsland und -region', ''),
(265, 21, 'Höhe', ''),
(266, 21, 'Länge', ''),
(267, 21, 'Marke', 'Justneo'),
(268, 21, 'Maßeinheit', ''),
(269, 21, 'Material', ''),
(270, 21, 'Modell', ''),
(271, 21, 'Produktart', ''),
(272, 21, 'Teiletyp', 'Kit');

-- --------------------------------------------------------

--
-- Tabellenstruktur für Tabelle `ebay_sammler_payments`
--

CREATE TABLE `ebay_sammler_payments` (
  `ebay_sammler_payments_id` int(11) NOT NULL,
  `ebay_sammler_id` int(11) NOT NULL DEFAULT '0',
  `payment` varchar(128) NOT NULL DEFAULT ''
) ENGINE=MyISAM DEFAULT CHARSET=utf8;

-- --------------------------------------------------------

--
-- Tabellenstruktur für Tabelle `ebay_sammler_shippings`
--

CREATE TABLE `ebay_sammler_shippings` (
  `ebay_sammler_shippings_id` int(11) NOT NULL,
  `ebay_sammler_id` int(11) NOT NULL DEFAULT '0',
  `shippingtype` enum('international','national') NOT NULL DEFAULT 'national',
  `ShippingService` varchar(255) NOT NULL DEFAULT '',
  `ShippingServiceAdditionalCost` float NOT NULL DEFAULT '0',
  `ShippingServiceCost` float NOT NULL DEFAULT '0',
  `ShippingServicePriority` int(11) NOT NULL DEFAULT '0',
  `shipsWithinDays` int(11) NOT NULL DEFAULT '0'
) ENGINE=MyISAM DEFAULT CHARSET=utf8;

-- --------------------------------------------------------

--
-- Tabellenstruktur für Tabelle `ebay_sammler_shippings_locations`
--

CREATE TABLE `ebay_sammler_shippings_locations` (
  `ebay_sammler_shippings_locations_id` int(11) NOT NULL,
  `ebay_sammler_shippings_id` int(11) NOT NULL DEFAULT '0',
  `location` varchar(255) NOT NULL DEFAULT ''
) ENGINE=MyISAM DEFAULT CHARSET=utf8;

-- --------------------------------------------------------

--
-- Tabellenstruktur für Tabelle `ebay_seller_profiles`
--

CREATE TABLE `ebay_seller_profiles` (
  `ebay_seller_profiles_id` int(11) NOT NULL,
  `ebay_user` varchar(64) NOT NULL,
  `ProfileType` varchar(16) NOT NULL,
  `ProfileID` varchar(32) NOT NULL,
  `ProfileName` varchar(64) NOT NULL,
  `ShortSummary` text NOT NULL
) ENGINE=MyISAM DEFAULT CHARSET=utf8;

--
-- Daten für Tabelle `ebay_seller_profiles`
--

INSERT INTO `ebay_seller_profiles` (`ebay_seller_profiles_id`, `ebay_user`, `ProfileType`, `ProfileID`, `ProfileName`, `ShortSummary`) VALUES
(35, 'justneo', 'SHIPPING', '245670275010', 'Versand 2,85', ''),
(34, 'justneo', 'SHIPPING', '245777488010', 'Versandkostenfrei', ''),
(33, 'justneo', 'SHIPPING', '244556303010', 'Versand 4,90', ''),
(32, 'justneo', 'RETURN_POLICY', '244556265010', '30 Tage', ''),
(31, 'justneo', 'PAYMENT', '244556264010', 'Zahlung', '');

-- --------------------------------------------------------

--
-- Tabellenstruktur für Tabelle `ebay_shippingmethods`
--

CREATE TABLE `ebay_shippingmethods` (
  `ebay_shippingmethods_id` int(11) NOT NULL DEFAULT '0',
  `shippingmethod` varchar(128) NOT NULL DEFAULT '',
  `source` enum('national','international') NOT NULL DEFAULT 'national',
  `title` varchar(255) NOT NULL,
  `site` int(11) NOT NULL
) ENGINE=MyISAM DEFAULT CHARSET=utf8;

--
-- Daten für Tabelle `ebay_shippingmethods`
--

INSERT INTO `ebay_shippingmethods` (`ebay_shippingmethods_id`, `shippingmethod`, `source`, `title`, `site`) VALUES
(0, 'DE_SonstigerVersandInternational', 'international', '', 77),
(0, 'DE_VersicherterVersandInternational', 'international', '', 77),
(0, 'DE_UnversicherterVersandInternational', 'international', '', 77),
(0, 'DE_DHLPaket', 'national', '', 77),
(0, 'DE_DPBuecherWarensendung', 'national', '', 77),
(0, 'DE_Express', 'national', '', 77),
(0, 'DE_SpecialDelivery', 'national', '', 77);

-- --------------------------------------------------------

--
-- Tabellenstruktur für Tabelle `ebay_shippingoptions`
--

CREATE TABLE `ebay_shippingoptions` (
  `id` varchar(32) NOT NULL DEFAULT '0',
  `shippingoption_name` varchar(64) NOT NULL DEFAULT ''
) ENGINE=MyISAM DEFAULT CHARSET=utf8;

--
-- Daten für Tabelle `ebay_shippingoptions`
--

INSERT INTO `ebay_shippingoptions` (`id`, `shippingoption_name`) VALUES
('SiteOnly', 'Nur im Verkaufsland'),
('WorldWide', 'Weltweit'),
('SitePlusRegions', 'Europaweit'),
('WillNotShip', 'Kein Versand');

-- --------------------------------------------------------

--
-- Tabellenstruktur für Tabelle `ebay_sitecodes`
--

CREATE TABLE `ebay_sitecodes` (
  `ebay_sitecodes_id` int(11) NOT NULL,
  `site_id` varchar(64) NOT NULL DEFAULT ''
) ENGINE=MyISAM DEFAULT CHARSET=utf8;

--
-- Daten für Tabelle `ebay_sitecodes`
--

INSERT INTO `ebay_sitecodes` (`ebay_sitecodes_id`, `site_id`) VALUES
(1, 'US'),
(2, 'UK'),
(3, 'Germany'),
(4, 'Spain'),
(5, 'Canada'),
(6, 'Australia'),
(7, 'Austria'),
(8, 'Belgium_French'),
(9, 'France'),
(10, 'Italy'),
(11, 'Belgium_Dutch'),
(12, 'Netherlands'),
(13, 'Switzerland'),
(14, 'Taiwan'),
(15, 'HongKong'),
(16, 'Singapore'),
(17, 'India'),
(18, 'China'),
(19, 'Ireland'),
(20, 'Malaysia'),
(21, 'Philippines'),
(22, 'Poland'),
(23, 'Sweden');

-- --------------------------------------------------------

--
-- Tabellenstruktur für Tabelle `ebay_sites`
--

CREATE TABLE `ebay_sites` (
  `id` int(2) NOT NULL DEFAULT '0',
  `site_name` varchar(32) NOT NULL DEFAULT '',
  `site_id` char(3) NOT NULL DEFAULT ''
) ENGINE=MyISAM DEFAULT CHARSET=utf8;

--
-- Daten für Tabelle `ebay_sites`
--

INSERT INTO `ebay_sites` (`id`, `site_name`, `site_id`) VALUES
(0, 'US', ''),
(16, 'Austria', ''),
(77, 'Germany', ''),
(146, 'Netherlands', ''),
(193, 'Switzerland', ''),
(186, 'Spain', ''),
(71, 'France', ''),
(3, 'UK', '');

-- --------------------------------------------------------

--
-- Tabellenstruktur für Tabelle `ebay_template_excludes`
--

CREATE TABLE `ebay_template_excludes` (
  `id` int(11) NOT NULL,
  `ebay_products_id` int(11) NOT NULL DEFAULT '0',
  `pic` varchar(100) NOT NULL DEFAULT ''
) ENGINE=MyISAM DEFAULT CHARSET=utf8;

-- --------------------------------------------------------

--
-- Tabellenstruktur für Tabelle `ebay_textitems`
--

CREATE TABLE `ebay_textitems` (
  `id` int(11) NOT NULL,
  `text` text NOT NULL,
  `class` varchar(32) NOT NULL DEFAULT '0',
  `module` varchar(32) NOT NULL DEFAULT '',
  `value` varchar(64) NOT NULL DEFAULT '',
  `subject` varchar(64) NOT NULL,
  `sort_order` tinyint(4) NOT NULL,
  `date_added` datetime NOT NULL
) ENGINE=MyISAM DEFAULT CHARSET=utf8;

--
-- Daten für Tabelle `ebay_textitems`
--

INSERT INTO `ebay_textitems` (`id`, `text`, `class`, `module`, `value`, `subject`, `sort_order`, `date_added`) VALUES
(1, 'Vielen Dank - Sehr gerne wieder', 'Bewertung 1)', 'feedback', 'positive', '', 0, '0000-00-00 00:00:00'),
(2, 'Vielen Dank - Sehr gerne wieder', 'Bewertung 2)', 'feedback', 'positive', '', 0, '0000-00-00 00:00:00'),
(3, 'Vielen Dank - Sehr gerne wieder', 'Bewertung 3)', 'feedback', 'positive', '', 0, '0000-00-00 00:00:00'),
(4, 'Vielen Dank - Sehr gerne wieder', 'Bewertung 4)', 'feedback', 'positive', '', 0, '0000-00-00 00:00:00'),
(5, 'Vielen Dank - Sehr gerne wieder', 'Bewertung 5)', 'feedback', 'positive', '', 0, '0000-00-00 00:00:00'),
(6, 'Vielen Dank - Sehr gerne wieder', 'Bewertung 6)', 'feedback', 'positive', '', 0, '0000-00-00 00:00:00'),
(7, 'KAUFABWICKLUNG:\r\nSie erhalten VON UNS direkt nach Ihrem Kauf eine Kaufbestätigungs-Email mit Ihren Zugangsdaten zu unserer Kaufabwicklung. Dort können Sie in 4 einfachen Schritten Ihre Adressdaten kontrollieren und auch ändern und auch die Zahlart auswählen. Nur wenn Sie unsere Kaufabwicklung benutzen ist eine schnelle und reibungslose Abwicklung möglich.', 'Ebay - Versandhinweis', 'mail', 'positive', '', 0, '0000-00-00 00:00:00'),
(8, 'Das ist ein Textbaustein f&#252;r den Statuskommentar in den Auftr&#228;gen', 'Statuskommentar Auftrag', 'orders_status_comment', 'positive', '', 1, '2015-03-09 15:01:48'),
(9, 'Das ist ein Standardkommentar f&#252;r die Retouren-R&#252;ckbuchung', 'Standardkommentar Retoure', 'retoure', 'positive', '', 2, '2015-03-09 15:02:37');

-- --------------------------------------------------------

--
-- Tabellenstruktur für Tabelle `ebay_textitems_user`
--

CREATE TABLE `ebay_textitems_user` (
  `customers_id` int(11) NOT NULL DEFAULT '0',
  `ebay_textitems_id` int(11) NOT NULL DEFAULT '0'
) ENGINE=MyISAM DEFAULT CHARSET=utf8;

-- --------------------------------------------------------

--
-- Tabellenstruktur für Tabelle `ebay_timingdelays`
--

CREATE TABLE `ebay_timingdelays` (
  `timing_delay_id` int(11) NOT NULL,
  `timing_delay_value` int(11) NOT NULL DEFAULT '0'
) ENGINE=MyISAM DEFAULT CHARSET=utf8;

--
-- Daten für Tabelle `ebay_timingdelays`
--

INSERT INTO `ebay_timingdelays` (`timing_delay_id`, `timing_delay_value`) VALUES
(1, 5),
(2, 10),
(3, 15),
(4, 20),
(5, 25),
(6, 30),
(7, 35),
(8, 40),
(9, 45),
(10, 60),
(11, 90),
(12, 180),
(13, 120),
(14, 240),
(15, 150),
(16, 210),
(17, 50),
(18, 105),
(19, 75),
(20, 1440),
(21, 57),
(22, 64),
(23, 69);

-- --------------------------------------------------------

--
-- Tabellenstruktur für Tabelle `ebay_transactions`
--

CREATE TABLE `ebay_transactions` (
  `id` int(11) NOT NULL,
  `transactionid` varchar(32) NOT NULL DEFAULT '',
  `ebayid` varchar(20) NOT NULL DEFAULT '',
  `products_id` int(11) NOT NULL DEFAULT '0',
  `orders_id` int(11) NOT NULL DEFAULT '0',
  `email` varchar(128) NOT NULL DEFAULT '',
  `fullname` varchar(128) NOT NULL DEFAULT '',
  `street1` varchar(128) NOT NULL DEFAULT '',
  `street2` varchar(128) NOT NULL DEFAULT '',
  `zip` varchar(10) NOT NULL DEFAULT '',
  `city` varchar(128) NOT NULL DEFAULT '',
  `userid` varchar(128) NOT NULL DEFAULT '',
  `paymentmethod` tinyint(4) NOT NULL DEFAULT '0',
  `additionalshippingcosts` decimal(15,4) DEFAULT NULL,
  `shippinghandlingcosts` decimal(15,4) DEFAULT NULL,
  `insurancefee` decimal(15,4) DEFAULT NULL,
  `insurancetotal` decimal(15,4) DEFAULT NULL,
  `shippingtype` tinyint(4) NOT NULL DEFAULT '0',
  `amountpaid` decimal(15,4) NOT NULL DEFAULT '0.0000',
  `quantitypurchased` int(11) NOT NULL DEFAULT '0',
  `transactionprice` decimal(15,4) NOT NULL DEFAULT '0.0000',
  `transactiondate` datetime DEFAULT '0000-00-00 00:00:00',
  `incomplete_state` int(2) NOT NULL DEFAULT '0',
  `statusis` int(2) NOT NULL DEFAULT '0',
  `STATUS` tinyint(4) NOT NULL DEFAULT '0',
  `vat` float NOT NULL DEFAULT '0',
  `geldzurueck` int(1) NOT NULL DEFAULT '0',
  `sofortneu` int(1) NOT NULL DEFAULT '0',
  `new` int(1) NOT NULL DEFAULT '0',
  `site` varchar(16) NOT NULL DEFAULT '',
  `currency_value` float DEFAULT NULL,
  `external_payment_status` int(1) NOT NULL DEFAULT '0',
  `shipped` tinyint(1) NOT NULL,
  `seller` varchar(64) NOT NULL,
  `soap_processed` tinyint(1) NOT NULL,
  `checkoutstatus` varchar(32) NOT NULL,
  `checkoutmessage_saved` int(1) NOT NULL,
  `shipping_addressid` varchar(16) NOT NULL
) ENGINE=MyISAM DEFAULT CHARSET=utf8;

--
-- Daten für Tabelle `ebay_transactions`
--

INSERT INTO `ebay_transactions` (`id`, `transactionid`, `ebayid`, `products_id`, `orders_id`, `email`, `fullname`, `street1`, `street2`, `zip`, `city`, `userid`, `paymentmethod`, `additionalshippingcosts`, `shippinghandlingcosts`, `insurancefee`, `insurancetotal`, `shippingtype`, `amountpaid`, `quantitypurchased`, `transactionprice`, `transactiondate`, `incomplete_state`, `statusis`, `STATUS`, `vat`, `geldzurueck`, `sofortneu`, `new`, `site`, `currency_value`, `external_payment_status`, `shipped`, `seller`, `soap_processed`, `checkoutstatus`, `checkoutmessage_saved`, `shipping_addressid`) VALUES
(1, '1598229958024', '375806702729', 173, 5000, '00ed71aa8c8b3458897d@members.ebay.com', 'Elena Haas', 'Stübeheide 59', '', '22337', 'Hamburg', 'camikazetommy', 0, NULL, 4.9000, NULL, NULL, 0, 7.8000, 1, 2.9000, '2024-11-21 18:10:04', 0, 0, 1, 0, 0, 0, 0, 'Germany', 1, 0, 2, 'justneo', 0, 'CheckoutComplete', 0, '3584457640014'),
(2, '1599291066024', '375806702729', 173, 5001, '00edd2f42ccceb990cc6@members.ebay.com', 'Patrick Szyszlo', 'Geschwister-Scholl-Str. 64', '', '20251', 'Hamburg', 'patszy_37', 0, NULL, 4.9000, NULL, NULL, 0, 7.8000, 1, 2.9000, '2024-11-26 08:50:03', 0, 0, 1, 0, 0, 0, 0, 'Germany', 1, 0, 2, 'justneo', 0, 'CheckoutComplete', 0, '10003228082741'),
(3, '1601727485024', '375816946684', 204, 5004, '07756cee423715753b75@members.ebay.com', 'Elke Bodendorf', 'SchmalkalderStr. 65a', '', '98596', 'Brotterode-Trusetal', 'elkenelli', 0, NULL, 4.9000, NULL, NULL, 0, 24.7000, 2, 9.9000, '2024-12-06 17:38:24', 0, 0, 1, 0, 0, 0, 0, 'Germany', 1, 0, 2, 'justneo', 0, 'CheckoutComplete', 0, '1630395425018'),
(4, '1602141448024', '375807036045', 163, 5005, '1dda65e355738d3e9035@members.ebay.com', 'Tahir Beydemir', 'Am Seeufer', '', '56235', 'Ransbach-Baumbach', 'efendi87-de', 0, NULL, 4.9000, NULL, NULL, 0, 22.8000, 1, 17.9000, '2024-12-08 12:30:10', 0, 0, 1, 0, 0, 0, 0, 'Germany', 1, 0, 2, 'justneo', 0, 'CheckoutComplete', 0, '10001790284548'),
(5, '1602449627024', '375837900851', 203, 5006, '3bbac3aba90c93267210@members.ebay.com', 'Oleg Kehl', 'Gartenstr. 10', '', '29633', 'Munster', 'keh_de9', 0, NULL, 2.8500, NULL, NULL, 0, 12.7500, 1, 9.9000, '2024-12-09 15:40:03', 0, 0, 1, 0, 0, 0, 0, 'Germany', 1, 0, 2, 'justneo', 0, 'CheckoutComplete', 0, '2199204394014'),
(6, '1603165729024', '375806796572', 172, 5007, '7792d99194c59d050035@members.ebay.com', 'Michael Warszawski / Sicheristsicher24', 'Moorbirkenkamp 3a', '', '22391', 'Hamburg', 'sicheristsicher24', 0, NULL, 2.8500, NULL, NULL, 0, 6.7500, 1, 3.9000, '2024-12-12 10:20:04', 0, 0, 1, 0, 0, 0, 0, 'Germany', 1, 0, 2, 'justneo', 0, 'CheckoutComplete', 0, '10002054527724'),
(7, '1603183692024', '375806796572', 172, 5008, '77940071cc42a5891482@members.ebay.com', 'Michal Zwolinski', 'Ohrnsweg 19', '', '21149', 'Hamburg', 'mimasells', 0, NULL, 2.8500, NULL, NULL, 0, 6.7500, 1, 3.9000, '2024-12-12 13:00:10', 0, 0, 1, 0, 0, 0, 0, 'Germany', 1, 0, 2, 'justneo', 0, 'CheckoutComplete', 0, '10001960660624'),
(8, '1603423823024', '375806609228', 168, 5009, '0779f218d9c959c75d47@members.ebay.com', 'Krzysztof Wiese', 'Timmweg 24', '', '22415', 'Hamburg', 'hig-5601', 0, NULL, 4.9000, NULL, NULL, 0, 9.8000, 1, 4.9000, '2024-12-13 14:20:05', 0, 0, 1, 0, 0, 0, 0, 'Germany', 1, 0, 2, 'justneo', 0, 'CheckoutComplete', 0, '10003192281407'),
(9, '1603626688024', '375859831268', 171, 5010, '1dea415991668b20e123@members.ebay.com', 'Heike Groenert', 'Grafenstr.23', '', '77716', 'Haslach', 'heikefirchau', 0, NULL, 2.8500, NULL, NULL, 0, 15.7500, 1, 12.9000, '2024-12-14 12:50:05', 0, 0, 1, 0, 0, 0, 0, 'Germany', 1, 0, 2, 'justneo', 0, 'CheckoutComplete', 0, '321248117020'),
(10, '1603902255024', '375806609651', 187, 5011, '1ded5b362194afcfba18@members.ebay.com', 'Valentina  Wolosnikow', 'Villiperhauptstr. 13', '', '53343', 'Wachtberg-villip', 'eduardocool-2008', 0, NULL, 4.9000, NULL, NULL, 0, 44.7000, 2, 19.9000, '2024-12-15 17:00:12', 0, 0, 1, 0, 0, 0, 0, 'Germany', 1, 0, 2, 'justneo', 0, 'CheckoutComplete', 0, '10003055137172'),
(11, '1603904938024', '375859831268', 171, 5012, '1ded612922581fedb350@members.ebay.com', 'Ingo Hartmann', 'Rebenweg 19', '', '91623', 'Sachsen b. Ansbach', 'vwfront', 0, NULL, 2.8500, NULL, NULL, 0, 15.7500, 1, 12.9000, '2024-12-15 17:10:04', 0, 0, 1, 0, 0, 0, 0, 'Germany', 1, 0, 2, 'justneo', 0, 'CheckoutComplete', 0, '10001191944134'),
(12, '1604401318024', '375806609095', 170, 5013, '3be5360a5a0b375b3732@members.ebay.com', 'Janine Hübsch', 'Mühlenstr. 8', '', '19336', 'Bad Wilsnack', 'jansch-1440', 0, NULL, 4.9000, NULL, NULL, 0, 9.8000, 1, 4.9000, '2024-12-17 16:50:04', 0, 0, 1, 0, 0, 0, 0, 'Germany', 1, 0, 2, 'justneo', 0, 'CheckoutComplete', 0, '10003252636088'),
(13, '1605425934024', '375806609651', 187, 5014, '3c00f8f3333ae6ef3d27@members.ebay.com', 'Anastasia Kondratyuk', 'Anton-Zeeh-Str. 11', '', '55252', 'Mainz-Kastel', 'anastasiaprinseira', 0, NULL, 4.9000, NULL, NULL, 0, 24.8000, 1, 19.9000, '2024-12-22 23:10:04', 0, 0, 1, 0, 0, 0, 0, 'Germany', 1, 0, 2, 'justneo', 0, 'CheckoutComplete', 0, '10003226037870'),
(14, '1605861081024', '375859409956', 212, 5015, '781f9eecb4166ef32f51@members.ebay.com', 'James O Neil', 'Torgauer Strasse 14', '', '01127', 'Dresden', 'jameso37', 0, NULL, 2.8500, NULL, NULL, 0, 9.7500, 1, 6.9000, '2024-12-25 18:40:04', 0, 0, 1, 0, 0, 0, 0, 'Germany', 1, 0, 2, 'justneo', 0, 'CheckoutComplete', 0, '10001917137518'),
(15, '1608427424024', '375806609651', 187, 5016, '03c52a5b245cee67d616@members.ebay.com', 'Richard Exner', 'Batzenbergstraße 10', '', '79238', 'Kirchhofen', 'richex_50', 0, NULL, 4.9000, NULL, NULL, 0, 24.8000, 1, 19.9000, '2025-01-07 10:50:03', 0, 0, 1, 0, 0, 0, 0, 'Germany', 1, 0, 2, 'justneo', 0, 'CheckoutComplete', 0, '10002757221211'),
(16, '1610169568024', '375857914744', 209, 5017, '03c7c111ad918af15b90@members.ebay.com', 'Bernhardt Stenke', 'Stetteritzring 117', '', '64380', 'Roßdorf', 'bestfixsystem', 0, NULL, 4.9000, NULL, NULL, 0, 20.7000, 2, 7.9000, '2025-01-15 07:20:04', 0, 0, 1, 0, 0, 0, 0, 'Germany', 1, 0, 2, 'justneo', 0, 'CheckoutComplete', 0, '10000292592990'),
(17, '1611717951024', '375937575563', 152, 5018, '0f286a03d092b1880671@members.ebay.com', 'Kai Witschen', 'Im Sande 9', '', '49744', 'Geeste', 'kameleon15', 0, NULL, 0.0000, NULL, NULL, 0, 119.0000, 1, 119.0000, '2025-01-22 10:30:11', 0, 0, 1, 0, 0, 0, 0, 'Germany', 1, 0, 2, 'justneo', 0, 'CheckoutComplete', 0, '10002927478330'),
(18, '1612860162024', '375838176148', 166, 5019, '1e5eb92092329fe67a44@members.ebay.com', 'Streck', 'Hindboll 3b', '', '25718', 'Friedrichskoog', 'tokyogaming', 0, NULL, 0.0000, NULL, NULL, 0, 9.9000, 1, 9.9000, '2025-01-27 16:50:04', 0, 0, 1, 0, 0, 0, 0, 'Germany', 1, 0, 2, 'justneo', 0, 'CheckoutComplete', 0, '10002644578531'),
(19, '1613957586024', '375939238311', 209, 5020, '3cd7825b255496d06367@members.ebay.com', 'Thomas Aurbach', 'Lährer Weg 18', '', '92318', 'Neumarkt', 'bochser16', 0, NULL, 3.1900, NULL, NULL, 0, 10.9900, 1, 7.8000, '2025-02-01 15:30:09', 0, 0, 1, 0, 0, 0, 0, 'Germany', 1, 0, 2, 'justneo', 0, 'CheckoutComplete', 0, '4449463378025'),
(20, '1614394432024', '375939238333', 212, 5021, '3ce0bcba0d7dae2e3664@members.ebay.com', 'Thilo Hengst', 'Mozartweg 1', '', '09117', 'Chemnitz', 'hypa_dawg', 0, NULL, 3.1900, NULL, NULL, 0, 9.9900, 1, 6.8000, '2025-02-03 09:30:10', 0, 0, 1, 0, 0, 0, 0, 'Germany', 1, 0, 2, 'justneo', 0, 'CheckoutComplete', 0, '1786762274011'),
(21, '1614397895024', '375939238311', 209, 5022, '3ce0dfdd34613f2b1c51@members.ebay.com', 'Ideler, Karl-Heinz', 'Marloffsteinerstr.4', '', '91080', 'Spardorf', 'z526lo100', 0, NULL, 3.1900, NULL, NULL, 0, 10.9900, 1, 7.8000, '2025-02-03 10:10:04', 0, 0, 1, 0, 0, 0, 0, 'Germany', 1, 0, 2, 'justneo', 0, 'CheckoutComplete', 0, '395241867018'),
(22, '1614439913024', '375838176148', 166, 5023, '3ce220d8a52dae377d83@members.ebay.com', 'Timo Maute', 'Grenzweg 27/83', '', '72766', 'Reutlingen', 'timmaut-7', 0, NULL, 0.0000, NULL, NULL, 0, 9.9000, 1, 9.9000, '2025-02-03 15:50:04', 0, 0, 1, 0, 0, 0, 0, 'Germany', 1, 0, 2, 'justneo', 0, 'CheckoutComplete', 0, '6714714366019'),
(23, '1615154602024', '375939238333', 212, 5025, '079e557aa216ece97481@members.ebay.com', 'Oliver Wolff', '868894794', '', '96050', 'Bamberg', 'uh-wolff-de', 0, NULL, 3.1900, NULL, NULL, 0, 9.9900, 1, 6.8000, '2025-02-06 19:10:04', 0, 0, 1, 0, 0, 0, 0, 'Germany', 1, 0, 0, 'justneo', 0, 'CheckoutComplete', 0, ''),
(24, '1616194918024', '375973141592', 209, 5026, '1e8621a259648b0af886@members.ebay.com', 'Patrick Strauch', 'Bergeshöh 22', '', '09128', 'Chemnitz', 'missssssi', 0, NULL, 4.9000, NULL, NULL, 0, 12.7000, 1, 7.8000, '2025-02-11 15:30:09', 0, 0, 1, 0, 0, 0, 0, 'Germany', 1, 0, 2, 'justneo', 0, 'CheckoutComplete', 0, '10000768605709'),
(25, '1616197033024', '375959423649', 171, 5027, '7a18a19d9f7d8e562712@members.ebay.com', 'Manita Naupert', 'Talstrasse 77', '', '09618', 'Brand-Erbisdorf', 'maschenka07', 0, NULL, 3.1900, NULL, NULL, 0, 18.0900, 1, 14.9000, '2025-02-11 15:50:04', 0, 0, 1, 0, 0, 0, 0, 'Germany', 1, 0, 2, 'justneo', 0, 'CheckoutComplete', 0, '10000084529600'),
(26, '1616357762024', '375973141592', 209, 5028, '00f440081e39555c5980@members.ebay.com', 'Katja Kärgel', 'Bodenheimer Straße 17', '', '28199', 'Bremen', 'weddinggirle', 0, NULL, 4.9000, NULL, NULL, 0, 12.7000, 1, 7.8000, '2025-02-12 08:40:05', 0, 0, 1, 0, 0, 0, 0, 'Germany', 1, 0, 2, 'justneo', 0, 'CheckoutComplete', 0, '10002071868727'),
(27, '1616915384024', '375973189554', 206, 5030, '03d23461cff52e686c13@members.ebay.com', 'Martin Munkert', 'Gasswiesenweg', '', '90518', 'Altdorf', 'quirlino', 0, NULL, 0.0000, NULL, NULL, 0, 274.5500, 1, 274.5500, '2025-02-16 00:20:05', 0, 0, 1, 0, 0, 0, 0, 'Germany', 1, 0, 2, 'justneo', 0, 'CheckoutComplete', 0, '6439117705015'),
(28, '10071425886513', '375973189838', 152, 5031, '1e9580c29efec91e6a33@members.ebay.com', 'Tomasz Filipiak', 'Buchenweg 15', '', '49453', 'Rehden', 'tomfili60', 0, NULL, 0.0000, NULL, NULL, 0, 129.0000, 1, 129.0000, '2025-02-17 11:30:10', 0, 0, 1, 0, 0, 0, 0, 'Germany', 1, 0, 2, 'justneo', 0, 'CheckoutComplete', 0, '10002367250772'),
(29, '10070182796123', '375973141592', 209, 5032, '03d3c41147cfac667d72@members.ebay.com', 'christian ruthner', 'Am Babenhorst 7', '', '19069', 'Pingelshagen', 'christian.r.00', 0, NULL, 4.9000, NULL, NULL, 0, 12.7000, 1, 7.8000, '2025-02-20 18:00:10', 0, 0, 1, 0, 0, 0, 0, 'Germany', 1, 0, 2, 'justneo', 0, 'CheckoutComplete', 0, '10001893288633'),
(30, '10069948097209', '375973141592', 209, 5033, '03d3cc5449ca436e0c69@members.ebay.com', 'Rengschburger Herzen', 'Dr.-Gessler-Str. 31', '', '93051', 'Regensburg', '1608mr', 0, NULL, 4.9000, NULL, NULL, 0, 25.9600, 3, 7.0200, '2025-02-20 20:20:05', 0, 0, 1, 0, 0, 0, 0, 'Germany', 1, 0, 2, 'justneo', 0, 'CheckoutComplete', 0, '10003317375393'),
(31, '10070262594117', '375973141592', 209, 5034, '0f51c4fca9336b889a46@members.ebay.com', 'Jens Schaar', 'Kitzenweg 19', '', '73337', 'Bad Ueberkingen', 'jocht', 0, NULL, 4.9000, NULL, NULL, 0, 19.7200, 2, 7.4100, '2025-02-22 19:20:04', 0, 0, 1, 0, 0, 0, 0, 'Germany', 1, 0, 2, 'justneo', 0, 'CheckoutComplete', 0, '325728193011'),
(32, '10070588007604', '375838176148', 166, 5035, '0f52d5a6d28172bd0113@members.ebay.com', 'Mark Imhof', 'Theodor-Fontane-Weg 3', '', '57319', 'Bad Berleburg', 'znfgti', 0, NULL, 0.0000, NULL, NULL, 0, 9.9000, 1, 9.9000, '2025-02-23 14:40:05', 0, 0, 1, 0, 0, 0, 0, 'Germany', 1, 0, 2, 'justneo', 0, 'CheckoutComplete', 0, '2011057087021'),
(33, '10070594966504', '375959423649', 171, 5036, '0f5321a109f6b8cc5a25@members.ebay.com', 'Manuela Böhnke', 'Reichsstr. 31', '', '07545', 'Gera', 'manbh_7576', 0, NULL, 3.1900, NULL, NULL, 0, 18.0900, 1, 14.9000, '2025-02-23 20:00:12', 0, 0, 1, 0, 0, 0, 0, 'Germany', 1, 0, 2, 'justneo', 0, 'CheckoutComplete', 0, '10003218518737'),
(34, '10069883970625', '375957849017', 187, 5037, '0f5346d9a6db6ace0090@members.ebay.com', 'Annabell Pliska', 'Vor den Höfen 10', '', '27254', 'Staffhorst', 'teddy_the_dancing_queen', 0, NULL, 4.9000, NULL, NULL, 0, 22.8100, 1, 17.9100, '2025-02-23 22:40:04', 0, 0, 1, 0, 0, 0, 0, 'Germany', 1, 0, 2, 'justneo', 0, 'CheckoutComplete', 0, '10000392422576'),
(35, '1618190156024', '375957849017', 187, 5038, '1ead0083e03563ba7c94@members.ebay.com', 'Frank Färber', 'Bunsenstrasse 15', '', '51145', 'Köln', 'franksio2004', 0, NULL, 4.9000, NULL, NULL, 0, 24.8000, 1, 19.9000, '2025-02-26 09:20:05', 0, 0, 1, 0, 0, 0, 0, 'Germany', 1, 0, 2, 'justneo', 0, 'CheckoutComplete', 0, '10001045292302'),
(36, '10070988612903', '375973189554', 206, 5039, '0f5770ef5c6f62b38370@members.ebay.com', 'hans trommer', 'Schulstraße 22a', '', '91341', 'Röttenbach', 'jajaem_89', 0, NULL, 0.0000, NULL, NULL, 0, 274.5500, 1, 274.5500, '2025-02-27 02:30:10', 0, 0, 1, 0, 0, 0, 0, 'Germany', 1, 0, 2, 'justneo', 0, 'CheckoutComplete', 0, '10001887932727'),
(37, '10070019265226', '375973315376', 195, 5040, '3d6a75bdb5aee6baef36@members.ebay.com', 'Silke Bauer', 'Heisenbergstr. 5', '', '08066', 'Zwickau', 'silke2746', 0, NULL, 4.9000, NULL, NULL, 0, 24.8000, 1, 19.9000, '2025-03-01 12:20:05', 0, 0, 1, 0, 0, 0, 0, 'Germany', 1, 0, 2, 'justneo', 0, 'CheckoutComplete', 0, '3019189142010'),
(38, '10070203922209', '375959297689', 214, 5041, '3d74e29b881aae809280@members.ebay.com', 'Andre Zerr', 'Fährstraße 19', '', '76437', 'Rastatt', 'bmwe39150', 0, NULL, 4.9000, NULL, NULL, 0, 30.0100, 1, 25.1100, '2025-03-03 11:40:05', 0, 0, 1, 0, 0, 0, 0, 'Germany', 1, 0, 2, 'justneo', 0, 'CheckoutComplete', 0, '10002468063517'),
(39, '10075574819521', '375973189838', 152, 5042, '7b34db0bc78b54e30a83@members.ebay.com', 'Andreas Steguweit', 'Am Sportplatz 8', '', '47918', 'Tönisvorst', 'tqfdg31', 0, NULL, 0.0000, NULL, NULL, 0, 129.0000, 1, 129.0000, '2025-03-10 14:40:05', 0, 0, 1, 0, 0, 0, 0, 'Germany', 1, 0, 2, 'justneo', 0, 'CheckoutComplete', 0, '10003336139619'),
(40, '10070628105408', '375973189838', 152, 5043, '07b82f9dacb3a6c03d34@members.ebay.com', 'norbert kloth', 'teichkoppel 18', '', '24229', 'daenischenhagen', 'retro-pan', 0, NULL, 0.0000, NULL, NULL, 0, 129.0000, 1, 129.0000, '2025-03-18 00:20:06', 0, 0, 1, 0, 0, 0, 0, 'Germany', 1, 0, 2, 'justneo', 0, 'CheckoutComplete', 0, '336258381019'),
(41, '10071176731604', '375959423649', 171, 5044, '7b934bf43e45c7411557@members.ebay.com', 'Timo Nimz', 'Hockenbroicher Str.13', '', '53881', 'Euskirchen', 'kisskloepper', 0, NULL, 3.1900, NULL, NULL, 0, 18.0900, 1, 14.9000, '2025-03-19 13:30:11', 0, 0, 1, 0, 0, 0, 0, 'Germany', 1, 0, 2, 'justneo', 0, 'CheckoutComplete', 0, '1176533444010'),
(42, '10071094565211', '375973189838', 152, 5045, '0f7660eaf5b1b4ce3185@members.ebay.com', 'Moritz Kaulhausen', 'Bleichstr. 43', '', '57627', 'Hachenburg', 'kaulh_865', 0, NULL, 0.0000, NULL, NULL, 0, 129.0000, 1, 129.0000, '2025-03-22 13:40:05', 0, 0, 1, 0, 0, 0, 0, 'Germany', 1, 0, 2, 'justneo', 0, 'CheckoutComplete', 0, '10003352201965'),
(43, '10071027794019', '375959328022', 215, 5046, '1ef16d045e769f6f6159@members.ebay.com', 'Jürgen Knörr', 'Gasthof zum Stern', '', '91459', 'Markt Erlbach', 'suppenschmied007', 0, NULL, 4.9000, NULL, NULL, 0, 34.8000, 1, 29.9000, '2025-03-24 08:10:04', 0, 0, 1, 0, 0, 0, 0, 'Germany', 1, 0, 2, 'justneo', 0, 'CheckoutComplete', 0, '363919174014'),
(44, '10070643643126', '375807036045', 163, 5047, '3df2bd1a959e7e8d5916@members.ebay.com', 'Alexander Müller', 'Flugplatzstraße. 9', '', '97232', 'Giebelstadt', 'muklo12', 0, NULL, 4.9000, NULL, NULL, 0, 21.9000, 1, 17.0000, '2025-03-27 08:30:12', 0, 0, 1, 0, 0, 0, 0, 'Germany', 1, 0, 2, 'justneo', 0, 'CheckoutComplete', 0, '3808538984010'),
(45, '10072458860913', '375806979037', 183, 5048, '0f7d038335624db22d61@members.ebay.com', 'Svenja Nierstenhöfer', '25986364', '', '58093', 'Hagen', 'max*luise', 0, NULL, 4.9000, NULL, NULL, 0, 16.8200, 1, 11.9200, '2025-03-27 14:30:06', 0, 0, 1, 0, 0, 0, 0, 'Germany', 1, 0, 2, 'justneo', 0, 'CheckoutComplete', 0, ''),
(46, '10071024777705', '375959297689', 214, 5049, '1efa899f8a681bb95614@members.ebay.com', 'R. Amort', 'Kirchweg 6', '', '84347', 'Pfarrkirchen', 'amormi1', 0, NULL, 4.9000, NULL, NULL, 0, 32.8000, 1, 27.9000, '2025-03-27 19:10:05', 0, 0, 1, 0, 0, 0, 0, 'Germany', 1, 0, 2, 'justneo', 0, 'CheckoutComplete', 0, '10000393574447'),
(47, '10076039909021', '375973189838', 152, 5050, '1f00668399b73736be92@members.ebay.com', 'Patrick Müller', 'Zum Vessertal 141', '', '98553', 'Schleusingen', 'patti.m-85', 0, NULL, 0.0000, NULL, NULL, 0, 129.0000, 1, 129.0000, '2025-03-30 00:30:10', 0, 0, 1, 0, 0, 0, 0, 'Germany', 1, 0, 2, 'justneo', 0, 'CheckoutComplete', 0, '10002166860977'),
(48, '10070875920809', '375957849017', 187, 5051, '3e07f792c45a9fbdbd43@members.ebay.com', 'Eric Fischoeder', 'Von-Plettenberg-Str. 24', '', '52146', 'Würselen', 'erfisch-0', 0, NULL, 4.9000, NULL, NULL, 0, 24.8000, 1, 19.9000, '2025-03-31 10:10:06', 0, 0, 1, 0, 0, 0, 0, 'Germany', 1, 0, 2, 'justneo', 0, 'CheckoutComplete', 0, '10003322200831'),
(49, '10071171144622', '375959328022', 215, 5052, '1f052f9197d2c3902828@members.ebay.com', 'Von Wiltberg, Arnold', 'Bernsteinstraße 40', '', '02979', 'Burghammer', '8394arnold', 0, NULL, 4.9000, NULL, NULL, 0, 34.8000, 1, 29.9000, '2025-03-31 21:00:13', 0, 0, 1, 0, 0, 0, 0, 'Germany', 1, 0, 2, 'justneo', 0, 'CheckoutComplete', 0, '4970329868011'),
(50, '10070957128624', '375957849017', 187, 5053, '07c238433dc039430056@members.ebay.com', 'Luka Madzarevic', 'Osterreiner Strae, 3', '', '87669', 'Rieden am Forggensee', 'lumada_59', 0, NULL, 4.9000, NULL, NULL, 0, 24.8000, 1, 19.9000, '2025-04-02 06:40:05', 0, 0, 1, 0, 0, 0, 0, 'Germany', 1, 0, 2, 'justneo', 0, 'CheckoutComplete', 0, '10003299641542'),
(51, '10071360828112', '375990104626', 212, 5054, '00f84e5eda6d56099f42@members.ebay.com', 'Mario Sauer', 'Bentieröder Wanne 1', '', '37574', 'Einbeck', 'msausk', 0, NULL, 3.1900, NULL, NULL, 0, 9.9900, 1, 6.8000, '2025-04-02 15:00:13', 0, 0, 1, 0, 0, 0, 0, 'Germany', 1, 0, 2, 'justneo', 0, 'CheckoutComplete', 0, '1063772800012'),
(52, '10075148270627', '375973189838', 152, 5055, '3e054b1b736d575ea564@members.ebay.com', 'Andrey Perederiy', 'Mühlenstr. 11', '', '49751', 'Sögel', 'de2015-stepa', 0, NULL, 0.0000, NULL, NULL, 0, 129.0000, 1, 129.0000, '2025-04-02 17:00:07', 0, 0, 1, 0, 0, 0, 0, 'Germany', 1, 0, 2, 'justneo', 0, 'CheckoutComplete', 0, '10003279708616'),
(53, '10070979925220', '375959423649', 171, 5056, '1f0d3264c26b5732ee36@members.ebay.com', 'Jürgen Bergmann', 'Liebrechtstr. 13', '', '45277', 'Essen', 'juer-2679', 0, NULL, 3.1900, NULL, NULL, 0, 18.0900, 1, 14.9000, '2025-04-03 22:00:13', 0, 0, 1, 0, 0, 0, 0, 'Germany', 1, 0, 2, 'justneo', 0, 'CheckoutComplete', 0, '10003106199629'),
(54, '10075316136627', '375959297689', 214, 5057, '3e3942f184d6afdd1468@members.ebay.com', 'Anne Beuchler', 'Fritz-Schulze- Strasse 11', '', '01159', 'Dresden', 'shinystar_123', 0, NULL, 4.9000, NULL, NULL, 0, 32.8000, 1, 27.9000, '2025-04-09 18:30:11', 0, 0, 1, 0, 0, 0, 0, 'Germany', 1, 0, 2, 'justneo', 0, 'CheckoutComplete', 0, '10002309252688'),
(55, '10071645684912', '375990104626', 212, 5058, '0f9370f33e96dbcac757@members.ebay.com', 'André Seidel', 'Pomnitz 32', '', '06628', 'Lanitz-Hasel-Tal', 'asas5907', 0, NULL, 3.1900, NULL, NULL, 0, 9.9900, 1, 6.8000, '2025-04-13 15:50:05', 0, 0, 1, 0, 0, 0, 0, 'Germany', 1, 0, 2, 'justneo', 0, 'CheckoutComplete', 0, '3573203756020'),
(56, '10071123857326', '375973141592', 209, 5059, '00f97797d7e7b62884ae@members.ebay.com', 'Ralf Rischewski', 'Postfiliale 620', '', '88250', 'Weingarten', 'risc_709', 0, NULL, 4.9000, NULL, NULL, 0, 12.3100, 1, 7.4100, '2025-04-16 17:10:05', 0, 0, 1, 0, 0, 0, 0, 'Germany', 1, 0, 2, 'justneo', 0, 'CheckoutComplete', 0, ''),
(57, '10074782461418', '375939326219', 210, 5060, '00f9c774abf96dbafb13@members.ebay.com', 'semih Sergi', 'Opelstrasse 3', '', '78467', 'Konstanz', 'se-323609', 0, NULL, 4.9000, NULL, NULL, 0, 45.3100, 1, 40.4100, '2025-04-20 12:00:16', 0, 0, 1, 0, 0, 0, 0, 'Germany', 1, 0, 2, 'justneo', 0, 'CheckoutComplete', 0, '10002852689712'),
(58, '10071807589510', '375973189838', 152, 5061, '00f9c8e8c68154f80975@members.ebay.com', 'Nagler josef', 'Am Mühlbach 1', '', '85467', 'Neuching', 'josefn8956', 0, NULL, 0.0000, NULL, NULL, 0, 129.0000, 1, 129.0000, '2025-04-20 13:40:06', 0, 0, 1, 0, 0, 0, 0, 'Germany', 1, 0, 2, 'justneo', 0, 'CheckoutComplete', 0, '10003192846908'),
(59, '10071598778823', '375990104626', 212, 5062, '00f9dd2f110d86a86bd5@members.ebay.com', 'Holger Kimmich', 'Dürrlaustr. 28', '', '72584', 'Hülben', 'tastenhopser', 0, NULL, 6.3800, NULL, NULL, 0, 18.6200, 2, 6.1200, '2025-04-21 12:50:05', 0, 0, 1, 0, 0, 0, 0, 'Germany', 1, 0, 2, 'justneo', 0, 'CheckoutComplete', 0, '10002230879766'),
(60, '10071602168105', '375990104626', 212, 5063, '00f9df261de11a787d28@members.ebay.com', 'Michael Roberts', '20510924', '', '89079', 'Ulm', 'odakimeth', 0, NULL, 3.1900, NULL, NULL, 0, 9.9900, 1, 6.8000, '2025-04-21 15:00:12', 0, 0, 1, 0, 0, 0, 0, 'Germany', 1, 0, 2, 'justneo', 0, 'CheckoutComplete', 0, ''),
(61, '10076510908707', '375990104626', 212, 5064, '00f9f6c6e76f4b890984@members.ebay.com', 'Joseph Ressing', 'Hauptstraße 135', '', '26903', 'Surwold', 'joseph16092013', 0, NULL, 3.1900, NULL, NULL, 0, 9.9900, 1, 6.8000, '2025-04-22 17:50:05', 0, 0, 1, 0, 0, 0, 0, 'Germany', 1, 0, 2, 'justneo', 0, 'CheckoutComplete', 0, '4426032411019'),
(62, '10071988570317', '376043934922', 222, 5072, '0fa73af7b4a035ad4e61@members.ebay.com', 'Klaus Zeiger', 'Schubertstr.25', '', '66287', 'Quierschied', 'surfcity25', 0, NULL, 0.0000, NULL, NULL, 0, 168.1500, 1, 168.1500, '2025-04-29 09:40:06', 0, 0, 1, 0, 0, 0, 0, 'Germany', 1, 0, 2, 'justneo', 0, 'CheckoutComplete', 0, '1192572817011'),
(63, '10071636120401', '375973189838', 152, 5073, '3e9dfd061392e3378a26@members.ebay.com', 'Frank Rist', 'Holbeinstraße 38/2', '', '88212', 'Ravensburg', 'ruscht78', 0, NULL, 0.0000, NULL, NULL, 0, 129.0000, 1, 129.0000, '2025-04-29 09:40:09', 0, 0, 1, 0, 0, 0, 0, 'Germany', 1, 0, 2, 'justneo', 0, 'CheckoutComplete', 0, '10000429962701'),
(64, '10075723792027', '375959423649', 171, 5074, '3e98a159deba227c9f71@members.ebay.com', 'Bernd Mengel', 'Dörpstraat 55', '', '25938', 'Oevenum/Föhr', 'rundstueck2001', 0, NULL, 3.1900, NULL, NULL, 0, 17.3500, 1, 14.1600, '2025-04-29 09:40:09', 0, 0, 1, 0, 0, 0, 0, 'Germany', 1, 0, 0, 'justneo', 0, 'CheckoutComplete', 0, '755294568018'),
(65, '10071607474801', '375990104626', 212, 5075, '3e9891a9deba22796574@members.ebay.com', 'Bastian Lutz', 'Hirschweg 19', '', '69412', 'Igelsbach', 'bastyoje', 0, NULL, 3.1900, NULL, NULL, 0, 9.9900, 1, 6.8000, '2025-04-29 09:40:09', 0, 0, 1, 0, 0, 0, 0, 'Germany', 1, 0, 0, 'justneo', 0, 'CheckoutComplete', 0, '10000975477647'),
(66, '10071444815109', '375959423649', 171, 5076, '0fa210fb65e4b4e20529@members.ebay.com', 'Beat Bürgi', 'Griesstr. 14', '', '78266', 'Büsingen', 'godinuda', 0, NULL, 3.1900, NULL, NULL, 0, 17.3500, 1, 14.1600, '2025-04-29 09:40:09', 0, 0, 1, 0, 0, 0, 0, 'Germany', 1, 0, 0, 'justneo', 0, 'CheckoutComplete', 0, '10002722697144'),
(67, '10071644413520', '375959423649', 171, 5078, '7d6513da38253d338366@members.ebay.com', 'Stefan Pleyer', 'Gänsackerstr. 5', '', '79688', 'Hausen', '3133stefan', 0, NULL, 3.1900, NULL, NULL, 0, 18.0900, 1, 14.9000, '2025-05-02 18:20:06', 0, 0, 1, 0, 0, 0, 0, 'Germany', 1, 0, 2, 'justneo', 0, 'CheckoutComplete', 0, '4621291680011'),
(68, '10072142224410', '375959423649', 171, 5079, '3eb58e082595368f0e74@members.ebay.com', 'Björn Lebedies', 'Hagenwerderstr. 18', '', '03048', 'Cottbus', 'bjlebe-57', 0, NULL, 3.1900, NULL, NULL, 0, 18.0900, 1, 14.9000, '2025-05-03 08:10:06', 0, 0, 1, 0, 0, 0, 0, 'Germany', 1, 0, 2, 'justneo', 0, 'CheckoutComplete', 0, '10002982551727'),
(69, '10072115315517', '375990104626', 212, 5080, '3eb6bb53799136052445@members.ebay.com', 'Ulrike Brinkmann', 'Radeberger Straße 5', '', '01454', 'Radeberg', 'ulrike01809', 0, NULL, 3.1900, NULL, NULL, 0, 9.9900, 1, 6.8000, '2025-05-03 13:30:12', 0, 0, 1, 0, 0, 0, 0, 'Germany', 1, 0, 2, 'justneo', 0, 'CheckoutComplete', 0, '10000187411244'),
(70, '10071730559524', '375973141592', 209, 5084, '3ec2c6f136d04ab86275@members.ebay.com', 'Cornelia Hasler', 'Hinterstraße', '', '65391', 'Lorch', 'wollmie', 0, NULL, 4.9000, NULL, NULL, 0, 19.7200, 2, 7.4100, '2025-05-05 20:20:05', 0, 0, 1, 0, 0, 0, 0, 'Germany', 1, 0, 2, 'justneo', 0, 'CheckoutComplete', 0, '10000163145461'),
(71, '10072288389810', '375973189554', 206, 5085, '1f69363f5f15b3717b53@members.ebay.com', 'Marcus Böttcher', '902881031', '', '24235', 'Laboe', 'quarmar', 0, NULL, 0.0000, NULL, NULL, 0, 289.0000, 1, 289.0000, '2025-05-08 19:30:13', 0, 0, 1, 0, 0, 0, 0, 'Germany', 1, 0, 2, 'justneo', 0, 'CheckoutComplete', 0, ''),
(72, '10072748330606', '375990104626', 212, 5086, '3ee18815b392d2cdbb84@members.ebay.com', 'Lisa Hoth', 'Hermann-Burmeister-Str 3', '', '18435', 'Stralsund', 'lisahst', 0, NULL, 3.1900, NULL, NULL, 0, 9.9900, 1, 6.8000, '2025-05-11 16:20:06', 0, 0, 1, 0, 0, 0, 0, 'Germany', 1, 0, 2, 'justneo', 0, 'CheckoutComplete', 0, '10002713098653'),
(73, '10071937772601', '375990104626', 212, 5087, '3ee2d005b8833f10b970@members.ebay.com', 'Julian König', 'Bergmannsweg 7', '', '31749', 'Auetal', 'juliankoenig87', 0, NULL, 3.1900, NULL, NULL, 0, 9.9900, 1, 6.8000, '2025-05-11 22:10:05', 0, 0, 1, 0, 0, 0, 0, 'Germany', 1, 0, 2, 'justneo', 0, 'CheckoutComplete', 0, '10001212855219'),
(74, '10072094253223', '375806609623', 188, 5088, '00fb9dcb8fde4b196dfc@members.ebay.com', 'Antonio Faust', 'In Den Weingärten 31', '', '55283', 'Nierstein', 'antfa_2171', 0, NULL, 4.9000, NULL, NULL, 0, 18.8000, 1, 13.9000, '2025-05-12 19:10:06', 0, 0, 1, 0, 0, 0, 0, 'Germany', 1, 0, 2, 'justneo', 0, 'CheckoutComplete', 0, '10003166875927'),
(75, '10072102418505', '375990104626', 212, 5089, '7dcff0e4932377237966@members.ebay.com', 'Sven Kaufmann', 'Berglücke 14', '', '24943', 'Flensburg', '1974schnappi', 0, NULL, 3.1900, NULL, NULL, 0, 9.9900, 1, 6.8000, '2025-05-12 21:30:10', 0, 0, 1, 0, 0, 0, 0, 'Germany', 1, 0, 2, 'justneo', 0, 'CheckoutComplete', 0, '2308949229010'),
(76, '10077006872507', '375973182408', 207, 5090, '7ddb04a45f1b07a82064@members.ebay.com', 'Freya Schomacker', 'Grenzweg 1', '', '26655', 'Westerstede', 'schom884', 0, NULL, 0.0000, NULL, NULL, 0, 188.1000, 2, 94.0500, '2025-05-13 22:50:06', 0, 0, 1, 0, 0, 0, 0, 'Germany', 1, 0, 2, 'justneo', 0, 'CheckoutComplete', 0, '10003422213937'),
(77, '10072006517101', '375838176148', 166, 5091, '7de31f3161c35fcc5698@members.ebay.com', 'Andreas Lettner', 'Vogelweide 4', '', '06188', 'Landsberg', 'professorlette', 0, NULL, 0.0000, NULL, NULL, 0, 8.9100, 1, 8.9100, '2025-05-14 17:10:06', 0, 0, 1, 0, 0, 0, 0, 'Germany', 1, 0, 2, 'justneo', 0, 'CheckoutComplete', 0, '10001237365403'),
(78, '10072068096301', '375973141592', 209, 5092, '00fc0089db8719fc5f4d@members.ebay.com', 'Dragos Terbea', 'Koipainterweg 4', '', '94099', 'Ruhstorf  a.d.Rott', 'drater71', 0, NULL, 4.9000, NULL, NULL, 0, 19.7200, 2, 7.4100, '2025-05-17 11:30:11', 0, 0, 1, 0, 0, 0, 0, 'Germany', 1, 0, 2, 'justneo', 0, 'CheckoutComplete', 0, '10003217859270'),
(79, '10072526584417', '375990104626', 212, 5094, '00fc2ee98b8719fda40d@members.ebay.com', 'Elmar Lieske', 'Habsburgerstrasse 114', '', '79104', 'Freiburg', 'elmar4701', 0, NULL, 3.1900, NULL, NULL, 0, 9.9900, 1, 6.8000, '2025-05-19 16:20:06', 0, 0, 1, 0, 0, 0, 0, 'Germany', 1, 0, 2, 'justneo', 0, 'CheckoutComplete', 0, '10001946103441'),
(80, '10071989317425', '376234478613', 152, 5095, '00fc964e651b245beaf8@members.ebay.com', 'Axel Schmidt', 'Euelner Straße 42', '', '51580', 'Reichshof', 'herbert_meier', 0, NULL, 0.0000, NULL, NULL, 0, 122.5500, 1, 122.5500, '2025-05-24 14:00:15', 0, 0, 1, 0, 0, 0, 0, 'Germany', 1, 0, 2, 'justneo', 0, 'CheckoutComplete', 0, '4230740793019'),
(81, '10073076861806', '375838176148', 166, 5096, '00fcb1e52afb088c2160@members.ebay.com', 'Stefan Schlesinger', 'August-Bebel-Str. 4', '', '09618', 'Brand-Erbisdorf', 'steschle_8', 0, NULL, 0.0000, NULL, NULL, 0, 9.9000, 1, 9.9000, '2025-05-25 21:20:05', 0, 0, 1, 0, 0, 0, 0, 'Germany', 1, 0, 2, 'justneo', 0, 'CheckoutComplete', 0, '10000120705586'),
(82, '10072726649912', '375990104626', 212, 5097, '00fcb21656fda60ce5b4@members.ebay.com', 'Andy Dee', 'Bexhöveder Str. 21', '', '28239', 'Bremen', 'paulemann0_6', 0, NULL, 3.1900, NULL, NULL, 0, 9.9900, 1, 6.8000, '2025-05-25 21:30:11', 0, 0, 1, 0, 0, 0, 0, 'Germany', 1, 0, 2, 'justneo', 0, 'CheckoutComplete', 0, '4897563261016'),
(83, '10077353075907', '375838176148', 166, 5099, '1f9e8dbb69406b1afb30@members.ebay.com', 'Michael Post', 'Matthias Claudius Str.6', '', '32584', 'Löhne', 'micha.v8', 0, NULL, 0.0000, NULL, NULL, 0, 9.9000, 1, 9.9000, '2025-05-29 01:00:14', 0, 0, 1, 0, 0, 0, 0, 'Germany', 1, 0, 2, 'justneo', 0, 'CheckoutComplete', 0, '10000083130234'),
(84, '10072579949902', '375806609623', 188, 5100, '1fa381e8c433630e4445@members.ebay.com', 'Andrej Engraf', 'Barkenberger Allee 106', '', '46286', 'Dorsten', 'andreengra0', 0, NULL, 4.9000, NULL, NULL, 0, 18.8000, 1, 13.9000, '2025-05-30 22:10:06', 0, 0, 1, 0, 0, 0, 0, 'Germany', 1, 0, 2, 'justneo', 0, 'CheckoutComplete', 0, '5702865479018'),
(85, '10072528439023', '375990104626', 212, 5101, '1fa5b23b5d3ed7907d43@members.ebay.com', 'Martin Rosenbaum', 'Zeppelinstraße 13a', '', '97074', 'Würzburg', 'martin_ro_ba', 0, NULL, 3.1900, NULL, NULL, 0, 9.9900, 1, 6.8000, '2025-05-31 18:00:16', 0, 0, 1, 0, 0, 0, 0, 'Germany', 1, 0, 2, 'justneo', 0, 'CheckoutComplete', 0, '10001290130622'),
(86, '10072603124402', '375973182408', 207, 5102, '1fa658c84fa48fa5d385@members.ebay.com', 'Steffen Werner', 'Am Hammerweg 36', '', '72581', 'Dettingen an der Erms', '7818steffen', 0, NULL, 0.0000, NULL, NULL, 0, 99.0000, 1, 99.0000, '2025-06-01 00:00:19', 0, 0, 1, 0, 0, 0, 0, 'Germany', 1, 0, 2, 'justneo', 0, 'CheckoutComplete', 0, '10001019401102'),
(87, '10072848144617', '375990104626', 212, 5103, '1fa7ee77e9413fe01049@members.ebay.com', 'Marko Bizjak', 'Kreiller strasse 22', '', '81673', 'München', 'markobi75', 0, NULL, 6.3800, NULL, NULL, 0, 18.6200, 2, 6.1200, '2025-06-01 14:20:06', 0, 0, 1, 0, 0, 0, 0, 'Germany', 1, 0, 2, 'justneo', 0, 'CheckoutComplete', 0, '10000287607594'),
(88, '10072551742805', '375990104626', 212, 5104, '3f4fe35fb300d60c1776@members.ebay.com', 'Holger Herrmann', 'Betzenweiler Straße 18', '', '88525', 'Hailtingen', 'flippinholsche', 0, NULL, 6.3800, NULL, NULL, 0, 18.6200, 2, 6.1200, '2025-06-01 14:30:10', 0, 0, 1, 0, 0, 0, 0, 'Germany', 1, 0, 2, 'justneo', 0, 'CheckoutComplete', 0, '2212159376012'),
(89, '10072419403601', '375973141592', 209, 5105, '3f50db94a3ad860ef132@members.ebay.com', 'Mesanovic', 'Cäcilienstr. 49a', '', '47475', 'Kamp-Lintfort', 'shbsanierungundholzbau', 0, NULL, 4.9000, NULL, NULL, 0, 12.7000, 1, 7.8000, '2025-06-01 19:00:12', 0, 0, 1, 0, 0, 0, 0, 'Germany', 1, 0, 2, 'justneo', 0, 'CheckoutComplete', 0, '1930381395026'),
(90, '10073253650206', '375990104626', 212, 5106, '3f539f11295d8a8a5d76@members.ebay.com', 'Reifen Autoservice Pneumaster', 'Daimlerstraße 10', '', '71636', 'Ludwigsburg', 'wendelinz', 0, NULL, 3.1900, NULL, NULL, 0, 9.9900, 1, 6.8000, '2025-06-02 07:30:10', 0, 0, 1, 0, 0, 0, 0, 'Germany', 1, 0, 2, 'justneo', 0, 'CheckoutComplete', 0, '10000404352699'),
(91, '10072848408319', '376234478613', 152, 5107, '3f5675c7b300d7007042@members.ebay.com', 'Thomas Raitmeir', 'Meraner Str. 2', '', '85221', 'Dachau', 'topo2311', 0, NULL, 0.0000, NULL, NULL, 0, 258.0000, 2, 129.0000, '2025-06-02 20:30:11', 0, 0, 1, 0, 0, 0, 0, 'Germany', 1, 0, 2, 'justneo', 0, 'CheckoutComplete', 0, '3426599610016'),
(92, '10072225011225', '375973141592', 209, 5108, '00fd6a4c11804a7c6a23@members.ebay.com', 'Stefan Klug', 'Am Herrgottseck 3f', '', '81669', 'München', 'stefanklug', 0, NULL, 4.9000, NULL, NULL, 0, 12.7000, 1, 7.8000, '2025-06-03 15:10:06', 0, 0, 1, 0, 0, 0, 0, 'Germany', 1, 0, 2, 'justneo', 0, 'CheckoutComplete', 0, '330811313010'),
(93, '10072384376420', '375990104626', 212, 5109, '3f5b2c3851b1af979791@members.ebay.com', 'Ingrid Linnhoff', 'Augustin-Wibbelt-Str. 10', '', '58640', 'Iserlohn', 'calimero10_0', 0, NULL, 3.1900, NULL, NULL, 0, 9.9900, 1, 6.8000, '2025-06-03 17:50:06', 0, 0, 1, 0, 0, 0, 0, 'Germany', 1, 0, 2, 'justneo', 0, 'CheckoutComplete', 0, '10000178012616'),
(94, '10072553346308', '376234478613', 152, 5111, '7ee9ad14fea9ae327094@members.ebay.com', 'Michael Wagensoner', 'Hebramsdorf 20', '', '84088', 'Neufahrn', 'babtschenk_0', 0, NULL, 0.0000, NULL, NULL, 0, 129.0000, 1, 129.0000, '2025-06-08 14:40:05', 0, 0, 1, 0, 0, 0, 0, 'Germany', 1, 0, 2, 'justneo', 0, 'CheckoutComplete', 0, '10002988240531'),
(95, '10076718687527', '375959297689', 214, 5112, '7ef4ee97acd1aebc7897@members.ebay.com', 'Jens Ripken', 'Am Ring 3', '', '26939', 'Ovelgönne', 'ripjenkens', 0, NULL, 4.9000, NULL, NULL, 0, 32.8000, 1, 27.9000, '2025-06-09 16:20:06', 0, 0, 1, 0, 0, 0, 0, 'Germany', 1, 0, 2, 'justneo', 0, 'CheckoutComplete', 0, '6054969080012'),
(96, '10072442266726', '375806609623', 188, 5114, '00fe2c58e4be2628822b@members.ebay.com', 'Frank Bauer', 'Fahlenbergstr. 37', '', '12589', 'Berlin', 'argusnaut49', 0, NULL, 4.9000, NULL, NULL, 0, 18.8000, 1, 13.9000, '2025-06-12 20:00:16', 0, 0, 1, 0, 0, 0, 0, 'Germany', 1, 0, 2, 'justneo', 0, 'CheckoutComplete', 0, '343226943025'),
(97, '10074465417613', '375957849017', 187, 5115, '7f1d7b8b40a27fc0d225@members.ebay.com', 'Sindy Parschau', 'Teichstraße 10', '', '01662', 'Meißen', 'sindyskorpion', 0, NULL, 4.9000, NULL, NULL, 0, 24.8000, 1, 19.9000, '2025-06-13 12:30:09', 0, 0, 1, 0, 0, 0, 0, 'Germany', 1, 0, 2, 'justneo', 0, 'CheckoutComplete', 0, '10002777848215'),
(98, '10073510821003', '375806609623', 188, 5116, '7f2330d707cda67e3d21@members.ebay.com', 'Amazon Logger Frederick  Logger Schell', 'Grötzinger Str. 57', '', '76227', 'Karlsruhe', 'steki76', 0, NULL, 4.9000, NULL, NULL, 0, 18.8000, 1, 13.9000, '2025-06-14 01:30:10', 0, 0, 1, 0, 0, 0, 0, 'Germany', 1, 0, 2, 'justneo', 0, 'CheckoutComplete', 0, '10003403788978'),
(99, '10077827116021', '375973182291', 213, 5117, '1fa658c84fa48fa5d385@members.ebay.com', 'Steffen Werner', 'Am Hammerweg 36', '', '72581', 'Dettingen an der Erms', '7818steffen', 0, NULL, 0.0000, NULL, NULL, 0, 179.0000, 1, 179.0000, '2025-06-15 01:00:11', 0, 0, 1, 0, 0, 0, 0, 'Germany', 1, 0, 2, 'justneo', 0, 'CheckoutComplete', 0, '10001019401102'),
(100, '10072739239701', '375806609623', 188, 5118, '00fe61e3a84f5b88f1af@members.ebay.com', 'Krzysztof Szczepkowski', 'Hauptstr. 5', '', '21447', 'Handorf', 'krzyszczep73', 0, NULL, 4.9000, NULL, NULL, 0, 18.8000, 1, 13.9000, '2025-06-15 08:50:05', 0, 0, 1, 0, 0, 0, 0, 'Germany', 1, 0, 2, 'justneo', 0, 'CheckoutComplete', 0, '10003335465706'),
(101, '10076241967618', '375973141592', 209, 5119, '00fe7e69e7f9ad99e206@members.ebay.com', 'Theater Eukitea', 'Lindenstr 18b', '', '86420', 'Diedorf', 'eukitea', 0, NULL, 4.9000, NULL, NULL, 0, 84.4600, 12, 6.6300, '2025-06-16 17:20:06', 0, 0, 1, 0, 0, 0, 0, 'Germany', 1, 0, 2, 'justneo', 0, 'CheckoutComplete', 0, '4562261059020'),
(102, '10072590424826', '375838176148', 166, 5120, '7f5c1a9b1b3c4f279810@members.ebay.com', 'Vincent Power', 'Glienicker Str. 50', '', '14109', 'Berlin', 'vin41276', 0, NULL, 0.0000, NULL, NULL, 0, 9.9000, 1, 9.9000, '2025-06-19 11:10:06', 0, 0, 1, 0, 0, 0, 0, 'Germany', 1, 0, 2, 'justneo', 0, 'CheckoutComplete', 0, '10003432646325'),
(103, '10073038997702', '375973182408', 207, 5121, '00febca744be262c6e37@members.ebay.com', 'Dieter Friedrich', 'Rahmengasse 32', '', '69120', 'Heidelberg', 'hdh8084', 0, NULL, 0.0000, NULL, NULL, 0, 99.0000, 1, 99.0000, '2025-06-19 16:10:06', 0, 0, 1, 0, 0, 0, 0, 'Germany', 1, 0, 2, 'justneo', 0, 'CheckoutComplete', 0, '10001752834753'),
(104, '10073419885512', '375990104626', 212, 5122, '00fef8d6c6367898bea6@members.ebay.com', 'Fabian Hofmann', 'Kneinstr. 32', '', '47807', 'Krefeld', 'michel_dinski', 0, NULL, 3.1900, NULL, NULL, 0, 9.9900, 1, 6.8000, '2025-06-22 12:40:06', 0, 0, 1, 0, 0, 0, 0, 'Germany', 1, 0, 2, 'justneo', 0, 'CheckoutComplete', 0, '10001935909997'),
(105, '10073039658205', '375838176148', 166, 5123, '00fefdc4a7f4262e1368@members.ebay.com', 'Bernd+Andrea Alexander', 'Steindamm 19', '', '23847', 'Lasbek-Dorf', 'harley-ashkim', 0, NULL, 0.0000, NULL, NULL, 0, 9.9000, 1, 9.9000, '2025-06-22 18:10:05', 0, 0, 1, 0, 0, 0, 0, 'Germany', 1, 0, 2, 'justneo', 0, 'CheckoutComplete', 0, '2332302379015'),
(106, '10072908597201', '375973182408', 207, 5124, '1fa658c84fa48fa5d385@members.ebay.com', 'Steffen Werner', 'Am Hammerweg 36', '', '72581', 'Dettingen an der Erms', '7818steffen', 0, NULL, 0.0000, NULL, NULL, 0, 99.0000, 1, 99.0000, '2025-06-22 22:30:09', 0, 0, 1, 0, 0, 0, 0, 'Germany', 1, 0, 2, 'justneo', 0, 'CheckoutComplete', 0, '10001019401102'),
(107, '10073055583223', '375990104626', 212, 5125, '7f88d592d6a9ae1efd53@members.ebay.com', 'Marco Schmalz', 'Ohligser Str. 56', '', '40591', 'Düsseldorf', 'masch-243497', 0, NULL, 3.1900, NULL, NULL, 0, 9.9900, 1, 6.8000, '2025-06-23 16:50:05', 0, 0, 1, 0, 0, 0, 0, 'Germany', 1, 0, 2, 'justneo', 0, 'CheckoutComplete', 0, '10000837634570'),
(108, '10072900702320', '376023078924', 211, 5127, '1fe92f80f5826b2ef717@members.ebay.com', 'Albrecht Sondermaschinen/URSU', 'Krümmling 2', '', '99734', 'Nordhausen/OT Steinbrücken', 'waldemaru11', 0, NULL, 3.1900, NULL, NULL, 0, 20.0900, 1, 16.9000, '2025-06-26 08:20:06', 0, 0, 1, 0, 0, 0, 0, 'Germany', 1, 0, 2, 'justneo', 0, 'CheckoutComplete', 0, '10002482345699'),
(109, '10073568266711', '375838176148', 166, 5128, '1fea709e8e5963715a59@members.ebay.com', 'Michael Büttner', 'Bahnhofstraße 17', '', '22880', 'Wedel', 'buetti1962', 0, NULL, 0.0000, NULL, NULL, 0, 9.9000, 1, 9.9000, '2025-06-26 19:50:06', 0, 0, 1, 0, 0, 0, 0, 'Germany', 1, 0, 2, 'justneo', 0, 'CheckoutComplete', 0, '57833601014'),
(110, '10072918156309', '375973141592', 209, 5130, '1fec7c1ca7b0abd7e447@members.ebay.com', 'Zagefka Immobilien UG', 'Kolpingstr. 1', '', '97903', 'Collenberg', 'zageug', 0, NULL, 4.9000, NULL, NULL, 0, 25.9600, 3, 7.0200, '2025-06-27 14:20:06', 0, 0, 1, 0, 0, 0, 0, 'Germany', 1, 0, 2, 'justneo', 0, 'CheckoutComplete', 0, '10003353526023'),
(111, '10072793915726', '375838176148', 166, 5131, '3fdeecd5743d1aba1d72@members.ebay.com', 'Torsten Gahrens', 'Elsterweg 32', '', '48268', 'Greven', 'torsten4218', 0, NULL, 0.0000, NULL, NULL, 0, 9.9000, 1, 9.9000, '2025-06-28 17:30:08', 0, 0, 1, 0, 0, 0, 0, 'Germany', 1, 0, 2, 'justneo', 0, 'CheckoutComplete', 0, '10000394519206'),
(112, '10073580863610', '375973182408', 207, 5132, '3fe3d88adcb6af0f6947@members.ebay.com', 'Blum', 'Ringstr. 18', '', '63594', 'Hasselroth', 'paypal-fan', 0, NULL, 0.0000, NULL, NULL, 0, 99.0000, 1, 99.0000, '2025-06-29 15:50:05', 0, 0, 1, 0, 0, 0, 0, 'Germany', 1, 0, 2, 'justneo', 0, 'CheckoutComplete', 0, '273453083012'),
(113, '10077173287627', '375973141592', 209, 5133, '3fe51f52dcb6af3de196@members.ebay.com', 'thomas zabel', 'am stangenberg 6', '', '29499', 'timmeitz', 'thomasz20100815', 0, NULL, 4.9000, NULL, NULL, 0, 12.7000, 1, 7.8000, '2025-06-29 21:40:04', 0, 0, 1, 0, 0, 0, 0, 'Germany', 1, 0, 2, 'justneo', 0, 'CheckoutComplete', 0, '552493036021'),
(114, '10073039607608', '375990104626', 212, 5134, '3fe54fe70b92d3618e66@members.ebay.com', 'Thomas Lieberenz', 'Flottsteller Str 7', '', '14552', 'Michendorf', 'lieberenz123', 0, NULL, 3.1900, NULL, NULL, 0, 9.9900, 1, 6.8000, '2025-06-29 22:30:07', 0, 0, 1, 0, 0, 0, 0, 'Germany', 1, 0, 2, 'justneo', 0, 'CheckoutComplete', 0, '10002948064108'),
(115, '10073610350312', '375838176148', 166, 5135, '3fe602f4a678b70ef192@members.ebay.com', 'Sarah Teubner', 'Roonstr. 11', '', '45699', 'Herten', 'sarateubne0', 0, NULL, 0.0000, NULL, NULL, 0, 9.9000, 1, 9.9000, '2025-06-30 01:50:06', 0, 0, 1, 0, 0, 0, 0, 'Germany', 1, 0, 2, 'justneo', 0, 'CheckoutComplete', 0, '10003412031238'),
(116, '10073218724305', '375990104626', 212, 5136, '3fe86931743d1bb80646@members.ebay.com', 'Michael Köllmann', 'Voltastr. 8', '', '30165', 'Hannover', '4urbanknights', 0, NULL, 3.1900, NULL, NULL, 0, 9.9900, 1, 6.8000, '2025-06-30 12:40:06', 0, 0, 1, 0, 0, 0, 0, 'Germany', 1, 0, 2, 'justneo', 0, 'CheckoutComplete', 0, '10003351334506'),
(117, '10073575858416', '376023031660', 219, 5137, '3fe898c49e78b7567a19@members.ebay.com', 'Aaron Steiner', 'Theodor-Hanloser-Str. 7', '', '78224', 'Singen  (Hohentwiel)', 'aa-3681', 0, NULL, 3.1900, NULL, NULL, 0, 21.0900, 1, 17.9000, '2025-06-30 13:30:11', 0, 0, 1, 0, 0, 0, 0, 'Germany', 1, 0, 2, 'justneo', 0, 'CheckoutComplete', 0, '10003435176418'),
(118, '10073602023914', '375973189554', 206, 5138, '00ffb89b0280246d4945@members.ebay.com', 'Mario Retzar', 'Reinsdorfer Str. 42', '', '08527', 'Plauen', 'par-5902', 0, NULL, 0.0000, NULL, NULL, 0, 289.0000, 1, 289.0000, '2025-07-01 14:50:06', 0, 0, 1, 0, 0, 0, 0, 'Germany', 1, 0, 2, 'justneo', 0, 'CheckoutComplete', 0, '10003370534161'),
(119, '10073937645806', '375973141592', 209, 5139, '7fdfb6ff4a3234d04668@members.ebay.com', 'Thomas Hämmerle', 'Obere Ghaustraße 4', '', '88433', 'Alberweiler', 'thomas3218', 0, NULL, 4.9000, NULL, NULL, 0, 12.7000, 1, 7.8000, '2025-07-01 22:30:10', 0, 0, 1, 0, 0, 0, 0, 'Germany', 1, 0, 2, 'justneo', 0, 'CheckoutComplete', 0, '522822537026'),
(120, '10073153533601', '376378928822', 152, 5140, '7feeb24307531537bf82@members.ebay.com', 'Hendrik Schmidtpott', 'Astruper Weg 13', 'c/o Gottschlich', '49191', 'Belm', 'henlab', 0, NULL, 0.0000, NULL, NULL, 0, 122.5500, 1, 122.5500, NULL, 0, 0, 1, 0, 0, 0, 0, 'Germany', 1, 0, 2, 'justneo', 0, 'Complete', 0, ''),
(121, '10073303890505', '375973141592', 209, 5141, '7ff4b2577d7edd1aff38@members.ebay.com', 'Ingo Dewitz', 'Im Bergfeld 23', '', '30966', 'Hemmingen', '*der-baer*', 0, NULL, 4.9000, NULL, NULL, 0, 31.4200, 4, 6.6300, NULL, 0, 0, 1, 0, 0, 0, 0, 'Germany', 1, 0, 2, 'justneo', 0, 'Complete', 0, ''),
(122, '10073679006017', '375973141592', 209, 5142, '7ffc5865ca43160f5b39@members.ebay.com', 'Yasmin Plobner', 'Fleisnitz 15', '', '95236', 'Stammbach', 'yasplo_0', 0, NULL, 4.9000, NULL, NULL, 0, 19.7200, 2, 7.4100, NULL, 0, 0, 1, 0, 0, 0, 0, 'Germany', 1, 0, 2, 'justneo', 0, 'Complete', 0, ''),
(123, '10073685361204', '375990104626', 212, 5143, '0080060ebbb4c9ae7d76@members.ebay.com', 'Axel Neumeister', 'Axel Neumeister', 'Springbornstr.11', '12487', 'Berlin', 'axneume-0', 0, NULL, 3.1900, NULL, NULL, 0, 9.9900, 1, 6.8000, NULL, 0, 0, 1, 0, 0, 0, 0, 'Germany', 1, 0, 2, 'justneo', 0, 'Complete', 0, ''),
(124, '10073424937402', '375990104626', 212, 5144, '008013cc113cf16f2948@members.ebay.com', 'Andreas Häupl', '923446783', 'Packstation 129', '39619', 'Arendsee (Altmark)', 'plasteholz', 0, NULL, 3.1900, NULL, NULL, 0, 9.9900, 1, 6.8000, NULL, 0, 0, 1, 0, 0, 0, 0, 'Germany', 1, 0, 2, 'justneo', 0, 'Complete', 0, ''),
(125, '10073210278808', '375973182408', 207, 5145, '00801959142e89af2c64@members.ebay.com', 'Sarah Friedrich', 'Kastanienallee 55', '', '22869', 'Schenefeld', 'sa_982907', 0, NULL, 0.0000, NULL, NULL, 0, 89.1000, 1, 89.1000, NULL, 0, 0, 1, 0, 0, 0, 0, 'Germany', 1, 0, 2, 'justneo', 0, 'Complete', 0, ''),
(126, '10073748640716', '375990104626', 212, 5146, '00801a8d35f8c55c10d8@members.ebay.com', 'Roland Bock', 'Lilli-Zapf-Str. 2', '', '72072', 'Tübingen', 'rolbo6621', 0, NULL, 3.1900, NULL, NULL, 0, 9.9900, 1, 6.8000, NULL, 0, 0, 1, 0, 0, 0, 0, 'Germany', 1, 0, 2, 'justneo', 0, 'Complete', 0, ''),
(127, '10074071663406', '376382926277', 231, 5147, '00801e85b77c9e6f501c@members.ebay.com', 'Mathieu Ermuth', 'Eubaer Str. 66b', '', '09577', 'Niederwiesa', 'mathieu.2', 0, NULL, 0.0000, NULL, NULL, 0, 35.9000, 1, 35.9000, NULL, 0, 0, 1, 0, 0, 0, 0, 'Germany', 1, 0, 2, 'justneo', 0, 'Complete', 0, ''),
(128, '10073754276604', '375939326219', 210, 5148, '0080239e23f8853ccbc4@members.ebay.com', 'Jens Schäfer', 'Rosenstraße 22a', '', '86842', 'Türkheim', 'knut06641', 0, NULL, 4.9000, NULL, NULL, 0, 43.0600, 1, 38.1600, NULL, 0, 0, 1, 0, 0, 0, 0, 'Germany', 1, 0, 2, 'justneo', 0, 'Complete', 0, ''),
(129, '10073171344609', '376023078924', 211, 5149, '01004c196279e2d83e6b@members.ebay.com', 'Mario Linhardt', 'Am Maienschlag 28', '', '97514', 'Oberaurach', 'bikerliner', 0, NULL, 3.1900, NULL, NULL, 0, 20.0900, 1, 16.9000, NULL, 0, 0, 1, 0, 0, 0, 0, 'Germany', 1, 0, 2, 'justneo', 0, 'Complete', 0, ''),
(130, '10073474273922', '375959297689', 214, 5150, '0080330b9128f55d3a5a@members.ebay.com', 'Marko Tasic L-Bau GbR', 'Isnyerstr.17', '', '88239', 'Wangen', 'mata-462917', 0, NULL, 4.9000, NULL, NULL, 0, 30.0100, 1, 25.1100, NULL, 0, 0, 1, 0, 0, 0, 0, 'Germany', 1, 0, 2, 'justneo', 0, 'Complete', 0, ''),
(131, '10073055791726', '375939326219', 210, 5151, '01006822e6585cd8b1d4@members.ebay.com', 'gabriele herzog', 'petristrasse 36', '', '71364', 'winnenden', 'binbieten2', 0, NULL, 4.9000, NULL, NULL, 0, 43.0600, 1, 38.1600, NULL, 0, 0, 1, 0, 0, 0, 0, 'Germany', 1, 0, 2, 'justneo', 0, 'Complete', 0, ''),
(132, '10073224874809', '375838176148', 166, 5152, '1007b55d841ab18a2d18@members.ebay.com', 'Margret Hermann', 'Wilhelmstr. 15', '', '74731', 'Walldürn', 'marher5393', 0, NULL, 0.0000, NULL, NULL, 0, 9.9000, 1, 9.9000, NULL, 0, 0, 1, 0, 0, 0, 0, 'Germany', 1, 0, 2, 'justneo', 0, 'Complete', 0, ''),
(133, '10073326893201', '375939326219', 210, 5153, '200fa71bd5b2ab658958@members.ebay.com', 'Kadhewe Westerholt', 'Eichenwaldstr. 10', '', '91361', 'Pinzberg', 'kadweste-0', 0, NULL, 4.9000, NULL, NULL, 0, 43.0600, 1, 38.1600, NULL, 0, 0, 1, 0, 0, 0, 0, 'Germany', 1, 0, 2, 'justneo', 0, 'Complete', 0, ''),
(134, '10073873256710', '375939326219', 210, 5154, '00803f7de899153f03f6@members.ebay.com', 'Doreen Rode', 'Huflattichweg 29', '', '39130', 'Magdeburg', 'kleeblatt*24', 0, NULL, 4.9000, NULL, NULL, 0, 43.0600, 1, 38.1600, NULL, 0, 0, 1, 0, 0, 0, 0, 'Germany', 1, 0, 2, 'justneo', 0, 'Complete', 0, ''),
(135, '10078454384421', '375990104626', 212, 5155, '0100a4e82289e2da0347@members.ebay.com', 'frank neumann', 'malagaweg 11', '', '30163', 'hannover', 'herry175', 0, NULL, 3.1900, NULL, NULL, 0, 9.9900, 1, 6.8000, NULL, 0, 0, 1, 0, 0, 0, 0, 'Germany', 1, 0, 2, 'justneo', 0, 'Complete', 0, ''),
(136, '10076953964618', '375959328022', 215, 5156, '0100df09c2b0ea78a08c@members.ebay.com', 'Stephanie Keßler', 'Hofwiesen6', '', '73491', 'Neuler', 'pferdegais', 0, NULL, 4.9000, NULL, NULL, 0, 34.8000, 1, 29.9000, NULL, 0, 0, 1, 0, 0, 0, 0, 'Germany', 1, 0, 2, 'justneo', 0, 'Complete', 0, ''),
(137, '10073373833124', '375973189554', 206, 5157, '0100f4939b94862c0b14@members.ebay.com', 'Nils Dannecker', 'Schillerstraße 15', '', '16225', 'Eberswalde', 'nidann_75', 0, NULL, 0.0000, NULL, NULL, 0, 780.3000, 3, 260.1000, NULL, 0, 0, 1, 0, 0, 0, 0, 'Germany', 1, 0, 2, 'justneo', 0, 'Complete', 0, ''),
(138, '10073453395801', '376378928822', 152, 5158, '0100f55ee5e0f46a0164@members.ebay.com', 'Sascha Jühlke', 'Zerzabelshofer Hauptstr. 10', '', '90480', 'Nürnberg', 'sjuehlke', 0, NULL, 0.0000, NULL, NULL, 0, 122.5500, 1, 122.5500, NULL, 0, 0, 1, 0, 0, 0, 0, 'Germany', 1, 0, 2, 'justneo', 0, 'Complete', 0, ''),
(139, '10073994353714', '376382926277', 231, 5159, '010103b1ad72dabae431@members.ebay.com', 'Katrin Behrendt', '1113694847', 'Packstation 179', '18437', 'Stralsund', 'k_ehrke_9', 0, NULL, 0.0000, NULL, NULL, 0, 35.9000, 1, 35.9000, NULL, 0, 0, 1, 0, 0, 0, 0, 'Germany', 1, 0, 2, 'justneo', 0, 'Complete', 0, ''),
(140, '10078572771421', '375990104626', 212, 5160, '01010f1550ed460b3ff7@members.ebay.com', 'Franziska Obersojer', 'Watzmannstr. 14', '', '84034', 'Landshut', 'ober-44768', 0, NULL, 3.1900, NULL, NULL, 0, 9.9900, 1, 6.8000, NULL, 0, 0, 1, 0, 0, 0, 0, 'Germany', 1, 0, 2, 'justneo', 0, 'Complete', 0, ''),
(141, '10073768851502', '375990104626', 212, 5161, '202c312b7374afb6e518@members.ebay.com', 'Toni Weber', 'Schützenstraße 13', '', '89231', 'Neu-Ulm', 'toniquarter', 0, NULL, 3.1900, NULL, NULL, 0, 9.9900, 1, 6.8000, NULL, 0, 0, 1, 0, 0, 0, 0, 'Germany', 1, 0, 2, 'justneo', 0, 'Complete', 0, ''),
(142, '10074142635910', '376382926277', 231, 5162, '202ca0f3bd3ed7c9c567@members.ebay.com', 'Susann Witt', 'Ratzeburger Allee 109', 'Gärtnerei Witt', '23562', 'Lübeck', 'dr-cabfreak', 0, NULL, 0.0000, NULL, NULL, 0, 71.8000, 2, 35.9000, '2025-07-21 19:39:33', 0, 0, 1, 0, 0, 0, 0, 'Germany', 1, 0, 2, 'justneo', 0, 'Complete', 0, ''),
(143, '10074171886612', '375939326219', 210, 5163, '0080239e23f8853ccbc4@members.ebay.com', 'Jens Schäfer', 'Rosenstraße 22a', '', '86842', 'Türkheim', 'knut06641', 0, NULL, 4.9000, NULL, NULL, 0, 43.0600, 1, 38.1600, '2025-07-22 11:39:26', 0, 0, 1, 0, 0, 0, 0, 'Germany', 1, 0, 2, 'justneo', 0, 'Complete', 0, ''),
(144, '10073768423822', '375973141592', 209, 5164, '405dead506bed26d3297@members.ebay.com', 'Joachim Maier', 'Parkstr 9', '', '82131', 'Gauting', 'tigerjakomodxtl', 0, NULL, 4.9000, NULL, NULL, 0, 12.7000, 1, 7.8000, '2025-07-22 16:52:00', 0, 0, 1, 0, 0, 0, 0, 'Germany', 1, 0, 2, 'justneo', 0, 'Complete', 0, ''),
(145, '10073369440625', '375990104626', 212, 5165, '4062da96f72983083894@members.ebay.com', 'Franziska Obersojer', 'Watztmannstrasse 14', '', '84034', 'Landshut', 'entchen153', 0, NULL, 3.1900, NULL, NULL, 0, 9.9900, 1, 6.8000, '2025-07-23 15:20:09', 0, 0, 1, 0, 0, 0, 0, 'Germany', 1, 0, 2, 'justneo', 0, 'Complete', 0, ''),
(146, '10073792893322', '375973141592', 209, 5166, '1018d4293330429e1414@members.ebay.com', 'Markus Große-Kalmer', 'Wennigser Ring 42', '', '49326', 'Melle', '2015-groek', 0, NULL, 4.9000, NULL, NULL, 0, 19.7200, 2, 7.4100, '2025-07-23 17:25:59', 0, 0, 1, 0, 0, 0, 0, 'Germany', 1, 0, 2, 'justneo', 0, 'Complete', 0, ''),
(147, '10073543771120', '375990104626', 212, 5167, '4066f00f2fe2d3855e96@members.ebay.com', 'Michael Marschall', 'Oldenburger Str. 18', '', '04157', 'Leipzig', 'xmicham', 0, NULL, 3.1900, NULL, NULL, 0, 9.9900, 1, 6.8000, '2025-07-24 09:55:14', 0, 0, 1, 0, 0, 0, 0, 'Germany', 1, 0, 2, 'justneo', 0, 'Complete', 0, ''),
(148, '10073613775608', '376378928822', 152, 5168, '40687a3eca998ac48821@members.ebay.com', 'Jens Tobias Ehrlich Kulka Gbr', 'Merzdorfer Weg 33', '', '03042', 'Cottbus', 'floriawgne_0', 0, NULL, 0.0000, NULL, NULL, 0, 122.5500, 1, 122.5500, '2025-07-24 16:55:41', 0, 0, 1, 0, 0, 0, 0, 'Germany', 1, 0, 2, 'justneo', 0, 'Complete', 0, '');
INSERT INTO `ebay_transactions` (`id`, `transactionid`, `ebayid`, `products_id`, `orders_id`, `email`, `fullname`, `street1`, `street2`, `zip`, `city`, `userid`, `paymentmethod`, `additionalshippingcosts`, `shippinghandlingcosts`, `insurancefee`, `insurancetotal`, `shippingtype`, `amountpaid`, `quantitypurchased`, `transactionprice`, `transactiondate`, `incomplete_state`, `statusis`, `STATUS`, `vat`, `geldzurueck`, `sofortneu`, `new`, `site`, `currency_value`, `external_payment_status`, `shipped`, `seller`, `soap_processed`, `checkoutstatus`, `checkoutmessage_saved`, `shipping_addressid`) VALUES
(149, '10077363865318', '375973182408', 207, 5170, '00febca744be262c6e37@members.ebay.com', 'Dieter Friedrich', 'Rahmengasse 32', '', '69120', 'Heidelberg', 'hdh8084', 0, NULL, 0.0000, NULL, NULL, 0, 99.0000, 1, 99.0000, '2025-07-31 14:59:58', 0, 0, 1, 0, 0, 0, 0, 'Germany', 1, 0, 2, 'justneo', 0, 'Complete', 1, ''),
(150, '10075667467913', '375838176148', 166, 5171, '00811a47cf923b9ce487@members.ebay.com', 'Christian Feldker', 'Adalbert-Stifter-Straße 3', '', '95615', 'Marktredwitz', 'pauleson', 0, NULL, 0.0000, NULL, NULL, 0, 9.9000, 1, 9.9000, '2025-07-31 15:47:06', 0, 0, 1, 0, 0, 0, 0, 'Germany', 1, 0, 2, 'justneo', 0, 'Complete', 0, ''),
(151, '10074379818216', '375990104626', 212, 5172, '0081219387a8f35c21e0@members.ebay.com', 'Marius Welk', 'Waldweg 18', '', '06268', 'Querfurt', 'yomann90', 0, NULL, 3.1900, NULL, NULL, 0, 9.9900, 1, 6.8000, '2025-08-01 08:23:11', 0, 0, 1, 0, 0, 0, 0, 'Germany', 1, 0, 2, 'justneo', 0, 'Complete', 0, ''),
(152, '10073580717825', '375939081522', 178, 5173, '040920195c8d54759323@members.ebay.com', 'Maximilian Martin', 'Keltenweg 4A', '', '85748', 'Garching bei München', 'desert-plains', 0, NULL, 6.3800, NULL, NULL, 0, 20.6000, 2, 7.1100, '2025-08-01 13:55:44', 0, 0, 1, 0, 0, 0, 0, 'Germany', 1, 0, 2, 'justneo', 0, 'Complete', 0, ''),
(153, '10074042348622', '375859978467', 177, 5174, '1026fcd776f049f17529@members.ebay.com', 'Ingo van de Reydt', 'Brahmsstr. 1b', '', '26506', 'Norden', 'inco1', 0, NULL, 4.9000, NULL, NULL, 0, 14.8000, 1, 9.9000, '2025-08-03 11:11:20', 0, 0, 1, 0, 0, 0, 0, 'Germany', 1, 0, 0, 'justneo', 0, 'Complete', 0, ''),
(154, '10074538877819', '376378898777', 205, 5175, '0102e21f826042ebbee9@members.ebay.com', 'Martin Themann', 'Sperberweg 52', '', '48341', 'Altenberge', 'madginero', 0, NULL, 0.0000, NULL, NULL, 0, 236.5500, 1, 236.5500, '2025-08-08 21:15:36', 0, 0, 1, 0, 0, 0, 0, 'Germany', 1, 0, 2, 'justneo', 0, 'Complete', 0, ''),
(155, '10074299753205', '376023031660', 219, 5176, '40db1bd0a35513476a75@members.ebay.com', 'Bärbel Grasse', 'Dorfstr. 3a', '', '94530', 'Auerbach', 'helds-70', 0, NULL, 3.1900, NULL, NULL, 0, 21.0900, 1, 17.9000, '2025-08-15 10:37:38', 0, 0, 1, 0, 0, 0, 0, 'Germany', 1, 0, 2, 'justneo', 0, 'Complete', 0, ''),
(156, '10074789312314', '375806979630', 181, 5177, '0081cb360e47824d3caa@members.ebay.com', 'Ulrike Funk', 'Strasse zu den Neubauten 1', '', '19412', 'Zahrensdorf', '2011ulrike2011', 0, NULL, 4.9000, NULL, NULL, 0, 10.8000, 1, 5.9000, '2025-08-17 10:24:02', 0, 0, 1, 0, 0, 0, 0, 'Germany', 1, 0, 2, 'justneo', 0, 'Complete', 0, ''),
(157, '10074438050422', '376378898777', 205, 5178, '02078ef132ec8d703273@members.ebay.com', 'Marek Ehrhardt', 'Kleine Feldstr. 6a', '', '98693', 'Ilmenau', 'birke09', 0, NULL, 0.0000, NULL, NULL, 0, 236.5500, 1, 236.5500, '2025-08-19 18:12:23', 0, 0, 1, 0, 0, 0, 0, 'Germany', 1, 0, 2, 'justneo', 0, 'Complete', 0, ''),
(158, '10074462249705', '376023031660', 219, 5179, '040fed48310f492bd541@members.ebay.com', 'Tobias Schatz', 'Haydnstraße 5', '', '56220', 'Urmitz', 'jacks13132015', 0, NULL, 3.1900, NULL, NULL, 0, 21.0900, 1, 17.9000, '2025-08-22 05:12:00', 0, 0, 1, 0, 0, 0, 0, 'Germany', 1, 0, 2, 'justneo', 0, 'Complete', 0, ''),
(159, '10074982499619', '376023031660', 219, 5180, '411405b2808b3eba5e80@members.ebay.com', 'Heiko Wenzel', 'Bornstraße 8', '', '36088', 'Hünfeld', 'okieh_lezenw', 0, NULL, 3.1900, NULL, NULL, 0, 21.0900, 1, 17.9000, '2025-08-26 05:38:48', 0, 0, 1, 0, 0, 0, 0, 'Germany', 1, 0, 2, 'justneo', 0, 'Complete', 0, ''),
(160, '10078164710518', '376023031660', 219, 5182, '008262059e49b926c2c8@members.ebay.com', 'Jasper Grosser', '1027221128', 'Packstation 267', '04277', 'Leipzig', 'entenbiene91', 0, NULL, 3.1900, NULL, NULL, 0, 21.0900, 1, 17.9000, '2025-08-31 17:38:52', 0, 0, 1, 0, 0, 0, 0, 'Germany', 1, 0, 2, 'justneo', 0, 'Complete', 0, ''),
(161, '10078305464418', '376529592487', 153, 5183, '20a6420e35cb719a2093@members.ebay.com', 'A. Heitzer', 'Lukasstr. 10', 'c/o Götzie', '04315', 'Leipzig', 'hei-56883', 0, NULL, 4.9000, NULL, NULL, 0, 10.8000, 1, 5.9000, '2025-09-05 22:45:20', 0, 0, 1, 0, 0, 0, 0, 'Germany', 1, 0, 0, 'justneo', 0, 'Complete', 0, ''),
(162, '10074609672620', '376023031660', 219, 5184, '415381c0809f3f598062@members.ebay.com', 'Jens Tefett', 'Böttcherstraße', '14', '46244', 'Bottrop', 'jense0204', 0, NULL, 3.1900, NULL, NULL, 0, 19.3000, 1, 16.1100, '2025-09-07 06:34:25', 0, 0, 1, 0, 0, 0, 0, 'Germany', 1, 0, 2, 'justneo', 0, 'Complete', 0, ''),
(163, '10075412065612', '375807036113', 162, 5186, '0082b413d977c5c451a5@members.ebay.com', 'Manuela Mohmeyer', 'Kieferneck 40', '', '29323', 'Wietze', 'mohm723', 0, NULL, 4.9000, NULL, NULL, 0, 21.1400, 2, 8.1200, '2025-09-08 12:18:03', 0, 0, 1, 0, 0, 0, 0, 'Germany', 1, 0, 2, 'justneo', 0, 'Complete', 0, ''),
(164, '10074552239325', '376529551080', 209, 5187, '105a3f187b2346e9b630@members.ebay.com', 'Florian Weber', 'Senefelderstr. 72', '', '90409', 'Nürnberg', '904flow', 0, NULL, 4.9000, NULL, NULL, 0, 20.5000, 2, 7.8000, '2025-09-11 08:19:33', 0, 0, 1, 0, 0, 0, 0, 'Germany', 1, 0, 2, 'justneo', 0, 'Complete', 0, ''),
(165, '10075658504603', '375859978467', 177, 5188, '41770ad0e1515684b419@members.ebay.com', 'Dirk Hanusch', 'Neue Str. 7', '', '01983', 'Großräschen', 'rita250906', 0, NULL, 4.9000, NULL, NULL, 0, 14.8000, 1, 9.9000, '2025-09-14 00:17:59', 0, 0, 1, 0, 0, 0, 0, 'Germany', 1, 0, 2, 'justneo', 0, 'Complete', 0, ''),
(166, '10078520975418', '376529551080', 209, 5189, '20bd4b6a719c89422b16@members.ebay.com', 'Sven Heinzelmann', 'Gartenweg 6b', '', '03096', 'Dissen-striesow', 'svheinz_0', 0, NULL, 4.9000, NULL, NULL, 0, 12.7000, 1, 7.8000, '2025-09-14 16:26:21', 0, 0, 1, 0, 0, 0, 0, 'Germany', 1, 0, 2, 'justneo', 0, 'Complete', 0, ''),
(167, '10075555681016', '376378928822', 152, 5190, '4180bf3b489d477c3251@members.ebay.com', 'Georg Mezlaw', 'Sievekingsallee 166a', '', '22111', 'Hamburg', 'grieschm', 0, NULL, 0.0000, NULL, NULL, 0, 103.2000, 1, 103.2000, '2025-09-15 20:28:10', 0, 0, 1, 0, 0, 0, 0, 'Germany', 1, 0, 2, 'justneo', 0, 'Complete', 0, ''),
(168, '10075640510012', '376022979546', 218, 5191, '08312084629a925bfa52@members.ebay.com', 'Jakob Boillat', 'c/o Geiger 17922', 'Marie-Curie-Straße 5', '79539', 'Lörrach', 'luxusvinyl', 0, NULL, 3.1900, NULL, NULL, 0, 21.1000, 1, 17.9100, '2025-09-17 10:06:00', 0, 0, 1, 0, 0, 0, 0, 'Germany', 1, 0, 2, 'justneo', 0, 'Complete', 0, ''),
(169, '10075573380119', '376378928822', 152, 5192, '00831a71c72b8a6d3f71@members.ebay.com', 'Heike Fischer', 'Hirschbach 3', '', '07957', 'Langenwetzendorf', 'sternchen.2005', 0, NULL, 0.0000, NULL, NULL, 0, 103.2000, 1, 103.2000, '2025-09-18 05:14:32', 0, 0, 1, 0, 0, 0, 0, 'Germany', 1, 0, 2, 'justneo', 0, 'Complete', 0, ''),
(170, '10075947449603', '376023031660', 219, 5193, '0106e1bd0d22751b5d4b@members.ebay.com', 'Helmut Pfeifer', 'Hopfenweg 4', '', '86687', 'Altisheim', 'schraeglage64', 0, NULL, 3.1900, NULL, NULL, 0, 19.3000, 1, 16.1100, '2025-09-26 09:54:20', 0, 0, 1, 0, 0, 0, 0, 'Germany', 1, 0, 2, 'justneo', 0, 'Complete', 0, ''),
(171, '10075302885823', '376023031660', 219, 5194, '00837ebf9b6080e6b868@members.ebay.com', 'Marcus Stegmann', 'Grevenbroicherstr.33', '', '50181', 'Bedburg', 'mordrag74', 0, NULL, 3.1900, NULL, NULL, 0, 19.3000, 1, 16.1100, '2025-09-27 17:29:16', 0, 0, 1, 0, 0, 0, 0, 'Germany', 1, 0, 2, 'justneo', 0, 'Complete', 0, ''),
(172, '10075149582420', '376023031660', 219, 5195, '00839abbb500917454f8@members.ebay.com', 'Vitalis Tag', 'Diamantstr. 34', '', '53881', 'Euskirchen-Rheder', '2007vitalis', 0, NULL, 3.1900, NULL, NULL, 0, 19.3000, 1, 16.1100, '2025-09-30 09:10:09', 0, 0, 1, 0, 0, 0, 0, 'Germany', 1, 0, 2, 'justneo', 0, 'Complete', 0, ''),
(173, '10075993819612', '375959328022', 215, 5196, '0107499977ce9b8f093d@members.ebay.com', 'olaf bartoschik', '50677774', 'Packstation 217', '14169', 'Berlin', 'gon4040', 0, NULL, 4.9000, NULL, NULL, 0, 31.8100, 1, 26.9100, '2025-10-01 08:04:37', 0, 0, 1, 0, 0, 0, 0, 'Germany', 1, 0, 2, 'justneo', 0, 'Complete', 0, ''),
(174, '10075462067722', '375990564681', 185, 5197, '041d831a48c311ad4e22@members.ebay.com', 'Dajana Nobis', 'Kattenbrookstrift', '29', '30539', 'Hannover', 'aj-539703', 0, NULL, 3.1900, NULL, NULL, 0, 13.0900, 1, 9.9000, '2025-10-02 10:26:48', 0, 0, 1, 0, 0, 0, 0, 'Germany', 1, 0, 2, 'justneo', 0, 'Complete', 0, ''),
(175, '10075433155705', '376573346298', 241, 5198, '01076368fa28db4861bc@members.ebay.com', 'Elke Driesch-Etscheid', 'Micheler Str. 2a', '', '89312', 'Günzburg', 'savuti253', 0, NULL, 4.9000, NULL, NULL, 0, 153.9000, 1, 149.0000, '2025-10-02 13:26:49', 0, 0, 1, 0, 0, 0, 0, 'Germany', 1, 0, 2, 'justneo', 0, 'Complete', 0, ''),
(176, '10076042701414', '376529551080', 209, 5199, '01079f5fbc53524804ea@members.ebay.com', 'Kerstin Brzakala', 'Schloßstr. 20', '', '06800', 'Raguhn-Jeßnitz', 'tekchrisi', 0, NULL, 4.9000, NULL, NULL, 0, 18.9400, 2, 7.0200, '2025-10-05 09:40:06', 0, 0, 1, 0, 0, 0, 0, 'Germany', 1, 0, 2, 'justneo', 0, 'Complete', 0, ''),
(177, '10075508056005', '376588953862', 243, 5200, '41e9effd1931ae7ef030@members.ebay.com', 'Sebastian Glaß', 'Bäumlesäckerweg 3', '', '72574', 'Bad Urach-Sirchingen', 'sgmillerider', 0, NULL, 3.1900, NULL, NULL, 0, 9.0900, 1, 5.9000, '2025-10-05 19:11:57', 0, 0, 1, 0, 0, 0, 0, 'Germany', 1, 0, 2, 'justneo', 0, 'Complete', 0, ''),
(178, '10076122274916', '376586981718', 242, 5201, '0083eb1b223cc35c32bb@members.ebay.com', 'Diego Gardon', 'Hachenburger Str. 2', '', '51105', 'Köln', 'filifor', 0, NULL, 4.9000, NULL, NULL, 0, 19.8000, 1, 14.9000, '2025-10-08 00:03:50', 0, 0, 1, 0, 0, 0, 0, 'Germany', 1, 0, 2, 'justneo', 0, 'Complete', 0, ''),
(179, '10075597725305', '375806979269', 182, 5202, '107f4320f96a2cb32846@members.ebay.com', 'Andrej Weizel', 'An der Jugenherberge 36', '', '53567', 'Asbach', 'evo.171', 0, NULL, 4.9000, NULL, NULL, 0, 13.8000, 1, 8.9000, '2025-10-09 10:10:45', 0, 0, 1, 0, 0, 0, 0, 'Germany', 1, 0, 2, 'justneo', 0, 'Complete', 0, ''),
(180, '10076324676806', '376529551080', 209, 5203, '10821ef30e03cff56f38@members.ebay.com', 'Oguzhan Erkmen', 'Uerdinger Str. 64', '', '40474', 'Düsseldorf', 'oguzhan_erkmen', 0, NULL, 4.9000, NULL, NULL, 0, 18.9400, 2, 7.0200, '2025-10-11 14:17:21', 0, 0, 1, 0, 0, 0, 0, 'Germany', 1, 0, 2, 'justneo', 0, 'Complete', 0, ''),
(181, '10077524081513', '375973315359', 217, 5204, '2105386474c4d73d2515@members.ebay.com', 'Gajda', 'II.Koppelweg  7', '', '38518', 'Gifhorn', 'ferrariwaldi', 0, NULL, 4.9000, NULL, NULL, 0, 29.8000, 1, 24.9000, '2025-10-11 23:07:33', 0, 0, 1, 0, 0, 0, 0, 'Germany', 1, 0, 2, 'justneo', 0, 'Complete', 0, ''),
(182, '10076230583516', '375959269083', 204, 5205, '2106cef86cc059851369@members.ebay.com', 'Alexander Feige', 'Im Fischergarten 3', '', '88250', 'Weingarten', 'alexander-f242', 0, NULL, 3.1900, NULL, NULL, 0, 12.0900, 1, 8.9000, '2025-10-12 13:34:49', 0, 0, 1, 0, 0, 0, 0, 'Germany', 1, 0, 2, 'justneo', 0, 'Complete', 0, ''),
(183, '10075697664322', '376529551080', 209, 5206, '2106e21b1a2e8db9cc83@members.ebay.com', 'Falk Lützelberger', 'Heinickeweg 8', '', '13627', 'Berlin', 'falk_luetzelberger', 0, NULL, 4.9000, NULL, NULL, 0, 18.9400, 2, 7.0200, '2025-10-12 14:15:42', 0, 0, 1, 0, 0, 0, 0, 'Germany', 1, 0, 2, 'justneo', 0, 'Complete', 0, ''),
(184, '10076230853017', '376574839305', 158, 5207, '2107011a74c4d7911b26@members.ebay.com', 'Edeltraut Senss', 'Sansibarstrasse 39', '', '13351', 'Berlin', 'dickepeter', 0, NULL, 4.9000, NULL, NULL, 0, 23.8000, 1, 18.9000, '2025-10-12 15:21:46', 0, 0, 1, 0, 0, 0, 0, 'Germany', 1, 0, 2, 'justneo', 0, 'Complete', 0, ''),
(185, '10075277572226', '375807036045', 163, 5208, '21072c203a108dd4c212@members.ebay.com', 'Elmar Kaiser', 'Schürten 16', '', '59302', 'Oelde', 'ramleresiak', 0, NULL, 4.9000, NULL, NULL, 0, 22.8000, 1, 17.9000, '2025-10-12 16:53:39', 0, 0, 1, 0, 0, 0, 0, 'Germany', 1, 0, 2, 'justneo', 0, 'Complete', 0, ''),
(186, '10076305668810', '376529551080', 209, 5209, '4214c89335c0b2a1ba78@members.ebay.com', 'Robert Klenk', 'Brückenstrasse 37', '', '71384', 'Weinstadt', 'rmk_in_germany', 0, NULL, 4.9000, NULL, NULL, 0, 18.9400, 2, 7.0200, '2025-10-13 22:11:41', 0, 0, 1, 0, 0, 0, 0, 'Germany', 1, 0, 2, 'justneo', 0, 'Complete', 0, ''),
(187, '10076493953603', '376574839194', 161, 5210, '008465ec6154f16e5939@members.ebay.com', 'Jens Naujoks', 'Packstation 101', '24014023', '25497', 'Prisdorf', 'nauipri', 0, NULL, 4.9000, NULL, NULL, 0, 24.8000, 1, 19.9000, '2025-10-19 15:32:20', 0, 0, 1, 0, 0, 0, 0, 'Germany', 1, 0, 2, 'justneo', 0, 'Complete', 0, ''),
(188, '10076564337014', '376573346298', 241, 5212, '0109460008dd1b8c27c0@members.ebay.com', 'Claus Marian Wohler', 'Charlottenhütte 8', '', '57080', 'Siegen', 'vibiemme-domo', 0, NULL, 4.9000, NULL, NULL, 0, 153.9000, 1, 149.0000, '2025-10-25 10:29:22', 0, 0, 1, 0, 0, 0, 0, 'Germany', 1, 0, 2, 'justneo', 0, 'Complete', 0, ''),
(189, '10080858572107', '376573346298', 241, 5213, '0084a54a5669c12756c6@members.ebay.com', 'Martin Tobi', 'Uhlengrund 4', '', '21220', 'Seevetal', 'tobikmr', 0, NULL, 4.9000, NULL, NULL, 0, 153.9000, 1, 149.0000, '2025-10-25 15:42:06', 0, 0, 1, 0, 0, 0, 0, 'Germany', 1, 0, 2, 'justneo', 0, 'Complete', 0, ''),
(190, '10076685214212', '375959269083', 204, 5214, '010979d92a8111c9066f@members.ebay.com', 'Peter Abel Beteiligungsges. mbH', 'Magdeburger Str. 32', 'Eingang Alte Straße', '35435', 'Wettenberg', 'retep_leba', 0, NULL, 19.1400, NULL, NULL, 0, 72.5400, 6, 8.9000, '2025-10-27 21:30:54', 0, 0, 1, 0, 0, 0, 0, 'Germany', 1, 0, 2, 'justneo', 0, 'Complete', 0, ''),
(191, '10079660866218', '376574839222', 160, 5215, '4262dbbf0565467d6a43@members.ebay.com', 'Marita Schnell', 'Senatsplatz 7', '', '55286', 'Wörrstadt', 'sm7787', 0, NULL, 4.9000, NULL, NULL, 0, 24.8000, 1, 19.9000, '2025-10-28 17:29:26', 0, 0, 1, 0, 0, 0, 0, 'Germany', 1, 0, 2, 'justneo', 0, 'Complete', 0, ''),
(192, '10075889418020', '376574839194', 161, 5216, '0109c63bcef3824b78e7@members.ebay.com', 'Dagmar Hossfeld', 'Wassermühlenstr. 11', '', '24376', 'Kappeln', 'katerzuendi', 0, NULL, 4.9000, NULL, NULL, 0, 24.8000, 1, 19.9000, '2025-10-31 12:23:28', 0, 0, 1, 0, 0, 0, 0, 'Germany', 1, 0, 2, 'justneo', 0, 'Complete', 0, ''),
(193, '10075897274120', '375990648938', 194, 5217, '4272e363495d5688f975@members.ebay.com', 'Andreas Baumgart', 'Dorfstr.38', 'OT Schwarzholz', '39596', 'Hohenberg-Krusemark', 'butterblume6186', 0, NULL, 3.1900, NULL, NULL, 0, 27.0900, 1, 23.9000, '2025-10-31 18:26:53', 0, 0, 1, 0, 0, 0, 0, 'Germany', 1, 0, 2, 'justneo', 0, 'Complete', 0, ''),
(194, '10079751819518', '376574839222', 160, 5218, '0213b0d0d2ef21513a51@members.ebay.com', 'Michael Schmidt', 'Reichertstrasse 17', '', '02826', 'Görlitz', 'mos_eisley_cantina_1791', 0, NULL, 4.9000, NULL, NULL, 0, 24.8000, 1, 19.9000, '2025-11-01 09:04:13', 0, 0, 1, 0, 0, 0, 0, 'Germany', 1, 0, 2, 'justneo', 0, 'Complete', 0, ''),
(195, '10076152090105', '375973315359', 217, 5219, '0109e078696cc44c1fa8@members.ebay.com', 'Shell Tankstelle Haiger C/o KLENS', 'Bahnhofstr. 42', '', '35708', 'Haiger', '2951klaus', 0, NULL, 4.9000, NULL, NULL, 0, 29.8000, 1, 24.9000, '2025-11-01 18:14:42', 0, 0, 1, 0, 0, 0, 0, 'Germany', 1, 0, 2, 'justneo', 0, 'Complete', 0, ''),
(196, '10076771369517', '376574839270', 159, 5220, '109ee1513f174fb53669@members.ebay.com', 'Ursula Maier', 'Am Lehnstein 14', '', '97337', 'Dettelbach', 'urs97337', 0, NULL, 4.9000, NULL, NULL, 0, 22.8000, 1, 17.9000, '2025-11-02 09:43:53', 0, 0, 1, 0, 0, 0, 0, 'Germany', 1, 0, 2, 'justneo', 0, 'Complete', 0, ''),
(197, '10076784948814', '376574839340', 157, 5221, '427db6307e0cb7821423@members.ebay.com', 'Juliane Sülter', 'Am Bokholt 9', '', '24251', 'Osdorf', 'phloxolotl', 0, NULL, 9.8000, NULL, NULL, 0, 44.6000, 1, 14.9000, '2025-11-02 19:46:00', 0, 0, 1, 0, 0, 0, 0, 'Germany', 1, 0, 0, 'justneo', 0, 'Complete', 1, ''),
(198, '10076784948914', '376574839222', 160, 5221, '427db6307e0cb7821423@members.ebay.com', 'Juliane Sülter', 'Am Bokholt 9', '', '24251', 'Osdorf', 'phloxolotl', 0, NULL, 9.8000, NULL, NULL, 0, 44.6000, 1, 19.9000, '2025-11-02 19:46:00', 0, 0, 1, 0, 0, 0, 0, 'Germany', 1, 0, 2, 'justneo', 0, 'Complete', 1, ''),
(199, '10076126330509', '376574839270', 159, 5222, '42a5322d1b3192087491@members.ebay.com', 'Tanja Moritz', 'Meinkenweg 2', '', '27339', 'Riede', 'tamor-18', 0, NULL, 4.9000, NULL, NULL, 0, 21.0100, 1, 16.1100, '2025-11-10 07:24:01', 0, 0, 1, 0, 0, 0, 0, 'Germany', 1, 0, 2, 'justneo', 0, 'Complete', 0, ''),
(200, '10076289269801', '376574839270', 159, 5224, '42b1714e75e0b39a1937@members.ebay.com', 'Waltraud Calabrese', 'Am Ring 56', '', '66583', 'Spiesen-Elversberg', 'kuschelwalli', 0, NULL, 4.9000, NULL, NULL, 0, 35.5000, 2, 15.3000, '2025-11-12 15:08:04', 0, 0, 1, 0, 0, 0, 0, 'Germany', 1, 0, 2, 'justneo', 0, 'Complete', 0, ''),
(201, '10076210383224', '376574839222', 160, 5225, '42b29c5cd458bbd19055@members.ebay.com', 'Ute Adler', 'Nürnberger Str. 52', '', '97076', 'Würzburg', 'ad-2964', 0, NULL, 4.9000, NULL, NULL, 0, 22.8100, 1, 17.9100, '2025-11-12 20:27:10', 0, 0, 1, 0, 0, 0, 0, 'Germany', 1, 0, 2, 'justneo', 0, 'Complete', 0, ''),
(202, '10076817280404', '376574839270', 159, 5226, '00857393391ccdbcb1b3@members.ebay.com', 'Jörg Ostrowski', 'Taklerring 16', '', '18109', 'Rostock', 'supporter*h*s*v*', 0, NULL, 4.9000, NULL, NULL, 0, 21.0100, 1, 16.1100, '2025-11-14 05:07:04', 0, 0, 1, 0, 0, 0, 0, 'Germany', 1, 0, 2, 'justneo', 0, 'Complete', 0, ''),
(203, '10077107633815', '375807035952', 164, 5227, '0085764dfed655c58f53@members.ebay.com', 'Robert Keane', 'Charles-Roß-Ring 118', '', '24106', 'Kiel', 'bobby2503', 0, NULL, 4.9000, NULL, NULL, 0, 14.8000, 1, 9.9000, '2025-11-14 11:19:33', 0, 0, 1, 0, 0, 0, 0, 'Germany', 1, 0, 2, 'justneo', 0, 'Complete', 0, ''),
(204, '10076527300722', '376574839270', 159, 5228, '42b1714e75e0b39a1937@members.ebay.com', 'Waltraud Calabrese', 'Am Ring 56', '', '66583', 'Spiesen-Elversberg', 'kuschelwalli', 0, NULL, 4.9000, NULL, NULL, 0, 35.5000, 2, 15.3000, '2025-11-15 15:43:03', 0, 0, 1, 0, 0, 0, 0, 'Germany', 1, 0, 2, 'justneo', 0, 'Complete', 0, ''),
(205, '10077152955714', '376694824175', 161, 5229, '00858af231d8da7ef67e@members.ebay.com', 'Katrin Schuricht -Seidel', 'Auf der Leiten 10', '', '94522', 'Wallersdorf', 'hihahexe', 0, NULL, 4.9000, NULL, NULL, 0, 24.8000, 1, 19.9000, '2025-11-16 10:17:47', 0, 0, 1, 0, 0, 0, 0, 'Germany', 1, 0, 2, 'justneo', 0, 'Complete', 0, ''),
(206, '10076499827623', '376694824175', 161, 5230, '00858c463547cdc70d44@members.ebay.com', 'Marc fornfeist', 'Niederrheinstr. 3', '', '40474', 'Düsseldorf', 'fortuna-man', 0, NULL, 4.9000, NULL, NULL, 0, 24.8000, 1, 19.9000, '2025-11-16 13:19:07', 0, 0, 1, 0, 0, 0, 0, 'Germany', 1, 0, 2, 'justneo', 0, 'Complete', 0, ''),
(207, '10077205861110', '376694824175', 161, 5231, '00858fa0ad47cdc767e3@members.ebay.com', 'Hardy Michael Gohl', 'Mahlower Str 121D', '', '14513', 'Teltow', 'micha6070', 0, NULL, 4.9000, NULL, NULL, 0, 24.8000, 1, 19.9000, '2025-11-16 20:56:53', 0, 0, 1, 0, 0, 0, 0, 'Germany', 1, 0, 2, 'justneo', 0, 'Complete', 0, ''),
(208, '10077228091810', '376574839270', 159, 5232, '008597de7fb2f35f0d69@members.ebay.com', 'Silke Eberle', 'Gartenstr. 5', '', '75438', 'Knittlingen', 'ebe_33120', 0, NULL, 4.9000, NULL, NULL, 0, 22.8000, 1, 17.9000, '2025-11-17 15:43:10', 0, 0, 1, 0, 0, 0, 0, 'Germany', 1, 0, 2, 'justneo', 0, 'Complete', 0, ''),
(209, '10076328371024', '376694824175', 161, 5233, '008597f40f92f35f0d6a@members.ebay.com', 'Barbara Witt', 'Heimgartenstr. 5', '', '72351', 'Geislingen', 'nymphe57', 0, NULL, 4.9000, NULL, NULL, 0, 24.8000, 1, 19.9000, '2025-11-17 15:53:43', 0, 0, 1, 0, 0, 0, 0, 'Germany', 1, 0, 2, 'justneo', 0, 'Complete', 0, ''),
(210, '10077249899006', '376694824175', 161, 5234, '010b3eebd3b1b4f8b1fb@members.ebay.com', 'Sonia Zimmermann', 'Buchenweg 8', '', '35625', 'Hüttenberg', 'sonidud-4', 0, NULL, 4.9000, NULL, NULL, 0, 29.8000, 1, 24.9000, '2025-11-18 08:58:41', 0, 0, 1, 0, 0, 0, 0, 'Germany', 1, 0, 2, 'justneo', 0, 'Complete', 0, ''),
(211, '10076554801323', '376529551080', 209, 5235, '0085a076ac658a4d4dd2@members.ebay.com', 'Thomas Gries', 'Richard-Wagner-Straße 71', '', '65830', 'Kriftel', 'grasmere64', 0, NULL, 4.9000, NULL, NULL, 0, 29.8600, 4, 6.2400, '2025-11-18 11:15:41', 0, 0, 1, 0, 0, 0, 0, 'Germany', 1, 0, 2, 'justneo', 0, 'Complete', 0, ''),
(212, '10077341713603', '376574839340', 157, 5236, '217387e90d896945a983@members.ebay.com', 'Annegret Zimpel', 'Kastanienweg 23', '', '14641', 'Nauen', 'atl-kastanie', 0, NULL, 4.9000, NULL, NULL, 0, 19.8000, 1, 14.9000, '2025-11-22 19:09:45', 0, 0, 1, 0, 0, 0, 0, 'Germany', 1, 0, 2, 'justneo', 0, 'Complete', 0, ''),
(213, '10077045637904', '376529551080', 209, 5237, '010baa455e22746cc192@members.ebay.com', 'Bernd Hertle', 'Solitudeallee 4/2', '', '71636', 'Ludwigsburg', 'boerny2001', 0, NULL, 4.9000, NULL, NULL, 0, 18.9400, 2, 7.0200, '2025-11-23 11:07:10', 0, 0, 1, 0, 0, 0, 0, 'Germany', 1, 0, 2, 'justneo', 0, 'Complete', 0, ''),
(214, '10077441255812', '376574839305', 158, 5238, '010bc574937ecb8ddfb7@members.ebay.com', 'Marc Meerkamp', 'Helenenstr.16', '', '46049', 'Oberhausen', 'chicoottawa', 0, NULL, 4.9000, NULL, NULL, 0, 22.8100, 1, 17.9100, '2025-11-24 18:02:55', 0, 0, 1, 0, 0, 0, 0, 'Germany', 1, 0, 2, 'justneo', 0, 'Complete', 0, ''),
(215, '10078714377713', '376574839305', 158, 5239, '010bd0f7a92bad8c7854@members.ebay.com', 'Sabrina Akgül', 'Tannenbergstr. 1', '', '31848', 'Bad Münder am Deister', 'sabrinaa1407', 0, NULL, 4.9000, NULL, NULL, 0, 22.8100, 1, 17.9100, '2025-11-25 07:08:45', 0, 0, 1, 0, 0, 0, 0, 'Germany', 1, 0, 2, 'justneo', 0, 'Complete', 0, ''),
(216, '10076827119422', '375927699664', 200, 5240, '010bfc7dd92bad8df0f3@members.ebay.com', 'Angelika Grathwohl', 'Buchenweg 22', '', '84094', 'Elsendorf', '0815*g*', 0, NULL, 3.1900, NULL, NULL, 0, 9.0900, 1, 5.9000, '2025-11-27 08:40:31', 0, 0, 1, 0, 0, 0, 0, 'Germany', 1, 0, 2, 'justneo', 0, 'Complete', 0, ''),
(217, '10078823571313', '376573346298', 241, 5241, '04309b52eb6a95326f81@members.ebay.com', 'Arnd-D. zur Horst & Nadja Gropp', 'Georgengasse 10', '', '99734', 'Nordhausen', '317412', 0, NULL, 4.9000, NULL, NULL, 0, 153.9000, 1, 149.0000, '2025-11-29 08:50:26', 0, 0, 1, 0, 0, 0, 0, 'Germany', 1, 0, 2, 'justneo', 0, 'Complete', 0, ''),
(218, '10076860277405', '376573346298', 241, 5242, '010c302f1dcc144dcb4f@members.ebay.com', 'Michael Keller', 'Rhönstr. 52', '', '36341', 'Lauterbach', 'mickel-74', 0, NULL, 4.9000, NULL, NULL, 0, 153.9000, 1, 149.0000, '2025-11-29 19:28:56', 0, 0, 1, 0, 0, 0, 0, 'Germany', 1, 0, 2, 'justneo', 0, 'Complete', 0, ''),
(219, '10076737314101', '376529551080', 209, 5243, '00861dd69a0b22350a7d@members.ebay.com', 'Dr. Krell', 'Alramstrasse 27b', '', '81371', 'München', '10117michaela', 0, NULL, 4.9000, NULL, NULL, 0, 18.9400, 2, 7.0200, '2025-11-30 08:33:29', 0, 0, 1, 0, 0, 0, 0, 'Germany', 1, 0, 2, 'justneo', 0, 'Complete', 0, ''),
(220, '10076860493923', '376574839305', 158, 5244, '43104af7d979af844878@members.ebay.com', 'Mamun Hodali', 'Pröpstinghoff 9', '', '48607', 'Ochtrup', 'sweet.bonbon', 0, NULL, 4.9000, NULL, NULL, 0, 22.8100, 1, 17.9100, '2025-11-30 14:48:32', 0, 0, 1, 0, 0, 0, 0, 'Germany', 1, 0, 2, 'justneo', 0, 'Complete', 0, ''),
(221, '10077551796814', '376574839222', 160, 5245, '010c42b5254d564e7c7a@members.ebay.com', 'Nadine Pietrzik', 'Einsteinring 15', '', '90453', 'Nürnberg', '11sunshinestate', 0, NULL, 4.9000, NULL, NULL, 0, 29.8000, 1, 24.9000, '2025-11-30 16:33:27', 0, 0, 1, 0, 0, 0, 0, 'Germany', 1, 0, 2, 'justneo', 0, 'Complete', 0, ''),
(222, '10077596768406', '375807036045', 163, 5246, '43165257da71ae118a65@members.ebay.com', 'Lezgin Nas', 'Bonifatiusstraße 58', '', '54296', 'Trier', 'lezo473', 0, NULL, 4.9000, NULL, NULL, 0, 22.8000, 1, 17.9000, '2025-12-01 18:14:51', 0, 0, 1, 0, 0, 0, 0, 'Germany', 1, 0, 2, 'justneo', 0, 'Complete', 0, ''),
(223, '10081880696221', '376589151968', 244, 5247, '10c652b340822dd2df27@members.ebay.com', 'Kaufmann Jacqueline', 'Sophienstrasse 6', '', '97645', 'Ostheim vor der Rhön', 'jackapraga', 0, NULL, 3.1900, NULL, NULL, 0, 12.0900, 1, 8.9000, '2025-12-02 07:45:59', 0, 0, 1, 0, 0, 0, 0, 'Germany', 1, 0, 2, 'justneo', 0, 'Complete', 0, ''),
(224, '10076965914922', '375807036045', 163, 5248, '010c6753846cc64fde41@members.ebay.com', 'Robin Schmidt', 'Föhrenstr. 13a', '', '82194', 'Gröbenzell', 'ro-608720', 0, NULL, 4.9000, NULL, NULL, 0, 22.8000, 1, 17.9000, '2025-12-02 10:13:14', 0, 0, 1, 0, 0, 0, 0, 'Germany', 1, 0, 2, 'justneo', 0, 'Complete', 0, ''),
(225, '10077613844914', '375990632268', 191, 5249, '010c684d818b349ff4f8@members.ebay.com', 'Martin Saathoff', 'Torfstrasse 7', '', '26759', 'Hinte', 'hsvfanmartin', 0, NULL, 3.1900, NULL, NULL, 0, 10.0900, 1, 6.9000, '2025-12-02 11:19:56', 0, 0, 1, 0, 0, 0, 0, 'Germany', 1, 0, 2, 'justneo', 0, 'Complete', 0, ''),
(226, '10080622437018', '376744932546', 249, 5250, '43104af7d979af844878@members.ebay.com', 'Mamun Hodali', 'Pröpstinghoff 9', '', '48607', 'Ochtrup', 'sweet.bonbon', 0, NULL, 4.9000, NULL, NULL, 0, 29.8000, 1, 24.9000, '2025-12-02 13:55:35', 0, 0, 1, 0, 0, 0, 0, 'Germany', 1, 0, 2, 'justneo', 0, 'Complete', 0, ''),
(227, '10077707560416', '375990649117', 193, 5251, '010ca9459d5682ca571a@members.ebay.com', 'Viktor Morozov', 'Josef-Lohneis-Str. 2a', '', '90451', 'Nürnberg', 'vic_morozov', 0, NULL, 3.1900, NULL, NULL, 0, 10.0900, 1, 6.9000, '2025-12-05 13:15:10', 0, 0, 1, 0, 0, 0, 0, 'Germany', 1, 0, 2, 'justneo', 0, 'Complete', 0, ''),
(228, '10076896476320', '375990649246', 156, 5252, '010c684d818b349ff4f8@members.ebay.com', 'Martin Saathoff', 'Torfstrasse 7', '', '26759', 'Hinte', 'hsvfanmartin', 0, NULL, 3.1900, NULL, NULL, 0, 8.7100, 1, 5.5200, '2025-12-09 10:20:44', 0, 0, 1, 0, 0, 0, 0, 'Germany', 1, 0, 2, 'justneo', 0, 'Complete', 0, ''),
(229, '10077052985901', '375959328022', 215, 5254, '010d26a6306732ce2e0c@members.ebay.com', 'Barbara Kalinski', 'Weidenweg 58', '', '47059', 'Duisburg', 'laflamm', 0, NULL, 4.9000, NULL, NULL, 0, 34.8000, 1, 29.9000, '2025-12-11 11:54:18', 0, 0, 1, 0, 0, 0, 0, 'Germany', 1, 0, 2, 'justneo', 0, 'Complete', 0, ''),
(230, '10077085984801', '375959417842', 216, 5255, '00869fd811d8da7fe937@members.ebay.com', 'Stephanie Woite', 'Gartenstr.2', '', '03058', 'Neuhausen', 'step-wein', 0, NULL, 4.9000, NULL, NULL, 0, 20.9700, 1, 16.0700, '2025-12-12 16:24:08', 0, 0, 1, 0, 0, 0, 0, 'Germany', 1, 0, 2, 'justneo', 0, 'Complete', 0, ''),
(231, '10077944315717', '376753760451', 254, 5256, '4354c93b6c951b6d6b45@members.ebay.com', 'Olga Loban', 'Porzer Str. 117', '', '12524', 'Berlin', 'babrow007', 0, NULL, 0.0000, NULL, NULL, 0, 39.9000, 1, 39.9000, '2025-12-13 14:31:49', 0, 0, 1, 0, 0, 0, 0, 'Germany', 1, 0, 0, 'justneo', 0, 'Complete', 0, ''),
(232, '10077332945002', '376574839270', 159, 5257, '010d69c38bdb2d886de3@members.ebay.com', 'Anja Lesniak', 'Mommartzstrasse 21', '', '52525', 'Heinsberg Dremmen', 'scott_litt', 0, NULL, 4.9000, NULL, NULL, 0, 19.0500, 1, 14.1500, '2025-12-14 16:15:59', 0, 0, 1, 0, 0, 0, 0, 'Germany', 1, 0, 0, 'justneo', 0, 'Complete', 0, ''),
(233, '10077104833408', '375807035952', 164, 5258, '435abce4e2ef579af843@members.ebay.com', 'Waldemar Tyczynski', 'Heckinghauser Str. 142', '', '42289', 'Wuppertal', 'waldtycz-30', 0, NULL, 4.9000, NULL, NULL, 0, 14.8000, 1, 9.9000, '2025-12-14 17:37:05', 0, 0, 1, 0, 0, 0, 0, 'Germany', 1, 0, 0, 'justneo', 0, 'Complete', 0, ''),
(234, '10077939907003', '375959417842', 216, 5259, '010d6e8dcf65e6bcb2ae@members.ebay.com', 'Jochen Richrath', 'Duventhaler Weg 6', '', '52388', 'Nörvenich', 'krebsjochen', 0, NULL, 4.9000, NULL, NULL, 0, 20.9700, 1, 16.0700, '2025-12-14 21:42:57', 0, 0, 1, 0, 0, 0, 0, 'Germany', 1, 0, 0, 'justneo', 0, 'Complete', 0, '');

-- --------------------------------------------------------

--
-- Tabellenstruktur für Tabelle `ebay_uuid`
--

CREATE TABLE `ebay_uuid` (
  `UUID` int(11) NOT NULL
) ENGINE=MyISAM DEFAULT CHARSET=utf8;

--
-- Daten für Tabelle `ebay_uuid`
--

INSERT INTO `ebay_uuid` (`UUID`) VALUES
(313);

-- --------------------------------------------------------

--
-- Tabellenstruktur für Tabelle `ebay_variations`
--

CREATE TABLE `ebay_variations` (
  `ebay_variations_id` int(11) NOT NULL,
  `quantity` int(2) NOT NULL,
  `sku` varchar(64) DEFAULT NULL,
  `startprice` float NOT NULL,
  `ebay_variations_sets_id` int(11) NOT NULL,
  `products_id` int(11) NOT NULL,
  `sort_order` tinyint(4) DEFAULT NULL,
  `ean` varchar(16) DEFAULT NULL,
  `isbn` varchar(16) DEFAULT NULL,
  `ProductReferenceID` varchar(64) NOT NULL
) ENGINE=MyISAM DEFAULT CHARSET=utf8;

-- --------------------------------------------------------

--
-- Tabellenstruktur für Tabelle `ebay_variationspecificssets`
--

CREATE TABLE `ebay_variationspecificssets` (
  `ebay_variationspecificssets_id` int(11) NOT NULL,
  `nvl_name` varchar(64) NOT NULL,
  `nvl_value` text NOT NULL,
  `ebay_variations_sets_id` int(11) NOT NULL,
  `variations_pictures_base` int(1) DEFAULT NULL
) ENGINE=MyISAM DEFAULT CHARSET=utf8;

-- --------------------------------------------------------

--
-- Tabellenstruktur für Tabelle `ebay_variations_pictures`
--

CREATE TABLE `ebay_variations_pictures` (
  `ebay_variations_pictures_id` int(11) NOT NULL,
  `VariationSpecificName` varchar(64) NOT NULL,
  `ebay_variations_id` int(11) NOT NULL,
  `ebay_variations_sets_id` int(11) NOT NULL
) ENGINE=MyISAM DEFAULT CHARSET=utf8;

-- --------------------------------------------------------

--
-- Tabellenstruktur für Tabelle `ebay_variations_pictures_sets`
--

CREATE TABLE `ebay_variations_pictures_sets` (
  `ebay_variations_pictures_sets_id` int(11) NOT NULL,
  `ebay_variations_pictures_id` int(11) NOT NULL,
  `VariationSpecificValue` varchar(64) NOT NULL
) ENGINE=MyISAM DEFAULT CHARSET=utf8;

-- --------------------------------------------------------

--
-- Tabellenstruktur für Tabelle `ebay_variations_pictures_sets_urls`
--

CREATE TABLE `ebay_variations_pictures_sets_urls` (
  `ebay_variations_pictures_sets_urls_id` int(11) NOT NULL,
  `ebay_variations_pictures_sets_id` int(11) NOT NULL,
  `PictureURL` varchar(255) NOT NULL,
  `sort_order` int(1) NOT NULL
) ENGINE=MyISAM DEFAULT CHARSET=utf8;

-- --------------------------------------------------------

--
-- Tabellenstruktur für Tabelle `ebay_variations_sets`
--

CREATE TABLE `ebay_variations_sets` (
  `ebay_variations_sets_id` int(11) NOT NULL,
  `ebay_products_id` int(11) NOT NULL,
  `title` varchar(64) NOT NULL,
  `date_added` datetime NOT NULL,
  `fixed_bug` int(1) NOT NULL COMMENT 'fuer umstellung auf neues variantenset bilder handling - kann raus sobald durchgefuehrt'
) ENGINE=MyISAM DEFAULT CHARSET=utf8;

-- --------------------------------------------------------

--
-- Tabellenstruktur für Tabelle `ebay_variations_variationspecifics`
--

CREATE TABLE `ebay_variations_variationspecifics` (
  `ebay_variations_variationspecifics_id` int(11) NOT NULL,
  `ebay_variations_id` int(11) NOT NULL,
  `nvl_name` varchar(64) NOT NULL,
  `nvl_value` varchar(64) NOT NULL
) ENGINE=MyISAM DEFAULT CHARSET=utf8;

-- --------------------------------------------------------

--
-- Tabellenstruktur für Tabelle `ebay_warning_history`
--

CREATE TABLE `ebay_warning_history` (
  `id` int(11) NOT NULL,
  `orders_id` int(11) NOT NULL DEFAULT '0',
  `customers_id` int(11) NOT NULL DEFAULT '0',
  `action` varchar(128) NOT NULL DEFAULT '',
  `warning_date` datetime NOT NULL DEFAULT '0000-00-00 00:00:00',
  `warning_status` int(1) NOT NULL DEFAULT '0'
) ENGINE=MyISAM DEFAULT CHARSET=utf8;

-- --------------------------------------------------------

--
-- Tabellenstruktur für Tabelle `email_staff_allocation`
--

CREATE TABLE `email_staff_allocation` (
  `email_staff_allocation_id` int(11) NOT NULL,
  `email_id` int(11) NOT NULL,
  `customers_id` int(11) NOT NULL,
  `date_added` datetime NOT NULL
) ENGINE=InnoDB DEFAULT CHARSET=utf8;

-- --------------------------------------------------------

--
-- Tabellenstruktur für Tabelle `email_staff_allocation_history`
--

CREATE TABLE `email_staff_allocation_history` (
  `email_staff_allocation_history_id` int(11) NOT NULL,
  `email_id` int(11) NOT NULL,
  `customers_id` int(11) NOT NULL,
  `comments` text,
  `date_added` datetime NOT NULL,
  `read_status` int(1) NOT NULL,
  `sender_id` int(11) NOT NULL
) ENGINE=InnoDB DEFAULT CHARSET=utf8;

-- --------------------------------------------------------

--
-- Tabellenstruktur für Tabelle `event`
--

CREATE TABLE `event` (
  `event_id` int(11) NOT NULL,
  `products_id` int(11) NOT NULL,
  `slots` int(11) NOT NULL,
  `added` datetime NOT NULL
) ENGINE=InnoDB DEFAULT CHARSET=utf8;

-- --------------------------------------------------------

--
-- Tabellenstruktur für Tabelle `events_to_event_tickets`
--

CREATE TABLE `events_to_event_tickets` (
  `events_to_event_tickets_id` int(11) NOT NULL,
  `events_id` int(11) NOT NULL,
  `event_tickets_id` int(11) NOT NULL,
  `persons` tinyint(4) NOT NULL,
  `price_add` decimal(15,4) NOT NULL,
  `ek_price` float(15,4) NOT NULL
) ENGINE=InnoDB DEFAULT CHARSET=utf8;

-- --------------------------------------------------------

--
-- Tabellenstruktur für Tabelle `event_dates`
--

CREATE TABLE `event_dates` (
  `event_dates_id` int(11) NOT NULL,
  `event_id` int(11) NOT NULL,
  `event_date` date NOT NULL,
  `added` datetime NOT NULL,
  `disabled` int(1) NOT NULL
) ENGINE=InnoDB DEFAULT CHARSET=utf8;

-- --------------------------------------------------------

--
-- Tabellenstruktur für Tabelle `event_dates_timer`
--

CREATE TABLE `event_dates_timer` (
  `event_dates_timer_id` int(11) NOT NULL,
  `event_dates_id` int(11) NOT NULL,
  `event_time` time NOT NULL,
  `added` datetime NOT NULL,
  `disabled` int(1) NOT NULL
) ENGINE=InnoDB DEFAULT CHARSET=utf8;

-- --------------------------------------------------------

--
-- Tabellenstruktur für Tabelle `event_tickets`
--

CREATE TABLE `event_tickets` (
  `event_tickets_id` int(11) NOT NULL,
  `date_added` datetime NOT NULL
) ENGINE=InnoDB DEFAULT CHARSET=utf8;

-- --------------------------------------------------------

--
-- Tabellenstruktur für Tabelle `event_tickets_description`
--

CREATE TABLE `event_tickets_description` (
  `event_tickets_description_id` int(11) NOT NULL,
  `event_tickets_id` int(11) NOT NULL,
  `title` varchar(128) NOT NULL,
  `description` text,
  `language_id` int(1) NOT NULL
) ENGINE=InnoDB DEFAULT CHARSET=utf8;

-- --------------------------------------------------------

--
-- Tabellenstruktur für Tabelle `feedback_reminder`
--

CREATE TABLE `feedback_reminder` (
  `feedback_reminder_id` int(11) NOT NULL,
  `orders_id` int(11) NOT NULL DEFAULT '0',
  `ebay_id` varchar(32) NOT NULL DEFAULT '',
  `ebay_user_id` varchar(64) NOT NULL DEFAULT '',
  `mailcounter` tinyint(4) NOT NULL DEFAULT '0',
  `last_action` datetime NOT NULL DEFAULT '0000-00-00 00:00:00'
) ENGINE=MyISAM DEFAULT CHARSET=utf8;

-- --------------------------------------------------------

--
-- Tabellenstruktur für Tabelle `flashpoint_import_configuration`
--

CREATE TABLE `flashpoint_import_configuration` (
  `flashpoint_import_configuration_id` int(11) NOT NULL,
  `col_id` int(11) NOT NULL DEFAULT '0',
  `col_type` varchar(64) NOT NULL DEFAULT '',
  `col_value` varchar(64) NOT NULL DEFAULT ''
) ENGINE=MyISAM DEFAULT CHARSET=utf8;

-- --------------------------------------------------------

--
-- Tabellenstruktur für Tabelle `geo_zones`
--

CREATE TABLE `geo_zones` (
  `geo_zone_id` int(11) NOT NULL,
  `geo_zone_name` varchar(32) NOT NULL DEFAULT '',
  `geo_zone_description` varchar(255) NOT NULL DEFAULT '',
  `last_modified` datetime DEFAULT NULL,
  `date_added` datetime NOT NULL DEFAULT '0000-00-00 00:00:00'
) ENGINE=MyISAM DEFAULT CHARSET=utf8;

--
-- Daten für Tabelle `geo_zones`
--

INSERT INTO `geo_zones` (`geo_zone_id`, `geo_zone_name`, `geo_zone_description`, `last_modified`, `date_added`) VALUES
(6, 'Steuerzone EU-Ausland', '', '0000-00-00 00:00:00', '2004-09-15 10:00:46'),
(5, 'Steuerzone EU', 'Steuerzone fÃƒÆ’Ã†â€™Ãƒâ€šÃ†â€™ÃƒÆ’Ã¢â‚¬Å¡Ãƒâ€šÃ‚Â¼r die EU', '0000-00-00 00:00:00', '2004-09-15 10:00:46'),
(7, 'Steuerzone B2B', '', NULL, '2004-09-15 10:00:46'),
(8, 'USt. Steuerzone Austria', 'YES autom. Import', '0000-00-00 00:00:00', '2022-08-10 11:45:47'),
(9, 'USt. Steuerzone Belgium', 'YES autom. Import', '0000-00-00 00:00:00', '2022-08-10 11:45:47'),
(10, 'USt. Steuerzone Bulgaria', 'YES autom. Import', '0000-00-00 00:00:00', '2022-08-10 11:45:47'),
(11, 'USt. Steuerzone Cyprus', 'YES autom. Import', '0000-00-00 00:00:00', '2022-08-10 11:45:47'),
(12, 'USt. Steuerzone Czech Republic', 'YES autom. Import', '0000-00-00 00:00:00', '2022-08-10 11:45:47'),
(13, 'USt. Steuerzone Germany', 'YES autom. Import', '0000-00-00 00:00:00', '2022-08-10 11:45:47'),
(14, 'USt. Steuerzone Denmark', 'YES autom. Import', '0000-00-00 00:00:00', '2022-08-10 11:45:47'),
(15, 'USt. Steuerzone Estonia', 'YES autom. Import', '0000-00-00 00:00:00', '2022-08-10 11:45:47'),
(16, 'USt. Steuerzone Greece', 'YES autom. Import', '0000-00-00 00:00:00', '2022-08-10 11:45:47'),
(17, 'USt. Steuerzone Spain', 'YES autom. Import', '0000-00-00 00:00:00', '2022-08-10 11:45:47'),
(18, 'USt. Steuerzone Finland', 'YES autom. Import', '0000-00-00 00:00:00', '2022-08-10 11:45:47'),
(19, 'USt. Steuerzone France', 'YES autom. Import', '0000-00-00 00:00:00', '2022-08-10 11:45:47'),
(20, 'USt. Steuerzone Croatia', 'YES autom. Import', '0000-00-00 00:00:00', '2022-08-10 11:45:47'),
(21, 'USt. Steuerzone Hungary', 'YES autom. Import', '0000-00-00 00:00:00', '2022-08-10 11:45:47'),
(22, 'USt. Steuerzone Ireland', 'YES autom. Import', '0000-00-00 00:00:00', '2022-08-10 11:45:47'),
(23, 'USt. Steuerzone Italy', 'YES autom. Import', '0000-00-00 00:00:00', '2022-08-10 11:45:47'),
(24, 'USt. Steuerzone Lithuania', 'YES autom. Import', '0000-00-00 00:00:00', '2022-08-10 11:45:47'),
(25, 'USt. Steuerzone Luxembourg', 'YES autom. Import', '0000-00-00 00:00:00', '2022-08-10 11:45:47'),
(26, 'USt. Steuerzone Latvia', 'YES autom. Import', '0000-00-00 00:00:00', '2022-08-10 11:45:47'),
(27, 'USt. Steuerzone Malta', 'YES autom. Import', '0000-00-00 00:00:00', '2022-08-10 11:45:47'),
(28, 'USt. Steuerzone Netherlands', 'YES autom. Import', '0000-00-00 00:00:00', '2022-08-10 11:45:47'),
(29, 'USt. Steuerzone Poland', 'YES autom. Import', '0000-00-00 00:00:00', '2022-08-10 11:45:47'),
(30, 'USt. Steuerzone Portugal', 'YES autom. Import', '0000-00-00 00:00:00', '2022-08-10 11:45:47'),
(31, 'USt. Steuerzone Romania', 'YES autom. Import', '0000-00-00 00:00:00', '2022-08-10 11:45:47'),
(32, 'USt. Steuerzone Sweden', 'YES autom. Import', '0000-00-00 00:00:00', '2022-08-10 11:45:47'),
(33, 'USt. Steuerzone Slovenia', 'YES autom. Import', '0000-00-00 00:00:00', '2022-08-10 11:45:47'),
(34, 'USt. Steuerzone Slovakia (Slovak', 'YES autom. Import', '0000-00-00 00:00:00', '2022-08-10 11:45:47');

-- --------------------------------------------------------

--
-- Tabellenstruktur für Tabelle `groups`
--

CREATE TABLE `groups` (
  `groups_id` int(11) NOT NULL,
  `groups_title` varchar(64) NOT NULL DEFAULT '',
  `groups_created` datetime NOT NULL DEFAULT '0000-00-00 00:00:00',
  `groups_last_changed` datetime NOT NULL DEFAULT '0000-00-00 00:00:00',
  `visible` int(1) NOT NULL DEFAULT '1',
  `ebay_visible` int(1) NOT NULL
) ENGINE=MyISAM DEFAULT CHARSET=utf8;

--
-- Daten für Tabelle `groups`
--

INSERT INTO `groups` (`groups_id`, `groups_title`, `groups_created`, `groups_last_changed`, `visible`, `ebay_visible`) VALUES
(9, 'Angelzeug', '2024-09-26 08:45:36', '0000-00-00 00:00:00', 1, 1),
(10, 'Camping', '2024-10-16 08:53:55', '2024-12-07 19:48:11', 1, 1),
(11, 'Deko & Basteln', '2024-11-05 15:15:03', '0000-00-00 00:00:00', 1, 1),
(12, 'Haushalt', '2024-11-11 14:04:11', '0000-00-00 00:00:00', 1, 1),
(13, 'Freizeit', '2024-11-11 14:04:25', '0000-00-00 00:00:00', 1, 1),
(14, 'Angelköder', '2024-11-11 14:20:43', '0000-00-00 00:00:00', 1, 1),
(15, 'Campingzelt', '2024-11-11 14:38:52', '2024-12-07 16:51:59', 1, 1),
(16, 'Grill-&Kochzubehör', '2024-11-11 14:50:00', '0000-00-00 00:00:00', 1, 1),
(17, 'Survival & Erste Hilfe', '2024-11-11 15:00:00', '0000-00-00 00:00:00', 1, 1),
(18, 'Weihnachtskränze', '2024-11-11 15:04:34', '0000-00-00 00:00:00', 1, 1),
(19, 'Allgemein', '2024-11-11 16:21:19', '0000-00-00 00:00:00', 1, 1),
(20, 'Farben', '2024-11-12 08:33:36', '0000-00-00 00:00:00', 1, 1),
(21, 'Werkzeuge', '2024-11-21 14:53:28', '0000-00-00 00:00:00', 1, 1),
(22, 'Festival zubehör', '2025-12-04 09:48:35', '0000-00-00 00:00:00', 1, 1);

-- --------------------------------------------------------

--
-- Tabellenstruktur für Tabelle `groups_allocations`
--

CREATE TABLE `groups_allocations` (
  `groups_id` int(11) NOT NULL DEFAULT '0',
  `products_id` int(11) NOT NULL DEFAULT '0'
) ENGINE=MyISAM DEFAULT CHARSET=utf8;

--
-- Daten für Tabelle `groups_allocations`
--

INSERT INTO `groups_allocations` (`groups_id`, `products_id`) VALUES
(21, 181),
(21, 182),
(21, 183),
(13, 184),
(13, 185),
(13, 162),
(13, 163),
(13, 165),
(13, 186),
(13, 164),
(13, 187),
(16, 155),
(10, 153),
(15, 152),
(10, 166),
(13, 248),
(18, 161),
(10, 167),
(16, 154),
(18, 159),
(10, 168),
(18, 160),
(18, 157),
(10, 169),
(18, 158),
(9, 188),
(10, 170),
(9, 190),
(9, 156),
(13, 178),
(18, 189),
(17, 177),
(17, 176),
(17, 175),
(17, 174),
(17, 173),
(17, 172),
(17, 171),
(9, 191),
(9, 192),
(9, 193),
(9, 194),
(13, 195),
(11, 198),
(11, 197),
(11, 196),
(11, 199),
(11, 200),
(11, 201),
(11, 202),
(13, 180),
(21, 179),
(13, 203),
(13, 204),
(15, 206),
(15, 205),
(10, 207),
(13, 208),
(10, 209),
(16, 210),
(16, 211),
(10, 212),
(10, 213),
(13, 214),
(13, 215),
(13, 216),
(13, 217),
(16, 218),
(16, 219),
(15, 220),
(15, 221),
(15, 222),
(10, 223),
(10, 224),
(16, 225),
(16, 226),
(16, 227),
(15, 229),
(15, 230),
(10, 231),
(10, 232),
(10, 234),
(13, 237),
(13, 236),
(13, 238),
(13, 239),
(10, 241),
(13, 243),
(11, 242),
(13, 244),
(17, 245),
(18, 249),
(16, 246),
(22, 250),
(13, 253),
(22, 228),
(13, 251),
(13, 254),
(10, 255),
(13, 256),
(13, 257),
(13, 258),
(13, 259);

-- --------------------------------------------------------

--
-- Tabellenstruktur für Tabelle `groups_tax_rates_allocation`
--

CREATE TABLE `groups_tax_rates_allocation` (
  `groups_tax_rates_allocation_id` int(11) NOT NULL,
  `groups_id` int(11) NOT NULL,
  `tax_rates_id` int(11) NOT NULL,
  `date_added` datetime NOT NULL
) ENGINE=InnoDB DEFAULT CHARSET=utf8;

-- --------------------------------------------------------

--
-- Tabellenstruktur für Tabelle `group_history`
--

CREATE TABLE `group_history` (
  `group_history_id` int(11) NOT NULL,
  `group_id` int(11) NOT NULL DEFAULT '0',
  `date_added` datetime NOT NULL DEFAULT '0000-00-00 00:00:00',
  `comments` text,
  `editor_id` int(11) NOT NULL DEFAULT '0'
) ENGINE=MyISAM DEFAULT CHARSET=utf8;

-- --------------------------------------------------------

--
-- Tabellenstruktur für Tabelle `hermes`
--

CREATE TABLE `hermes` (
  `id` int(11) NOT NULL,
  `orders_id` int(11) NOT NULL DEFAULT '0',
  `date_saved` datetime NOT NULL DEFAULT '0000-00-00 00:00:00',
  `customer_notified` enum('n','y') NOT NULL DEFAULT 'n',
  `i_company` int(1) NOT NULL DEFAULT '0',
  `c_blocking` int(1) NOT NULL DEFAULT '0',
  `c_mailoptout` enum('N','Y') NOT NULL DEFAULT 'N',
  `s_name` varchar(64) NOT NULL DEFAULT '',
  `s_firstname` varchar(64) NOT NULL DEFAULT '',
  `s_city` varchar(64) NOT NULL DEFAULT '',
  `s_address1` varchar(64) NOT NULL DEFAULT '',
  `s_address2` varchar(64) NOT NULL DEFAULT '',
  `s_address3` varchar(64) NOT NULL DEFAULT '',
  `i_zipcode` varchar(64) NOT NULL DEFAULT '',
  `i_country` int(11) NOT NULL DEFAULT '0',
  `c_sex` enum('M','F') NOT NULL DEFAULT 'M',
  `c_shipto` enum('N','Y') NOT NULL DEFAULT 'N',
  `c_pandp` enum('N','Y') NOT NULL DEFAULT 'N',
  `f_pandpval` float NOT NULL DEFAULT '0',
  `c_paymode` char(1) NOT NULL DEFAULT '',
  `c_ordertype` char(1) NOT NULL DEFAULT '',
  `s_extern_orderno` varchar(64) NOT NULL DEFAULT '',
  `c_message` enum('N','Y') NOT NULL DEFAULT 'N',
  `i_detail` int(1) NOT NULL DEFAULT '0',
  `i_itemno` varchar(64) NOT NULL DEFAULT '',
  `i_effort` int(11) NOT NULL DEFAULT '0',
  `i_size` int(11) NOT NULL DEFAULT '0',
  `f_retailprice` float NOT NULL DEFAULT '0',
  `i_orderqty` int(11) NOT NULL DEFAULT '0',
  `reclamations_id` int(11) NOT NULL DEFAULT '0'
) ENGINE=MyISAM DEFAULT CHARSET=utf8;

-- --------------------------------------------------------

--
-- Tabellenstruktur für Tabelle `hermes_countries`
--

CREATE TABLE `hermes_countries` (
  `id` int(11) NOT NULL,
  `name` varchar(64) NOT NULL DEFAULT '',
  `iso2` char(2) NOT NULL DEFAULT '',
  `iso3` char(3) NOT NULL DEFAULT '',
  `isocode` int(11) NOT NULL DEFAULT '0'
) ENGINE=MyISAM DEFAULT CHARSET=utf8;

-- --------------------------------------------------------

--
-- Tabellenstruktur für Tabelle `hermes_status_dispos`
--

CREATE TABLE `hermes_status_dispos` (
  `hermes_status_dispos_id` int(11) NOT NULL,
  `i_company` int(11) NOT NULL DEFAULT '0',
  `i_booktype` int(11) NOT NULL DEFAULT '0',
  `i_itemno` varchar(16) NOT NULL DEFAULT '',
  `i_size` int(11) NOT NULL DEFAULT '0',
  `i_effort` int(11) NOT NULL DEFAULT '0',
  `f_retailprice` double NOT NULL DEFAULT '0',
  `f_costprice` double NOT NULL DEFAULT '0',
  `i_account` varchar(16) NOT NULL DEFAULT '',
  `i_itemqty` int(11) NOT NULL DEFAULT '0',
  `i_prodline1` int(11) NOT NULL DEFAULT '0',
  `i_prodline3` int(11) NOT NULL DEFAULT '0',
  `i_taxcode` int(11) NOT NULL DEFAULT '0',
  `c_ordertype` varchar(8) NOT NULL DEFAULT '',
  `f_discountrt` double NOT NULL DEFAULT '0',
  `i_action` int(11) NOT NULL DEFAULT '0',
  `i_order` varchar(16) NOT NULL DEFAULT '',
  `i_catalog` int(11) NOT NULL DEFAULT '0',
  `i_shop` int(11) NOT NULL DEFAULT '0',
  `i_prodrange` int(11) NOT NULL DEFAULT '0',
  `orders_id` int(11) NOT NULL DEFAULT '0',
  `ebay_id` varchar(20) NOT NULL DEFAULT '',
  `date_saved` datetime NOT NULL DEFAULT '0000-00-00 00:00:00',
  `reclamations_id` int(11) NOT NULL DEFAULT '0'
) ENGINE=MyISAM DEFAULT CHARSET=utf8;

-- --------------------------------------------------------

--
-- Tabellenstruktur für Tabelle `hermes_status_itemstock`
--

CREATE TABLE `hermes_status_itemstock` (
  `hermes_status_itemstock_id` int(11) NOT NULL,
  `i_company` int(11) NOT NULL DEFAULT '0',
  `i_itemno` varchar(16) NOT NULL DEFAULT '',
  `i_size` int(11) NOT NULL DEFAULT '0',
  `i_libqty` int(11) NOT NULL DEFAULT '0',
  `s_extern_itemno` varchar(32) NOT NULL DEFAULT '',
  `c_itemprofile` varchar(8) NOT NULL DEFAULT '',
  `i_libqtycopy` int(11) NOT NULL DEFAULT '0',
  `date_created` datetime NOT NULL DEFAULT '0000-00-00 00:00:00'
) ENGINE=MyISAM DEFAULT CHARSET=utf8;

-- --------------------------------------------------------

--
-- Tabellenstruktur für Tabelle `hermes_status_orderstat`
--

CREATE TABLE `hermes_status_orderstat` (
  `hermes_status_orderstat_id` int(11) NOT NULL,
  `orders_id` int(11) NOT NULL DEFAULT '0',
  `ebay_id` varchar(20) NOT NULL DEFAULT '',
  `i_account` int(11) NOT NULL DEFAULT '0',
  `d_create` date NOT NULL DEFAULT '0000-00-00',
  `i_order` int(11) NOT NULL DEFAULT '0',
  `i_invoice` int(11) NOT NULL DEFAULT '0',
  `i_detail` int(11) NOT NULL DEFAULT '0',
  `i_delivery` varchar(16) NOT NULL DEFAULT '',
  `i_itemno` varchar(16) NOT NULL DEFAULT '',
  `i_size` int(16) NOT NULL DEFAULT '0',
  `s_itemname` varchar(32) NOT NULL DEFAULT '',
  `i_packunit` int(11) NOT NULL DEFAULT '0',
  `i_carrier` varchar(8) NOT NULL DEFAULT '',
  `i_shipment_id` varchar(32) NOT NULL DEFAULT '',
  `reclamations_id` int(11) NOT NULL DEFAULT '0'
) ENGINE=MyISAM DEFAULT CHARSET=utf8;

-- --------------------------------------------------------

--
-- Tabellenstruktur für Tabelle `history`
--

CREATE TABLE `history` (
  `history_id` int(11) NOT NULL,
  `date_added` datetime NOT NULL DEFAULT '0000-00-00 00:00:00',
  `comments` text,
  `editor_id` int(11) NOT NULL DEFAULT '0'
) ENGINE=MyISAM DEFAULT CHARSET=utf8;

--
-- Daten für Tabelle `history`
--

INSERT INTO `history` (`history_id`, `date_added`, `comments`, `editor_id`) VALUES
(1, '2020-03-09 15:25:31', 'Es wurden 0 alte E-Mails gel&ouml;scht. (&Auml;lter als 2 Jahre)', 1),
(2, '2020-03-09 15:25:33', 'Es wurden alte Produkthistorien-Eintr&auml;ge gel&ouml;scht. (&Auml;lter als 2 Jahre)', 1),
(3, '2020-03-09 15:25:37', 'Es wurden 0 Auktionen gel&ouml;scht. (&Auml;lter als 100 Tage)', 1),
(4, '2020-03-09 15:44:07', 'Es wurden alte Produkthistorien-Eintr&auml;ge gel&ouml;scht. (&Auml;lter als 2 Jahre)', 1),
(5, '2020-12-18 12:30:21', 'Konfiguration EBAY_END_AUCTION_AT_SHOPORDER = True', 1),
(6, '2020-12-18 12:30:52', 'Konfiguration EBAY_EMAIL_SUBJECT = Ihre Bestellung {$ebay_userid} / {$ebay_id} / {$orders_id}', 1),
(7, '2020-12-18 12:31:53', 'Konfiguration EMAIL_BILLING_SUBJECT_ORDER = Ihre Bestellung Nr:{$nr} / {$date}', 1),
(8, '2021-08-19 11:07:47', 'Konfiguration BOX_MARKETING = 3,4:,,,;,,,;,,,', 1),
(9, '2021-08-19 11:07:52', 'Konfiguration BOX_MARKETING = 0,0:', 1),
(10, '2021-08-19 11:08:01', 'Konfiguration BOX_MARKETING = 0,5:', 1),
(11, '2023-07-14 17:03:04', 'Konfiguration SESSION_TIMEOUT_CUSTOMER = 14400', 1),
(12, '2023-07-14 17:03:47', 'Konfiguration ACTIVATE_GIFT_SYSTEM = true', 1),
(13, '2023-07-14 17:04:37', 'Konfiguration SMTP_PORT = 465', 1),
(14, '2023-12-18 12:25:02', 'Konfiguration RUECKERSTATTUNG_NEGATIVE_ORDER_PRODUCTS_ID = 6', 1),
(15, '2024-01-02 16:30:33', 'Konfiguration YES_BOXES = admin.php;best_sellers.php;categories_groups.php;categories_struct.php;content.php;infobox.php;information.php;languages.php;last_viewed.php;loginbox.php;manufacturers.php;marketing.php;newsletter.php;pop_cart.php;product_notifications.php;search.php;search_ean.php;shopping_cart.php;specials.php;whats_new.php;yesdsgvo.php', 1),
(16, '2024-01-26 14:42:14', 'Konfiguration NO_SHIPPING_EMAIL = 0', 1),
(17, '2024-01-26 14:44:09', 'Konfiguration SHIPPING_DEFAULT_VERSENDER_VALUE = GLS', 1),
(18, '2024-02-01 09:25:31', 'Konfiguration MARGENRECHNER_FIXKOSTEN_PERCENT = 5', 1),
(19, '2024-02-01 09:25:37', 'Konfiguration MARGENRECHNER_AMAZONFEE_PERCENT = 15', 1),
(20, '2024-02-01 09:25:42', 'Konfiguration MARGENRECHNER_EBAYFEE_PERCENT = 15', 1),
(21, '2024-09-24 12:37:54', 'Konfiguration PRODUCT_IMAGE_THUMBNAIL_WIDTH = 500', 1),
(22, '2024-09-24 12:38:00', 'Konfiguration PRODUCT_IMAGE_THUMBNAIL_HEIGHT = 500', 1),
(23, '2024-09-24 12:38:07', 'Konfiguration PRODUCT_IMAGE_INFO_WIDTH = 800', 1),
(24, '2024-09-24 12:38:14', 'Konfiguration PRODUCT_IMAGE_INFO_HEIGHT = 800', 1),
(25, '2024-09-24 12:38:54', 'Konfiguration PRODUCT_IMAGE_POPUP_WIDTH = 200', 1),
(26, '2024-09-24 12:39:02', 'Konfiguration PRODUCT_IMAGE_POPUP_HEIGHT = 2000', 1),
(27, '2024-09-24 12:39:08', 'Konfiguration PRODUCT_IMAGE_POPUP_WIDTH = 2000', 1),
(28, '2024-09-24 12:44:19', 'Konfiguration PRODUCT_IMAGE_THUMBNAIL_WIDTH = 300', 1),
(29, '2024-09-24 12:44:24', 'Konfiguration PRODUCT_IMAGE_THUMBNAIL_HEIGHT = 300', 1),
(30, '2024-09-24 12:44:31', 'Konfiguration PRODUCT_IMAGE_INFO_WIDTH = 600', 1),
(31, '2024-09-24 12:44:36', 'Konfiguration PRODUCT_IMAGE_INFO_HEIGHT = 600', 1),
(32, '2024-09-24 12:44:43', 'Konfiguration PRODUCT_IMAGE_POPUP_WIDTH = 1200', 1),
(33, '2024-09-24 12:44:49', 'Konfiguration PRODUCT_IMAGE_POPUP_HEIGHT = 1200', 1),
(34, '2024-09-24 12:50:06', 'Konfiguration IMAGE_QUALITY = 80', 1),
(35, '2024-09-26 10:06:55', 'Konfiguration SHOW_STARTPAGE_CONTENT_MATRIX_COLS = 2', 5000),
(36, '2024-09-26 14:13:32', 'Es wurden alte Produkthistorien-Eintr&auml;ge gel&ouml;scht. (&Auml;lter als 2 Jahre)', 1),
(37, '2024-09-26 14:13:35', 'Es wurden 0 alte E-Mails gel&ouml;scht. (&Auml;lter als 2 Jahre)', 1),
(38, '2024-09-26 14:13:37', 'Es wurden 0 alte E-Mails gel&ouml;scht. (&Auml;lter als 2 Jahre)', 1),
(39, '2024-09-29 11:42:20', 'Konfiguration DISPLAY_CART = false', 1),
(40, '2024-09-29 11:50:21', 'Konfiguration YES_BOXES = admin.php;best_sellers.php;categories_groups.php;categories_struct.php;content.php;infobox.php;information.php;languages.php;last_viewed.php;loginbox.php;manufacturers.php;marketing.php;newsletter.php;pop_cart.php;product_notifications.php;search.php;search_ean.php;shopping_cart.php;specials.php;whats_new.php;yesdsgvo.php', 1),
(41, '2024-09-29 18:08:18', 'Konfiguration BOX_MARKETING = 1,5:,,,,', 5000),
(42, '2024-09-29 18:09:59', 'Konfiguration BOX_MARKETING = 1,5:131,138,147,148,149', 5000),
(43, '2024-09-29 18:10:27', 'Konfiguration BOX_MARKETING = 1,8:131,138,147,148,149,,,', 5000),
(44, '2024-09-29 18:11:07', 'Konfiguration BOX_MARKETING = 1,8:131,151,147,148,149,150,,', 5000),
(45, '2024-09-30 12:19:04', 'Konfiguration SMTP_PASSWORD = info@justneo.de', 1),
(46, '2024-09-30 12:19:18', 'Konfiguration SMTP_USERNAME = info@justneo.de', 1),
(47, '2024-09-30 12:19:32', 'Konfiguration SMTP_MAIN_SERVER = sslout.df.eu', 1),
(48, '2024-09-30 12:19:54', 'Konfiguration SMTP_USERNAME = info@justneo.de', 1),
(49, '2024-09-30 12:19:59', 'Konfiguration CONTACT_US_EMAIL_ADDRESS = info@justneo.de', 1),
(50, '2024-09-30 12:20:04', 'Konfiguration CONTACT_US_REPLY_ADDRESS = info@justneo.de', 1),
(51, '2024-09-30 12:20:09', 'Konfiguration CONTACT_US_FORWARDING_STRING = info@justneo.de', 1),
(52, '2024-09-30 12:20:14', 'Konfiguration EMAIL_SUPPORT_ADDRESS = info@justneo.de', 1),
(53, '2024-09-30 12:20:18', 'Konfiguration EMAIL_SUPPORT_NAME = info@justneo.de', 1),
(54, '2024-09-30 12:20:22', 'Konfiguration EMAIL_SUPPORT_REPLY_ADDRESS = info@justneo.de', 1),
(55, '2024-09-30 12:20:26', 'Konfiguration EMAIL_SUPPORT_FORWARDING_STRING = info@justneo.de', 1),
(56, '2024-09-30 12:20:31', 'Konfiguration EMAIL_BILLING_ADDRESS = info@justneo.de', 1),
(57, '2024-09-30 12:20:36', 'Konfiguration EMAIL_BILLING_REPLY_ADDRESS = info@justneo.de', 1),
(58, '2024-09-30 12:20:50', 'Konfiguration EMAIL_BILLING_SUBJECT = Ihr Auftrag bei \"Justneo\"', 1),
(59, '2024-09-30 12:21:05', 'Konfiguration EMAIL_BILLING_NAME = Justneo Shop', 1),
(60, '2024-09-30 12:21:14', 'Konfiguration EMAIL_BILLING_REPLY_ADDRESS_NAME = Justneo Shop', 1),
(61, '2024-09-30 12:21:22', 'Konfiguration CONTACT_US_NAME = Justneo Shop', 1),
(62, '2024-09-30 12:21:30', 'Konfiguration CONTACT_US_REPLY_ADDRESS_NAME = Justneo Shop', 1),
(63, '2024-09-30 12:21:40', 'Konfiguration CONTACT_US_EMAIL_SUBJECT = Ihre Anfrage bei \"Justneo\"', 1),
(64, '2024-09-30 12:21:59', 'Konfiguration EMAIL_BILLING_FORWARDING_STRING = info@justneo.de', 1),
(65, '2024-09-30 12:22:12', 'Konfiguration EMAIL_SUPPORT_SUBJECT = Herzlich Willkomen bei \"Justneo\"', 1),
(66, '2024-09-30 12:22:19', 'Konfiguration EMAIL_SUPPORT_REPLY_ADDRESS_NAME = Justneo Shop', 1),
(67, '2024-09-30 12:22:39', 'Konfiguration STORE_NAME = Justneo Shop', 1),
(68, '2024-09-30 12:22:46', 'Konfiguration STORE_OWNER_EMAIL_ADDRESS = info@justneo.de', 1),
(69, '2024-09-30 19:42:12', 'Konfiguration SMTP_PASSWORD = Gb/kH-d&7u5-T!9aY4', 1),
(70, '2024-10-01 13:17:18', 'Konfiguration STORE_NAME_ADDRESS = <b>Justneo</b><br>Inhaber: Norbert Szyszlo<br>Stübeheide 59 <br>22337 Hamburg (Germany)<br>Tel: 040 239 68 251<br>E-Mail: info@nordiancamp.de<br>Umsatzsteuer-ID: DE365237066', 1),
(71, '2024-10-01 13:19:25', 'Konfiguration SHOP_COMPANY_NAME = Norbert Szyszlo', 1),
(72, '2024-10-01 13:19:54', 'Konfiguration STORE_NAME_ADDRESS = <b>Justneo</b><br>Inhaber: Norbert Szyszlo<br>Stübeheide 59<br>22337 Hamburg (Germany)<br>Tel: 040 239 68 251<br>E-Mail: info@nordiancamp.de<br>Umsatzsteuer-ID: DE365237066', 1),
(73, '2024-10-01 13:19:58', 'Konfiguration SHOP_COMPANY_STREET = Stübeheide 59', 1),
(74, '2024-10-01 13:20:10', 'Konfiguration SHOP_COMPANY_SUBURB = ', 1),
(75, '2024-10-01 13:20:26', 'Konfiguration STORE_NAME_ADDRESS = <b>Justneo</b><br>Inhaber: Norbert Szyszlo<br>Stübeheide 59<br>22337 Hamburg (Germany)<br>Tel: 040 239 68 251<br>E-Mail: info@nordiancamp.de<br>Umsatzsteuer-ID: DE365237066', 1),
(76, '2024-10-01 13:20:37', 'Konfiguration SHOP_COMPANY_CITY = Hamburg (Germany)', 1),
(77, '2024-10-01 13:20:42', 'Konfiguration SHOP_COMPANY_POSTCODE = 22337', 1),
(78, '2024-10-01 13:21:13', 'Konfiguration AMAZON_FULFILLMENT_ADDRESS_DATA_NAME = Justneo - Norbert Szyszlo', 1),
(79, '2024-10-01 13:21:20', 'Konfiguration AMAZON_FULFILLMENT_ADDRESS_DATA_CITY = Hamburg', 1),
(80, '2024-10-01 13:21:27', 'Konfiguration AMAZON_FULFILLMENT_ADDRESS_DATA_STATE_OR_REGION = Hamburg', 1),
(81, '2024-10-01 13:21:33', 'Konfiguration AMAZON_FULFILLMENT_ADDRESS_DATA_POSTALCODE = 22337', 1),
(82, '2024-10-01 13:21:41', 'Konfiguration AMAZON_FULFILLMENT_ADDRESS_DATA_COUNTRYCODE = DE', 1),
(83, '2024-10-01 13:22:25', 'Konfiguration STORE_WRAP = Norbert Szyszlo - Justneo | . 13 / 20000 Hamburg', 1),
(84, '2024-10-01 13:22:42', 'Konfiguration STORE_WRAP = Norbert Szyszlo - Justneo | Stübeheide 59 -', 1),
(85, '2024-10-01 13:22:54', 'Konfiguration STORE_WRAP = Norbert Szyszlo - Justneo | Stübeheide 59 - 22337 Hamburg', 1),
(86, '2024-10-01 13:23:05', 'Konfiguration STORE_NAME_ADDRESS = <b>Justneo</b><br>Inhaber: Norbert Szyszlo<br>Stübeheide 59<br>22337 Hamburg (Germany)<br>Tel: 040 239 68 251<br>E-Mail: info@nordiancamp.de<br>Umsatzsteuer-ID: DE365237066', 1),
(87, '2024-10-01 13:23:11', 'Konfiguration STORE_OWNER_VAT_ID = DE365237066', 1),
(88, '2024-10-01 13:23:39', 'Konfiguration MODULE_PAYMENT_MONEYORDER_PAYTO = Norbert Szyszlo - Justneo | Hamburger Bank, BLZ.: 20050500 - Kto: 123456789 - IBAN:   DE123456789012345678890 - BIC: HASPDEHH XXX', 1),
(89, '2024-10-01 13:55:34', 'Konfiguration MODULE_PAYMENT_MONEYORDER_PAYTO = Kontoinhaber: Norbert Szyszlo<br>Bankname: Holvi Payment Services Oy Zweigniederlassung Deutschland<br>IBAN: DE30100179970082988976<br>SWIFT/BIC: HOLVDEB1', 1),
(90, '2024-10-01 13:55:43', 'Konfiguration BANK_WRAP = <p>Kontoinhaber: Norbert Szyszlo<br>Bankname: Holvi Payment Services Oy Zweigniederlassung Deutschland<br>IBAN: DE30100179970082988976<br>SWIFT/BIC: HOLVDEB1</p>', 1),
(91, '2024-10-01 16:53:32', 'Konfiguration EBAY_USER = justneo', 1),
(92, '2024-10-01 16:53:46', 'Konfiguration EBAY_SHOPUSERNAME = justneo', 1),
(93, '2024-10-02 09:42:02', 'Konfiguration STORE_OWNER = Justneo', 1),
(94, '2024-10-02 09:42:09', 'Konfiguration EMAIL_FROM = Justneo', 1),
(95, '2024-10-18 17:57:35', 'Konfiguration BOX_MARKETING = 1,8:183,,,,,,,', 5000),
(96, '2024-10-20 17:49:41', 'Konfiguration BOX_MARKETING = 1,8:183,159,158,157,,,,', 5001),
(97, '2024-11-15 12:47:35', 'Konfiguration PAYPAL_API_USER = info_api1.nordiancamp.de', 1),
(98, '2024-11-15 12:47:43', 'Konfiguration PAYPAL_API_PWD = ZE4JJMJMJMJBKQSC', 1),
(99, '2024-11-15 12:47:53', 'Konfiguration PAYPAL_API_SIGNATURE = AK8OrZtqmkb0x4J46Oecq.OmkeVwA9eL-eE45Ap1.5LesE9syK7egbzW', 1),
(100, '2024-11-15 12:48:10', 'Konfiguration PAYPAL_ORDER_STATUS_TMP_ID = 1', 1),
(101, '2024-11-15 12:48:17', 'Konfiguration PAYPAL_ORDER_STATUS_SUCCESS_ID = 6', 1),
(102, '2024-11-15 12:48:24', 'Konfiguration PAYPAL_ORDER_STATUS_PENDING_ID = 1', 1),
(103, '2024-11-15 12:48:30', 'Konfiguration PAYPAL_ORDER_STATUS_REJECTED_ID = 1', 1),
(104, '2024-11-15 12:48:58', 'Konfiguration PAYPAL_API_IMAGE = https://justneo.de/templates/yes-system/img/logo.png', 1),
(105, '2024-11-17 19:35:08', 'Konfiguration META_AUTHOR = justneo.de Stübeheide 59 22337 Hamburg', 1),
(106, '2024-11-17 19:35:13', 'Konfiguration META_PUBLISHER = justneo.de Stübeheide 59 22337 Hamburg', 1),
(107, '2024-11-17 19:35:19', 'Konfiguration META_COMPANY = justneo.de Stübeheide 59 22337 Hamburg', 1),
(108, '2024-11-17 19:35:30', 'Konfiguration META_REPLY_TO = info@justneo.de', 1),
(109, '2024-11-27 13:34:43', 'Konfiguration HEADER_SNIPPETS = <meta name=\"google-site-verification\" content=\"4BZiiA9KekfwICuxteOHvYGXPRQUGgYygQ-ksLOL3QI\" />', 1),
(110, '2024-12-03 10:28:46', 'Konfiguration SESSION_TIMEOUT_CUSTOMER = 144000', 1),
(111, '2024-12-03 10:28:58', 'Konfiguration SESSION_TIMEOUT_ADMIN = 144000', 1),
(112, '2024-12-16 13:09:36', 'Konfiguration DSGVO_ALLOW_SEND_CUSTOMER_EMAIL_ADDRESS_TO_SHIPPER = True', 1),
(113, '2024-12-16 13:09:48', 'Konfiguration PDF_PACKINGSLIP_EXPORT_AT_SHIPPING_ACTION = False', 1),
(114, '2024-12-17 13:25:22', 'Konfiguration DHL_VERSENDEN_APPLICATION_ID = yes4trade_1', 1),
(115, '2024-12-17 13:26:18', 'Konfiguration DHL_VERSENDEN_APPLICATION_TOKEN = B2Fipi7JKS7Zkzb6JOf163BiBsNdOk', 1),
(116, '2025-02-06 09:23:10', 'Konfiguration STORE_NAME_ADDRESS = <b>Justneo</b><br>Inhaber: Norbert Szyszlo<br>Stübeheide 59<br>22337 Hamburg (Germany)<br>Tel: 040 239 68 251<br>E-Mail: info@justneo.de<br>Umsatzsteuer-ID: DE365237066', 1),
(117, '2025-02-13 15:57:39', 'Konfiguration BOX_MARKETING = 1,8:183,203,171,163,,,,', 5001),
(118, '2025-02-13 15:59:08', 'Konfiguration BOX_MARKETING = 1,8:163,203,165,171,,,,', 5001),
(119, '2025-02-13 16:00:16', 'Konfiguration BOX_MARKETING = 1,8:163,203,186,171,,,,', 5001),
(120, '2025-02-13 16:00:36', 'Konfiguration BOX_MARKETING = 1,8:163,203,186,163,,,,', 5001),
(121, '2025-02-13 16:01:19', 'Konfiguration BOX_MARKETING = 1,8:163,203,186,165,,,,', 5001),
(122, '2025-04-15 14:33:33', 'Konfiguration BOX_MARKETING = 1,8:163,205,186,165,,,,', 5001),
(123, '2025-04-15 14:34:26', 'Konfiguration BOX_MARKETING = 1,8:163,205,188,165,,,,', 5001),
(124, '2025-04-15 14:38:07', 'Konfiguration BOX_MARKETING = 1,8:163,205,206,165,188,194,,', 5001),
(125, '2025-04-15 16:33:59', 'Konfiguration BOX_MARKETING = 1,8:163,205,206,165,188,194,207,210', 5001),
(126, '2025-05-12 13:44:58', 'Konfiguration SMTP_AUTH = true', 1),
(127, '2025-07-12 07:54:08', 'Konfiguration STORE_NAME = Justneo Shop - Abenteuer, Kreativität und Fun', 1),
(128, '2025-07-12 07:55:17', 'Konfiguration META_DESCRIPTION = Willkommen bei JustNeo – deinem Shop für mehr Abenteuer, Kreativität und smarte Alltagslösungen.', 1),
(129, '2025-07-12 07:56:02', 'Konfiguration META_KEYWORDS = Abenteuer, Campin. Survival, Outdoor, Freizeit, Haushalt', 1),
(130, '2025-10-05 09:19:35', 'Konfiguration SHIPPING_DEFAULT_VERSENDER = 1', 1),
(131, '2025-10-05 09:19:45', 'Konfiguration SHIPPING_DEFAULT_VERSENDER_VALUE = DHL-Paket-National', 1);

-- --------------------------------------------------------

--
-- Tabellenstruktur für Tabelle `history_bestand`
--

CREATE TABLE `history_bestand` (
  `id` int(11) NOT NULL,
  `products_id` int(11) NOT NULL DEFAULT '0',
  `ebay_id` varchar(20) NOT NULL DEFAULT '',
  `orders_id` int(11) NOT NULL DEFAULT '0',
  `transaction_id` varchar(12) NOT NULL DEFAULT '',
  `quantity_change` int(11) NOT NULL DEFAULT '0',
  `title` varchar(128) NOT NULL DEFAULT '',
  `date_saved` timestamp NOT NULL DEFAULT CURRENT_TIMESTAMP,
  `storage_id` int(11) NOT NULL DEFAULT '0',
  `editor_id` int(11) NOT NULL,
  `source` varchar(8) NOT NULL
) ENGINE=MyISAM DEFAULT CHARSET=utf8;

--
-- Daten für Tabelle `history_bestand`
--

INSERT INTO `history_bestand` (`id`, `products_id`, `ebay_id`, `orders_id`, `transaction_id`, `quantity_change`, `title`, `date_saved`, `storage_id`, `editor_id`, `source`) VALUES
(43, 18, '', 0, '', 10000, '(Orig: 0 / Neu: 10000)Der physikalische Bestand wurde durch Mitarbeiter geändert zu 10000.', '2024-09-26 09:06:47', 0, 1, 'direct'),
(41, 20, '', 0, '', 10000, '(Orig: 0 / Neu: 10000)Der physikalische Bestand wurde durch Mitarbeiter geändert zu 10000.', '2024-09-26 09:06:41', 0, 1, 'direct'),
(42, 19, '', 0, '', 10000, '(Orig: 0 / Neu: 10000)Der physikalische Bestand wurde durch Mitarbeiter geändert zu 10000.', '2024-09-26 09:06:44', 0, 1, 'direct'),
(98, 174, '', 0, '', 5, '(Orig: 2 / Neu: 5)[Eingabe: 5 Stk] INVENTURBESTAND', '2024-11-21 10:02:56', 0, 5001, 'direct'),
(99, 174, '', 0, '', 0, '(Orig: 5 / Neu: 0)[Eingabe: 0 Stk] INVENTURBESTAND', '2024-11-21 10:02:58', 0, 5001, 'direct'),
(100, 178, '', 0, '', 5, '(Orig: 2 / Neu: 5)Der physikalische Bestand wurde durch Mitarbeiter geändert zu 5.', '2024-11-21 10:46:22', 0, 5001, 'direct'),
(101, 177, '', 0, '', 5, '(Orig: 2 / Neu: 5)Der physikalische Bestand wurde durch Mitarbeiter geändert zu 5.', '2024-11-21 10:47:26', 0, 5001, 'direct'),
(102, 176, '', 0, '', 5, '(Orig: 2 / Neu: 5)Der physikalische Bestand wurde durch Mitarbeiter geändert zu 5.', '2024-11-21 10:53:05', 0, 5001, 'direct'),
(103, 175, '', 0, '', 5, '(Orig: 2 / Neu: 5)Der physikalische Bestand wurde durch Mitarbeiter geändert zu 5.', '2024-11-21 10:53:49', 0, 5001, 'direct'),
(104, 174, '', 0, '', 3, '(Orig: 0 / Neu: 3)Der physikalische Bestand wurde durch Mitarbeiter geändert zu 3.', '2024-11-21 10:54:06', 0, 5001, 'direct'),
(105, 173, '', 0, '', 3, '(Orig: 2 / Neu: 3)Der physikalische Bestand wurde durch Mitarbeiter geändert zu 3.', '2024-11-21 10:54:12', 0, 5001, 'direct'),
(106, 172, '', 0, '', 3, '(Orig: 2 / Neu: 3)Der physikalische Bestand wurde durch Mitarbeiter geändert zu 3.', '2024-11-21 10:54:24', 0, 5001, 'direct'),
(107, 185, '', 0, '', 3, '(Orig: 2 / Neu: 3)[Eingabe: 3 Stk] INVENTURBESTAND', '2024-11-21 13:28:41', 0, 5001, 'direct'),
(108, 185, '', 0, '', 3, '(Orig: 3 / Neu: 3)[Eingabe: 3 Stk] INVENTURBESTAND', '2024-11-21 13:43:11', 0, 5001, 'direct'),
(109, 184, '', 0, '', 5, '(Orig: 2 / Neu: 5)[Eingabe: 5 Stk] INVENTURBESTAND', '2024-11-21 13:43:24', 0, 5001, 'direct'),
(110, 185, '', 0, '', 3, '(Orig: 3 / Neu: 3)[Eingabe: 3 Stk] INVENTURBESTAND', '2024-11-21 13:46:02', 0, 5001, 'direct'),
(111, 183, '', 0, '', 3, '(Orig: 2 / Neu: 3)[Eingabe: 3 Stk] INVENTURBESTAND', '2024-11-21 14:20:56', 0, 5001, 'direct'),
(112, 182, '', 0, '', 2, '(Orig: 2 / Neu: 2)[Eingabe: 2 Stk] INVENTURBESTAND', '2024-11-21 14:21:21', 0, 5001, 'direct'),
(113, 181, '', 0, '', 5, '(Orig: 2 / Neu: 5)[Eingabe: 5 Stk] INVENTURBESTAND', '2024-11-21 14:22:42', 0, 5001, 'direct'),
(114, 180, '', 0, '', 3, '(Orig: 2 / Neu: 3)[Eingabe: 3 Stk] INVENTURBESTAND', '2024-11-21 14:23:08', 0, 5001, 'direct'),
(115, 179, '', 0, '', 5, '(Orig: 2 / Neu: 5)[Eingabe: 5 Stk] INVENTURBESTAND', '2024-11-21 14:24:23', 0, 5001, 'direct'),
(116, 165, '', 0, '', 3, '(Orig: 2 / Neu: 3)[Eingabe: 3 Stk] INVENTURBESTAND', '2024-11-21 14:40:58', 0, 5001, 'direct'),
(117, 164, '', 0, '', 5, '(Orig: 2 / Neu: 5)[Eingabe: 5 Stk] INVENTURBESTAND', '2024-11-21 14:42:34', 0, 5001, 'direct'),
(118, 163, '', 0, '', 10, '(Orig: 2 / Neu: 10)[Eingabe: 10 Stk] INVENTURBESTAND', '2024-11-21 14:44:24', 0, 5001, 'direct'),
(119, 162, '', 0, '', 10, '(Orig: 2 / Neu: 10)[Eingabe: 10 Stk] INVENTURBESTAND', '2024-11-21 14:46:51', 0, 5001, 'direct'),
(120, 187, '', 0, '', 33, '(Orig: 5 / Neu: 33)[Eingabe: 33 Stk] INVENTURBESTAND', '2024-11-21 15:18:43', 0, 5001, 'direct'),
(121, 186, '', 0, '', 24, '(Orig: 2 / Neu: 24)[Eingabe: 24  Stk] INVENTURBESTAND', '2024-11-21 15:19:55', 0, 5001, 'direct'),
(122, 190, '', 0, '', 10, '(Orig: 5 / Neu: 10)[Eingabe: 10 Stk] INVENTURBESTAND', '2024-11-21 15:26:12', 0, 5001, 'direct'),
(44, 17, '', 0, '', 10000, '(Orig: 0 / Neu: 10000)Der physikalische Bestand wurde durch Mitarbeiter geändert zu 10000.', '2024-09-26 09:06:50', 0, 1, 'direct'),
(45, 16, '', 0, '', 10000, '(Orig: 0 / Neu: 10000)Der physikalische Bestand wurde durch Mitarbeiter geändert zu 10000.', '2024-09-26 09:06:53', 0, 1, 'direct'),
(46, 15, '', 0, '', 10000, '(Orig: 0 / Neu: 10000)Der physikalische Bestand wurde durch Mitarbeiter geändert zu 10000.', '2024-09-26 09:06:56', 0, 1, 'direct'),
(47, 156, '', 0, '', 25, '(Orig: 0 / Neu: 25)Testbestand', '2024-11-05 14:03:30', 0, 5001, 'direct'),
(48, 170, '', 0, '', 5, '(Orig: 0 / Neu: 5)[Eingabe: 5 Stk] INVENTURBESTAND', '2024-11-15 11:20:12', 0, 5001, 'direct'),
(49, 169, '', 0, '', 5, '(Orig: 0 / Neu: 5)[Eingabe: 5 Stk] INVENTURBESTAND', '2024-11-15 11:21:48', 0, 5001, 'direct'),
(50, 169, '', 0, '', 0, '(Orig: 5 / Neu: 0)[Eingabe: 0 Stk] INVENTURBESTAND', '2024-11-15 11:21:51', 0, 5001, 'direct'),
(51, 169, '', 0, '', 5, '(Orig: 0 / Neu: 5)[Eingabe: 5 Stk] INVENTURBESTAND', '2024-11-15 11:22:28', 0, 5001, 'direct'),
(52, 169, '', 0, '', 5, '(Orig: 5 / Neu: 5)[Eingabe: 5 Stk] INVENTURBESTAND', '2024-11-15 11:22:32', 0, 5001, 'direct'),
(53, 169, '', 0, '', 5, '(Orig: 5 / Neu: 5)[Eingabe: 5 Stk] INVENTURBESTAND', '2024-11-15 11:22:36', 0, 5001, 'direct'),
(54, 169, '', 0, '', 5, '(Orig: 5 / Neu: 5)[Eingabe: 5 Stk] INVENTURBESTAND', '2024-11-15 11:22:49', 0, 5001, 'direct'),
(55, 169, '', 0, '', 5, '(Orig: 5 / Neu: 5)[Eingabe: 5 Stk] INVENTURBESTAND', '2024-11-15 11:23:05', 0, 5001, 'direct'),
(56, 169, '', 0, '', 5, '(Orig: 5 / Neu: 5)[Eingabe: 5 Stk] INVENTURBESTAND', '2024-11-15 11:23:26', 0, 5001, 'direct'),
(57, 169, '', 0, '', 5, '(Orig: 5 / Neu: 5)[Eingabe: 5 Stk] INVENTURBESTAND', '2024-11-15 11:24:00', 0, 5001, 'direct'),
(58, 169, '', 0, '', 5, '(Orig: 5 / Neu: 5)[Eingabe: 5 Stk] INVENTURBESTAND', '2024-11-15 11:24:28', 0, 5001, 'direct'),
(59, 169, '', 0, '', 5, '(Orig: 5 / Neu: 5)[Eingabe: 5 Stk] INVENTURBESTAND', '2024-11-15 11:24:30', 0, 1, 'direct'),
(60, 168, '', 0, '', 5, '(Orig: 0 / Neu: 5)[Eingabe: 5 Stk] INVENTURBESTAND', '2024-11-15 11:29:59', 0, 5001, 'direct'),
(61, 168, '', 0, '', 0, '(Orig: 5 / Neu: 0)[Eingabe: 0 Stk] INVENTURBESTAND', '2024-11-15 11:30:02', 0, 5001, 'direct'),
(62, 168, '', 0, '', 5, '(Orig: 0 / Neu: 5)[Eingabe: 5 Stk] INVENTURBESTAND', '2024-11-15 11:30:50', 0, 5001, 'direct'),
(63, 167, '', 0, '', 5, '(Orig: 0 / Neu: 5)[Eingabe: 5 Stk] INVENTURBESTAND', '2024-11-15 11:31:14', 0, 5001, 'direct'),
(64, 166, '', 0, '', 5, '(Orig: 0 / Neu: 5)[Eingabe: 5 Stk] INVENTURBESTAND', '2024-11-15 11:32:15', 0, 5001, 'direct'),
(65, 152, '', 0, '', 10, '(Orig: 0 / Neu: 10)[Eingabe: 10 Stk] INVENTURBESTAND', '2024-11-15 11:32:43', 0, 5001, 'direct'),
(66, 153, '', 0, '', 5, '(Orig: 0 / Neu: 5)[Eingabe: 5 Stk] INVENTURBESTAND', '2024-11-15 11:33:04', 0, 5001, 'direct'),
(67, 161, '', 0, '', 5, '(Orig: 0 / Neu: 5)[Eingabe: 5 Stk] INVENTURBESTAND', '2024-11-15 11:33:33', 0, 5001, 'direct'),
(68, 160, '', 0, '', 5, '(Orig: 0 / Neu: 5)[Eingabe: 5 Stk] INVENTURBESTAND', '2024-11-15 11:33:55', 0, 5001, 'direct'),
(69, 159, '', 0, '', 5, '(Orig: 0 / Neu: 5)[Eingabe: 5 Stk] INVENTURBESTAND', '2024-11-15 11:34:25', 0, 5001, 'direct'),
(70, 158, '', 0, '', 5, '(Orig: 0 / Neu: 5)[Eingabe: 5 Stk] INVENTURBESTAND', '2024-11-15 11:35:06', 0, 5001, 'direct'),
(71, 157, '', 0, '', 5, '(Orig: 0 / Neu: 5)[Eingabe: 5 Stk] INVENTURBESTAND', '2024-11-15 11:35:30', 0, 5001, 'direct'),
(72, 190, '', 0, '', 5, '(Orig: 0 / Neu: 5)[Eingabe: 5 Stk] INVENTURBESTAND', '2024-11-15 11:36:10', 0, 5001, 'direct'),
(73, 188, '', 0, '', 5, '(Orig: 0 / Neu: 5)[Eingabe: 5 Stk] INVENTURBESTAND', '2024-11-15 11:36:30', 0, 5001, 'direct'),
(74, 187, '', 0, '', 5, '(Orig: 0 / Neu: 5)[Eingabe: 5 Stk] INVENTURBESTAND', '2024-11-15 11:36:50', 0, 5001, 'direct'),
(75, 189, '', 0, '', 10, '(Orig: 0 / Neu: 10)Der physikalische Bestand wurde durch Mitarbeiter geändert zu 10.', '2024-11-15 11:58:18', 0, 1, 'direct'),
(76, 186, '', 0, '', 2, '(Orig: 0 / Neu: 2)Der physikalische Bestand wurde durch Mitarbeiter geändert zu 2.', '2024-11-15 11:58:24', 0, 1, 'direct'),
(77, 185, '', 0, '', 2, '(Orig: 0 / Neu: 2)Der physikalische Bestand wurde durch Mitarbeiter geändert zu 2.', '2024-11-15 11:58:28', 0, 1, 'direct'),
(78, 184, '', 0, '', 2, '(Orig: 0 / Neu: 2)Der physikalische Bestand wurde durch Mitarbeiter geändert zu 2.', '2024-11-15 11:58:32', 0, 1, 'direct'),
(79, 183, '', 0, '', 2, '(Orig: 0 / Neu: 2)Der physikalische Bestand wurde durch Mitarbeiter geändert zu 2.', '2024-11-15 11:58:36', 0, 1, 'direct'),
(80, 182, '', 0, '', 2, '(Orig: 0 / Neu: 2)Der physikalische Bestand wurde durch Mitarbeiter geändert zu 2.', '2024-11-15 11:58:40', 0, 1, 'direct'),
(81, 181, '', 0, '', 2, '(Orig: 0 / Neu: 2)Der physikalische Bestand wurde durch Mitarbeiter geändert zu 2.', '2024-11-15 11:58:44', 0, 1, 'direct'),
(82, 180, '', 0, '', 2, '(Orig: 0 / Neu: 2)Der physikalische Bestand wurde durch Mitarbeiter geändert zu 2.', '2024-11-15 11:58:48', 0, 1, 'direct'),
(83, 179, '', 0, '', 2, '(Orig: 0 / Neu: 2)Der physikalische Bestand wurde durch Mitarbeiter geändert zu 2.', '2024-11-15 11:58:53', 0, 1, 'direct'),
(84, 178, '', 0, '', 2, '(Orig: 0 / Neu: 2)Der physikalische Bestand wurde durch Mitarbeiter geändert zu 2.', '2024-11-15 11:58:57', 0, 1, 'direct'),
(85, 177, '', 0, '', 2, '(Orig: 0 / Neu: 2)Der physikalische Bestand wurde durch Mitarbeiter geändert zu 2.', '2024-11-15 11:59:00', 0, 1, 'direct'),
(86, 176, '', 0, '', 2, '(Orig: 0 / Neu: 2)Der physikalische Bestand wurde durch Mitarbeiter geändert zu 2.', '2024-11-15 11:59:05', 0, 1, 'direct'),
(87, 175, '', 0, '', 2, '(Orig: 0 / Neu: 2)Der physikalische Bestand wurde durch Mitarbeiter geändert zu 2.', '2024-11-15 11:59:09', 0, 1, 'direct'),
(88, 174, '', 0, '', 2, '(Orig: 0 / Neu: 2)Der physikalische Bestand wurde durch Mitarbeiter geändert zu 2.', '2024-11-15 11:59:13', 0, 1, 'direct'),
(89, 173, '', 0, '', 2, '(Orig: 0 / Neu: 2)Der physikalische Bestand wurde durch Mitarbeiter geändert zu 2.', '2024-11-15 11:59:18', 0, 1, 'direct'),
(90, 172, '', 0, '', 2, '(Orig: 0 / Neu: 2)Der physikalische Bestand wurde durch Mitarbeiter geändert zu 2.', '2024-11-15 11:59:22', 0, 1, 'direct'),
(91, 171, '', 0, '', 2, '(Orig: 0 / Neu: 2)Der physikalische Bestand wurde durch Mitarbeiter geändert zu 2.', '2024-11-15 11:59:26', 0, 1, 'direct'),
(92, 165, '', 0, '', 2, '(Orig: 0 / Neu: 2)Der physikalische Bestand wurde durch Mitarbeiter geändert zu 2.', '2024-11-15 11:59:34', 0, 1, 'direct'),
(93, 164, '', 0, '', 2, '(Orig: 0 / Neu: 2)Der physikalische Bestand wurde durch Mitarbeiter geändert zu 2.', '2024-11-15 11:59:38', 0, 1, 'direct'),
(94, 163, '', 0, '', 2, '(Orig: 0 / Neu: 2)Der physikalische Bestand wurde durch Mitarbeiter geändert zu 2.', '2024-11-15 11:59:44', 0, 1, 'direct'),
(95, 162, '', 0, '', 2, '(Orig: 0 / Neu: 2)Der physikalische Bestand wurde durch Mitarbeiter geändert zu 2.', '2024-11-15 11:59:49', 0, 1, 'direct'),
(96, 155, '', 0, '', 2, '(Orig: 0 / Neu: 2)Der physikalische Bestand wurde durch Mitarbeiter geändert zu 2.', '2024-11-15 11:59:57', 0, 1, 'direct'),
(97, 155, '', 0, '', 0, '(Orig: 2 / Neu: 0)Der physikalische Bestand wurde durch Mitarbeiter geändert zu 0.', '2024-11-15 12:00:07', 0, 1, 'direct'),
(123, 191, '', 0, '', 20, '(Orig: 0 / Neu: 20)[Eingabe: 20 Stk] INVENTURBESTAND', '2024-11-21 15:38:48', 0, 5001, 'direct'),
(124, 191, '', 0, '', 25, '(Orig: 20 / Neu: 25)[Eingabe: 25 Stk] INVENTURBESTAND', '2024-11-21 15:39:15', 0, 5001, 'direct'),
(125, 191, '', 0, '', 0, '(Orig: 25 / Neu: 0)[Eingabe: 0 Stk] INVENTURBESTAND', '2024-11-21 15:39:16', 0, 5001, 'direct'),
(126, 191, '', 0, '', 25, '(Orig: 0 / Neu: 25)[Eingabe: 25 Stk] INVENTURBESTAND', '2024-11-21 15:39:20', 0, 5001, 'direct'),
(127, 192, '', 0, '', 25, '(Orig: 0 / Neu: 25)[Eingabe: 25 Stk] INVENTURBESTAND', '2024-11-21 16:02:29', 0, 5001, 'direct'),
(128, 193, '', 0, '', 25, '(Orig: 0 / Neu: 25)[Eingabe: 25 Stk] INVENTURBESTAND', '2024-11-21 16:10:58', 0, 5001, 'direct'),
(129, 194, '', 0, '', 10, '(Orig: 0 / Neu: 10)[Eingabe: 10 Stk] INVENTURBESTAND', '2024-11-21 20:03:27', 0, 5001, 'direct'),
(130, 195, '', 0, '', 1, '(Orig: 0 / Neu: 1)[Eingabe: 1 Stk] INVENTURBESTAND', '2024-11-22 08:33:47', 0, 5001, 'direct'),
(131, 195, '', 0, '', 1, '(Orig: 1 / Neu: 1)[Eingabe: 1 Stk] INVENTURBESTAND', '2024-11-22 08:33:55', 0, 5001, 'direct'),
(132, 173, '', 0, '', -1, '(Orig: 3 / Neu: 2)RE-NR: 5000, Physikalische Bestandsänderung durch Versand (-1 Stk.)', '2024-11-22 16:05:42', 0, 5001, ''),
(133, 202, '', 0, '', 3, '(Orig: 0 / Neu: 3)[Eingabe: 3 Stk] INVENTURBESTAND', '2024-11-25 12:31:36', 0, 5001, 'direct'),
(134, 199, '', 0, '', 3, '(Orig: 0 / Neu: 3)[Eingabe: 3 Stk] INVENTURBESTAND', '2024-11-25 12:32:14', 0, 5001, 'direct'),
(135, 201, '', 0, '', 3, '(Orig: 0 / Neu: 3)[Eingabe: 3 Stk] INVENTURBESTAND', '2024-11-25 12:32:32', 0, 5001, 'direct'),
(136, 200, '', 0, '', 3, '(Orig: 0 / Neu: 3)[Eingabe: 3 Stk] INVENTURBESTAND', '2024-11-25 12:32:42', 0, 5001, 'direct'),
(137, 198, '', 0, '', 3, '(Orig: 0 / Neu: 3)[Eingabe: 3 Stk] INVENTURBESTAND', '2024-11-25 12:33:12', 0, 5001, 'direct'),
(138, 197, '', 0, '', 3, '(Orig: 0 / Neu: 3)[Eingabe: 3 Stk] INVENTURBESTAND', '2024-11-25 12:33:26', 0, 5001, 'direct'),
(139, 196, '', 0, '', 3, '(Orig: 0 / Neu: 3)[Eingabe: 3 Stk] INVENTURBESTAND', '2024-11-25 12:33:45', 0, 5001, 'direct'),
(140, 203, '', 0, '', 25, '(Orig: 0 / Neu: 25)[Eingabe: 25 Stk] INVENTURBESTAND', '2024-11-25 14:38:34', 0, 5001, 'direct'),
(141, 204, '', 0, '', 3, '(Orig: 0 / Neu: 3)[Eingabe: 3 Stk] INVENTURBESTAND', '2024-11-25 15:34:12', 0, 5001, 'direct'),
(142, 173, '', 0, '', -1, '(Orig: 2 / Neu: 1)RE-NR: 5001, Physikalische Bestandsänderung durch Versand (-1 Stk.)', '2024-11-27 15:46:41', 0, 1, ''),
(143, 166, '', 0, '', 24, '(Orig: 5 / Neu: 29)a', '2024-12-03 09:19:28', 0, 5001, 'direct'),
(144, 166, '', 0, '', 24, '(Orig: 29 / Neu: 24)[Eingabe: 24 Stk] INVENTURBESTAND', '2024-12-03 09:19:37', 0, 5001, 'direct'),
(145, 170, '', 0, '', 11, '(Orig: 5 / Neu: 11)[Eingabe: 11 Stk] INVENTURBESTAND', '2024-12-03 09:20:14', 0, 5001, 'direct'),
(146, 169, '', 0, '', 11, '(Orig: 5 / Neu: 11)[Eingabe: 11 Stk] INVENTURBESTAND', '2024-12-03 09:20:35', 0, 5001, 'direct'),
(147, 168, '', 0, '', 11, '(Orig: 5 / Neu: 11)[Eingabe: 11 Stk] INVENTURBESTAND', '2024-12-03 09:20:49', 0, 5001, 'direct'),
(148, 167, '', 0, '', 11, '(Orig: 5 / Neu: 11)[Eingabe: 11 Stk] INVENTURBESTAND', '2024-12-03 09:21:02', 0, 5001, 'direct'),
(149, 204, '', 0, '', -2, '(Orig: 3 / Neu: 1)RE-NR: 5004, Physikalische Bestandsänderung durch Versand (-2 Stk.)', '2024-12-07 10:24:41', 0, 5001, ''),
(150, 205, '', 0, '', 14, '(Orig: 0 / Neu: 14)[Eingabe: 14 Stk] INVENTURBESTAND', '2024-12-07 15:44:22', 0, 5001, 'direct'),
(151, 205, '', 0, '', 15, '(Orig: 14 / Neu: 15)[Eingabe: 15 Stk] INVENTURBESTAND', '2024-12-07 16:17:46', 0, 5001, 'direct'),
(152, 205, '', 0, '', 0, '(Orig: 15 / Neu: 0)[Eingabe: 0 Stk] INVENTURBESTAND', '2024-12-07 16:17:48', 0, 5001, 'direct'),
(153, 205, '', 0, '', 15, '(Orig: 0 / Neu: 15)[Eingabe: 15 Stk] INVENTURBESTAND', '2024-12-07 16:27:53', 0, 5001, 'direct'),
(154, 206, '', 0, '', 10, '(Orig: 0 / Neu: 10)[Eingabe: 10 Stk] INVENTURBESTAND', '2024-12-07 16:56:15', 0, 5001, 'direct'),
(155, 206, '', 0, '', 0, '(Orig: 10 / Neu: 0)[Eingabe: 0 Stk] INVENTURBESTAND', '2024-12-07 16:56:19', 0, 5001, 'direct'),
(156, 206, '', 0, '', 10, '(Orig: 0 / Neu: 10)[Eingabe: 10 Stk] INVENTURBESTAND', '2024-12-07 17:04:11', 0, 5001, 'direct'),
(157, 207, '', 0, '', 30, '(Orig: 0 / Neu: 30)[Eingabe: 30 Stk] INVENTURBESTAND', '2024-12-07 18:47:28', 0, 5001, 'direct'),
(158, 207, '', 0, '', 0, '(Orig: 30 / Neu: 0)[Eingabe: 0 Stk] INVENTURBESTAND', '2024-12-07 19:58:29', 0, 5001, 'direct'),
(159, 207, '', 0, '', 30, '(Orig: 0 / Neu: 30)[Eingabe: 30 Stk] INVENTURBESTAND', '2024-12-07 20:00:25', 0, 5001, 'direct'),
(160, 152, '', 0, '', 10, '(Orig: 10 / Neu: 10)[Eingabe: 10 Stk] INVENTURBESTAND', '2024-12-09 10:12:46', 0, 5001, 'direct'),
(161, 163, '', 0, '', -1, '(Orig: 10 / Neu: 9)RE-NR: 5005, Physikalische Bestandsänderung durch Versand (-1 Stk.)', '2024-12-09 13:18:38', 0, 5001, ''),
(162, 203, '', 0, '', -1, '(Orig: 25 / Neu: 24)RE-NR: 5006, Physikalische Bestandsänderung durch Versand (-1 Stk.)', '2024-12-09 19:26:32', 0, 5001, ''),
(163, 209, '', 0, '', 48, '(Orig: 0 / Neu: 48)[Eingabe: 48 Stk] INVENTURBESTAND', '2024-12-10 17:53:07', 0, 5001, 'direct'),
(164, 210, '', 0, '', 12, '(Orig: 0 / Neu: 12)[Eingabe: 12 Stk] INVENTURBESTAND', '2024-12-10 18:17:56', 0, 5001, 'direct'),
(165, 211, '', 0, '', 30, '(Orig: 0 / Neu: 30)[Eingabe: 30 Stk] INVENTURBESTAND', '2024-12-10 18:44:24', 0, 5001, 'direct'),
(166, 212, '', 0, '', 50, '(Orig: 0 / Neu: 50)[Eingabe: 50 Stk] INVENTURBESTAND', '2024-12-10 19:57:31', 0, 5001, 'direct'),
(167, 161, '', 0, '', 8, '(Orig: 5 / Neu: 8)[Eingabe: 8 Stk] INVENTURBESTAND', '2024-12-11 09:26:04', 0, 5001, 'direct'),
(168, 160, '', 0, '', 7, '(Orig: 5 / Neu: 7)[Eingabe: 7 Stk] INVENTURBESTAND', '2024-12-11 09:26:23', 0, 5001, 'direct'),
(169, 157, '', 0, '', 8, '(Orig: 5 / Neu: 8)[Eingabe: 8 Stk] INVENTURBESTAND', '2024-12-11 09:27:26', 0, 5001, 'direct'),
(170, 159, '', 0, '', 11, '(Orig: 5 / Neu: 11)[Eingabe: 11 Stk] INVENTURBESTAND', '2024-12-11 09:28:39', 0, 5001, 'direct'),
(171, 172, '', 0, '', 5, '(Orig: 3 / Neu: 5)[Eingabe: 5 Stk] INVENTURBESTAND', '2024-12-12 08:36:26', 0, 5001, 'direct'),
(172, 172, '', 0, '', -1, '(Orig: 5 / Neu: 4)RE-NR: 5007, Physikalische Bestandsänderung durch Versand (-1 Stk.)', '2024-12-12 10:54:39', 0, 5001, ''),
(173, 172, '', 0, '', -1, '(Orig: 4 / Neu: 3)RE-NR: 5008, Physikalische Bestandsänderung durch Versand (-1 Stk.)', '2024-12-12 12:06:43', 0, 5001, ''),
(174, 168, '', 0, '', -1, '(Orig: 11 / Neu: 10)RE-NR: 5009, Physikalische Bestandsänderung durch Versand (-1 Stk.)', '2024-12-13 16:43:10', 0, 5001, ''),
(175, 171, '', 0, '', -1, '(Orig: 2 / Neu: 1)RE-NR: 5010, Physikalische Bestandsänderung durch Versand (-1 Stk.)', '2024-12-14 17:03:58', 0, 5001, ''),
(176, 187, '', 0, '', -2, '(Orig: 33 / Neu: 31)RE-NR: 5011, Physikalische Bestandsänderung durch Versand (-2 Stk.)', '2024-12-16 12:07:01', 0, 5001, ''),
(177, 171, '', 0, '', -1, '(Orig: 1 / Neu: 0)RE-NR: 5012, Physikalische Bestandsänderung durch Versand (-1 Stk.)', '2024-12-16 13:46:44', 0, 5001, ''),
(178, 170, '', 0, '', -1, '(Orig: 11 / Neu: 10)RE-NR: 5013, Physikalische Bestandsänderung durch Versand (-1 Stk.)', '2024-12-18 11:26:32', 0, 5001, ''),
(179, 187, '', 0, '', -1, '(Orig: 31 / Neu: 30)RE-NR: 5014, Physikalische Bestandsänderung durch Versand (-1 Stk.)', '2024-12-23 07:41:36', 0, 5001, ''),
(180, 187, '', 0, '', 1, '(Orig: 30 / Neu: 1)[Eingabe: 1 Stk] INVENTURBESTAND', '2024-12-23 16:56:45', 0, 5001, 'direct'),
(181, 187, '', 0, '', 0, '(Orig: 1 / Neu: 0)[Eingabe: 0 Stk] INVENTURBESTAND', '2024-12-23 16:56:50', 0, 5001, 'direct'),
(182, 212, '', 0, '', -1, '(Orig: 50 / Neu: 49)RE-NR: 5015, Physikalische Bestandsänderung durch Versand (-1 Stk.)', '2024-12-26 17:51:31', 0, 5001, ''),
(183, 187, '', 0, '', -1, '(Orig: 0 / Neu: -1)RE-NR: 5016, Physikalische Bestandsänderung durch Versand (-1 Stk.)', '2025-01-07 13:11:27', 0, 5001, ''),
(184, 209, '', 0, '', -2, '(Orig: 48 / Neu: 46)RE-NR: 5017, Physikalische Bestandsänderung durch Versand (-2 Stk.)', '2025-01-15 14:49:20', 0, 5001, ''),
(185, 172, '', 0, '', 3, '(Orig: 3 / Neu: 3)[Eingabe: 3 Stk] INVENTURBESTAND', '2025-01-16 17:45:32', 0, 5001, 'direct'),
(186, 205, '', 0, '', 15, '(Orig: 15 / Neu: 15)[Eingabe: 15 Stk] INVENTURBESTAND', '2025-01-16 17:49:10', 0, 5001, 'direct'),
(187, 206, '', 0, '', 10, '(Orig: 10 / Neu: 10)[Eingabe: 10 Stk] INVENTURBESTAND', '2025-01-16 17:57:52', 0, 5001, 'direct'),
(188, 213, '', 0, '', 15, '(Orig: 0 / Neu: 15)[Eingabe: 15 Stk] INVENTURBESTAND', '2025-01-16 18:14:57', 0, 5001, 'direct'),
(189, 212, '', 0, '', 0, '(Orig: 49 / Neu: 0)[Eingabe: 0 Stk] INVENTURBESTAND', '2025-01-21 10:52:14', 0, 5001, 'direct'),
(190, 212, '', 0, '', 50, '(Orig: 0 / Neu: 50)[Eingabe: 50 Stk] INVENTURBESTAND', '2025-01-21 10:54:56', 0, 5001, 'direct'),
(191, 152, '', 0, '', -1, '(Orig: 10 / Neu: 9)RE-NR: 5018, Physikalische Bestandsänderung durch Versand (-1 Stk.)', '2025-01-22 11:15:14', 0, 5001, ''),
(192, 166, '', 0, '', -1, '(Orig: 24 / Neu: 23)RE-NR: 5019, Physikalische Bestandsänderung durch Versand (-1 Stk.)', '2025-01-28 15:22:30', 0, 5001, ''),
(193, 187, '', 0, '', 10, '(Orig: -1 / Neu: 10)[Eingabe: 10 Stk] INVENTURBESTAND', '2025-01-29 13:50:07', 0, 5001, 'direct'),
(194, 204, '', 0, '', 7, '(Orig: 1 / Neu: 7)[Eingabe: 7 Stk] INVENTURBESTAND', '2025-01-30 10:32:26', 0, 5001, 'direct'),
(195, 214, '', 0, '', 5, '(Orig: 0 / Neu: 5)[Eingabe: 5 Stk] INVENTURBESTAND', '2025-01-30 11:01:07', 0, 5001, 'direct'),
(196, 215, '', 0, '', 5, '(Orig: 0 / Neu: 5)[Eingabe: 5 Stk] INVENTURBESTAND', '2025-01-30 11:26:08', 0, 5001, 'direct'),
(197, 216, '', 0, '', 5, '(Orig: 0 / Neu: 5)[Eingabe: 5 Stk] INVENTURBESTAND', '2025-01-30 12:26:35', 0, 5001, 'direct'),
(198, 216, '', 0, '', 0, '(Orig: 5 / Neu: 0)[Eingabe: 0 Stk] INVENTURBESTAND', '2025-01-30 12:26:36', 0, 5001, 'direct'),
(199, 216, '', 0, '', 5, '(Orig: 0 / Neu: 5)[Eingabe: 5 Stk] INVENTURBESTAND', '2025-01-30 12:33:56', 0, 5001, 'direct'),
(200, 171, '', 0, '', 10, '(Orig: 0 / Neu: 10)[Eingabe: 10 Stk] INVENTURBESTAND', '2025-01-30 12:37:37', 0, 5001, 'direct'),
(201, 209, '', 0, '', -1, '(Orig: 46 / Neu: 45)RE-NR: 5020, Physikalische Bestandsänderung durch Versand (-1 Stk.)', '2025-02-03 13:28:08', 0, 5001, ''),
(202, 212, '', 0, '', -1, '(Orig: 50 / Neu: 49)RE-NR: 5021, Physikalische Bestandsänderung durch Versand (-1 Stk.)', '2025-02-03 13:29:14', 0, 5001, ''),
(203, 209, '', 0, '', -1, '(Orig: 45 / Neu: 44)RE-NR: 5022, Physikalische Bestandsänderung durch Versand (-1 Stk.)', '2025-02-04 09:18:51', 0, 5001, ''),
(204, 166, '', 0, '', -1, '(Orig: 23 / Neu: 22)RE-NR: 5023, Physikalische Bestandsänderung durch Versand (-1 Stk.)', '2025-02-04 13:21:49', 0, 5001, ''),
(205, 217, '', 0, '', 3, '(Orig: 0 / Neu: 3)[Eingabe: 3 Stk] INVENTURBESTAND', '2025-02-05 14:37:59', 0, 5001, 'direct'),
(206, 217, '', 0, '', 0, '(Orig: 3 / Neu: 0)[Eingabe: 0 Stk] INVENTURBESTAND', '2025-02-05 14:38:00', 0, 5001, 'direct'),
(207, 217, '', 0, '', 3, '(Orig: 0 / Neu: 3)[Eingabe: 3 Stk] INVENTURBESTAND', '2025-02-05 14:38:09', 0, 5001, 'direct'),
(208, 212, '', 0, '', -1, '(Orig: 49 / Neu: 48)Re-Nr 5025 Statuswechsel zu Abgeschlossen', '2025-02-08 08:32:35', 0, 5001, ''),
(209, 209, '', 0, '', -1, '(Orig: 44 / Neu: 43)RE-NR: 5026, Physikalische Bestandsänderung durch Versand (-1 Stk.)', '2025-02-12 13:26:14', 0, 5001, ''),
(210, 171, '', 0, '', -1, '(Orig: 10 / Neu: 9)RE-NR: 5027, Physikalische Bestandsänderung durch Versand (-1 Stk.)', '2025-02-12 13:27:49', 0, 5001, ''),
(211, 209, '', 0, '', -1, '(Orig: 43 / Neu: 42)RE-NR: 5028, Physikalische Bestandsänderung durch Versand (-1 Stk.)', '2025-02-12 13:28:49', 0, 5001, ''),
(212, 209, '', 0, '', -3, '(Orig: 42 / Neu: 39)RE-NR: 5029, Physikalische Bestandsänderung durch Versand (-3 Stk.)', '2025-02-14 10:52:55', 0, 5001, ''),
(213, 206, '', 0, '', -1, '(Orig: 10 / Neu: 9)RE-NR: 5030, Physikalische Bestandsänderung durch Versand (-1 Stk.)', '2025-02-17 13:37:05', 0, 5001, ''),
(214, 152, '', 0, '', -1, '(Orig: 9 / Neu: 8)RE-NR: 5031, Physikalische Bestandsänderung durch Versand (-1 Stk.)', '2025-02-17 13:39:00', 0, 5001, ''),
(215, 209, '', 0, '', 135, '(Orig: 39 / Neu: 135)[Eingabe: 135 Stk] INVENTURBESTAND', '2025-02-20 17:21:01', 0, 5001, 'direct'),
(216, 209, '', 0, '', 150, '(Orig: 135 / Neu: 150)[Eingabe: 150 Stk] INVENTURBESTAND', '2025-02-20 17:23:11', 0, 5001, 'direct'),
(217, 209, '', 0, '', -1, '(Orig: 150 / Neu: 149)RE-NR: 5032, Physikalische Bestandsänderung durch Versand (-1 Stk.)', '2025-02-21 07:34:29', 0, 5001, ''),
(218, 209, '', 0, '', -3, '(Orig: 149 / Neu: 146)RE-NR: 5033, Physikalische Bestandsänderung durch Versand (-3 Stk.)', '2025-02-21 07:38:42', 0, 5001, ''),
(219, 209, '', 0, '', -2, '(Orig: 146 / Neu: 144)RE-NR: 5034, Physikalische Bestandsänderung durch Versand (-2 Stk.)', '2025-02-24 10:07:24', 0, 5001, ''),
(220, 166, '', 0, '', -1, '(Orig: 22 / Neu: 21)RE-NR: 5035, Physikalische Bestandsänderung durch Versand (-1 Stk.)', '2025-02-24 10:11:37', 0, 5001, ''),
(221, 171, '', 0, '', -1, '(Orig: 9 / Neu: 8)RE-NR: 5036, Physikalische Bestandsänderung durch Versand (-1 Stk.)', '2025-02-24 10:13:51', 0, 5001, ''),
(222, 187, '', 0, '', -1, '(Orig: 10 / Neu: 9)RE-NR: 5037, Physikalische Bestandsänderung durch Versand (-1 Stk.)', '2025-02-24 10:18:40', 0, 5001, ''),
(223, 218, '', 0, '', 24, '(Orig: 0 / Neu: 24)[Eingabe: 24 Stk] INVENTURBESTAND', '2025-02-25 12:58:05', 0, 5001, 'direct'),
(224, 219, '', 0, '', 12, '(Orig: 0 / Neu: 12)[Eingabe: 12 Stk] INVENTURBESTAND', '2025-02-25 13:30:24', 0, 5001, 'direct'),
(225, 187, '', 0, '', -1, '(Orig: 9 / Neu: 8)RE-NR: 5038, Physikalische Bestandsänderung durch Versand (-1 Stk.)', '2025-02-26 14:28:33', 0, 5001, ''),
(226, 206, '', 0, '', -1, '(Orig: 9 / Neu: 8)RE-NR: 5039, Physikalische Bestandsänderung durch Versand (-1 Stk.)', '2025-02-27 06:29:55', 0, 5001, ''),
(227, 195, '', 0, '', -1, '(Orig: 1 / Neu: 0)RE-NR: 5040, Physikalische Bestandsänderung durch Versand (-1 Stk.)', '2025-03-03 14:20:17', 0, 5001, ''),
(228, 214, '', 0, '', -1, '(Orig: 5 / Neu: 4)RE-NR: 5041, Physikalische Bestandsänderung durch Versand (-1 Stk.)', '2025-03-03 14:22:14', 0, 5001, ''),
(229, 220, '', 0, '', 1, '(Orig: 0 / Neu: 1)[Eingabe: 1 Stk] INVENTURBESTAND', '2025-03-05 08:20:29', 0, 5001, 'direct'),
(230, 220, '', 0, '', 0, '(Orig: 1 / Neu: 0)[Eingabe: 0 Stk] INVENTURBESTAND', '2025-03-05 08:20:30', 0, 5001, 'direct'),
(231, 220, '', 0, '', 1, '(Orig: 0 / Neu: 1)[Eingabe: 1 Stk] INVENTURBESTAND', '2025-03-05 08:20:37', 0, 5001, 'direct'),
(232, 221, '', 0, '', 1, '(Orig: 0 / Neu: 1)[Eingabe: 1 Stk] INVENTURBESTAND', '2025-03-05 12:33:51', 0, 5001, 'direct'),
(233, 222, '', 0, '', 3, '(Orig: 0 / Neu: 3)[Eingabe: 3 Stk] INVENTURBESTAND', '2025-03-05 13:45:03', 0, 5001, 'direct'),
(234, 152, '', 0, '', -1, '(Orig: 8 / Neu: 7)RE-NR: 5042, Physikalische Bestandsänderung durch Versand (-1 Stk.)', '2025-03-10 15:06:05', 0, 5001, ''),
(235, 205, '', 0, '', 0, '(Orig: 15 / Neu: 0)[Eingabe: 0 Stk] INVENTURBESTAND', '2025-03-11 16:25:44', 0, 5001, 'direct'),
(236, 205, '', 0, '', 0, '(Orig: 0 / Neu: 0)[Eingabe: 0 Stk] INVENTURBESTAND', '2025-03-11 16:25:47', 0, 5001, 'direct'),
(237, 205, '', 0, '', 15, '(Orig: 0 / Neu: 15)[Eingabe: 15 Stk] INVENTURBESTAND', '2025-03-11 16:29:08', 0, 5001, 'direct'),
(238, 152, '', 0, '', -1, '(Orig: 7 / Neu: 6)RE-NR: 5043, Physikalische Bestandsänderung durch Versand (-1 Stk.)', '2025-03-19 13:31:44', 0, 5001, ''),
(239, 171, '', 0, '', -1, '(Orig: 8 / Neu: 7)RE-NR: 5044, Physikalische Bestandsänderung durch Versand (-1 Stk.)', '2025-03-19 13:37:00', 0, 5001, ''),
(240, 152, '', 0, '', -1, '(Orig: 6 / Neu: 5)RE-NR: 5045, Physikalische Bestandsänderung durch Versand (-1 Stk.)', '2025-03-24 11:39:37', 0, 5001, ''),
(241, 215, '', 0, '', -1, '(Orig: 5 / Neu: 4)RE-NR: 5046, Physikalische Bestandsänderung durch Versand (-1 Stk.)', '2025-03-24 11:56:15', 0, 5001, ''),
(242, 163, '', 0, '', -1, '(Orig: 9 / Neu: 8)RE-NR: 5047, Physikalische Bestandsänderung durch Versand (-1 Stk.)', '2025-03-27 07:49:44', 0, 5001, ''),
(243, 183, '', 0, '', -1, '(Orig: 3 / Neu: 2)RE-NR: 5048, Physikalische Bestandsänderung durch Versand (-1 Stk.)', '2025-03-27 16:19:48', 0, 5001, ''),
(244, 214, '', 0, '', -1, '(Orig: 4 / Neu: 3)RE-NR: 5049, Physikalische Bestandsänderung durch Versand (-1 Stk.)', '2025-03-28 06:28:12', 0, 5001, ''),
(245, 152, '', 0, '', -1, '(Orig: 5 / Neu: 4)RE-NR: 5050, Physikalische Bestandsänderung durch Versand (-1 Stk.)', '2025-03-31 13:31:33', 0, 5001, ''),
(246, 187, '', 0, '', -1, '(Orig: 8 / Neu: 7)RE-NR: 5051, Physikalische Bestandsänderung durch Versand (-1 Stk.)', '2025-03-31 13:33:13', 0, 5001, ''),
(247, 215, '', 0, '', -1, '(Orig: 4 / Neu: 3)RE-NR: 5052, Physikalische Bestandsänderung durch Versand (-1 Stk.)', '2025-04-01 09:49:14', 0, 5001, ''),
(248, 152, '', 0, '', 5, '(Orig: 4 / Neu: 5)[Eingabe: 5 Stk] INVENTURBESTAND', '2025-04-01 10:19:09', 0, 5001, 'direct'),
(249, 152, '', 0, '', 0, '(Orig: 5 / Neu: 0)[Eingabe: 0 Stk] INVENTURBESTAND', '2025-04-01 10:19:15', 0, 5001, 'direct'),
(250, 152, '', 0, '', 4, '(Orig: 0 / Neu: 4)[Eingabe: 4 Stk] INVENTURBESTAND', '2025-04-01 10:19:20', 0, 5001, 'direct'),
(251, 187, '', 0, '', -1, '(Orig: 7 / Neu: 6)RE-NR: 5053, Physikalische Bestandsänderung durch Versand (-1 Stk.)', '2025-04-02 14:55:07', 0, 5001, ''),
(252, 212, '', 0, '', -1, '(Orig: 48 / Neu: 47)RE-NR: 5054, Physikalische Bestandsänderung durch Versand (-1 Stk.)', '2025-04-02 14:56:34', 0, 5001, ''),
(253, 152, '', 0, '', -1, '(Orig: 4 / Neu: 3)RE-NR: 5055, Physikalische Bestandsänderung durch Versand (-1 Stk.)', '2025-04-02 15:01:57', 0, 5001, ''),
(254, 171, '', 0, '', -1, '(Orig: 7 / Neu: 6)RE-NR: 5056, Physikalische Bestandsänderung durch Versand (-1 Stk.)', '2025-04-04 09:14:10', 0, 5001, ''),
(255, 214, '', 0, '', -1, '(Orig: 3 / Neu: 2)RE-NR: 5057, Physikalische Bestandsänderung durch Versand (-1 Stk.)', '2025-04-10 08:58:08', 0, 5001, ''),
(256, 212, '', 0, '', -1, '(Orig: 47 / Neu: 46)RE-NR: 5058, Physikalische Bestandsänderung durch Versand (-1 Stk.)', '2025-04-14 11:01:12', 0, 5001, ''),
(257, 209, '', 0, '', -1, '(Orig: 144 / Neu: 143)RE-NR: 5059, Physikalische Bestandsänderung durch Versand (-1 Stk.)', '2025-04-17 07:54:52', 0, 5001, ''),
(258, 195, '', 0, '', 1, '(Orig: 0 / Neu: 1)[Eingabe: 1 Stk] INVENTURBESTAND', '2025-04-17 15:01:20', 0, 5001, 'direct'),
(259, 152, '', 0, '', -1, '(Orig: 3 / Neu: 2)RE-NR: 5061, Physikalische Bestandsänderung durch Versand (-1 Stk.)', '2025-04-22 06:54:31', 0, 5001, ''),
(260, 212, '', 0, '', -2, '(Orig: 46 / Neu: 44)RE-NR: 5062, Physikalische Bestandsänderung durch Versand (-2 Stk.)', '2025-04-22 06:55:40', 0, 5001, ''),
(261, 212, '', 0, '', -1, '(Orig: 44 / Neu: 43)RE-NR: 5063, Physikalische Bestandsänderung durch Versand (-1 Stk.)', '2025-04-22 07:09:24', 0, 5001, ''),
(262, 210, '', 0, '', -1, '(Orig: 12 / Neu: 11)RE-NR: 5060, Physikalische Bestandsänderung durch Versand (-1 Stk.)', '2025-04-22 11:06:28', 0, 5001, ''),
(263, 212, '', 0, '', -1, '(Orig: 43 / Neu: 42)RE-NR: 5064, Physikalische Bestandsänderung durch Versand (-1 Stk.)', '2025-04-23 09:41:37', 0, 5001, ''),
(264, 171, '', 0, '', -1, '(Orig: 6 / Neu: 5)RE-NR: 5065, Physikalische Bestandsänderung durch Versand (-1 Stk.)', '2025-04-26 08:12:24', 0, 5001, ''),
(265, 152, '', 0, '', -1, '(Orig: 2 / Neu: 1)RE-NR: 5068, Physikalische Bestandsänderung durch Versand (-1 Stk.)', '2025-04-28 13:04:56', 0, 5001, ''),
(266, 171, '', 0, '', -1, '(Orig: 5 / Neu: 4)RE-NR: 5069, Physikalische Bestandsänderung durch Versand (-1 Stk.)', '2025-04-28 17:15:05', 0, 5001, ''),
(267, 212, '', 0, '', -1, '(Orig: 42 / Neu: 41)RE-NR: 5070, Physikalische Bestandsänderung durch Versand (-1 Stk.)', '2025-04-28 19:24:23', 0, 5001, ''),
(268, 152, '', 0, '', -1, '(Orig: 1 / Neu: 0)RE-NR: 5073, Physikalische Bestandsänderung durch Versand (-1 Stk.)', '2025-04-29 12:14:47', 0, 5001, ''),
(269, 222, '', 0, '', -1, '(Orig: 3 / Neu: 2)RE-NR: 5072, Physikalische Bestandsänderung durch Versand (-1 Stk.)', '2025-04-29 12:17:00', 0, 5001, ''),
(270, 206, '', 0, '', -1, '(Orig: 8 / Neu: 7)RE-NR: 5071, Physikalische Bestandsänderung durch Versand (-1 Stk.)', '2025-04-29 12:18:23', 0, 5001, ''),
(271, 152, '', 0, '', 5, '(Orig: 0 / Neu: 5)neu', '2025-04-30 06:01:33', 0, 5001, 'direct'),
(272, 152, '', 0, '', 5, '(Orig: 5 / Neu: 5)[Eingabe: 5 Stk] INVENTURBESTAND', '2025-04-30 09:39:36', 0, 5001, 'direct'),
(273, 152, '', 0, '', 0, '(Orig: 5 / Neu: 0)[Eingabe: 0 Stk] INVENTURBESTAND', '2025-04-30 09:39:38', 0, 5001, 'direct'),
(274, 152, '', 0, '', 5, '(Orig: 0 / Neu: 5)[Eingabe: 5 Stk] INVENTURBESTAND', '2025-04-30 09:40:34', 0, 5001, 'direct'),
(275, 206, '', 0, '', -1, '(Orig: 7 / Neu: 6)RE-NR: 5077, Physikalische Bestandsänderung durch Versand (-1 Stk.)', '2025-04-30 15:06:08', 0, 5001, ''),
(276, 171, '', 0, '', -1, '(Orig: 4 / Neu: 3)RE-NR: 5078, Physikalische Bestandsänderung durch Versand (-1 Stk.)', '2025-05-02 19:10:47', 0, 5001, ''),
(277, 171, '', 0, '', -1, '(Orig: 3 / Neu: 2)RE-NR: 5079, Physikalische Bestandsänderung durch Versand (-1 Stk.)', '2025-05-03 07:25:18', 0, 5001, ''),
(278, 212, '', 0, '', -1, '(Orig: 41 / Neu: 40)RE-NR: 5080, Physikalische Bestandsänderung durch Versand (-1 Stk.)', '2025-05-05 10:18:04', 0, 5001, ''),
(279, 210, '', 0, '', -1, '(Orig: 11 / Neu: 10)RE-NR: 5082, Physikalische Bestandsänderung durch Versand (-1 Stk.)', '2025-05-05 10:26:18', 0, 5001, ''),
(280, 210, '', 0, '', -1, '(Orig: 10 / Neu: 9)RE-NR: 5083, Physikalische Bestandsänderung durch Versand (-1 Stk.)', '2025-05-05 10:27:18', 0, 5001, ''),
(281, 206, '', 0, '', -1, '(Orig: 6 / Neu: 5)RE-NR: 5081, Physikalische Bestandsänderung durch Versand (-1 Stk.)', '2025-05-05 10:36:23', 0, 1, ''),
(282, 209, '', 0, '', -2, '(Orig: 143 / Neu: 141)RE-NR: 5084, Physikalische Bestandsänderung durch Versand (-2 Stk.)', '2025-05-06 11:53:43', 0, 5001, ''),
(283, 206, '', 0, '', -1, '(Orig: 5 / Neu: 4)RE-NR: 5085, Physikalische Bestandsänderung durch Versand (-1 Stk.)', '2025-05-09 08:47:20', 0, 5001, ''),
(284, 152, '', 0, '', 5, '(Orig: 5 / Neu: 5)[Eingabe: 5 Stk] INVENTURBESTAND', '2025-05-09 09:12:41', 0, 5001, 'direct'),
(285, 152, '', 0, '', 5, '(Orig: 5 / Neu: 5)[Eingabe: 5 Stk] INVENTURBESTAND', '2025-05-09 13:03:37', 0, 5001, 'direct'),
(286, 212, '', 0, '', -1, '(Orig: 40 / Neu: 39)RE-NR: 5086, Physikalische Bestandsänderung durch Versand (-1 Stk.)', '2025-05-12 12:27:29', 0, 5001, ''),
(287, 212, '', 0, '', -1, '(Orig: 39 / Neu: 38)RE-NR: 5087, Physikalische Bestandsänderung durch Versand (-1 Stk.)', '2025-05-12 12:29:17', 0, 5001, ''),
(288, 188, '', 0, '', -1, '(Orig: 5 / Neu: 4)RE-NR: 5088, Physikalische Bestandsänderung durch Versand (-1 Stk.)', '2025-05-13 18:22:15', 0, 5001, ''),
(289, 212, '', 0, '', -1, '(Orig: 38 / Neu: 37)RE-NR: 5089, Physikalische Bestandsänderung durch Versand (-1 Stk.)', '2025-05-13 18:23:24', 0, 5001, ''),
(290, 207, '', 0, '', -2, '(Orig: 30 / Neu: 28)RE-NR: 5090, Physikalische Bestandsänderung durch Versand (-2 Stk.)', '2025-05-14 08:27:19', 0, 5001, ''),
(291, 166, '', 0, '', -1, '(Orig: 21 / Neu: 20)RE-NR: 5091, Physikalische Bestandsänderung durch Versand (-1 Stk.)', '2025-05-15 13:00:28', 0, 5001, ''),
(292, 209, '', 0, '', -2, '(Orig: 141 / Neu: 139)RE-NR: 5092, Physikalische Bestandsänderung durch Versand (-2 Stk.)', '2025-05-19 05:44:36', 0, 5001, ''),
(293, 210, '', 0, '', -1, '(Orig: 9 / Neu: 8)RE-NR: 5093, Physikalische Bestandsänderung durch Versand (-1 Stk.)', '2025-05-20 11:36:25', 0, 5001, ''),
(294, 212, '', 0, '', -1, '(Orig: 37 / Neu: 36)RE-NR: 5094, Physikalische Bestandsänderung durch Versand (-1 Stk.)', '2025-05-20 11:37:47', 0, 5001, ''),
(295, 154, '', 0, '', 1, '(Orig: 0 / Neu: 1)[Eingabe: 1 Stk] INVENTURBESTAND', '2025-05-20 12:33:06', 0, 5001, 'direct'),
(296, 223, '', 0, '', 1, '(Orig: 0 / Neu: 1)[Eingabe: 1 Stk] INVENTURBESTAND', '2025-05-20 12:45:13', 0, 5001, 'direct'),
(297, 224, '', 0, '', 2, '(Orig: 0 / Neu: 2)[Eingabe: 2 Stk] INVENTURBESTAND', '2025-05-21 07:36:10', 0, 5001, 'direct'),
(298, 225, '', 0, '', 2, '(Orig: 0 / Neu: 2)[Eingabe: 2 Stk] INVENTURBESTAND', '2025-05-21 08:09:52', 0, 5001, 'direct'),
(299, 154, '', 0, '', 1, '(Orig: 1 / Neu: 1)[Eingabe: 1 Stk] INVENTURBESTAND', '2025-05-21 08:44:36', 0, 5001, 'direct'),
(300, 226, '', 0, '', 2, '(Orig: 0 / Neu: 2)[Eingabe: 2 Stk] INVENTURBESTAND', '2025-05-21 09:00:04', 0, 5001, 'direct'),
(301, 226, '', 0, '', 2, '(Orig: 2 / Neu: 2)[Eingabe: 2 Stk] INVENTURBESTAND', '2025-05-21 09:00:13', 0, 5001, 'direct'),
(302, 227, '', 0, '', 2, '(Orig: 0 / Neu: 2)[Eingabe: 2 Stk] INVENTURBESTAND', '2025-05-21 09:33:24', 0, 5001, 'direct'),
(303, 152, '', 0, '', -1, '(Orig: 5 / Neu: 4)RE-NR: 5095, Physikalische Bestandsänderung durch Versand (-1 Stk.)', '2025-05-26 12:11:00', 0, 5001, ''),
(304, 166, '', 0, '', -1, '(Orig: 20 / Neu: 19)RE-NR: 5096, Physikalische Bestandsänderung durch Versand (-1 Stk.)', '2025-05-26 12:14:05', 0, 5001, ''),
(305, 212, '', 0, '', -1, '(Orig: 36 / Neu: 35)RE-NR: 5097, Physikalische Bestandsänderung durch Versand (-1 Stk.)', '2025-05-26 12:16:34', 0, 5001, ''),
(306, 210, '', 0, '', -1, '(Orig: 8 / Neu: 7)RE-NR: 5098, Physikalische Bestandsänderung durch Versand (-1 Stk.)', '2025-05-27 07:52:07', 0, 5001, ''),
(307, 166, '', 0, '', -1, '(Orig: 19 / Neu: 18)RE-NR: 5099, Physikalische Bestandsänderung durch Versand (-1 Stk.)', '2025-06-02 07:05:53', 0, 5001, ''),
(308, 188, '', 0, '', -1, '(Orig: 4 / Neu: 3)RE-NR: 5100, Physikalische Bestandsänderung durch Versand (-1 Stk.)', '2025-06-02 07:08:24', 0, 5001, ''),
(309, 212, '', 0, '', -1, '(Orig: 35 / Neu: 34)RE-NR: 5101, Physikalische Bestandsänderung durch Versand (-1 Stk.)', '2025-06-02 07:09:47', 0, 5001, ''),
(310, 212, '', 0, '', -2, '(Orig: 34 / Neu: 32)RE-NR: 5103, Physikalische Bestandsänderung durch Versand (-2 Stk.)', '2025-06-02 07:16:09', 0, 5001, ''),
(311, 207, '', 0, '', -1, '(Orig: 28 / Neu: 27)RE-NR: 5102, Physikalische Bestandsänderung durch Versand (-1 Stk.)', '2025-06-02 07:18:06', 0, 5001, ''),
(312, 212, '', 0, '', -2, '(Orig: 32 / Neu: 30)RE-NR: 5104, Physikalische Bestandsänderung durch Versand (-2 Stk.)', '2025-06-02 07:24:41', 0, 5001, ''),
(313, 209, '', 0, '', -1, '(Orig: 139 / Neu: 138)RE-NR: 5105, Physikalische Bestandsänderung durch Versand (-1 Stk.)', '2025-06-02 07:28:41', 0, 5001, ''),
(314, 212, '', 0, '', -1, '(Orig: 30 / Neu: 29)RE-NR: 5106, Physikalische Bestandsänderung durch Versand (-1 Stk.)', '2025-06-02 07:32:20', 0, 5001, ''),
(315, 152, '', 0, '', -2, '(Orig: 4 / Neu: 2)RE-NR: 5107, Physikalische Bestandsänderung durch Versand (-2 Stk.)', '2025-06-03 09:38:26', 0, 5001, ''),
(316, 209, '', 0, '', -1, '(Orig: 138 / Neu: 137)RE-NR: 5108, Physikalische Bestandsänderung durch Versand (-1 Stk.)', '2025-06-04 06:32:09', 0, 5001, ''),
(317, 212, '', 0, '', -1, '(Orig: 29 / Neu: 28)RE-NR: 5109, Physikalische Bestandsänderung durch Versand (-1 Stk.)', '2025-06-04 06:33:35', 0, 5001, ''),
(318, 227, '', 0, '', -1, '(Orig: 2 / Neu: 1)RE-NR: 5110, Physikalische Bestandsänderung durch Versand (-1 Stk.)', '2025-06-04 09:31:09', 0, 5001, ''),
(319, 152, '', 0, '', -1, '(Orig: 2 / Neu: 1)RE-NR: 5111, Physikalische Bestandsänderung durch Versand (-1 Stk.)', '2025-06-10 08:00:15', 0, 5001, ''),
(320, 214, '', 0, '', -1, '(Orig: 2 / Neu: 1)RE-NR: 5112, Physikalische Bestandsänderung durch Versand (-1 Stk.)', '2025-06-10 08:05:07', 0, 5001, ''),
(321, 227, '', 0, '', -1, '(Orig: 1 / Neu: 0)RE-NR: 5113, Physikalische Bestandsänderung durch Versand (-1 Stk.)', '2025-06-10 14:23:41', 0, 5001, ''),
(322, 188, '', 0, '', -1, '(Orig: 3 / Neu: 2)RE-NR: 5114, Physikalische Bestandsänderung durch Versand (-1 Stk.)', '2025-06-12 19:46:47', 0, 5001, ''),
(323, 187, '', 0, '', -1, '(Orig: 6 / Neu: 5)RE-NR: 5115, Physikalische Bestandsänderung durch Versand (-1 Stk.)', '2025-06-16 14:45:13', 0, 5001, ''),
(324, 188, '', 0, '', -1, '(Orig: 2 / Neu: 1)RE-NR: 5116, Physikalische Bestandsänderung durch Versand (-1 Stk.)', '2025-06-16 14:47:17', 0, 5001, ''),
(325, 213, '', 0, '', -1, '(Orig: 15 / Neu: 14)RE-NR: 5117, Physikalische Bestandsänderung durch Versand (-1 Stk.)', '2025-06-16 14:49:17', 0, 5001, ''),
(326, 188, '', 0, '', -1, '(Orig: 1 / Neu: 0)RE-NR: 5118, Physikalische Bestandsänderung durch Versand (-1 Stk.)', '2025-06-16 14:56:34', 0, 5001, ''),
(327, 209, '', 0, '', -12, '(Orig: 137 / Neu: 125)RE-NR: 5119, Physikalische Bestandsänderung durch Versand (-12 Stk.)', '2025-06-16 16:56:21', 0, 5001, ''),
(328, 166, '', 0, '', -1, '(Orig: 18 / Neu: 17)RE-NR: 5120, Physikalische Bestandsänderung durch Versand (-1 Stk.)', '2025-06-19 12:35:30', 0, 5001, ''),
(329, 207, '', 0, '', -1, '(Orig: 27 / Neu: 26)RE-NR: 5121, Physikalische Bestandsänderung durch Versand (-1 Stk.)', '2025-06-20 05:37:39', 0, 5001, ''),
(330, 212, '', 0, '', -1, '(Orig: 28 / Neu: 27)RE-NR: 5122, Physikalische Bestandsänderung durch Versand (-1 Stk.)', '2025-06-23 08:36:11', 0, 5001, ''),
(331, 166, '', 0, '', -1, '(Orig: 17 / Neu: 16)RE-NR: 5123, Physikalische Bestandsänderung durch Versand (-1 Stk.)', '2025-06-23 08:41:27', 0, 5001, ''),
(332, 207, '', 0, '', -1, '(Orig: 26 / Neu: 25)RE-NR: 5124, Physikalische Bestandsänderung durch Versand (-1 Stk.)', '2025-06-23 08:43:31', 0, 5001, ''),
(333, 212, '', 0, '', -1, '(Orig: 27 / Neu: 26)RE-NR: 5125, Physikalische Bestandsänderung durch Versand (-1 Stk.)', '2025-06-24 05:26:56', 0, 5001, ''),
(334, 210, '', 0, '', -1, '(Orig: 7 / Neu: 6)RE-NR: 5126, Physikalische Bestandsänderung durch Versand (-1 Stk.)', '2025-06-26 05:47:15', 0, 5001, ''),
(335, 211, '', 0, '', -1, '(Orig: 30 / Neu: 29)RE-NR: 5127, Physikalische Bestandsänderung durch Versand (-1 Stk.)', '2025-06-26 07:34:42', 0, 5001, ''),
(336, 166, '', 0, '', -1, '(Orig: 16 / Neu: 15)RE-NR: 5128, Physikalische Bestandsänderung durch Versand (-1 Stk.)', '2025-06-27 05:47:16', 0, 5001, ''),
(337, 209, '', 0, '', -3, '(Orig: 125 / Neu: 122)RE-NR: 5130, Physikalische Bestandsänderung durch Versand (-3 Stk.)', '2025-06-28 04:36:07', 0, 5001, ''),
(338, 217, '', 0, '', -1, '(Orig: 3 / Neu: 2)Zur Re-Nr 5129 wurde die Warenausgabe aus dem Stammlager vorgenommen.', '2025-06-28 05:23:47', 0, 5001, ''),
(339, 217, '', 0, '', 1, '(Orig: 2 / Neu: 3)Re-Nr 5129 Statuswechsel zu Bezahlt', '2025-06-28 05:49:27', 0, 5001, ''),
(340, 166, '', 0, '', -1, '(Orig: 15 / Neu: 14)RE-NR: 5135, Physikalische Bestandsänderung durch Versand (-1 Stk.)', '2025-06-30 06:48:06', 0, 5001, ''),
(341, 212, '', 0, '', -1, '(Orig: 26 / Neu: 25)RE-NR: 5134, Physikalische Bestandsänderung durch Versand (-1 Stk.)', '2025-06-30 06:51:21', 0, 5001, ''),
(342, 209, '', 0, '', -1, '(Orig: 122 / Neu: 121)RE-NR: 5133, Physikalische Bestandsänderung durch Versand (-1 Stk.)', '2025-06-30 07:08:06', 0, 5001, ''),
(343, 207, '', 0, '', -1, '(Orig: 25 / Neu: 24)RE-NR: 5132, Physikalische Bestandsänderung durch Versand (-1 Stk.)', '2025-06-30 07:10:43', 0, 5001, ''),
(344, 166, '', 0, '', -1, '(Orig: 14 / Neu: 13)RE-NR: 5131, Physikalische Bestandsänderung durch Versand (-1 Stk.)', '2025-06-30 07:16:16', 0, 5001, ''),
(345, 212, '', 0, '', -1, '(Orig: 25 / Neu: 24)RE-NR: 5136, Physikalische Bestandsänderung durch Versand (-1 Stk.)', '2025-07-01 05:14:57', 0, 5001, ''),
(346, 219, '', 0, '', -1, '(Orig: 12 / Neu: 11)RE-NR: 5137, Physikalische Bestandsänderung durch Versand (-1 Stk.)', '2025-07-01 05:16:45', 0, 5001, ''),
(347, 206, '', 0, '', -1, '(Orig: 4 / Neu: 3)RE-NR: 5138, Physikalische Bestandsänderung durch Versand (-1 Stk.)', '2025-07-01 19:05:16', 0, 5001, ''),
(348, 209, '', 0, '', -1, '(Orig: 121 / Neu: 120)RE-NR: 5139, Physikalische Bestandsänderung durch Versand (-1 Stk.)', '2025-07-02 05:27:07', 0, 5001, ''),
(349, 152, '', 0, '', 10, '(Orig: 1 / Neu: 10)[Eingabe: 10 Stk] INVENTURBESTAND', '2025-07-02 14:54:53', 0, 5001, 'direct'),
(350, 230, '', 0, '', 5, '(Orig: 0 / Neu: 5)[Eingabe: 5 Stk] INVENTURBESTAND', '2025-07-02 15:43:12', 0, 5001, 'direct'),
(351, 152, '', 0, '', -1, '(Orig: 10 / Neu: 9)RE-NR: 5140, Physikalische Bestandsänderung durch Versand (-1 Stk.)', '2025-07-03 17:40:00', 0, 5001, ''),
(352, 209, '', 0, '', -4, '(Orig: 120 / Neu: 116)RE-NR: 5141, Physikalische Bestandsänderung durch Versand (-4 Stk.)', '2025-07-04 08:58:32', 0, 5001, ''),
(353, 231, '', 0, '', 5, '(Orig: 0 / Neu: 5)[Eingabe: 5 Stk] INVENTURBESTAND', '2025-07-04 11:11:40', 0, 5001, 'direct'),
(354, 231, '', 0, '', 0, '(Orig: 5 / Neu: 0)[Eingabe: 0 Stk] INVENTURBESTAND', '2025-07-04 11:11:41', 0, 5001, 'direct'),
(355, 231, '', 0, '', 5, '(Orig: 0 / Neu: 5)[Eingabe: 5 Stk] INVENTURBESTAND', '2025-07-04 11:13:29', 0, 5001, 'direct'),
(356, 231, '', 0, '', 4, '(Orig: 5 / Neu: 4)[Eingabe: 4 Stk] INVENTURBESTAND', '2025-07-04 11:13:38', 0, 5001, 'direct'),
(357, 232, '', 0, '', 3, '(Orig: 0 / Neu: 3)[Eingabe: 3 Stk] INVENTURBESTAND', '2025-07-04 11:44:24', 0, 5001, 'direct'),
(358, 209, '', 0, '', -2, '(Orig: 116 / Neu: 114)RE-NR: 5142, Physikalische Bestandsänderung durch Versand (-2 Stk.)', '2025-07-04 15:47:14', 0, 5001, ''),
(359, 212, '', 0, '', -1, '(Orig: 24 / Neu: 23)RE-NR: 5143, Physikalische Bestandsänderung durch Versand (-1 Stk.)', '2025-07-07 08:50:39', 0, 5001, ''),
(360, 212, '', 0, '', -1, '(Orig: 23 / Neu: 22)RE-NR: 5144, Physikalische Bestandsänderung durch Versand (-1 Stk.)', '2025-07-07 08:55:31', 0, 5001, ''),
(361, 207, '', 0, '', -1, '(Orig: 24 / Neu: 23)RE-NR: 5145, Physikalische Bestandsänderung durch Versand (-1 Stk.)', '2025-07-07 08:56:17', 0, 5001, ''),
(362, 212, '', 0, '', -1, '(Orig: 22 / Neu: 21)RE-NR: 5146, Physikalische Bestandsänderung durch Versand (-1 Stk.)', '2025-07-07 12:37:08', 0, 5001, ''),
(363, 231, '', 0, '', -1, '(Orig: 4 / Neu: 3)RE-NR: 5147, Physikalische Bestandsänderung durch Versand (-1 Stk.)', '2025-07-08 07:37:11', 0, 5001, ''),
(364, 210, '', 0, '', -1, '(Orig: 6 / Neu: 5)RE-NR: 5148, Physikalische Bestandsänderung durch Versand (-1 Stk.)', '2025-07-08 07:37:59', 0, 5001, ''),
(365, 211, '', 0, '', -1, '(Orig: 29 / Neu: 28)RE-NR: 5149, Physikalische Bestandsänderung durch Versand (-1 Stk.)', '2025-07-08 13:14:10', 0, 5001, ''),
(366, 214, '', 0, '', -1, '(Orig: 1 / Neu: 0)RE-NR: 5150, Physikalische Bestandsänderung durch Versand (-1 Stk.)', '2025-07-10 06:57:38', 0, 5001, ''),
(367, 210, '', 0, '', -1, '(Orig: 5 / Neu: 4)RE-NR: 5151, Physikalische Bestandsänderung durch Versand (-1 Stk.)', '2025-07-10 07:14:00', 0, 5001, ''),
(368, 210, '', 0, '', -1, '(Orig: 4 / Neu: 3)RE-NR: 5153, Physikalische Bestandsänderung durch Versand (-1 Stk.)', '2025-07-11 07:33:25', 0, 5001, ''),
(369, 166, '', 0, '', -1, '(Orig: 13 / Neu: 12)RE-NR: 5152, Physikalische Bestandsänderung durch Versand (-1 Stk.)', '2025-07-11 07:37:12', 0, 5001, ''),
(370, 210, '', 0, '', -1, '(Orig: 3 / Neu: 2)RE-NR: 5154, Physikalische Bestandsänderung durch Versand (-1 Stk.)', '2025-07-11 07:38:59', 0, 5001, ''),
(371, 212, '', 0, '', -1, '(Orig: 21 / Neu: 20)RE-NR: 5155, Physikalische Bestandsänderung durch Versand (-1 Stk.)', '2025-07-14 11:36:09', 0, 5001, ''),
(372, 215, '', 0, '', -1, '(Orig: 3 / Neu: 2)RE-NR: 5156, Physikalische Bestandsänderung durch Versand (-1 Stk.)', '2025-07-15 13:11:06', 0, 5001, ''),
(373, 206, '', 0, '', -3, '(Orig: 3 / Neu: 0)RE-NR: 5157, Physikalische Bestandsänderung durch Versand (-3 Stk.)', '2025-07-16 12:09:31', 0, 5001, ''),
(374, 152, '', 0, '', -1, '(Orig: 9 / Neu: 8)RE-NR: 5158, Physikalische Bestandsänderung durch Versand (-1 Stk.)', '2025-07-16 13:32:09', 0, 5001, ''),
(375, 231, '', 0, '', -1, '(Orig: 3 / Neu: 2)RE-NR: 5159, Physikalische Bestandsänderung durch Versand (-1 Stk.)', '2025-07-17 05:37:02', 0, 5001, ''),
(376, 212, '', 0, '', -1, '(Orig: 20 / Neu: 19)RE-NR: 5160, Physikalische Bestandsänderung durch Versand (-1 Stk.)', '2025-07-18 06:52:10', 0, 5001, ''),
(377, 212, '', 0, '', -1, '(Orig: 19 / Neu: 18)RE-NR: 5161, Physikalische Bestandsänderung durch Versand (-1 Stk.)', '2025-07-22 06:50:04', 0, 5001, ''),
(378, 231, '', 0, '', -2, '(Orig: 2 / Neu: 0)RE-NR: 5162, Physikalische Bestandsänderung durch Versand (-2 Stk.)', '2025-07-22 06:51:43', 0, 5001, ''),
(379, 209, '', 0, '', -1, '(Orig: 114 / Neu: 113)RE-NR: 5164, Physikalische Bestandsänderung durch Versand (-1 Stk.)', '2025-07-23 08:17:34', 0, 5001, ''),
(380, 210, '', 0, '', -1, '(Orig: 2 / Neu: 1)RE-NR: 5163, Physikalische Bestandsänderung durch Versand (-1 Stk.)', '2025-07-23 09:45:15', 0, 5001, ''),
(381, 212, '', 0, '', -1, '(Orig: 18 / Neu: 17)RE-NR: 5165, Physikalische Bestandsänderung durch Versand (-1 Stk.)', '2025-07-23 15:27:54', 0, 5001, ''),
(382, 209, '', 0, '', -2, '(Orig: 113 / Neu: 111)RE-NR: 5166, Physikalische Bestandsänderung durch Versand (-2 Stk.)', '2025-07-24 11:23:18', 0, 5001, ''),
(383, 212, '', 0, '', -1, '(Orig: 17 / Neu: 16)RE-NR: 5167, Physikalische Bestandsänderung durch Versand (-1 Stk.)', '2025-07-24 11:24:14', 0, 5001, ''),
(384, 152, '', 0, '', -1, '(Orig: 8 / Neu: 7)RE-NR: 5168, Physikalische Bestandsänderung durch Versand (-1 Stk.)', '2025-07-25 05:58:39', 0, 5001, ''),
(385, 210, '', 0, '', 0, '(Orig: 1 / Neu: 0)[Eingabe: 0 Stk] INVENTURBESTAND', '2025-07-29 09:01:32', 0, 5001, 'direct'),
(386, 207, '', 0, '', -1, '(Orig: 23 / Neu: 22)RE-NR: 5170, Physikalische Bestandsänderung durch Versand (-1 Stk.)', '2025-07-31 18:13:06', 0, 5001, ''),
(387, 166, '', 0, '', -1, '(Orig: 12 / Neu: 11)RE-NR: 5171, Physikalische Bestandsänderung durch Versand (-1 Stk.)', '2025-07-31 18:14:32', 0, 5001, ''),
(388, 212, '', 0, '', -1, '(Orig: 16 / Neu: 15)RE-NR: 5172, Physikalische Bestandsänderung durch Versand (-1 Stk.)', '2025-08-01 10:10:39', 0, 5001, ''),
(389, 178, '', 0, '', -2, '(Orig: 5 / Neu: 3)RE-NR: 5173, Physikalische Bestandsänderung durch Versand (-2 Stk.)', '2025-08-01 19:16:23', 0, 5001, ''),
(390, 205, '', 0, '', -1, '(Orig: 15 / Neu: 14)RE-NR: 5175, Physikalische Bestandsänderung durch Versand (-1 Stk.)', '2025-08-11 06:07:18', 0, 5001, ''),
(391, 219, '', 0, '', -1, '(Orig: 11 / Neu: 10)RE-NR: 5176, Physikalische Bestandsänderung durch Versand (-1 Stk.)', '2025-08-18 06:34:30', 0, 5001, ''),
(392, 181, '', 0, '', -1, '(Orig: 5 / Neu: 4)RE-NR: 5177, Physikalische Bestandsänderung durch Versand (-1 Stk.)', '2025-08-18 06:37:06', 0, 5001, ''),
(393, 205, '', 0, '', -1, '(Orig: 14 / Neu: 13)RE-NR: 5178, Physikalische Bestandsänderung durch Versand (-1 Stk.)', '2025-08-20 14:24:08', 0, 5001, ''),
(394, 219, '', 0, '', -1, '(Orig: 10 / Neu: 9)RE-NR: 5179, Physikalische Bestandsänderung durch Versand (-1 Stk.)', '2025-08-22 07:46:11', 0, 5001, ''),
(395, 219, '', 0, '', -1, '(Orig: 9 / Neu: 8)RE-NR: 5180, Physikalische Bestandsänderung durch Versand (-1 Stk.)', '2025-08-26 06:12:13', 0, 5001, ''),
(396, 209, '', 0, '', -2, '(Orig: 111 / Neu: 109)RE-NR: 5181, Physikalische Bestandsänderung durch Versand (-2 Stk.)', '2025-08-26 11:12:45', 0, 5001, ''),
(397, 219, '', 0, '', -1, '(Orig: 8 / Neu: 7)RE-NR: 5182, Physikalische Bestandsänderung durch Versand (-1 Stk.)', '2025-09-01 07:04:36', 0, 5001, ''),
(398, 209, '', 0, '', 110, '(Orig: 109 / Neu: 110)[Eingabe: 110 Stk] INVENTURBESTAND', '2025-09-05 14:21:32', 0, 5001, 'direct'),
(399, 209, '', 0, '', 0, '(Orig: 110 / Neu: 0)[Eingabe: 0 Stk] INVENTURBESTAND', '2025-09-05 14:21:34', 0, 5001, 'direct'),
(400, 209, '', 0, '', 0, '(Orig: 0 / Neu: 0)[Eingabe: 0 Stk] INVENTURBESTAND', '2025-09-05 14:21:34', 0, 5001, 'direct');
INSERT INTO `history_bestand` (`id`, `products_id`, `ebay_id`, `orders_id`, `transaction_id`, `quantity_change`, `title`, `date_saved`, `storage_id`, `editor_id`, `source`) VALUES
(401, 209, '', 0, '', 100, '(Orig: 0 / Neu: 100)[Eingabe: 100 Stk] INVENTURBESTAND', '2025-09-05 14:21:42', 0, 5001, 'direct'),
(402, 219, '', 0, '', -1, '(Orig: 7 / Neu: 6)RE-NR: 5184, Physikalische Bestandsänderung durch Versand (-1 Stk.)', '2025-09-08 05:29:21', 0, 5001, ''),
(403, 153, '', 0, '', 4, '(Orig: 5 / Neu: 4)[Eingabe: 4 Stk] INVENTURBESTAND', '2025-09-08 08:43:04', 0, 5001, 'direct'),
(404, 153, '', 0, '', 4, '(Orig: 4 / Neu: 4)[Eingabe: 4 Stk] INVENTURBESTAND', '2025-09-08 08:46:38', 0, 5001, 'direct'),
(405, 153, '', 0, '', 4, '(Orig: 4 / Neu: 8)neu', '2025-09-08 08:47:45', 0, 5001, 'direct'),
(406, 153, '', 0, '', 4, '(Orig: 8 / Neu: 4)Der physikalische Bestand wurde durch Mitarbeiter geändert zu 4.', '2025-09-08 08:49:02', 0, 5001, 'direct'),
(407, 153, '', 0, '', 4, '(Orig: 4 / Neu: 4)[Eingabe: 4 Stk] INVENTURBESTAND', '2025-09-08 09:22:33', 0, 5001, 'direct'),
(408, 162, '', 0, '', -2, '(Orig: 10 / Neu: 8)RE-NR: 5186, Physikalische Bestandsänderung durch Versand (-2 Stk.)', '2025-09-09 05:27:54', 0, 5001, ''),
(409, 209, '', 0, '', -2, '(Orig: 100 / Neu: 98)RE-NR: 5187, Physikalische Bestandsänderung durch Versand (-2 Stk.)', '2025-09-11 09:19:09', 0, 5001, ''),
(410, 177, '', 0, '', -1, '(Orig: 5 / Neu: 4)RE-NR: 5188, Physikalische Bestandsänderung durch Versand (-1 Stk.)', '2025-09-15 11:09:21', 0, 5001, ''),
(411, 209, '', 0, '', -1, '(Orig: 98 / Neu: 97)RE-NR: 5189, Physikalische Bestandsänderung durch Versand (-1 Stk.)', '2025-09-15 11:13:14', 0, 5001, ''),
(412, 152, '', 0, '', -1, '(Orig: 7 / Neu: 6)RE-NR: 5190, Physikalische Bestandsänderung durch Versand (-1 Stk.)', '2025-09-16 05:59:59', 0, 5001, ''),
(413, 218, '', 0, '', -1, '(Orig: 24 / Neu: 23)RE-NR: 5191, Physikalische Bestandsänderung durch Versand (-1 Stk.)', '2025-09-17 13:08:02', 0, 5001, ''),
(414, 152, '', 0, '', -1, '(Orig: 6 / Neu: 5)RE-NR: 5192, Physikalische Bestandsänderung durch Versand (-1 Stk.)', '2025-09-18 05:35:09', 0, 5001, ''),
(415, 234, '', 0, '', 3, '(Orig: 0 / Neu: 3)[Eingabe: 3 Stk] INVENTURBESTAND', '2025-09-19 18:29:31', 0, 5001, 'direct'),
(416, 234, '', 0, '', 0, '(Orig: 3 / Neu: 0)[Eingabe: 0 Stk] INVENTURBESTAND', '2025-09-19 18:29:37', 0, 5001, 'direct'),
(417, 234, '', 0, '', 3, '(Orig: 0 / Neu: 3)[Eingabe: 3 Stk] INVENTURBESTAND', '2025-09-19 18:29:41', 0, 5001, 'direct'),
(418, 236, '', 0, '', 10, '(Orig: 0 / Neu: 10)[Eingabe: 10 Stk] INVENTURBESTAND', '2025-09-21 16:50:25', 0, 5001, 'direct'),
(419, 236, '', 0, '', 0, '(Orig: 10 / Neu: 0)[Eingabe: 0 Stk] INVENTURBESTAND', '2025-09-21 16:50:31', 0, 5001, 'direct'),
(420, 236, '', 0, '', 10, '(Orig: 0 / Neu: 10)[Eingabe: 10 Stk] INVENTURBESTAND', '2025-09-21 16:50:54', 0, 5001, 'direct'),
(421, 236, '', 0, '', 0, '(Orig: 10 / Neu: 0)[Eingabe: 0 Stk] INVENTURBESTAND', '2025-09-21 16:51:04', 0, 5001, 'direct'),
(422, 236, '', 0, '', 10, '(Orig: 0 / Neu: 10)Der physikalische Bestand wurde durch Mitarbeiter geändert zu 10.', '2025-09-21 16:51:31', 0, 5001, 'direct'),
(423, 238, '', 0, '', 5, '(Orig: 0 / Neu: 5)[Eingabe: 5 Stk] INVENTURBESTAND', '2025-09-24 09:59:57', 0, 5001, 'direct'),
(424, 239, '', 0, '', 10, '(Orig: 0 / Neu: 10)[Eingabe: 10 Stk] INVENTURBESTAND', '2025-09-24 14:53:41', 0, 5001, 'direct'),
(425, 241, '', 0, '', 5, '(Orig: 0 / Neu: 5)[Eingabe: 5 Stk] INVENTURBESTAND', '2025-09-24 17:46:56', 0, 5001, 'direct'),
(426, 219, '', 0, '', -1, '(Orig: 6 / Neu: 5)RE-NR: 5193, Physikalische Bestandsänderung durch Versand (-1 Stk.)', '2025-09-26 10:30:40', 0, 5001, ''),
(427, 219, '', 0, '', -1, '(Orig: 5 / Neu: 4)RE-NR: 5194, Physikalische Bestandsänderung durch Versand (-1 Stk.)', '2025-09-29 05:33:57', 0, 5001, ''),
(428, 242, '', 0, '', 1, '(Orig: 0 / Neu: 1)[Eingabe: 1 Stk] INVENTURBESTAND', '2025-09-30 14:10:28', 0, 5001, 'direct'),
(429, 243, '', 0, '', 1, '(Orig: 0 / Neu: 1)[Eingabe: 1 Stk] INVENTURBESTAND', '2025-10-01 09:06:25', 0, 5001, 'direct'),
(430, 219, '', 0, '', -1, '(Orig: 4 / Neu: 3)RE-NR: 5195, Physikalische Bestandsänderung durch Versand (-1 Stk.)', '2025-10-01 09:12:52', 0, 5001, ''),
(431, 215, '', 0, '', -1, '(Orig: 2 / Neu: 1)RE-NR: 5196, Physikalische Bestandsänderung durch Versand (-1 Stk.)', '2025-10-01 09:14:46', 0, 5001, ''),
(432, 244, '', 0, '', 2, '(Orig: 0 / Neu: 2)[Eingabe: 2 Stk] INVENTURBESTAND', '2025-10-01 10:44:46', 0, 5001, 'direct'),
(433, 185, '', 0, '', -1, '(Orig: 3 / Neu: 2)RE-NR: 5197, Physikalische Bestandsänderung durch Versand (-1 Stk.)', '2025-10-02 14:02:32', 0, 5001, ''),
(434, 241, '', 0, '', -1, '(Orig: 5 / Neu: 4)RE-NR: 5198, Physikalische Bestandsänderung durch Versand (-1 Stk.)', '2025-10-02 14:05:05', 0, 5001, ''),
(435, 245, '', 0, '', 1, '(Orig: 0 / Neu: 1)[Eingabe: 1 Stk] INVENTURBESTAND', '2025-10-02 14:31:59', 0, 5001, 'direct'),
(436, 209, '', 0, '', -2, '(Orig: 97 / Neu: 95)RE-NR: 5199, Physikalische Bestandsänderung durch Versand (-2 Stk.)', '2025-10-06 07:05:49', 0, 5001, ''),
(437, 217, '', 0, '', -1, '(Orig: 3 / Neu: 2)Re-Nr 5129 Statuswechsel zu Abgeschlossen', '2025-10-06 10:33:01', 0, 5001, ''),
(438, 177, '', 0, '', -1, '(Orig: 4 / Neu: 3)Re-Nr 5174 Statuswechsel zu Abgeschlossen', '2025-10-06 10:33:39', 0, 5001, ''),
(439, 153, '', 0, '', -1, '(Orig: 4 / Neu: 3)Re-Nr 5183 Statuswechsel zu Abgeschlossen', '2025-10-06 10:34:13', 0, 5001, ''),
(440, 243, '', 0, '', 1, '(Orig: 1 / Neu: 1)[Eingabe: 1 Stk] INVENTURBESTAND', '2025-10-06 10:44:28', 0, 5001, 'direct'),
(441, 246, '', 0, '', 5, '(Orig: 0 / Neu: 5)[Eingabe: 5 Stk] INVENTURBESTAND', '2025-10-06 11:57:08', 0, 5001, 'direct'),
(442, 243, '', 0, '', -1, '(Orig: 1 / Neu: 0)RE-NR: 5200, Physikalische Bestandsänderung durch Versand (-1 Stk.)', '2025-10-07 09:27:53', 0, 5001, ''),
(443, 242, '', 0, '', -1, '(Orig: 1 / Neu: 0)RE-NR: 5201, Physikalische Bestandsänderung durch Versand (-1 Stk.)', '2025-10-08 07:55:07', 0, 5001, ''),
(444, 182, '', 0, '', -1, '(Orig: 2 / Neu: 1)RE-NR: 5202, Physikalische Bestandsänderung durch Versand (-1 Stk.)', '2025-10-10 09:55:09', 0, 5001, ''),
(445, 209, '', 0, '', -2, '(Orig: 95 / Neu: 93)RE-NR: 5203, Physikalische Bestandsänderung durch Versand (-2 Stk.)', '2025-10-13 06:17:56', 0, 5001, ''),
(446, 217, '', 0, '', -1, '(Orig: 2 / Neu: 1)RE-NR: 5204, Physikalische Bestandsänderung durch Versand (-1 Stk.)', '2025-10-13 06:25:00', 0, 5001, ''),
(447, 204, '', 0, '', -1, '(Orig: 7 / Neu: 6)RE-NR: 5205, Physikalische Bestandsänderung durch Versand (-1 Stk.)', '2025-10-13 06:26:59', 0, 5001, ''),
(448, 209, '', 0, '', -2, '(Orig: 93 / Neu: 91)RE-NR: 5206, Physikalische Bestandsänderung durch Versand (-2 Stk.)', '2025-10-13 06:28:23', 0, 5001, ''),
(449, 158, '', 0, '', -1, '(Orig: 5 / Neu: 4)RE-NR: 5207, Physikalische Bestandsänderung durch Versand (-1 Stk.)', '2025-10-13 06:29:35', 0, 5001, ''),
(450, 163, '', 0, '', -1, '(Orig: 8 / Neu: 7)RE-NR: 5208, Physikalische Bestandsänderung durch Versand (-1 Stk.)', '2025-10-13 06:30:34', 0, 5001, ''),
(451, 209, '', 0, '', -2, '(Orig: 91 / Neu: 89)RE-NR: 5209, Physikalische Bestandsänderung durch Versand (-2 Stk.)', '2025-10-14 05:31:21', 0, 5001, ''),
(452, 206, '', 0, '', 2, '(Orig: 0 / Neu: 2)[Eingabe: 2 Stk] INVENTURBESTAND', '2025-10-14 05:37:58', 0, 5001, 'direct'),
(453, 166, '', 0, '', 3, '(Orig: 11 / Neu: 3)[Eingabe: 3 Stk] INVENTURBESTAND', '2025-10-18 07:03:20', 0, 5001, 'direct'),
(454, 161, '', 0, '', -1, '(Orig: 8 / Neu: 7)RE-NR: 5210, Physikalische Bestandsänderung durch Versand (-1 Stk.)', '2025-10-20 07:51:04', 0, 5001, ''),
(455, 207, '', 0, '', -1, '(Orig: 22 / Neu: 21)RE-NR: 5211, Physikalische Bestandsänderung durch Versand (-1 Stk.)', '2025-10-22 12:58:58', 0, 1, ''),
(456, 241, '', 0, '', -1, '(Orig: 4 / Neu: 3)RE-NR: 5212, Physikalische Bestandsänderung durch Versand (-1 Stk.)', '2025-10-27 14:46:26', 0, 1, ''),
(457, 241, '', 0, '', -1, '(Orig: 3 / Neu: 2)RE-NR: 5213, Physikalische Bestandsänderung durch Versand (-1 Stk.)', '2025-10-27 14:46:54', 0, 1, ''),
(458, 204, '', 0, '', -6, '(Orig: 6 / Neu: 0)RE-NR: 5214, Physikalische Bestandsänderung durch Versand (-6 Stk.)', '2025-10-29 14:30:16', 0, 5001, ''),
(459, 160, '', 0, '', -1, '(Orig: 7 / Neu: 6)RE-NR: 5215, Physikalische Bestandsänderung durch Versand (-1 Stk.)', '2025-10-29 14:32:51', 0, 5001, ''),
(460, 161, '', 0, '', -1, '(Orig: 7 / Neu: 6)RE-NR: 5216, Physikalische Bestandsänderung durch Versand (-1 Stk.)', '2025-11-03 08:12:21', 0, 5001, ''),
(461, 194, '', 0, '', -1, '(Orig: 10 / Neu: 9)RE-NR: 5217, Physikalische Bestandsänderung durch Versand (-1 Stk.)', '2025-11-03 08:14:48', 0, 5001, ''),
(462, 160, '', 0, '', -1, '(Orig: 6 / Neu: 5)RE-NR: 5218, Physikalische Bestandsänderung durch Versand (-1 Stk.)', '2025-11-03 08:16:06', 0, 5001, ''),
(463, 217, '', 0, '', -1, '(Orig: 1 / Neu: 0)RE-NR: 5219, Physikalische Bestandsänderung durch Versand (-1 Stk.)', '2025-11-03 08:17:52', 0, 5001, ''),
(464, 159, '', 0, '', -1, '(Orig: 11 / Neu: 10)RE-NR: 5220, Physikalische Bestandsänderung durch Versand (-1 Stk.)', '2025-11-03 08:19:13', 0, 5001, ''),
(465, 157, '', 0, '', -1, '(Orig: 8 / Neu: 7)RE-NR: 5221, Physikalische Bestandsänderung durch Versand (-1 Stk.)', '2025-11-03 08:21:02', 0, 5001, ''),
(466, 160, '', 0, '', -1, '(Orig: 5 / Neu: 4)RE-NR: 5221, Physikalische Bestandsänderung durch Versand (-1 Stk.)', '2025-11-03 08:21:02', 0, 5001, ''),
(467, 159, '', 0, '', -1, '(Orig: 10 / Neu: 9)RE-NR: 5222, Physikalische Bestandsänderung durch Versand (-1 Stk.)', '2025-11-10 10:47:50', 0, 5001, ''),
(468, 161, '', 0, '', -1, '(Orig: 6 / Neu: 5)RE-NR: 5223, Physikalische Bestandsänderung durch Versand (-1 Stk.)', '2025-11-12 06:42:07', 0, 5001, ''),
(469, 159, '', 0, '', -2, '(Orig: 9 / Neu: 7)RE-NR: 5224, Physikalische Bestandsänderung durch Versand (-2 Stk.)', '2025-11-12 16:31:32', 0, 1, ''),
(470, 160, '', 0, '', -1, '(Orig: 4 / Neu: 3)RE-NR: 5225, Physikalische Bestandsänderung durch Versand (-1 Stk.)', '2025-11-13 06:28:51', 0, 5001, ''),
(471, 161, '', 0, '', 5, '(Orig: 5 / Neu: 5)[Eingabe: 5 Stk] INVENTURBESTAND', '2025-11-13 06:41:25', 0, 5001, 'direct'),
(472, 161, '', 0, '', 0, '(Orig: 5 / Neu: 0)[Eingabe: 0 Stk] INVENTURBESTAND', '2025-11-13 06:41:35', 0, 5001, 'direct'),
(473, 161, '', 0, '', 5, '(Orig: 0 / Neu: 5)[Eingabe: 5 Stk] INVENTURBESTAND', '2025-11-13 06:41:40', 0, 5001, 'direct'),
(474, 161, '', 0, '', 5, '(Orig: 5 / Neu: 5)[Eingabe: 5 Stk] INVENTURBESTAND', '2025-11-13 06:41:50', 0, 5001, 'direct'),
(475, 166, '', 0, '', 3, '(Orig: 3 / Neu: 3)[Eingabe: 3 Stk] INVENTURBESTAND', '2025-11-13 06:52:39', 0, 5001, 'direct'),
(476, 212, '', 0, '', 50, '(Orig: 15 / Neu: 50)[Eingabe: 50 Stk] INVENTURBESTAND', '2025-11-13 08:16:10', 0, 5001, 'direct'),
(477, 212, '', 0, '', 50, '(Orig: 50 / Neu: 50)[Eingabe: 50 Stk] INVENTURBESTAND', '2025-11-13 09:00:09', 0, 5001, 'direct'),
(478, 212, '', 0, '', 50, '(Orig: 50 / Neu: 50)[Eingabe: 50 Stk] INVENTURBESTAND', '2025-11-13 09:00:12', 0, 5001, 'direct'),
(479, 212, '', 0, '', 50, '(Orig: 50 / Neu: 50)[Eingabe: 50 Stk] INVENTURBESTAND', '2025-11-13 09:00:12', 0, 5001, 'direct'),
(480, 159, '', 0, '', -1, '(Orig: 7 / Neu: 6)RE-NR: 5226, Physikalische Bestandsänderung durch Versand (-1 Stk.)', '2025-11-14 14:42:03', 0, 1, ''),
(481, 164, '', 0, '', -1, '(Orig: 5 / Neu: 4)RE-NR: 5227, Physikalische Bestandsänderung durch Versand (-1 Stk.)', '2025-11-14 14:42:33', 0, 1, ''),
(482, 159, '', 0, '', -2, '(Orig: 6 / Neu: 4)RE-NR: 5228, Physikalische Bestandsänderung durch Versand (-2 Stk.)', '2025-11-17 07:38:35', 0, 5001, ''),
(483, 161, '', 0, '', -1, '(Orig: 5 / Neu: 4)RE-NR: 5229, Physikalische Bestandsänderung durch Versand (-1 Stk.)', '2025-11-17 07:39:51', 0, 5001, ''),
(484, 161, '', 0, '', -1, '(Orig: 4 / Neu: 3)RE-NR: 5230, Physikalische Bestandsänderung durch Versand (-1 Stk.)', '2025-11-17 07:41:35', 0, 5001, ''),
(485, 161, '', 0, '', -1, '(Orig: 3 / Neu: 2)RE-NR: 5231, Physikalische Bestandsänderung durch Versand (-1 Stk.)', '2025-11-17 07:42:49', 0, 5001, ''),
(486, 159, '', 0, '', -1, '(Orig: 4 / Neu: 3)RE-NR: 5232, Physikalische Bestandsänderung durch Versand (-1 Stk.)', '2025-11-18 20:40:24', 0, 5001, ''),
(487, 161, '', 0, '', -1, '(Orig: 2 / Neu: 1)RE-NR: 5233, Physikalische Bestandsänderung durch Versand (-1 Stk.)', '2025-11-18 20:41:44', 0, 5001, ''),
(488, 161, '', 0, '', -1, '(Orig: 1 / Neu: 0)RE-NR: 5234, Physikalische Bestandsänderung durch Versand (-1 Stk.)', '2025-11-18 20:42:48', 0, 5001, ''),
(489, 209, '', 0, '', -4, '(Orig: 89 / Neu: 85)RE-NR: 5235, Physikalische Bestandsänderung durch Versand (-4 Stk.)', '2025-11-18 20:44:21', 0, 5001, ''),
(490, 157, '', 0, '', -1, '(Orig: 7 / Neu: 6)RE-NR: 5236, Physikalische Bestandsänderung durch Versand (-1 Stk.)', '2025-11-24 07:13:19', 0, 5001, ''),
(491, 209, '', 0, '', -2, '(Orig: 85 / Neu: 83)RE-NR: 5237, Physikalische Bestandsänderung durch Versand (-2 Stk.)', '2025-11-24 07:15:23', 0, 5001, ''),
(492, 248, '', 0, '', 1, '(Orig: 0 / Neu: 1)[Eingabe: 1 Stk] INVENTURBESTAND', '2025-11-24 20:23:17', 0, 5001, 'direct'),
(493, 158, '', 0, '', -1, '(Orig: 4 / Neu: 3)RE-NR: 5238, Physikalische Bestandsänderung durch Versand (-1 Stk.)', '2025-11-26 07:08:42', 0, 5001, ''),
(494, 158, '', 0, '', -1, '(Orig: 3 / Neu: 2)RE-NR: 5239, Physikalische Bestandsänderung durch Versand (-1 Stk.)', '2025-11-26 07:10:44', 0, 5001, ''),
(495, 200, '', 0, '', -1, '(Orig: 3 / Neu: 2)RE-NR: 5240, Physikalische Bestandsänderung durch Versand (-1 Stk.)', '2025-11-28 14:49:50', 0, 5001, ''),
(496, 241, '', 0, '', -1, '(Orig: 2 / Neu: 1)RE-NR: 5241, Physikalische Bestandsänderung durch Versand (-1 Stk.)', '2025-12-01 05:49:08', 0, 5001, ''),
(497, 241, '', 0, '', -1, '(Orig: 1 / Neu: 0)RE-NR: 5242, Physikalische Bestandsänderung durch Versand (-1 Stk.)', '2025-12-01 05:51:02', 0, 5001, ''),
(498, 209, '', 0, '', -2, '(Orig: 83 / Neu: 81)RE-NR: 5243, Physikalische Bestandsänderung durch Versand (-2 Stk.)', '2025-12-01 05:51:54', 0, 5001, ''),
(499, 158, '', 0, '', -1, '(Orig: 2 / Neu: 1)RE-NR: 5244, Physikalische Bestandsänderung durch Versand (-1 Stk.)', '2025-12-01 05:53:15', 0, 5001, ''),
(500, 160, '', 0, '', -1, '(Orig: 3 / Neu: 2)RE-NR: 5245, Physikalische Bestandsänderung durch Versand (-1 Stk.)', '2025-12-01 05:54:29', 0, 5001, ''),
(501, 158, '', 0, '', 3, '(Orig: 1 / Neu: 3)[Eingabe: 3 Stk] INVENTURBESTAND', '2025-12-01 14:28:01', 0, 5001, 'direct'),
(502, 158, '', 0, '', 0, '(Orig: 3 / Neu: 0)[Eingabe: 0 Stk] INVENTURBESTAND', '2025-12-01 14:28:03', 0, 5001, 'direct'),
(503, 249, '', 0, '', 3, '(Orig: 0 / Neu: 3)[Eingabe: 3 Stk] INVENTURBESTAND', '2025-12-01 15:27:29', 0, 5001, 'direct'),
(504, 163, '', 0, '', -1, '(Orig: 7 / Neu: 6)RE-NR: 5246, Physikalische Bestandsänderung durch Versand (-1 Stk.)', '2025-12-02 07:59:25', 0, 5001, ''),
(505, 244, '', 0, '', -1, '(Orig: 2 / Neu: 1)RE-NR: 5247, Physikalische Bestandsänderung durch Versand (-1 Stk.)', '2025-12-02 08:08:55', 0, 5001, ''),
(506, 163, '', 0, '', -1, '(Orig: 6 / Neu: 5)RE-NR: 5248, Physikalische Bestandsänderung durch Versand (-1 Stk.)', '2025-12-03 08:00:36', 0, 5001, ''),
(507, 191, '', 0, '', -1, '(Orig: 25 / Neu: 24)RE-NR: 5249, Physikalische Bestandsänderung durch Versand (-1 Stk.)', '2025-12-03 08:03:54', 0, 5001, ''),
(508, 249, '', 0, '', -1, '(Orig: 3 / Neu: 2)RE-NR: 5250, Physikalische Bestandsänderung durch Versand (-1 Stk.)', '2025-12-03 08:05:31', 0, 5001, ''),
(509, 250, '', 0, '', 5, '(Orig: 0 / Neu: 5)[Eingabe: 5 Stk] INVENTURBESTAND', '2025-12-04 08:31:03', 0, 5001, 'direct'),
(510, 251, '', 0, '', 5, '(Orig: 0 / Neu: 5)[Eingabe: 5 Stk] INVENTURBESTAND', '2025-12-04 13:09:12', 0, 5001, 'direct'),
(511, 253, '', 0, '', 5, '(Orig: 0 / Neu: 5)[Eingabe: 5 Stk] INVENTURBESTAND', '2025-12-04 18:27:31', 0, 5001, 'direct'),
(512, 254, '', 0, '', 1, '(Orig: 0 / Neu: 1)[Eingabe: 1 Stk] INVENTURBESTAND', '2025-12-04 19:16:24', 0, 5001, 'direct'),
(513, 193, '', 0, '', -1, '(Orig: 25 / Neu: 24)RE-NR: 5251, Physikalische Bestandsänderung durch Versand (-1 Stk.)', '2025-12-06 15:40:27', 0, 5001, ''),
(514, 159, '', 0, '', 5, '(Orig: 3 / Neu: 5)[Eingabe: 5 Stk] INVENTURBESTAND', '2025-12-08 07:40:54', 0, 5001, 'direct'),
(515, 241, '', 0, '', 4, '(Orig: 0 / Neu: 4)[Eingabe: 4 Stk] INVENTURBESTAND', '2025-12-08 07:42:51', 0, 5001, 'direct'),
(516, 156, '', 0, '', -1, '(Orig: 25 / Neu: 24)RE-NR: 5252, Physikalische Bestandsänderung durch Versand (-1 Stk.)', '2025-12-09 13:05:10', 0, 5001, ''),
(517, 255, '', 0, '', 5, '(Orig: 0 / Neu: 5)[Eingabe: 5 Stk] INVENTURBESTAND', '2025-12-09 14:38:15', 0, 5001, 'direct'),
(518, 209, '', 0, '', -1, '(Orig: 81 / Neu: 80)RE-NR: 5253, Physikalische Bestandsänderung durch Versand (-1 Stk.)', '2025-12-10 07:22:37', 0, 5001, ''),
(519, 256, '', 0, '', 2, '(Orig: 0 / Neu: 2)[Eingabe: 2 Stk] INVENTURBESTAND', '2025-12-11 10:57:35', 0, 5001, 'direct'),
(520, 215, '', 0, '', -1, '(Orig: 1 / Neu: 0)RE-NR: 5254, Physikalische Bestandsänderung durch Versand (-1 Stk.)', '2025-12-12 07:05:03', 0, 5001, ''),
(521, 216, '', 0, '', -1, '(Orig: 5 / Neu: 4)RE-NR: 5255, Physikalische Bestandsänderung durch Versand (-1 Stk.)', '2025-12-13 09:43:21', 0, 5001, ''),
(522, 215, '', 0, '', 2, '(Orig: 0 / Neu: 2)Der physikalische Bestand wurde durch Mitarbeiter geändert zu 2.', '2025-12-14 15:53:09', 0, 5001, 'direct'),
(523, 215, '', 0, '', 2, '(Orig: 2 / Neu: 2)[Eingabe: 2 Stk] INVENTURBESTAND', '2025-12-14 15:53:59', 0, 5001, 'direct'),
(524, 215, '', 0, '', 0, '(Orig: 2 / Neu: 0)[Eingabe: 0 Stk] INVENTURBESTAND', '2025-12-14 15:54:00', 0, 5001, 'direct'),
(525, 215, '', 0, '', 0, '(Orig: 0 / Neu: 0)[Eingabe: 0 Stk] INVENTURBESTAND', '2025-12-14 15:54:01', 0, 5001, 'direct'),
(526, 215, '', 0, '', 2, '(Orig: 0 / Neu: 2)[Eingabe: 2 Stk] INVENTURBESTAND', '2025-12-14 15:54:06', 0, 5001, 'direct'),
(527, 215, '', 0, '', 0, '(Orig: 2 / Neu: 0)Der physikalische Bestand wurde durch Mitarbeiter geändert zu 0.', '2025-12-14 15:56:57', 0, 5001, 'direct'),
(528, 215, '', 0, '', 2, '(Orig: 0 / Neu: 2)[Eingabe: 2 Stk] INVENTURBESTAND', '2025-12-14 15:57:19', 0, 5001, 'direct'),
(529, 257, '', 0, '', 2, '(Orig: 0 / Neu: 2)[Eingabe: 2 Stk] INVENTURBESTAND', '2025-12-14 16:41:35', 0, 5001, 'direct'),
(530, 257, '', 0, '', 0, '(Orig: 2 / Neu: 0)[Eingabe: 0 Stk] INVENTURBESTAND', '2025-12-14 16:41:36', 0, 5001, 'direct'),
(531, 257, '', 0, '', 2, '(Orig: 0 / Neu: 2)[Eingabe: 2 Stk] INVENTURBESTAND', '2025-12-14 16:42:01', 0, 5001, 'direct'),
(532, 254, '', 0, '', 2, '(Orig: 1 / Neu: 2)[Eingabe: 2 Stk] INVENTURBESTAND', '2025-12-14 16:43:39', 0, 5001, 'direct'),
(533, 254, '', 0, '', 0, '(Orig: 2 / Neu: 0)[Eingabe: 0 Stk] INVENTURBESTAND', '2025-12-14 16:43:39', 0, 5001, 'direct'),
(534, 254, '', 0, '', 2, '(Orig: 0 / Neu: 2)[Eingabe: 2 Stk] INVENTURBESTAND', '2025-12-14 16:44:08', 0, 5001, 'direct'),
(535, 254, '', 0, '', 0, '(Orig: 2 / Neu: 0)[Eingabe: 0 Stk] INVENTURBESTAND', '2025-12-14 16:47:12', 0, 5001, 'direct'),
(536, 254, '', 0, '', 3, '(Orig: 0 / Neu: 3)[Eingabe: 3 Stk] INVENTURBESTAND', '2025-12-14 16:47:28', 0, 5001, 'direct'),
(537, 254, '', 0, '', 2, '(Orig: 3 / Neu: 2)[Eingabe: 2 Stk] INVENTURBESTAND', '2025-12-14 16:47:34', 0, 5001, 'direct'),
(538, 254, '', 0, '', 3, '(Orig: 2 / Neu: 3)[Eingabe: 3 Stk] INVENTURBESTAND', '2025-12-14 16:47:41', 0, 5001, 'direct'),
(539, 204, '', 0, '', 5, '(Orig: 0 / Neu: 5)[Eingabe: 5 Stk] INVENTURBESTAND', '2025-12-14 16:49:42', 0, 5001, 'direct'),
(540, 258, '', 0, '', 2, '(Orig: 0 / Neu: 2)[Eingabe: 2 Stk] INVENTURBESTAND', '2025-12-14 19:21:00', 0, 5001, 'direct'),
(541, 258, '', 0, '', 0, '(Orig: 2 / Neu: 0)[Eingabe: 0 Stk] INVENTURBESTAND', '2025-12-14 19:21:01', 0, 5001, 'direct'),
(542, 258, '', 0, '', 2, '(Orig: 0 / Neu: 2)[Eingabe: 2 Stk] INVENTURBESTAND', '2025-12-14 19:21:06', 0, 5001, 'direct'),
(543, 259, '', 0, '', 2, '(Orig: 0 / Neu: 2)[Eingabe: 2 Stk] INVENTURBESTAND', '2025-12-14 19:38:32', 0, 5001, 'direct');

-- --------------------------------------------------------

--
-- Tabellenstruktur für Tabelle `incoming_payments`
--

