CREATE TABLE `products_to_categories` (
  `products_id` int(11) NOT NULL DEFAULT '0',
  `categories_id` int(11) NOT NULL DEFAULT '0'
) ENGINE=MyISAM DEFAULT CHARSET=utf8;

--
-- Daten für Tabelle `products_to_categories`
--

INSERT INTO `products_to_categories` (`products_id`, `categories_id`) VALUES
(1, 30),
(2, 30),
(3, 30),
(4, 30),
(5, 30),
(6, 30),
(7, 30),
(8, 30),
(9, 30),
(10, 30),
(11, 30),
(12, 30),
(13, 30),
(14, 30),
(15, 30),
(16, 30),
(17, 30),
(18, 30),
(19, 30),
(20, 30),
(152, 51),
(153, 52),
(154, 52),
(155, 52),
(156, 55),
(157, 49),
(158, 49),
(159, 49),
(160, 49),
(161, 49),
(162, 60),
(163, 60),
(164, 60),
(165, 60),
(166, 52),
(167, 54),
(168, 54),
(169, 54),
(170, 54),
(171, 54),
(172, 54),
(173, 54),
(174, 54),
(175, 54),
(176, 54),
(177, 54),
(178, 54),
(179, 62),
(180, 62),
(181, 62),
(182, 62),
(183, 62),
(184, 63),
(185, 63),
(186, 47),
(187, 47),
(188, 55),
(189, 49),
(190, 55),
(191, 55),
(192, 55),
(193, 55),
(194, 55),
(195, 65),
(196, 49),
(197, 49),
(198, 49),
(199, 49),
(200, 49),
(201, 49),
(202, 49),
(203, 60),
(204, 47),
(205, 51),
(206, 51),
(207, 52),
(208, 60),
(209, 52),
(210, 52),
(211, 52),
(212, 52),
(213, 52),
(214, 47),
(215, 47),
(216, 47),
(217, 65),
(218, 52),
(219, 52),
(220, 51),
(221, 51),
(222, 51),
(223, 52),
(224, 52),
(225, 52),
(226, 52),
(227, 52),
(228, 0),
(229, 0),
(230, 51),
(231, 52),
(232, 52),
(233, 47),
(234, 52),
(235, 52),
(236, 67),
(237, 64),
(238, 67),
(239, 67),
(240, 67),
(241, 52),
(242, 67),
(243, 67),
(244, 67),
(245, 54),
(246, 63),
(247, 67),
(248, 67),
(249, 49),
(250, 67),
(251, 67),
(252, 64),
(253, 67),
(254, 47),
(255, 52),
(256, 67),
(257, 47),
(258, 47),
(259, 47);

-- --------------------------------------------------------

--
-- Tabellenstruktur für Tabelle `products_to_characteristics`
--

CREATE TABLE `products_to_characteristics` (
  `products_to_characteristics_id` int(11) NOT NULL,
  `products_id` int(11) NOT NULL DEFAULT '0',
  `products_characteristic_set_id` int(11) NOT NULL DEFAULT '0'
) ENGINE=MyISAM DEFAULT CHARSET=utf8;

--
-- Daten für Tabelle `products_to_characteristics`
--

INSERT INTO `products_to_characteristics` (`products_to_characteristics_id`, `products_id`, `products_characteristic_set_id`) VALUES
(871, 165, 255),
(1303, 185, 251),
(1421, 191, 128),
(1238, 187, 285),
(1091, 189, 279),
(1414, 192, 128),
(1407, 193, 128),
(980, 198, 135),
(978, 200, 294),
(989, 204, 285),
(1264, 206, 206),
(1296, 217, 285),
(1669, 215, 285),
(1668, 215, 258),
(1667, 215, 259),
(1244, 214, 285),
(687, 154, 220),
(1589, 160, 231),
(1593, 159, 231),
(1173, 157, 231),
(750, 188, 249),
(1427, 156, 128),
(870, 165, 259),
(1302, 185, 266),
(1420, 191, 127),
(1257, 209, 112),
(1090, 189, 226),
(1413, 192, 127),
(1406, 193, 127),
(1400, 194, 128),
(979, 199, 289),
(988, 204, 260),
(1603, 205, 303),
(1295, 217, 252),
(1243, 214, 257),
(1198, 168, 110),
(1200, 167, 112),
(1231, 153, 113),
(685, 155, 220),
(1585, 161, 231),
(1592, 159, 226),
(1172, 157, 226),
(749, 188, 244),
(1426, 156, 127),
(880, 186, 258),
(876, 162, 256),
(1419, 191, 125),
(1418, 191, 118),
(836, 178, 254),
(1412, 192, 125),
(1405, 193, 125),
(1399, 194, 127),
(982, 196, 287),
(992, 203, 285),
(1602, 205, 194),
(1256, 216, 285),
(1411, 192, 118),
(1417, 191, 248),
(1601, 205, 197),
(1263, 206, 194),
(981, 197, 291),
(991, 203, 252),
(1404, 193, 118),
(1398, 194, 125),
(835, 178, 266),
(1410, 192, 248),
(879, 186, 259),
(875, 162, 259),
(728, 190, 118),
(1425, 156, 125),
(1591, 159, 209),
(1171, 157, 235),
(1516, 152, 204),
(1584, 161, 226),
(1255, 216, 258),
(1307, 184, 285),
(1194, 170, 109),
(1196, 169, 111),
(1600, 205, 191),
(1262, 206, 196),
(1299, 195, 285),
(990, 203, 265),
(1403, 193, 248),
(1397, 194, 118),
(1242, 214, 259),
(1409, 192, 103),
(1416, 191, 103),
(793, 180, 258),
(1237, 187, 257),
(874, 163, 258),
(727, 190, 239),
(1424, 156, 248),
(1590, 159, 225),
(1597, 158, 231),
(1515, 152, 193),
(1583, 161, 234),
(1254, 216, 259),
(1052, 208, 258),
(1259, 207, 109),
(1053, 208, 263),
(1423, 156, 103),
(726, 190, 103),
(1596, 158, 226),
(1588, 160, 226),
(1582, 161, 225),
(1514, 152, 196),
(1199, 167, 174),
(1197, 168, 174),
(1195, 169, 174),
(1193, 170, 174),
(1261, 206, 310),
(1599, 205, 313),
(976, 202, 290),
(1298, 195, 256),
(1396, 194, 248),
(1402, 193, 103),
(1089, 189, 273),
(1629, 248, 261),
(792, 180, 271),
(1306, 184, 254),
(873, 163, 263),
(1236, 187, 260),
(748, 188, 240),
(725, 190, 236),
(1595, 158, 235),
(1587, 160, 210),
(688, 154, 224),
(1513, 152, 191),
(1258, 213, 109),
(1512, 152, 309),
(1624, 212, 114),
(1623, 212, 174),
(1260, 206, 199),
(1598, 205, 200),
(977, 201, 292),
(1395, 194, 103),
(1401, 193, 237),
(1408, 192, 130),
(1088, 189, 277),
(1622, 166, 109),
(1415, 191, 238),
(1305, 184, 266),
(872, 164, 263),
(1422, 156, 236),
(747, 188, 98),
(1170, 157, 225),
(1594, 158, 225),
(1586, 160, 225),
(686, 155, 224),
(1511, 152, 199),
(1439, 211, 322),
(1438, 211, 220),
(1235, 210, 321),
(1234, 210, 220),
(1294, 217, 262),
(1297, 195, 262),
(1304, 185, 285),
(1433, 218, 324),
(1432, 218, 219),
(1437, 219, 322),
(1436, 219, 220),
(1454, 220, 207),
(1453, 220, 195),
(1452, 220, 196),
(1451, 220, 312),
(1450, 220, 200),
(1464, 221, 207),
(1463, 221, 195),
(1462, 221, 197),
(1461, 221, 313),
(1460, 221, 201),
(1481, 222, 206),
(1480, 222, 193),
(1479, 222, 197),
(1478, 222, 191),
(1477, 222, 310),
(1476, 222, 199),
(1500, 225, 224),
(1496, 223, 112),
(1499, 225, 220),
(1501, 226, 220),
(1502, 226, 224),
(1503, 227, 219),
(1504, 227, 224),
(1517, 229, 303),
(1518, 229, 194),
(1519, 229, 197),
(1520, 229, 191),
(1521, 229, 313),
(1522, 229, 200),
(1534, 230, 206),
(1533, 230, 193),
(1532, 230, 196),
(1531, 230, 191),
(1530, 230, 310),
(1529, 230, 199),
(1536, 231, 110),
(1540, 232, 112),
(1621, 236, 326),
(1620, 236, 285),
(1619, 236, 258),
(1544, 237, 259),
(1545, 237, 258),
(1546, 237, 285),
(1575, 238, 334),
(1574, 238, 285),
(1573, 238, 258),
(1572, 238, 266),
(1618, 236, 325),
(1628, 239, 333),
(1627, 239, 285),
(1626, 239, 258),
(1625, 239, 266),
(1662, 241, 335),
(1604, 242, 295),
(1612, 243, 332),
(1611, 243, 285),
(1610, 243, 252),
(1609, 243, 261),
(1613, 244, 261),
(1614, 244, 252),
(1615, 244, 285),
(1616, 244, 332),
(1617, 246, 323),
(1630, 248, 252),
(1631, 248, 285),
(1639, 249, 231),
(1638, 249, 226),
(1637, 249, 235),
(1636, 249, 225),
(1661, 251, 332),
(1660, 251, 285),
(1659, 251, 336),
(1650, 253, 336),
(1651, 253, 285),
(1652, 253, 332),
(1674, 254, 285),
(1673, 254, 341),
(1663, 255, 114),
(1664, 256, 343),
(1665, 256, 285),
(1666, 256, 331),
(1670, 257, 259),
(1671, 257, 258),
(1672, 257, 285),
(1675, 258, 259),
(1676, 258, 258),
(1677, 258, 285),
(1678, 259, 259),
(1679, 259, 258),
(1680, 259, 285);

-- --------------------------------------------------------

--
-- Tabellenstruktur für Tabelle `products_to_groups`
--

CREATE TABLE `products_to_groups` (
  `products_id` int(11) NOT NULL DEFAULT '0',
  `groups_id` int(11) NOT NULL DEFAULT '0'
) ENGINE=MyISAM DEFAULT CHARSET=utf8;

-- --------------------------------------------------------

--
-- Tabellenstruktur für Tabelle `products_vpe`
--

CREATE TABLE `products_vpe` (
  `products_vpe_id` int(11) NOT NULL DEFAULT '0',
  `language_id` int(11) NOT NULL DEFAULT '0',
  `products_vpe_name` varchar(32) NOT NULL
) ENGINE=MyISAM DEFAULT CHARSET=utf8;

-- --------------------------------------------------------

--
-- Tabellenstruktur für Tabelle `products_xsell`
--

CREATE TABLE `products_xsell` (
  `ID` int(10) NOT NULL,
  `products_id` int(10) UNSIGNED NOT NULL DEFAULT '1',
  `xsell_id` int(10) UNSIGNED NOT NULL DEFAULT '1',
  `sort_order` int(10) UNSIGNED NOT NULL DEFAULT '1',
  `reverse_cross_selling` int(1) NOT NULL
) ENGINE=MyISAM DEFAULT CHARSET=utf8;

--
-- Daten für Tabelle `products_xsell`
--

INSERT INTO `products_xsell` (`ID`, `products_id`, `xsell_id`, `sort_order`, `reverse_cross_selling`) VALUES
(5, 209, 153, 0, 0);

-- --------------------------------------------------------

--
-- Tabellenstruktur für Tabelle `product_properties_xy_prices`
--

CREATE TABLE `product_properties_xy_prices` (
  `product_properties_xy_prices_id` int(11) NOT NULL,
  `products_id` int(11) NOT NULL,
  `products_properties_id_X` int(11) NOT NULL,
  `products_properties_id_Y` int(11) NOT NULL
) ENGINE=MyISAM DEFAULT CHARSET=utf8;

-- --------------------------------------------------------

--
-- Tabellenstruktur für Tabelle `product_properties_xy_prices_values`
--

CREATE TABLE `product_properties_xy_prices_values` (
  `product_properties_xy_prices_values_id` int(11) NOT NULL,
  `product_properties_xy_prices_id` int(11) NOT NULL,
  `val_X` int(11) NOT NULL,
  `val_Y` int(11) NOT NULL,
  `xy_price` float NOT NULL
) ENGINE=MyISAM DEFAULT CHARSET=utf8;

-- --------------------------------------------------------

--
-- Tabellenstruktur für Tabelle `product_properties_xy_prices_values_for_properties`
--

CREATE TABLE `product_properties_xy_prices_values_for_properties` (
  `product_properties_xy_prices_values_for_properties_id` int(11) NOT NULL,
  `product_properties_xy_prices_values_id` int(11) NOT NULL,
  `products_properties_id` int(11) NOT NULL,
  `price_netto` float NOT NULL
) ENGINE=MyISAM DEFAULT CHARSET=utf8;

-- --------------------------------------------------------

--
-- Tabellenstruktur für Tabelle `product_un_classification`
--

CREATE TABLE `product_un_classification` (
  `product_un_classification_id` int(11) NOT NULL,
  `products_id` int(11) NOT NULL,
  `un_classifications_id` int(11) NOT NULL,
  `ADR_Class` varchar(16) COLLATE utf8mb4_unicode_ci NOT NULL,
  `Packaging_Group` varchar(32) COLLATE utf8mb4_unicode_ci NOT NULL,
  `Bk` varchar(8) COLLATE utf8mb4_unicode_ci NOT NULL,
  `TUNNEL_CATEGORY` varchar(24) COLLATE utf8mb4_unicode_ci NOT NULL
) ENGINE=InnoDB DEFAULT CHARSET=utf8mb4 COLLATE=utf8mb4_unicode_ci;

-- --------------------------------------------------------

--
-- Tabellenstruktur für Tabelle `push_customer_allocations`
--

CREATE TABLE `push_customer_allocations` (
  `push_customer_allocations_id` int(11) NOT NULL,
  `customers_id` int(11) NOT NULL,
  `allocation` varchar(16) NOT NULL
) ENGINE=MyISAM DEFAULT CHARSET=utf8;

-- --------------------------------------------------------

--
-- Tabellenstruktur für Tabelle `reclamations`
--

CREATE TABLE `reclamations` (
  `reclamations_id` int(11) NOT NULL,
  `orders_id` int(11) NOT NULL DEFAULT '0',
  `customers_id` int(11) NOT NULL DEFAULT '0',
  `ebay_id` varchar(32) NOT NULL DEFAULT '',
  `customers_cid` varchar(32) DEFAULT NULL,
  `customers_vat_id` varchar(20) DEFAULT NULL,
  `customers_status` int(11) DEFAULT NULL,
  `customers_status_name` varchar(32) NOT NULL DEFAULT '',
  `customers_status_image` varchar(64) DEFAULT NULL,
  `customers_status_discount` decimal(4,2) DEFAULT NULL,
  `customers_name` varchar(64) NOT NULL DEFAULT '',
  `customers_company` varchar(128) DEFAULT NULL,
  `customers_street_address` varchar(64) NOT NULL DEFAULT '',
  `customers_suburb` varchar(64) DEFAULT NULL,
  `customers_city` varchar(64) NOT NULL,
  `customers_postcode` varchar(10) NOT NULL DEFAULT '',
  `customers_state` varchar(32) DEFAULT NULL,
  `customers_country` varchar(32) NOT NULL DEFAULT '',
  `customers_telephone` varchar(32) NOT NULL DEFAULT '',
  `customers_email_address` varchar(96) NOT NULL DEFAULT '',
  `customers_address_format_id` int(5) NOT NULL DEFAULT '0',
  `delivery_name` varchar(64) NOT NULL DEFAULT '',
  `delivery_company` varchar(128) DEFAULT NULL,
  `delivery_street_address` varchar(64) NOT NULL DEFAULT '',
  `delivery_suburb` varchar(64) DEFAULT NULL,
  `delivery_city` varchar(64) NOT NULL,
  `delivery_postcode` varchar(10) NOT NULL DEFAULT '',
  `delivery_state` varchar(32) DEFAULT NULL,
  `delivery_country` varchar(32) NOT NULL DEFAULT '',
  `delivery_address_format_id` int(5) NOT NULL DEFAULT '0',
  `billing_name` varchar(64) NOT NULL DEFAULT '',
  `billing_company` varchar(128) DEFAULT NULL,
  `billing_street_address` varchar(64) NOT NULL DEFAULT '',
  `billing_suburb` varchar(64) DEFAULT NULL,
  `billing_city` varchar(64) NOT NULL,
  `billing_postcode` varchar(10) NOT NULL DEFAULT '',
  `billing_state` varchar(32) DEFAULT NULL,
  `billing_country` varchar(32) NOT NULL DEFAULT '',
  `billing_address_format_id` int(5) NOT NULL DEFAULT '0',
  `payment_method` varchar(32) NOT NULL DEFAULT '',
  `comments` varchar(255) DEFAULT NULL,
  `last_modified` datetime DEFAULT NULL,
  `date_created` datetime DEFAULT NULL,
  `date_payment` datetime NOT NULL DEFAULT '0000-00-00 00:00:00',
  `reclamations_status` int(5) NOT NULL DEFAULT '0',
  `reclamations_type` int(11) NOT NULL DEFAULT '0',
  `reclamations_date_finished` datetime DEFAULT NULL,
  `currency` char(3) DEFAULT NULL,
  `currency_value` decimal(14,6) DEFAULT NULL,
  `account_type` int(1) NOT NULL DEFAULT '0',
  `language` varchar(32) NOT NULL DEFAULT '',
  `versender` varchar(32) NOT NULL DEFAULT '',
  `rueckerstattung` int(11) NOT NULL DEFAULT '0',
  `send` int(1) NOT NULL DEFAULT '0',
  `send_status` int(1) NOT NULL DEFAULT '0',
  `repair` int(1) NOT NULL DEFAULT '0',
  `kto_nummer` varchar(32) NOT NULL DEFAULT '',
  `kto_inhaber` varchar(128) NOT NULL DEFAULT '',
  `kto_blz` varchar(32) NOT NULL DEFAULT '',
  `kto_bank` varchar(128) NOT NULL DEFAULT '',
  `rueckerstattungsbetrag` float NOT NULL DEFAULT '0',
  `rueckerstattungsgrund` text NOT NULL,
  `block_shipping` int(1) NOT NULL DEFAULT '0',
  `versender_proposal` varchar(32) NOT NULL DEFAULT '',
  `shipping_comments` text NOT NULL,
  `block_shipping_comment` varchar(255) NOT NULL,
  `block_shipping_end_date` datetime NOT NULL
) ENGINE=MyISAM DEFAULT CHARSET=utf8;

-- --------------------------------------------------------

--
-- Tabellenstruktur für Tabelle `reclamations_bestandssperre`
--

CREATE TABLE `reclamations_bestandssperre` (
  `reclamations_bestandssperre_id` int(11) NOT NULL,
  `reclamations_id` int(11) NOT NULL DEFAULT '0',
  `products_id` int(11) NOT NULL DEFAULT '0',
  `storage_id` int(11) NOT NULL DEFAULT '0',
  `quantity` int(11) NOT NULL DEFAULT '0'
) ENGINE=MyISAM DEFAULT CHARSET=utf8;

-- --------------------------------------------------------

--
-- Tabellenstruktur für Tabelle `reclamations_products`
--

CREATE TABLE `reclamations_products` (
  `reclamations_products_id` int(11) NOT NULL,
  `reclamations_id` int(11) NOT NULL DEFAULT '0',
  `products_id` int(11) NOT NULL DEFAULT '0',
  `products_model` varchar(64) DEFAULT NULL,
  `products_name` varchar(128) NOT NULL DEFAULT '',
  `products_price` decimal(15,4) NOT NULL DEFAULT '0.0000',
  `products_discount_made` decimal(4,2) DEFAULT NULL,
  `final_price` decimal(15,4) NOT NULL DEFAULT '0.0000',
  `products_tax` decimal(7,4) NOT NULL DEFAULT '0.0000',
  `products_quantity` int(2) NOT NULL DEFAULT '0',
  `allow_tax` int(1) NOT NULL DEFAULT '0',
  `false_products_id` int(11) NOT NULL,
  `quantity_shipped` int(11) NOT NULL
) ENGINE=MyISAM DEFAULT CHARSET=utf8;

-- --------------------------------------------------------

--
-- Tabellenstruktur für Tabelle `reclamations_products_properties`
--

CREATE TABLE `reclamations_products_properties` (
  `reclamations_products_properties_id` int(11) NOT NULL,
  `reclamations_products_id` int(11) NOT NULL,
  `property_title` varchar(64) NOT NULL,
  `property_value` varchar(64) NOT NULL,
  `input_span` int(11) NOT NULL
) ENGINE=MyISAM DEFAULT CHARSET=utf8;

-- --------------------------------------------------------

--
-- Tabellenstruktur für Tabelle `reclamations_products_serials`
--

CREATE TABLE `reclamations_products_serials` (
  `reclamations_products_serials_id` int(11) NOT NULL,
  `reclamations_products_id` int(11) NOT NULL DEFAULT '0',
  `products_id` int(11) NOT NULL DEFAULT '0',
  `serial_number` varchar(128) NOT NULL DEFAULT ''
) ENGINE=MyISAM DEFAULT CHARSET=utf8;

-- --------------------------------------------------------

--
-- Tabellenstruktur für Tabelle `reclamations_reasons`
--

CREATE TABLE `reclamations_reasons` (
  `reclamations_reasons_id` int(11) NOT NULL,
  `reason` varchar(64) NOT NULL,
  `date_added` datetime NOT NULL
) ENGINE=MyISAM DEFAULT CHARSET=utf8;

--
-- Daten für Tabelle `reclamations_reasons`
--

INSERT INTO `reclamations_reasons` (`reclamations_reasons_id`, `reason`, `date_added`) VALUES
(1, 'Transportschaden', '2010-11-24 22:45:15'),
(2, 'Ware hat nicht gefallen', '2010-11-24 22:45:24'),
(3, 'Qualitätsproblem', '2010-11-24 22:45:46'),
(4, 'Durch Kunden beim aufbau beschädigt', '2010-11-24 22:46:01');

-- --------------------------------------------------------

--
-- Tabellenstruktur für Tabelle `reclamations_recalculate`
--

CREATE TABLE `reclamations_recalculate` (
  `reclamations_recalculate_id` int(11) NOT NULL,
  `reclamations_id` int(11) NOT NULL DEFAULT '0',
  `n_price` decimal(15,4) NOT NULL DEFAULT '0.0000',
  `b_price` decimal(15,4) NOT NULL DEFAULT '0.0000',
  `tax` decimal(15,4) NOT NULL DEFAULT '0.0000',
  `tax_rate` decimal(7,4) NOT NULL DEFAULT '0.0000',
  `class` varchar(32) NOT NULL DEFAULT ''
) ENGINE=MyISAM DEFAULT CHARSET=utf8;

-- --------------------------------------------------------

--
-- Tabellenstruktur für Tabelle `reclamations_status`
--

CREATE TABLE `reclamations_status` (
  `reclamations_status_id` int(11) NOT NULL DEFAULT '0',
  `language_id` int(11) NOT NULL DEFAULT '1',
  `reclamations_status_name` varchar(32) NOT NULL DEFAULT ''
) ENGINE=MyISAM DEFAULT CHARSET=utf8;

--
-- Daten für Tabelle `reclamations_status`
--

INSERT INTO `reclamations_status` (`reclamations_status_id`, `language_id`, `reclamations_status_name`) VALUES
(3, 2, 'Abgeschlossen'),
(1, 2, 'Eingeleitet'),
(2, 2, 'In Bearbeitung');

-- --------------------------------------------------------

--
-- Tabellenstruktur für Tabelle `reclamations_status_history`
--

CREATE TABLE `reclamations_status_history` (
  `reclamations_status_history_id` int(11) NOT NULL,
  `reclamations_id` int(11) NOT NULL DEFAULT '0',
  `reclamations_status_id` int(5) NOT NULL DEFAULT '0',
  `date_added` datetime NOT NULL DEFAULT '0000-00-00 00:00:00',
  `customer_notified` int(1) DEFAULT '0',
  `comments` text,
  `editor_id` int(11) NOT NULL DEFAULT '0'
) ENGINE=MyISAM DEFAULT CHARSET=utf8;

-- --------------------------------------------------------

--
-- Tabellenstruktur für Tabelle `reclamations_total`
--

CREATE TABLE `reclamations_total` (
  `reclamations_total_id` int(10) UNSIGNED NOT NULL,
  `reclamations_id` int(11) NOT NULL DEFAULT '0',
  `title` varchar(255) NOT NULL DEFAULT '',
  `text` varchar(255) NOT NULL DEFAULT '',
  `value` decimal(15,4) NOT NULL DEFAULT '0.0000',
  `class` varchar(32) NOT NULL DEFAULT '',
  `sort_order` int(11) NOT NULL DEFAULT '0'
) ENGINE=MyISAM DEFAULT CHARSET=utf8;

-- --------------------------------------------------------

--
-- Tabellenstruktur für Tabelle `reclamations_to_reclamations_reasons`
--

CREATE TABLE `reclamations_to_reclamations_reasons` (
  `reclamations_id` int(11) NOT NULL,
  `reclamations_reasons_id` int(11) NOT NULL
) ENGINE=MyISAM DEFAULT CHARSET=utf8;

-- --------------------------------------------------------

--
-- Tabellenstruktur für Tabelle `reclamations_types`
--

CREATE TABLE `reclamations_types` (
  `reclamations_types_id` int(11) NOT NULL,
  `reclamations_types_title` varchar(128) NOT NULL DEFAULT ''
) ENGINE=MyISAM DEFAULT CHARSET=utf8;

--
-- Daten für Tabelle `reclamations_types`
--

INSERT INTO `reclamations_types` (`reclamations_types_id`, `reclamations_types_title`) VALUES
(2, 'Widerruf | Ruecktritt'),
(3, 'Defekt | Ersatzversand'),
(4, 'Falschlieferung | Neuversand'),
(5, 'Falsche Adresse | Neuversand'),
(6, 'Vereinfachte Warenrücknahme');

-- --------------------------------------------------------

--
-- Tabellenstruktur für Tabelle `retouren`
--

CREATE TABLE `retouren` (
  `retoure_id` int(11) NOT NULL,
  `orders_id` int(11) NOT NULL DEFAULT '0',
  `reclamations_id` int(11) NOT NULL DEFAULT '0',
  `customers_id` int(11) NOT NULL DEFAULT '0',
  `shipping_company` varchar(128) NOT NULL DEFAULT '',
  `shipping_name` varchar(128) NOT NULL DEFAULT '',
  `shipping_name2` varchar(128) NOT NULL DEFAULT '',
  `shipping_street` varchar(128) NOT NULL DEFAULT '',
  `shipping_street2` varchar(128) NOT NULL DEFAULT '',
  `shipping_postcode` varchar(6) NOT NULL DEFAULT '',
  `shipping_city` varchar(128) NOT NULL DEFAULT '',
  `shipping_country` varchar(128) NOT NULL DEFAULT '',
  `date_created` datetime NOT NULL DEFAULT '0000-00-00 00:00:00',
  `date_initiated` datetime NOT NULL DEFAULT '0000-00-00 00:00:00',
  `date_finished` datetime NOT NULL DEFAULT '0000-00-00 00:00:00',
  `retoure_status` int(11) NOT NULL DEFAULT '0',
  `versender` varchar(32) NOT NULL DEFAULT '',
  `costs` float NOT NULL DEFAULT '0'
) ENGINE=MyISAM DEFAULT CHARSET=utf8;

-- --------------------------------------------------------

--
-- Tabellenstruktur für Tabelle `retoure_products`
--

CREATE TABLE `retoure_products` (
  `retoure_products_id` int(11) NOT NULL,
  `retoure_id` int(11) NOT NULL DEFAULT '0',
  `products_id` int(11) NOT NULL DEFAULT '0',
  `products_model` varchar(64) DEFAULT NULL,
  `products_name` varchar(64) NOT NULL DEFAULT '',
  `products_quantity` int(2) NOT NULL DEFAULT '0',
  `false_products_id` int(11) NOT NULL
) ENGINE=MyISAM DEFAULT CHARSET=utf8;

-- --------------------------------------------------------

--
-- Tabellenstruktur für Tabelle `retoure_products_properties`
--

CREATE TABLE `retoure_products_properties` (
  `retoure_products_properties_id` int(11) NOT NULL,
  `retoure_products_id` int(11) NOT NULL,
  `property_title` varchar(64) NOT NULL,
  `property_value` varchar(64) NOT NULL,
  `input_span` int(11) NOT NULL
) ENGINE=MyISAM DEFAULT CHARSET=utf8;

-- --------------------------------------------------------

--
-- Tabellenstruktur für Tabelle `retoure_products_serials`
--

CREATE TABLE `retoure_products_serials` (
  `retoure_products_serials_id` int(11) NOT NULL,
  `retoure_products_id` int(11) NOT NULL DEFAULT '0',
  `products_id` int(11) NOT NULL DEFAULT '0',
  `serial_number` varchar(128) NOT NULL DEFAULT ''
) ENGINE=MyISAM DEFAULT CHARSET=utf8;

-- --------------------------------------------------------

--
-- Tabellenstruktur für Tabelle `retoure_status`
--

CREATE TABLE `retoure_status` (
  `retoure_status_id` int(11) NOT NULL,
  `retoure_status_name` varchar(64) NOT NULL DEFAULT ''
) ENGINE=MyISAM DEFAULT CHARSET=utf8;

--
-- Daten für Tabelle `retoure_status`
--

INSERT INTO `retoure_status` (`retoure_status_id`, `retoure_status_name`) VALUES
(1, 'Angelegt'),
(2, 'Abholung angewiesen'),
(3, 'Beendet'),
(4, 'Fehlgeschlagen');

-- --------------------------------------------------------

--
-- Tabellenstruktur für Tabelle `retoure_status_history`
--

CREATE TABLE `retoure_status_history` (
  `retoure_status_history_id` int(11) NOT NULL,
  `retoure_id` int(11) NOT NULL DEFAULT '0',
  `retoure_status_id` int(5) NOT NULL DEFAULT '0',
  `date_added` datetime NOT NULL DEFAULT '0000-00-00 00:00:00',
  `customer_notified` int(1) DEFAULT '0',
  `comments` text,
  `editor_id` int(11) NOT NULL DEFAULT '0'
) ENGINE=MyISAM DEFAULT CHARSET=utf8;

--
-- Daten für Tabelle `retoure_status_history`
--

INSERT INTO `retoure_status_history` (`retoure_status_history_id`, `retoure_id`, `retoure_status_id`, `date_added`, `customer_notified`, `comments`, `editor_id`) VALUES
(1, 1, 1, '2010-03-25 22:13:04', 0, 'Aus der Reklamation 1 heraus angelegt.', 1),
(2, 1, 2, '2010-03-25 22:25:27', 0, 'Neuer Status. Keine Retoureinfo per Email versendet', 1),
(3, 1, 2, '2010-03-25 22:25:41', 0, 'Wareneingang wurde gebucht.', 1),
(4, 1, 3, '2010-03-25 22:25:41', 0, 'Auf neuen Status gesetzt.', 1),
(5, 2, 1, '2013-11-06 17:27:01', 0, 'Aus der Reklamation 2 heraus angelegt.', 1),
(6, 2, 2, '2013-11-06 17:27:49', 1, 'Retoureinfo per Email an system@yes-websolutions.de versendet', 1);

-- --------------------------------------------------------

--
-- Tabellenstruktur für Tabelle `reviews`
--

CREATE TABLE `reviews` (
  `reviews_id` int(11) NOT NULL,
  `products_id` int(11) NOT NULL DEFAULT '0',
  `customers_id` int(11) DEFAULT NULL,
  `customers_name` varchar(64) NOT NULL DEFAULT '',
  `reviews_rating` int(1) DEFAULT NULL,
  `date_added` datetime DEFAULT NULL,
  `last_modified` datetime DEFAULT NULL,
  `reviews_read` int(5) NOT NULL DEFAULT '0'
) ENGINE=MyISAM DEFAULT CHARSET=utf8;

-- --------------------------------------------------------

--
-- Tabellenstruktur für Tabelle `reviews_description`
--

CREATE TABLE `reviews_description` (
  `reviews_id` int(11) NOT NULL DEFAULT '0',
  `languages_id` int(11) NOT NULL DEFAULT '0',
  `reviews_text` text NOT NULL
) ENGINE=MyISAM DEFAULT CHARSET=utf8;

-- --------------------------------------------------------

--
-- Tabellenstruktur für Tabelle `rueckerstattungen_status`
--

CREATE TABLE `rueckerstattungen_status` (
  `rueckerstattungen_status_id` int(11) NOT NULL,
  `rueckerstattungen_status_title` varchar(32) NOT NULL DEFAULT ''
) ENGINE=MyISAM DEFAULT CHARSET=utf8;

--
-- Daten für Tabelle `rueckerstattungen_status`
--

INSERT INTO `rueckerstattungen_status` (`rueckerstattungen_status_id`, `rueckerstattungen_status_title`) VALUES
(1, 'Offen'),
(2, 'Ueberwiesen'),
(3, 'Keine Rueckerstattung'),
(4, 'In Bearbeitung');

-- --------------------------------------------------------

--
-- Tabellenstruktur für Tabelle `rueckerstattungen_status_history`
--

CREATE TABLE `rueckerstattungen_status_history` (
  `rueckerstattungen_status_history_id` int(11) NOT NULL,
  `rueckerstattungen_id` int(11) NOT NULL DEFAULT '0',
  `rueckerstattungen_status_id` int(5) NOT NULL DEFAULT '0',
  `date_added` datetime NOT NULL DEFAULT '0000-00-00 00:00:00',
  `customer_notified` int(1) DEFAULT '0',
  `comments` text,
  `editor_id` int(11) NOT NULL DEFAULT '0'
) ENGINE=MyISAM DEFAULT CHARSET=utf8;

--
-- Daten für Tabelle `rueckerstattungen_status_history`
--

INSERT INTO `rueckerstattungen_status_history` (`rueckerstattungen_status_history_id`, `rueckerstattungen_id`, `rueckerstattungen_status_id`, `date_added`, `customer_notified`, `comments`, `editor_id`) VALUES
(1, 1, 1, '2024-11-27 13:51:32', 0, 'Aus Stornierung der Rechnung 5002 heraus angelegt. Grund: Kunde möchte die Ware nicht', 5001),
(2, 2, 1, '2024-11-27 13:53:41', 0, 'Aus Stornierung der Rechnung 5003 heraus angelegt. Grund: Kunde möchte die Ware nicht', 5001),
(3, 3, 1, '2025-07-28 18:34:31', 0, 'Aus Stornierung der Rechnung 5169 heraus angelegt. Grund: Rückerstattung erweitertes Storno Auftrag 5169', 5001),
(4, 4, 1, '2025-08-14 18:23:11', 0, 'Aus Stornierung der Rechnung 5170 heraus angelegt. Grund: Rückerstattung erweitertes Storno Auftrag 5170', 5001),
(5, 4, 1, '2025-08-14 18:23:40', 0, 'Die Rueckerstattung wurde gedruckt.', 5001),
(6, 5, 1, '2025-09-08 11:26:07', 0, 'Aus Stornierung der Rechnung 5185 heraus angelegt. Grund: Rückerstattung erweitertes Storno Auftrag 5185', 5001);

-- --------------------------------------------------------

--
-- Tabellenstruktur für Tabelle `rueckerstattungen_types`
--

CREATE TABLE `rueckerstattungen_types` (
  `rueckerstattungen_type_id` int(11) NOT NULL,
  `rueckerstattungen_type_title` varchar(128) NOT NULL DEFAULT ''
) ENGINE=MyISAM DEFAULT CHARSET=utf8;

--
-- Daten für Tabelle `rueckerstattungen_types`
--

INSERT INTO `rueckerstattungen_types` (`rueckerstattungen_type_id`, `rueckerstattungen_type_title`) VALUES
(1, 'Keine Rückerstattung'),
(2, 'Bank/Überweisung'),
(3, 'Bar'),
(4, 'Paypal'),
(5, 'Kreditkarte'),
(6, 'Amazon');

-- --------------------------------------------------------

--
-- Tabellenstruktur für Tabelle `search_allocations`
--

CREATE TABLE `search_allocations` (
  `word` varchar(32) NOT NULL,
  `pid` text NOT NULL,
  `language_id` int(1) NOT NULL
) ENGINE=MyISAM DEFAULT CHARSET=utf8;

-- --------------------------------------------------------

--
-- Tabellenstruktur für Tabelle `secupay_iframe_url`
--

CREATE TABLE `secupay_iframe_url` (
  `iframe_url_id` int(10) UNSIGNED NOT NULL,
  `iframe_url` text COLLATE utf8mb4_unicode_ci
) ENGINE=InnoDB DEFAULT CHARSET=utf8mb4 COLLATE=utf8mb4_unicode_ci;

-- --------------------------------------------------------

--
-- Tabellenstruktur für Tabelle `secupay_payment_allocations`
--

CREATE TABLE `secupay_payment_allocations` (
  `secupay_payment_allocations_id` int(11) NOT NULL,
  `orders_id` int(11) NOT NULL,
  `payment_transaction_id` varchar(64) NOT NULL,
  `transaction_id` varchar(64) NOT NULL
) ENGINE=InnoDB DEFAULT CHARSET=utf8;

--
-- Daten für Tabelle `secupay_payment_allocations`
--

INSERT INTO `secupay_payment_allocations` (`secupay_payment_allocations_id`, `orders_id`, `payment_transaction_id`, `transaction_id`) VALUES
(0, 5185, 'PCI_7RZRK5SD5QS764HV2R274252MA6CMX', 'STX_28VXKTNG72Q5TUKJKZHTEFYP0JQCAY');

-- --------------------------------------------------------

--
-- Tabellenstruktur für Tabelle `shipper_profiles`
--

CREATE TABLE `shipper_profiles` (
  `shipper_profiles_id` int(11) NOT NULL,
  `profile_name` varchar(32) NOT NULL,
  `versender` varchar(16) NOT NULL,
  `versender_params` text NOT NULL
) ENGINE=InnoDB DEFAULT CHARSET=utf8;

--
-- Daten für Tabelle `shipper_profiles`
--

INSERT INTO `shipper_profiles` (`shipper_profiles_id`, `profile_name`, `versender`, `versender_params`) VALUES
(3, 'DHL-Paket-National', 'DHL', '{\"product\":\"NAT_NOSERV\"}'),
(4, 'DHL-Warenpost', 'DHL', '{\"product\":\"WAR\"}'),
(5, 'DHL-Kleinpaket-National', 'DHL', '{\"product\":\"KLP\"}');

-- --------------------------------------------------------

--
-- Tabellenstruktur für Tabelle `shippings`
--

CREATE TABLE `shippings` (
  `id` int(11) NOT NULL,
  `orders_id` int(11) NOT NULL DEFAULT '0',
  `reclamations_id` int(11) NOT NULL DEFAULT '0',
  `customers_id` int(11) NOT NULL DEFAULT '0',
  `weight` float DEFAULT NULL,
  `packages` int(11) NOT NULL DEFAULT '0',
  `versender` varchar(128) NOT NULL DEFAULT '',
  `date_added` datetime NOT NULL DEFAULT '0000-00-00 00:00:00',
  `date_finished` datetime NOT NULL DEFAULT '0000-00-00 00:00:00',
  `name1` varchar(64) NOT NULL DEFAULT '',
  `name2` varchar(64) NOT NULL DEFAULT '',
  `company` varchar(128) DEFAULT NULL,
  `street1` varchar(64) NOT NULL DEFAULT '',
  `street2` varchar(64) NOT NULL DEFAULT '',
  `postcode` varchar(10) NOT NULL,
  `city` varchar(64) NOT NULL DEFAULT '',
  `country_id` int(11) NOT NULL DEFAULT '0',
  `country_name` varchar(64) NOT NULL DEFAULT '',
  `country_special` varchar(64) NOT NULL DEFAULT '',
  `ebay_id` varchar(20) NOT NULL DEFAULT '',
  `email` varchar(64) NOT NULL DEFAULT '',
  `status` int(1) NOT NULL DEFAULT '0',
  `csv_status` int(1) NOT NULL DEFAULT '0',
  `comments` text NOT NULL,
  `feedback_mail_sent` int(1) NOT NULL,
  `pdf_status` int(1) NOT NULL,
  `tracking_id` varchar(64) NOT NULL,
  `shipper_export_status` int(1) NOT NULL,
  `email_send_status` int(1) NOT NULL,
  `additional_params` text NOT NULL,
  `secupay_send_status` int(1) DEFAULT '0' COMMENT 'Wurde die Versandmeldung an secupay uebergeben?',
  `stop_recreate` int(1) NOT NULL COMMENT 'verhindern das geloeschte DHL Label im versandmodul gemeldet werden bzw neu erzeugt werden'
) ENGINE=MyISAM DEFAULT CHARSET=utf8;

--
-- Daten für Tabelle `shippings`
--

INSERT INTO `shippings` (`id`, `orders_id`, `reclamations_id`, `customers_id`, `weight`, `packages`, `versender`, `date_added`, `date_finished`, `name1`, `name2`, `company`, `street1`, `street2`, `postcode`, `city`, `country_id`, `country_name`, `country_special`, `ebay_id`, `email`, `status`, `csv_status`, `comments`, `feedback_mail_sent`, `pdf_status`, `tracking_id`, `shipper_export_status`, `email_send_status`, `additional_params`, `secupay_send_status`, `stop_recreate`) VALUES
(2, 5000, 0, 5002, 0, 1, 'D.H.L.', '2024-11-22 17:04:23', '2024-11-22 17:05:42', 'Elena Haas', '', '', 'Stübeheide 59', '', '22337', 'Hamburg', 81, 'Germany', '', '375806702729', '00ed71aa8c8b3458897d@members.ebay.com', 1, 1, '', 0, 0, '', 0, 2, '', 0, 0),
(4, 5001, 0, 5003, 0, 1, 'D.H.L.', '2024-11-27 16:46:36', '2024-11-27 16:46:41', 'Patrick Szyszlo', '', '', 'Geschwister-Scholl-Str. 64', '', '20251', 'Hamburg', 81, 'Germany', '', '375806702729', '00edd2f42ccceb990cc6@members.ebay.com', 1, 1, '', 0, 0, '', 0, 2, '', 0, 0),
(5, 5004, 0, 5008, 0, 1, 'D.H.L.', '2024-12-07 11:24:41', '2024-12-07 11:24:41', 'Elke Bodendorf', '', '', 'SchmalkalderStr. 65a', '', '98596', 'Brotterode-Trusetal', 0, 'Germany', '', '375816946684', '07756cee423715753b75@members.ebay.com', 1, 1, '', 0, 0, '', 0, 2, '', 0, 0),
(6, 5005, 0, 5009, 0, 1, 'D.H.L.', '2024-12-09 14:18:38', '2024-12-09 14:18:38', 'Tahir Beydemir', '', '', 'Am Seeufer', '8/ WHG. NR. 219', '56235', 'Ransbach-Baumbach', 0, 'Germany', '', '375807036045', '1dda65e355738d3e9035@members.ebay.com', 1, 1, '', 0, 0, '', 0, 2, '', 0, 0),
(7, 5006, 0, 5010, 0, 1, 'D.H.L.', '2024-12-09 20:26:31', '2024-12-09 20:26:32', 'Oleg Kehl', '', '', 'Gartenstr. 10', '', '29633', 'Munster', 0, 'Germany', '', '375837900851', '3bbac3aba90c93267210@members.ebay.com', 1, 1, '', 0, 0, '', 0, 2, '', 0, 0),
(8, 5007, 0, 5011, 0, 1, 'D.H.L.', '2024-12-12 11:54:39', '2024-12-12 11:54:39', 'Michael Warszawski / Sicheristsicher24', '', '', 'Moorbirkenkamp 3a', '', '22391', 'Hamburg', 0, 'Germany', '', '375806796572', '7792d99194c59d050035@members.ebay.com', 1, 1, '', 0, 0, '', 0, 2, '', 0, 0),
(9, 5008, 0, 5012, 0, 1, 'D.H.L.', '2024-12-12 13:06:43', '2024-12-12 13:06:43', 'Michal Zwolinski', '', '', 'Ohrnsweg 19', '', '21149', 'Hamburg', 0, 'Germany', '', '375806796572', '77940071cc42a5891482@members.ebay.com', 1, 1, '', 0, 0, '', 0, 2, '', 0, 0),
(10, 5009, 0, 5013, 0, 1, 'D.H.L.', '2024-12-13 17:43:10', '2024-12-13 17:43:10', 'Krzysztof Wiese', '', '', 'Timmweg 24', '', '22415', 'Hamburg', 0, 'Germany', '', '375806609228', '0779f218d9c959c75d47@members.ebay.com', 1, 1, '', 0, 0, '', 0, 2, '', 0, 0),
(11, 5010, 0, 5014, 0, 1, 'D.H.L.', '2024-12-14 18:03:58', '2024-12-14 18:03:58', 'Heike Groenert', '', '', 'Grafenstr.23', '', '77716', 'Haslach', 0, 'Germany', '', '375859831268', '1dea415991668b20e123@members.ebay.com', 1, 1, '', 0, 0, '', 0, 2, '', 0, 0),
(12, 5011, 0, 5015, 0, 1, 'D.H.L.', '2024-12-16 13:07:01', '2024-12-16 13:07:01', 'Valentina  Wolosnikow', '', '', 'Villiperhauptstr. 13', '', '53343', 'Wachtberg-villip', 0, 'Germany', '', '375806609651', '1ded5b362194afcfba18@members.ebay.com', 1, 1, '', 0, 1, '', 0, 2, '', 0, 0),
(13, 5012, 0, 5016, 0, 1, 'D.H.L.', '2024-12-16 14:46:44', '2024-12-16 14:46:44', 'Ingo Hartmann', '', '', 'Rebenweg 19', '', '91623', 'Sachsen b. Ansbach', 0, 'Germany', '', '375859831268', '1ded612922581fedb350@members.ebay.com', 1, 1, '', 0, 1, '', 0, 2, '', 0, 0),
(14, 5013, 0, 5018, 0, 1, 'DHL', '2024-12-18 12:26:32', '2024-12-18 12:26:32', 'Janine Hübsch', '', '', 'Mühlenstr. 8', '', '19336', 'Bad Wilsnack', 0, 'Germany', '', '375806609095', '3be5360a5a0b375b3732@members.ebay.com', 1, 1, '', 0, 1, '', 0, 2, '{\"product\":\"V01PAK\",\"billingNumber\":\"63741035470101\"}', 0, 0),
(15, 5014, 0, 5019, 0, 1, 'DHL', '2024-12-23 08:41:36', '2024-12-23 08:41:36', 'Anastasia Kondratyuk', '', '', 'Anton-Zeeh-Str. 11', '', '55252', 'Mainz-Kastel', 0, 'Germany', '', '375806609651', '3c00f8f3333ae6ef3d27@members.ebay.com', 1, 1, '', 0, 1, '', 0, 2, '{\"product\":\"V01PAK\",\"billingNumber\":\"63741035470101\"}', 0, 0),
(16, 5015, 0, 5020, 0, 1, 'DHL', '2024-12-26 18:51:30', '2024-12-26 18:51:31', 'James O Neil', '', '', 'Torgauer Strasse 14', '', '01127', 'Dresden', 0, 'Germany', '', '375859409956', '781f9eecb4166ef32f51@members.ebay.com', 1, 1, '', 0, 1, '', 0, 2, '{\"product\":\"V62WP\",\"billingNumber\":\"63741035476201\"}', 0, 0),
(17, 5016, 0, 5022, 0, 1, 'DHL', '2025-01-07 14:11:27', '2025-01-07 14:11:27', 'Richard Exner', '', '', 'Batzenbergstraße 10', '', '79238', 'Kirchhofen', 0, 'Germany', '', '375806609651', '03c52a5b245cee67d616@members.ebay.com', 1, 1, '', 0, 1, '', 0, 2, '{\"product\":\"V01PAK\",\"billingNumber\":\"63741035470101\"}', 0, 0),
(18, 5017, 0, 5023, 0, 1, 'DHL', '2025-01-15 15:49:20', '2025-01-15 15:49:20', 'Bernhardt Stenke', '', '', 'Stetteritzring 117', '', '64380', 'Roßdorf', 0, 'Germany', '', '375857914744', '03c7c111ad918af15b90@members.ebay.com', 1, 1, '', 0, 1, '', 0, 2, '{\"product\":\"V01PAK\",\"billingNumber\":\"63741035470101\"}', 0, 0),
(19, 5018, 0, 5025, 0, 1, 'DHL', '2025-01-22 12:15:14', '2025-01-22 12:15:14', 'Kai Witschen', '', '', 'Im Sande 9', '', '49744', 'Geeste', 0, 'Germany', '', '375937575563', '0f286a03d092b1880671@members.ebay.com', 1, 1, '', 0, 1, '', 0, 2, '{\"product\":\"V01PAK\",\"billingNumber\":\"63741035470101\"}', 0, 0),
(20, 5019, 0, 5026, 0, 1, 'DHL', '2025-01-28 16:22:30', '2025-01-28 16:22:30', 'Streck', '', '', 'Hindboll 3b', '', '25718', 'Friedrichskoog', 0, 'Germany', '', '375838176148', '1e5eb92092329fe67a44@members.ebay.com', 1, 1, '', 0, 1, '', 0, 2, '{\"product\":\"V01PAK\",\"billingNumber\":\"63741035470101\"}', 0, 0),
(21, 5020, 0, 5029, 0, 1, 'DHL', '2025-02-03 14:28:08', '2025-02-03 14:28:08', 'Thomas Aurbach', '', '', 'Lährer Weg 18', '', '92318', 'Neumarkt', 0, 'Germany', '', '375939238311', '3cd7825b255496d06367@members.ebay.com', 1, 1, '', 0, 1, '', 0, 2, '{\"product\":\"V01PAK\",\"billingNumber\":\"63741035470101\"}', 0, 0),
(22, 5021, 0, 5030, 0, 1, 'DHL', '2025-02-03 14:29:14', '2025-02-03 14:29:14', 'Thilo Hengst', '', '', 'Mozartweg 1', '', '09117', 'Chemnitz', 0, 'Germany', '', '375939238333', '3ce0bcba0d7dae2e3664@members.ebay.com', 1, 1, '', 0, 1, '', 0, 2, '{\"product\":\"V01PAK\",\"billingNumber\":\"63741035470101\"}', 0, 0),
(23, 5022, 0, 5031, 0, 1, 'DHL', '2025-02-04 10:18:51', '2025-02-04 10:18:51', 'Ideler, Karl-Heinz', '', '', 'Marloffsteiner Str. 4', '', '91080', 'Spardorf', 0, 'Germany', '', '375939238311', '3ce0dfdd34613f2b1c51@members.ebay.com', 1, 1, '', 0, 1, '', 0, 2, '{\"product\":\"V01PAK\",\"billingNumber\":\"63741035470101\"}', 0, 1),
(24, 5023, 0, 5032, 0, 1, 'DHL', '2025-02-04 14:21:49', '2025-02-04 14:21:49', 'Timo Maute', '', '', 'Grenzweg 27/83', '', '72766', 'Reutlingen', 0, 'Germany', '', '375838176148', '3ce220d8a52dae377d83@members.ebay.com', 1, 1, '', 0, 1, '', 0, 2, '{\"product\":\"V01PAK\",\"billingNumber\":\"63741035470101\"}', 0, 0),
(25, 5026, 0, 5036, 0, 1, 'DHL', '2025-02-12 14:26:14', '2025-02-12 14:26:14', 'Patrick Strauch', '', '', 'Bergeshöh 22', '', '09128', 'Chemnitz', 0, 'Germany', '', '375973141592', '1e8621a259648b0af886@members.ebay.com', 1, 1, '', 0, 1, '', 0, 2, '{\"product\":\"V01PAK\",\"billingNumber\":\"63741035470101\"}', 0, 0),
(26, 5027, 0, 5037, 0, 1, 'DHL', '2025-02-12 14:27:49', '2025-02-12 14:27:49', 'Manita Naupert', '', '', 'Talstrasse 77', '', '09618', 'Brand-Erbisdorf', 0, 'Germany', '', '375959423649', '7a18a19d9f7d8e562712@members.ebay.com', 1, 1, '', 0, 1, '', 0, 2, '{\"product\":\"V01PAK\",\"billingNumber\":\"63741035470101\"}', 0, 0),
(27, 5028, 0, 5038, 0, 1, 'DHL', '2025-02-12 14:28:49', '2025-02-12 14:28:49', 'Katja Kärgel', '', '', 'Bodenheimer Straße 17', '', '28199', 'Bremen', 0, 'Germany', '', '375973141592', '00f440081e39555c5980@members.ebay.com', 1, 1, '', 0, 1, '', 0, 2, '{\"product\":\"V01PAK\",\"billingNumber\":\"63741035470101\"}', 0, 0),
(28, 5029, 0, 5039, 0, 1, 'DHL', '2025-02-14 11:52:55', '2025-02-14 11:52:55', 'Hager Nakli', '', '', 'Lehnsgrund 76', '', '45149', 'Essen', 0, 'Germany', '', '', 'hekbib@googlemail.com', 1, 1, '', 0, 1, '', 0, 2, '{\"product\":\"V01PAK\",\"billingNumber\":\"63741035470101\"}', 0, 0),
(29, 5030, 0, 5041, 0, 1, 'DHL', '2025-02-17 14:37:04', '2025-02-17 14:37:05', 'Martin Munkert', '', '', 'Gasswiesenweg 5', '', '90518', 'Altdorf', 0, 'Germany', '', '375973189554', '03d23461cff52e686c13@members.ebay.com', 1, 1, '', 0, 1, '', 0, 2, '{\"product\":\"V01PAK\",\"billingNumber\":\"63741035470101\"}', 0, 0),
(30, 5031, 0, 5042, 0, 1, 'DHL', '2025-02-17 14:39:00', '2025-02-17 14:39:00', 'Tomasz Filipiak', '', '', 'Buchenweg 15', '', '49453', 'Rehden', 0, 'Germany', '', '375973189838', '1e9580c29efec91e6a33@members.ebay.com', 1, 1, '', 0, 1, '', 0, 2, '{\"product\":\"V01PAK\",\"billingNumber\":\"63741035470101\"}', 0, 0),
(31, 5032, 0, 5043, 0, 1, 'DHL', '2025-02-21 08:34:29', '2025-02-21 08:34:29', 'christian ruthner', '', '', 'Am Babenhorst 7', '', '19069', 'Pingelshagen', 0, 'Germany', '', '375973141592', '03d3c41147cfac667d72@members.ebay.com', 1, 1, '', 0, 1, '', 0, 2, '{\"product\":\"V01PAK\",\"billingNumber\":\"63741035470101\"}', 0, 0),
(32, 5033, 0, 5044, 0, 1, 'DHL', '2025-02-21 08:38:42', '2025-02-21 08:38:42', 'Rengschburger Herzen', '', '', 'Dr.-Gessler-Str. 31', '', '93051', 'Regensburg', 0, 'Germany', '', '375973141592', '03d3cc5449ca436e0c69@members.ebay.com', 1, 1, '', 0, 1, '', 0, 2, '{\"product\":\"V01PAK\",\"billingNumber\":\"63741035470101\"}', 0, 0),
(33, 5034, 0, 5045, 0, 1, 'DHL', '2025-02-24 11:07:24', '2025-02-24 11:07:24', 'Jens Schaar', '', '', 'Kitzenweg 19', '', '73337', 'Bad Ueberkingen', 0, 'Germany', '', '375973141592', '0f51c4fca9336b889a46@members.ebay.com', 1, 1, '', 0, 1, '', 0, 2, '{\"product\":\"V01PAK\",\"billingNumber\":\"63741035470101\"}', 0, 0),
(34, 5035, 0, 5046, 0, 1, 'DHL', '2025-02-24 11:11:37', '2025-02-24 11:11:37', 'Mark Imhof', '', '', 'Theodor-Fontane-Weg 3', '', '57319', 'Bad Berleburg', 0, 'Germany', '', '375838176148', '0f52d5a6d28172bd0113@members.ebay.com', 1, 1, '', 0, 1, '', 0, 2, '{\"product\":\"V01PAK\",\"billingNumber\":\"63741035470101\"}', 0, 0),
(35, 5036, 0, 5047, 0, 1, 'DHL', '2025-02-24 11:13:51', '2025-02-24 11:13:51', 'Manuela Böhnke', '', '', 'Reichsstr. 31', '', '07545', 'Gera', 0, 'Germany', '', '375959423649', '0f5321a109f6b8cc5a25@members.ebay.com', 1, 1, '', 0, 1, '', 0, 2, '{\"product\":\"V01PAK\",\"billingNumber\":\"63741035470101\"}', 0, 0),
(36, 5037, 0, 5048, 0, 1, 'DHL', '2025-02-24 11:18:40', '2025-02-24 11:18:40', 'Annabell Pliska', '', '', 'Vor den Höfen 10', '', '27254', 'Staffhorst', 0, 'Germany', '', '375957849017', '0f5346d9a6db6ace0090@members.ebay.com', 1, 1, '', 0, 1, '', 0, 2, '{\"product\":\"V01PAK\",\"billingNumber\":\"63741035470101\"}', 0, 0),
(37, 5038, 0, 5049, 0, 1, 'DHL', '2025-02-26 15:28:33', '2025-02-26 15:28:33', 'Frank Färber', '', '', 'Bunsenstrasse 15', '', '51145', 'Köln', 0, 'Germany', '', '375957849017', '1ead0083e03563ba7c94@members.ebay.com', 1, 1, '', 0, 1, '', 0, 2, '{\"product\":\"V01PAK\",\"billingNumber\":\"63741035470101\"}', 0, 0),
(38, 5039, 0, 5050, 0, 1, 'DHL', '2025-02-27 07:29:55', '2025-02-27 07:29:55', 'hans trommer', '', '', 'Schulstraße 22a', '', '91341', 'Röttenbach', 0, 'Germany', '', '375973189554', '0f5770ef5c6f62b38370@members.ebay.com', 1, 1, '', 0, 1, '', 0, 2, '{\"product\":\"V01PAK\",\"billingNumber\":\"63741035470101\"}', 0, 0),
(39, 5040, 0, 5051, 0, 1, 'DHL', '2025-03-03 15:20:17', '2025-03-03 15:20:17', 'Silke Bauer', '', '', 'Heisenbergstr. 5', '', '08066', 'Zwickau', 0, 'Germany', '', '375973315376', '3d6a75bdb5aee6baef36@members.ebay.com', 1, 1, '', 0, 1, '', 0, 2, '{\"product\":\"V01PAK\",\"billingNumber\":\"63741035470101\"}', 0, 0),
(40, 5041, 0, 5052, 0, 1, 'DHL', '2025-03-03 15:22:14', '2025-03-03 15:22:14', 'Andre Zerr', '', '', 'Fährstraße 19', '', '76437', 'Rastatt', 0, 'Germany', '', '375959297689', '3d74e29b881aae809280@members.ebay.com', 1, 1, '', 0, 1, '', 0, 2, '{\"product\":\"V01PAK\",\"billingNumber\":\"63741035470101\"}', 0, 0),
(41, 5042, 0, 5053, 0, 1, 'DHL', '2025-03-10 16:06:05', '2025-03-10 16:06:05', 'Andreas Steguweit', '', '', 'Am Sportplatz 8', '', '47918', 'Tönisvorst', 0, 'Germany', '', '375973189838', '7b34db0bc78b54e30a83@members.ebay.com', 1, 1, '', 0, 1, '', 0, 2, '{\"product\":\"V01PAK\",\"billingNumber\":\"63741035470101\"}', 0, 0),
(42, 5043, 0, 5054, 0, 1, 'DHL', '2025-03-19 14:31:44', '2025-03-19 14:31:44', 'norbert kloth', '', '', 'teichkoppel 18', '', '24229', 'daenischenhagen', 0, 'Germany', '', '375973189838', '07b82f9dacb3a6c03d34@members.ebay.com', 1, 1, '', 0, 1, '', 0, 2, '{\"product\":\"V01PAK\",\"billingNumber\":\"63741035470101\"}', 0, 0),
(43, 5044, 0, 5055, 0, 1, 'DHL', '2025-03-19 14:36:54', '2025-03-19 14:37:00', 'Timo Nimz', '', '', 'Hockenbroicher Str. 13', '', '53881', 'Euskirchen', 0, 'Germany', '', '375959423649', '7b934bf43e45c7411557@members.ebay.com', 1, 1, '', 0, 1, '', 0, 2, '{\"product\":\"V62WP\",\"billingNumber\":\"63741035476201\"}', 0, 0),
(44, 5045, 0, 5056, 0, 1, 'DHL', '2025-03-24 12:39:37', '2025-03-24 12:39:37', 'Moritz Kaulhausen', '', '', 'Bleichstr. 43', '', '57627', 'Hachenburg', 0, 'Germany', '', '375973189838', '0f7660eaf5b1b4ce3185@members.ebay.com', 1, 1, '', 0, 1, '', 0, 2, '{\"product\":\"V01PAK\",\"billingNumber\":\"63741035470101\"}', 0, 0),
(45, 5046, 0, 5057, 0, 1, 'DHL', '2025-03-24 12:56:15', '2025-03-24 12:56:15', 'Jürgen Knörr', '', 'Gasthof zum Stern', 'Linden Hauptstr. 60', '', '91459', 'Markt Erlbach', 0, 'Germany', '', '375959328022', '1ef16d045e769f6f6159@members.ebay.com', 1, 1, '', 0, 1, '', 0, 2, '{\"product\":\"V01PAK\",\"billingNumber\":\"63741035470101\"}', 0, 0),
(46, 5047, 0, 5058, 0, 1, 'DHL', '2025-03-27 08:49:44', '2025-03-27 08:49:44', 'Alexander Müller', '', '', 'Flugplatzstraße. 9', '', '97232', 'Giebelstadt', 0, 'Germany', '', '375807036045', '3df2bd1a959e7e8d5916@members.ebay.com', 1, 1, '', 0, 1, '', 0, 2, '{\"product\":\"V01PAK\",\"billingNumber\":\"63741035470101\"}', 0, 0),
(47, 5048, 0, 5059, 0, 1, 'DHL', '2025-03-27 17:19:48', '2025-03-27 17:19:48', 'Svenja Nierstenhöfer', '', '', 'Packstation 175', '25986364', '58093', 'Hagen', 0, 'Germany', '', '375806979037', '0f7d038335624db22d61@members.ebay.com', 1, 1, '', 0, 1, '', 0, 2, '{\"product\":\"V01PAK\",\"billingNumber\":\"63741035470101\"}', 0, 0),
(48, 5049, 0, 5060, 0, 1, 'DHL', '2025-03-28 07:28:12', '2025-03-28 07:28:12', 'R. Amort', '', '', 'Kirchweg 6', '', '84347', 'Pfarrkirchen', 0, 'Germany', '', '375959297689', '1efa899f8a681bb95614@members.ebay.com', 1, 1, '', 0, 1, '', 0, 2, '{\"product\":\"V01PAK\",\"billingNumber\":\"63741035470101\"}', 0, 0),
(49, 5050, 0, 5061, 0, 1, 'DHL', '2025-03-31 15:31:32', '2025-03-31 15:31:33', 'Patrick Müller', '', '', 'Zum Vessertal 141', '', '98553', 'Schleusingen', 0, 'Germany', '', '375973189838', '1f00668399b73736be92@members.ebay.com', 1, 1, '', 0, 1, '', 0, 2, '{\"product\":\"V01PAK\",\"billingNumber\":\"63741035470101\"}', 0, 0),
(50, 5051, 0, 5062, 0, 1, 'DHL', '2025-03-31 15:33:13', '2025-03-31 15:33:13', 'Eric Fischoeder', '', '', 'Von-Plettenberg-Str. 24', '', '52146', 'Würselen', 0, 'Germany', '', '375957849017', '3e07f792c45a9fbdbd43@members.ebay.com', 1, 1, '', 0, 1, '', 0, 2, '{\"product\":\"V01PAK\",\"billingNumber\":\"63741035470101\"}', 0, 0),
(51, 5052, 0, 5063, 0, 1, 'DHL', '2025-04-01 11:49:13', '2025-04-01 11:49:14', 'Von Wiltberg, Arnold', '', '', 'Bernsteinstraße 40', '', '02979', 'Spreetal Burghammer', 0, 'Germany', '', '375959328022', '1f052f9197d2c3902828@members.ebay.com', 1, 1, '', 0, 1, '', 0, 2, '{\"product\":\"V01PAK\",\"billingNumber\":\"63741035470101\"}', 0, 0),
(52, 5053, 0, 5064, 0, 1, 'DHL', '2025-04-02 16:55:07', '2025-04-02 16:55:07', 'Luka Madzarevic', '', '', 'Osterreiner Straße 3', '', '87669', 'Rieden am Forggensee', 0, 'Germany', '', '375957849017', '07c238433dc039430056@members.ebay.com', 1, 1, '', 0, 1, '', 0, 2, '{\"product\":\"V01PAK\",\"billingNumber\":\"63741035470101\"}', 0, 0),
(53, 5054, 0, 5065, 0, 1, 'DHL', '2025-04-02 16:56:33', '2025-04-02 16:56:34', 'Mario Sauer', '', '', 'Bentieröder Wanne 1', '', '37574', 'Einbeck', 0, 'Germany', '', '375990104626', '00f84e5eda6d56099f42@members.ebay.com', 1, 1, '', 0, 1, '', 0, 2, '{\"product\":\"V01PAK\",\"billingNumber\":\"63741035470101\"}', 0, 0),
(54, 5055, 0, 5066, 0, 1, 'DHL', '2025-04-02 17:01:56', '2025-04-02 17:01:57', 'Andrey Perederiy', '', '', 'Mühlenstr. 11', '', '49751', 'Sögel', 0, 'Germany', '', '375973189838', '3e054b1b736d575ea564@members.ebay.com', 1, 1, '', 0, 1, '', 0, 2, '{\"product\":\"V01PAK\",\"billingNumber\":\"63741035470101\"}', 0, 0),
(55, 5056, 0, 5067, 0, 1, 'DHL', '2025-04-04 11:14:10', '2025-04-04 11:14:10', 'Jürgen Bergmann', '', '', 'Liebrechtstr. 13', '', '45277', 'Essen', 0, 'Germany', '', '375959423649', '1f0d3264c26b5732ee36@members.ebay.com', 1, 1, '', 0, 1, '', 0, 2, '{\"product\":\"V62WP\",\"billingNumber\":\"63741035476201\"}', 0, 0),
(56, 5057, 0, 5068, 0, 1, 'DHL', '2025-04-10 10:58:08', '2025-04-10 10:58:08', 'Anne Beuchler', '', '', 'Fritz-Schulze- Strasse 11', '', '01159', 'Dresden', 0, 'Germany', '', '375959297689', '3e3942f184d6afdd1468@members.ebay.com', 1, 1, '', 0, 1, '', 0, 2, '{\"product\":\"V01PAK\",\"billingNumber\":\"63741035470101\"}', 0, 0),
(57, 5058, 0, 5069, 0, 1, 'DHL', '2025-04-14 13:01:12', '2025-04-14 13:01:12', 'André Seidel', '', '', 'Pomnitz 32', '', '06628', 'Lanitz-Hassel-Tal', 0, 'Germany', '', '375990104626', '0f9370f33e96dbcac757@members.ebay.com', 1, 1, '', 0, 1, '', 0, 2, '{\"product\":\"V01PAK\",\"billingNumber\":\"63741035470101\"}', 0, 0),
(58, 5059, 0, 5070, 0, 1, 'DHL', '2025-04-17 09:54:52', '2025-04-17 09:54:52', 'Ralf Rischewski', '', '', 'Postfiliale 620', '', '88250', 'Weingarten', 0, 'Germany', '', '375973141592', '00f97797d7e7b62884ae@members.ebay.com', 1, 1, '', 0, 1, '', 0, 2, '{\"product\":\"V01PAK\",\"billingNumber\":\"63741035470101\"}', 0, 0),
(59, 5061, 0, 5072, 0, 1, 'DHL', '2025-04-22 08:54:31', '2025-04-22 08:54:31', 'Nagler josef', '', '', 'Am Mühlbach 1', '', '85467', 'Neuching', 0, 'Germany', '', '375973189838', '00f9c8e8c68154f80975@members.ebay.com', 1, 1, '', 0, 1, '', 0, 2, '{\"product\":\"V01PAK\",\"billingNumber\":\"63741035470101\"}', 0, 0),
(60, 5062, 0, 5073, 0, 1, 'DHL', '2025-04-22 08:55:40', '2025-04-22 08:55:40', 'Holger Kimmich', '', '', 'Dürrlaustr. 28', '', '72584', 'Hülben', 0, 'Germany', '', '375990104626', '00f9dd2f110d86a86bd5@members.ebay.com', 1, 1, '', 0, 1, '', 0, 2, '{\"product\":\"V01PAK\",\"billingNumber\":\"63741035470101\"}', 0, 0),
(61, 5063, 0, 5074, 0, 1, 'DHL', '2025-04-22 09:09:24', '2025-04-22 09:09:24', 'Michael Roberts', '', '', 'Packstation 162', '20510924', '89079', 'Ulm', 0, 'Germany', '', '375990104626', '00f9df261de11a787d28@members.ebay.com', 1, 1, '', 0, 1, '', 0, 2, '{\"product\":\"V62WP\",\"billingNumber\":\"63741035476201\"}', 0, 0),
(62, 5060, 0, 5071, 0, 1, 'DHL', '2025-04-22 13:06:28', '2025-04-22 13:06:28', 'semih Sergi', '', '', 'Opelstrasse 3', 'Mandy klein', '78467', 'Konstanz', 0, 'Germany', '', '375939326219', '00f9c774abf96dbafb13@members.ebay.com', 1, 1, '', 0, 1, '', 0, 2, '{\"product\":\"V01PAK\",\"billingNumber\":\"63741035470101\"}', 0, 0),
(63, 5064, 0, 5075, 0, 1, 'DHL', '2025-04-23 11:41:37', '2025-04-23 11:41:37', 'Joseph Ressing', '', '', 'Hauptstraße 135', '', '26903', 'Surwold', 0, 'Germany', '', '375990104626', '00f9f6c6e76f4b890984@members.ebay.com', 1, 1, '', 0, 1, '', 0, 2, '{\"product\":\"V62WP\",\"billingNumber\":\"63741035476201\"}', 0, 0),
(64, 5065, 0, 5076, 0, 1, 'DHL', '2025-04-26 10:12:24', '2025-04-26 10:12:24', 'Beat Bürgi', '', '', 'Griesstr. 14', '', '78266', 'Büsingen', 0, 'Germany', '', '', 'b.buergi19@yahoo.de', 1, 1, '', 0, 1, '', 0, 2, '{\"product\":\"V01PAK\",\"billingNumber\":\"63741035470101\"}', 0, 0),
(65, 5068, 0, 5078, 0, 1, 'DHL', '2025-04-28 15:04:56', '2025-04-28 15:04:56', 'Timm Schröder', '', '', 'Neuer Brink 10A', '', '33659', 'Bielefeld', 0, 'Germany', '', '', 'timm_schroeder@icloud.com', 1, 1, '', 0, 1, '', 0, 2, '{\"product\":\"V01PAK\",\"billingNumber\":\"63741035470101\"}', 0, 0),
(66, 5069, 0, 5079, 0, 1, 'DHL', '2025-04-28 19:15:04', '2025-04-28 19:15:05', 'Bernd Mengel', '', '', 'Dörpstraat 55', '', '25938', 'Wyk auf Föhr', 0, 'Germany', '', '', '2025428_151937@justneo.de', 1, 1, '', 0, 1, '', 0, 2, '{\"product\":\"V62WP\",\"billingNumber\":\"63741035476201\"}', 0, 0),
(67, 5070, 0, 5080, 0, 1, 'DHL', '2025-04-28 21:24:23', '2025-04-28 21:24:23', 'Bastian Lutz', '', '', 'Hirschweg 19', '', '69412', 'Igelsbach', 0, 'Germany', '', '', '2025428_211228@justneo.de', 1, 1, '', 0, 1, '', 0, 2, '{\"product\":\"V62WP\",\"billingNumber\":\"63741035476201\"}', 0, 0),
(68, 5073, 0, 5083, 0, 1, 'DHL', '2025-04-29 14:14:47', '2025-04-29 14:14:47', 'Frank Rist', '', '', 'Holbeinstraße 38/2', '', '88212', 'Ravensburg', 0, 'Germany', '', '375973189838', '3e9dfd061392e3378a26@members.ebay.com', 1, 1, '', 0, 1, '', 0, 2, '{\"product\":\"V01PAK\",\"billingNumber\":\"63741035470101\"}', 0, 0),
(69, 5072, 0, 5082, 0, 1, 'DHL', '2025-04-29 14:17:00', '2025-04-29 14:17:00', 'Klaus Zeiger', '', '', 'Schubertstr. 25', '', '66287', 'Quierschied', 0, 'Germany', '', '376043934922', '0fa73af7b4a035ad4e61@members.ebay.com', 1, 1, '', 0, 1, '', 0, 2, '{\"product\":\"V01PAK\",\"billingNumber\":\"63741035470101\"}', 0, 0),
(70, 5071, 0, 5081, 0, 1, 'DHL', '2025-04-29 14:18:23', '2025-04-29 14:18:23', 'Sarah Emmert', '', '', 'Warschauer Str. 25', '', '10243', 'Berlin', 0, 'Germany', '', '', 'antimacht@web.de', 1, 1, '', 0, 1, '', 0, 2, '{\"product\":\"V01PAK\",\"billingNumber\":\"63741035470101\"}', 0, 0),
(71, 5077, 0, 5087, 0, 1, 'DHL', '2025-04-30 17:06:08', '2025-04-30 17:06:09', 'David Berard', '', '', 'Krauthausenerstraße 10', '', '52223', 'Stolberg', 0, 'Germany', '', '', 'david.berard.ac@gmail.com', 1, 1, '', 0, 1, '', 0, 2, '{\"product\":\"V01PAK\",\"billingNumber\":\"63741035470101\"}', 0, 0),
(72, 5078, 0, 5089, 0, 1, 'DHL', '2025-05-02 21:10:47', '2025-05-02 21:10:47', 'Stefan Pleyer', '', '', 'Gänsackerstr. 5', '', '79688', 'Hausen', 0, 'Germany', '', '375959423649', '7d6513da38253d338366@members.ebay.com', 1, 1, '', 0, 1, '', 0, 2, '{\"product\":\"V62WP\",\"billingNumber\":\"63741035476201\"}', 0, 0),
(73, 5079, 0, 5090, 0, 1, 'DHL', '2025-05-03 09:25:18', '2025-05-03 09:25:18', 'Björn Lebedies', '', '', 'Hagenwerderstr. 18', '', '03048', 'Cottbus', 0, 'Germany', '', '375959423649', '3eb58e082595368f0e74@members.ebay.com', 1, 1, '', 0, 1, '', 0, 2, '{\"product\":\"V62WP\",\"billingNumber\":\"63741035476201\"}', 0, 0),
(74, 5080, 0, 5091, 0, 1, 'DHL', '2025-05-05 12:18:04', '2025-05-05 12:18:04', 'Ulrike Brinkmann', '', '', 'Radeberger Straße 5', 'OT Großerkmannsdorf', '01454', 'Radeberg', 0, 'Germany', '', '375990104626', '3eb6bb53799136052445@members.ebay.com', 1, 1, '', 0, 1, '', 0, 2, '{\"product\":\"V62WP\",\"billingNumber\":\"63741035476201\"}', 0, 0),
(75, 5082, 0, 5093, 0, 1, 'DHL', '2025-05-05 12:26:18', '2025-05-05 12:26:18', 'Manuel Sutter', '', '', 'Nibelungenstraße 9', '', '80639', 'München', 0, 'Germany', '', '', 'sutter115@gmx.de', 1, 1, '', 0, 1, '', 0, 2, '{\"product\":\"V01PAK\",\"billingNumber\":\"63741035470101\"}', 0, 0),
(76, 5083, 0, 5094, 0, 1, 'DHL', '2025-05-05 12:27:18', '2025-05-05 12:27:18', 'Claudia Schablowski', '', '', 'Am Knottenberg 17', '', '45276', 'Essen', 0, 'Germany', '', '', 'Claudia.dinkloh@web.de', 1, 1, '', 0, 1, '', 0, 2, '{\"product\":\"V01PAK\",\"billingNumber\":\"63741035470101\"}', 0, 0),
(77, 5081, 0, 5092, 0, 1, 'DHL', '2025-05-05 12:36:23', '2025-05-05 12:36:23', 'Simon Bauer', '', '', 'Wiedehopfweg 43', '', '79112', 'Freiburg', 0, 'Germany', '', '', 'simon.bauer@gmx.ch', 1, 1, '', 0, 1, '', 0, 2, '{\"product\":\"V01PAK\",\"billingNumber\":\"63741035470101\"}', 0, 0),
(78, 5084, 0, 5095, 0, 1, 'DHL', '2025-05-06 13:53:43', '2025-05-06 13:53:43', 'Cornelia Hasler', '', '', 'Hinterstraße 9', '', '65391', 'Lorch', 0, 'Germany', '', '375973141592', '3ec2c6f136d04ab86275@members.ebay.com', 1, 1, '', 0, 1, '', 0, 2, '{\"product\":\"V01PAK\",\"billingNumber\":\"63741035470101\"}', 0, 0),
(79, 5085, 0, 5096, 0, 1, 'DHL', '2025-05-09 10:47:20', '2025-05-09 10:47:20', 'Marcus Böttcher', '', '', 'Packstation 218', '902881031', '24235', 'Laboe', 0, 'Germany', '', '375973189554', '1f69363f5f15b3717b53@members.ebay.com', 1, 1, '', 0, 1, '', 0, 2, '{\"product\":\"V01PAK\",\"billingNumber\":\"63741035470101\"}', 0, 0),
(80, 5086, 0, 5097, 0, 1, 'DHL', '2025-05-12 14:27:29', '2025-05-12 14:27:29', 'Lisa Hoth', '', '', 'Hermann-Burmeister-Str 3', '', '18435', 'Stralsund', 0, 'Germany', '', '375990104626', '3ee18815b392d2cdbb84@members.ebay.com', 1, 1, '', 0, 1, '', 0, 2, '{\"product\":\"V62WP\",\"billingNumber\":\"63741035476201\"}', 0, 0),
(81, 5087, 0, 5098, 0, 1, 'DHL', '2025-05-12 14:29:17', '2025-05-12 14:29:17', 'Julian König', '', '', 'Bergmannsweg 7', '', '31749', 'Auetal', 0, 'Germany', '', '375990104626', '3ee2d005b8833f10b970@members.ebay.com', 1, 1, '', 0, 1, '', 0, 2, '{\"product\":\"V62WP\",\"billingNumber\":\"63741035476201\"}', 0, 0),
(82, 5088, 0, 5100, 0, 1, 'DHL', '2025-05-13 20:22:15', '2025-05-13 20:22:15', 'Antonio Faust', '', '', 'In Den Weingärten 31', '', '55283', 'Nierstein', 0, 'Germany', '', '375806609623', '00fb9dcb8fde4b196dfc@members.ebay.com', 1, 1, '', 0, 1, '', 0, 2, '{\"product\":\"V01PAK\",\"billingNumber\":\"63741035470101\"}', 0, 0),
(83, 5089, 0, 5101, 0, 1, 'DHL', '2025-05-13 20:23:24', '2025-05-13 20:23:24', 'Sven Kaufmann', '', '', 'Berglücke 14', '', '24943', 'Flensburg', 0, 'Germany', '', '375990104626', '7dcff0e4932377237966@members.ebay.com', 1, 1, '', 0, 1, '', 0, 2, '{\"product\":\"V62WP\",\"billingNumber\":\"63741035476201\"}', 0, 0),
(84, 5090, 0, 5102, 0, 1, 'DHL', '2025-05-14 10:27:18', '2025-05-14 10:27:19', 'Freya Schomacker', '', '', 'Grenzweg 1', '', '26655', 'Westerstede', 0, 'Germany', '', '375973182408', '7ddb04a45f1b07a82064@members.ebay.com', 1, 1, '', 0, 1, '', 0, 2, '{\"product\":\"V01PAK\",\"billingNumber\":\"63741035470101\"}', 0, 0),
(85, 5091, 0, 5103, 0, 1, 'DHL', '2025-05-15 15:00:28', '2025-05-15 15:00:28', 'Andreas Lettner', '', '', 'Vogelweide 4', '', '06188', 'Landsberg', 0, 'Germany', '', '375838176148', '7de31f3161c35fcc5698@members.ebay.com', 1, 1, '', 0, 1, '', 0, 2, '{\"product\":\"V01PAK\",\"billingNumber\":\"63741035470101\"}', 0, 0),
(86, 5092, 0, 5104, 0, 1, 'DHL', '2025-05-19 07:44:35', '2025-05-19 07:44:36', 'Dragos Terbea', '', '', 'Koipainterweg 4', '', '94099', 'Ruhstorf  a.d.Rott', 0, 'Germany', '', '375973141592', '00fc0089db8719fc5f4d@members.ebay.com', 1, 1, '', 0, 1, '', 0, 2, '{\"product\":\"V01PAK\",\"billingNumber\":\"63741035470101\"}', 0, 0),
(87, 5093, 0, 5099, 0, 1, 'DHL', '2025-05-20 13:36:25', '2025-05-20 13:36:25', 'Caspar-M. Krüger', '', '', 'Wulfsteert 3A', '', '24340', 'Eckernförde', 0, 'Germany', '', '', 'mail@caspar-krueger.de', 1, 1, '', 0, 1, '', 0, 2, '{\"product\":\"V01PAK\",\"billingNumber\":\"63741035470101\"}', 0, 0),
(88, 5094, 0, 5105, 0, 1, 'DHL', '2025-05-20 13:37:47', '2025-05-20 13:37:47', 'Elmar Lieske', '', '', 'Habsburgerstrasse 114', 'Nur persönliche Übergabe', '79104', 'Freiburg', 0, 'Germany', '', '375990104626', '00fc2ee98b8719fda40d@members.ebay.com', 1, 1, '', 0, 1, '', 0, 2, '{\"product\":\"V62WP\",\"billingNumber\":\"63741035476201\"}', 0, 0),
(89, 5095, 0, 5107, 0, 1, 'DHL', '2025-05-26 14:11:00', '2025-05-26 14:11:00', 'Axel Schmidt', '', '', 'Euelner Straße 42', '', '51580', 'Reichshof', 0, 'Germany', '', '376234478613', '00fc964e651b245beaf8@members.ebay.com', 1, 1, '', 0, 1, '', 0, 2, '{\"product\":\"V01PAK\",\"billingNumber\":\"63741035470101\"}', 0, 0),
(90, 5096, 0, 5108, 0, 1, 'DHL', '2025-05-26 14:14:05', '2025-05-26 14:14:05', 'Stefan Schlesinger', '', '', 'August-Bebel-Str. 4', '', '09618', 'Brand-Erbisdorf', 0, 'Germany', '', '375838176148', '00fcb1e52afb088c2160@members.ebay.com', 1, 1, '', 0, 1, '', 0, 2, '{\"product\":\"V01PAK\",\"billingNumber\":\"63741035470101\"}', 0, 0),
(91, 5097, 0, 5109, 0, 1, 'DHL', '2025-05-26 14:16:34', '2025-05-26 14:16:34', 'Andy Dee', '', '', 'Bexhöveder Str. 21', '', '28239', 'Bremen', 0, 'Germany', '', '375990104626', '00fcb21656fda60ce5b4@members.ebay.com', 1, 1, '', 0, 1, '', 0, 2, '{\"product\":\"V01PAK\",\"billingNumber\":\"63741035470101\"}', 0, 0),
(92, 5098, 0, 5110, 0, 1, 'DHL', '2025-05-27 09:52:06', '2025-05-27 09:52:07', 'Frank Moos', '', '', 'Königsberger Str. 18', '', '74915', 'Waibstadt', 0, 'Germany', '', '', 'frank.moos@sap.com', 1, 1, '', 0, 1, '', 0, 2, '{\"product\":\"V01PAK\",\"billingNumber\":\"63741035470101\"}', 0, 0),
(93, 5099, 0, 5111, 0, 1, 'DHL', '2025-06-02 09:05:53', '2025-06-02 09:05:53', 'Michael Post', '', '', 'Matthias-Claudius-Straße 6', '', '32584', 'Löhne', 0, 'Germany', '', '375838176148', '1f9e8dbb69406b1afb30@members.ebay.com', 1, 1, '', 0, 1, '', 0, 2, '{\"product\":\"V62WP\",\"billingNumber\":\"63741035476201\"}', 0, 0),
(94, 5100, 0, 5112, 0, 1, 'DHL', '2025-06-02 09:08:24', '2025-06-02 09:08:24', 'Andrej Engraf', '', '', 'Barkenberger Allee 106', '', '46286', 'Dorsten', 0, 'Germany', '', '375806609623', '1fa381e8c433630e4445@members.ebay.com', 1, 1, '', 0, 1, '', 0, 2, '{\"product\":\"V01PAK\",\"billingNumber\":\"63741035470101\"}', 0, 0),
(95, 5101, 0, 5113, 0, 1, 'DHL', '2025-06-02 09:09:46', '2025-06-02 09:09:47', 'Martin Rosenbaum', '', '', 'Zeppelinstraße 13a', '', '97074', 'Würzburg', 0, 'Germany', '', '375990104626', '1fa5b23b5d3ed7907d43@members.ebay.com', 1, 1, '', 0, 1, '', 0, 2, '{\"product\":\"V62WP\",\"billingNumber\":\"63741035476201\"}', 0, 0),
(96, 5103, 0, 5115, 0, 1, 'DHL', '2025-06-02 09:16:09', '2025-06-02 09:16:09', 'Marko Bizjak', '', '', 'Kreiller Straße 22', '', '81673', 'München', 0, 'Germany', '', '375990104626', '1fa7ee77e9413fe01049@members.ebay.com', 1, 1, '', 0, 1, '', 0, 2, '{\"product\":\"V62WP\",\"billingNumber\":\"63741035476201\"}', 0, 0),
(97, 5102, 0, 5114, 0, 1, 'DHL', '2025-06-02 09:18:06', '2025-06-02 09:18:06', 'Steffen Werner', '', '', 'Am Hammerweg 36', '', '72581', 'Dettingen an der Erms', 0, 'Germany', '', '375973182408', '1fa658c84fa48fa5d385@members.ebay.com', 1, 1, '', 0, 1, '', 0, 2, '{\"product\":\"V01PAK\",\"billingNumber\":\"63741035470101\"}', 0, 0),
(98, 5104, 0, 5116, 0, 1, 'DHL', '2025-06-02 09:24:41', '2025-06-02 09:24:41', 'Holger Herrmann', '', '', 'Betzenweiler Straße 18', '', '88525', 'Dürmentingen', 0, 'Germany', '', '375990104626', '3f4fe35fb300d60c1776@members.ebay.com', 1, 1, '', 0, 1, '', 0, 2, '{\"product\":\"V62WP\",\"billingNumber\":\"63741035476201\"}', 0, 0),
(99, 5105, 0, 5117, 0, 1, 'DHL', '2025-06-02 09:28:41', '2025-06-02 09:28:41', 'Mesanovic', '', '', 'Cäcilienstr. 49a', '', '47475', 'Kamp-Lintfort', 0, 'Germany', '', '375973141592', '3f50db94a3ad860ef132@members.ebay.com', 1, 1, '', 0, 1, '', 0, 2, '{\"product\":\"V01PAK\",\"billingNumber\":\"63741035470101\"}', 0, 0),
(100, 5106, 0, 5118, 0, 1, 'DHL', '2025-06-02 09:32:20', '2025-06-02 09:32:20', 'Reifen Autoservice Pneumaster', '', '', 'Daimlerstraße 10', 'z.H. Zimmermann', '71636', 'Ludwigsburg', 0, 'Germany', '', '375990104626', '3f539f11295d8a8a5d76@members.ebay.com', 1, 1, '', 0, 1, '', 0, 2, '{\"product\":\"V62WP\",\"billingNumber\":\"63741035476201\"}', 0, 0),
(101, 5107, 0, 5119, 0, 1, 'DHL', '2025-06-03 11:38:26', '2025-06-03 11:38:26', 'Thomas Raitmeir', '', '', 'Meraner Str. 2', '', '85221', 'Dachau', 0, 'Germany', '', '376234478613', '3f5675c7b300d7007042@members.ebay.com', 1, 1, '', 0, 1, '', 0, 2, '{\"product\":\"V01PAK\",\"billingNumber\":\"63741035470101\"}', 0, 0),
(102, 5108, 0, 5120, 0, 1, 'DHL', '2025-06-04 08:32:09', '2025-06-04 08:32:09', 'Stefan Klug', '', '', 'Am Herrgottseck 3f', '', '81669', 'München', 0, 'Germany', '', '375973141592', '00fd6a4c11804a7c6a23@members.ebay.com', 1, 1, '', 0, 1, '', 0, 2, '{\"product\":\"V01PAK\",\"billingNumber\":\"63741035470101\"}', 0, 0),
(103, 5109, 0, 5121, 0, 1, 'DHL', '2025-06-04 08:33:35', '2025-06-04 08:33:35', 'Ingrid Linnhoff', '', '', 'Augustin-Wibbelt-Str. 10', '', '58640', 'Iserlohn', 0, 'Germany', '', '375990104626', '3f5b2c3851b1af979791@members.ebay.com', 1, 1, '', 0, 1, '', 0, 2, '{\"product\":\"V01PAK\",\"billingNumber\":\"63741035470101\"}', 0, 0),
(104, 5110, 0, 5122, 0, 1, 'DHL', '2025-06-04 11:31:09', '2025-06-04 11:31:09', 'Sabrina Staude', '', '', 'Unterer Dezemhieb 27', '', '98701', 'Großbreitenbach', 0, 'Germany', '', '', 'sabrina.staude@t-online.de', 1, 1, '', 0, 1, '', 0, 2, '{\"product\":\"V01PAK\",\"billingNumber\":\"63741035470101\"}', 0, 0),
(105, 5111, 0, 5124, 0, 1, 'DHL', '2025-06-10 10:00:14', '2025-06-10 10:00:15', 'Michael Wagensoner', '', '', 'Hebramsdorf 20', '', '84088', 'Neufahrn', 0, 'Germany', '', '376234478613', '7ee9ad14fea9ae327094@members.ebay.com', 1, 1, '', 0, 1, '', 0, 2, '{\"product\":\"V01PAK\",\"billingNumber\":\"63741035470101\"}', 0, 0),
(106, 5112, 0, 5125, 0, 1, 'DHL', '2025-06-10 10:05:07', '2025-06-10 10:05:07', 'Jens Ripken', '', '', 'Am Ring 3', 'Grossenmeer', '26939', 'Ovelgönne', 0, 'Germany', '', '375959297689', '7ef4ee97acd1aebc7897@members.ebay.com', 1, 1, '', 0, 1, '', 0, 2, '{\"product\":\"V01PAK\",\"billingNumber\":\"63741035470101\"}', 0, 0),
(107, 5113, 0, 5126, 0, 1, 'DHL', '2025-06-10 16:23:41', '2025-06-10 16:23:41', 'Stefan Ruckdäschel', '', '', 'Voitsumra 36', '', '95163', 'Weißenstadt', 0, 'Germany', '', '', 'stefanrucki@t-online.de', 1, 1, '', 0, 1, '', 0, 2, '{\"product\":\"V01PAK\",\"billingNumber\":\"63741035470101\"}', 0, 0),
(108, 5114, 0, 5127, 0, 1, 'DHL', '2025-06-12 21:46:47', '2025-06-12 21:46:47', 'Frank Bauer', '', '', 'Fahlenbergstr. 37', '', '12589', 'Berlin', 0, 'Germany', '', '375806609623', '00fe2c58e4be2628822b@members.ebay.com', 1, 1, '', 0, 1, '', 0, 2, '{\"product\":\"V01PAK\",\"billingNumber\":\"63741035470101\"}', 0, 0),
(109, 5115, 0, 5128, 0, 1, 'DHL', '2025-06-16 16:45:13', '2025-06-16 16:45:13', 'Sindy Parschau', '', '', 'Teichstraße 10', '', '01662', 'Meißen', 0, 'Germany', '', '375957849017', '7f1d7b8b40a27fc0d225@members.ebay.com', 1, 1, '', 0, 1, '', 0, 2, '{\"product\":\"V01PAK\",\"billingNumber\":\"63741035470101\"}', 0, 0),
(110, 5116, 0, 5129, 0, 1, 'DHL', '2025-06-16 16:47:17', '2025-06-16 16:47:17', 'Amazon Logger Frederick  Logger Schell', '', '', 'Grötzinger Str. 57', '', '76227', 'Karlsruhe', 0, 'Germany', '', '375806609623', '7f2330d707cda67e3d21@members.ebay.com', 1, 1, '', 0, 1, '', 0, 2, '{\"product\":\"V01PAK\",\"billingNumber\":\"63741035470101\"}', 0, 0),
(111, 5117, 0, 5114, 0, 1, 'DHL', '2025-06-16 16:49:17', '2025-06-16 16:49:17', 'Steffen Werner', '', '', 'Am Hammerweg 36', '', '72581', 'Dettingen an der Erms', 0, 'Germany', '', '375973182291', '1fa658c84fa48fa5d385@members.ebay.com', 1, 1, '', 0, 1, '', 0, 2, '{\"product\":\"V01PAK\",\"billingNumber\":\"63741035470101\"}', 0, 0),
(112, 5118, 0, 5130, 0, 1, 'DHL', '2025-06-16 16:56:34', '2025-06-16 16:56:34', 'Krzysztof Szczepkowski', '', '', 'Hauptstr. 5', '', '21447', 'Handorf', 0, 'Germany', '', '375806609623', '00fe61e3a84f5b88f1af@members.ebay.com', 1, 1, '', 0, 1, '', 0, 2, '{\"product\":\"V01PAK\",\"billingNumber\":\"63741035470101\"}', 0, 0),
(113, 5119, 0, 5131, 0, 1, 'DHL', '2025-06-16 18:56:21', '2025-06-16 18:56:21', 'Theater Eukitea', '', '', 'Lindenstr 18b', '', '86420', 'Diedorf', 0, 'Germany', '', '375973141592', '00fe7e69e7f9ad99e206@members.ebay.com', 1, 1, '', 0, 1, '', 0, 2, '{\"product\":\"V01PAK\",\"billingNumber\":\"63741035470101\"}', 0, 0),
(114, 5120, 0, 5132, 0, 1, 'DHL', '2025-06-19 14:35:30', '2025-06-19 14:35:30', 'Vincent Power', '', '', 'Glienicker Str. 50', '', '14109', 'Berlin', 0, 'Germany', '', '375838176148', '7f5c1a9b1b3c4f279810@members.ebay.com', 1, 1, '', 0, 1, '', 0, 2, '{\"product\":\"V01PAK\",\"billingNumber\":\"63741035470101\"}', 0, 0),
(115, 5121, 0, 5133, 0, 1, 'DHL', '2025-06-20 07:37:39', '2025-06-20 07:37:39', 'Dieter Friedrich', '', '', 'Rahmengasse 32', '', '69120', 'Heidelberg', 0, 'Germany', '', '375973182408', '00febca744be262c6e37@members.ebay.com', 1, 1, '', 0, 1, '', 0, 2, '{\"product\":\"V01PAK\",\"billingNumber\":\"63741035470101\"}', 0, 0),
(116, 5122, 0, 5134, 0, 1, 'DHL', '2025-06-23 10:36:11', '2025-06-23 10:36:11', 'Fabian Hofmann', '', '', 'Kneinstr. 32', '', '47807', 'Krefeld', 0, 'Germany', '', '375990104626', '00fef8d6c6367898bea6@members.ebay.com', 1, 1, '', 0, 1, '', 0, 2, '{\"product\":\"V62WP\",\"billingNumber\":\"63741035476201\"}', 0, 0),
(117, 5123, 0, 5135, 0, 1, 'DHL', '2025-06-23 10:41:27', '2025-06-23 10:41:27', 'Bernd+Andrea Alexander', '', '', 'Steindamm 19', '', '23847', 'Lasbek', 0, 'Germany', '', '375838176148', '00fefdc4a7f4262e1368@members.ebay.com', 1, 1, '', 0, 1, '', 0, 2, '{\"product\":\"V62WP\",\"billingNumber\":\"63741035476201\"}', 0, 0),
(118, 5124, 0, 5114, 0, 1, 'DHL', '2025-06-23 10:43:31', '2025-06-23 10:43:31', 'Steffen Werner', '', '', 'Am Hammerweg 36', '', '72581', 'Dettingen an der Erms', 0, 'Germany', '', '375973182408', '1fa658c84fa48fa5d385@members.ebay.com', 1, 1, '', 0, 1, '', 0, 2, '{\"product\":\"V01PAK\",\"billingNumber\":\"63741035470101\"}', 0, 0),
(119, 5125, 0, 5136, 0, 1, 'DHL', '2025-06-24 07:26:56', '2025-06-24 07:26:56', 'Marco Schmalz', '', '', 'Ohligser Str. 56', '', '40591', 'Düsseldorf', 0, 'Germany', '', '375990104626', '7f88d592d6a9ae1efd53@members.ebay.com', 1, 1, '', 0, 1, '', 0, 2, '{\"product\":\"V62WP\",\"billingNumber\":\"63741035476201\"}', 0, 0),
(120, 5126, 0, 5137, 0, 1, 'DHL', '2025-06-26 07:47:14', '2025-06-26 07:47:15', 'Manja Unrath', '', '', 'Schützenhausstr. 46', '', '69151', 'Neckargemünd', 0, 'Germany', '', '', 'manjaunrath@gmail.com', 1, 1, '', 0, 1, '', 0, 2, '{\"product\":\"V01PAK\",\"billingNumber\":\"63741035470101\"}', 0, 0),
(121, 5127, 0, 5138, 0, 1, 'DHL', '2025-06-26 09:34:42', '2025-06-26 09:34:42', 'Albrecht Sondermaschinen/URSU', '', '', 'Krümmling 2', '', '99734', 'Nordhausen/OT Steinbrücken', 0, 'Germany', '', '376023078924', '1fe92f80f5826b2ef717@members.ebay.com', 1, 1, '', 0, 1, '', 0, 2, '{\"product\":\"V62WP\",\"billingNumber\":\"63741035476201\"}', 0, 0),
(122, 5128, 0, 5139, 0, 1, 'DHL', '2025-06-27 07:47:16', '2025-06-27 07:47:16', 'Michael Büttner', '', '', 'Bahnhofstraße 17', '', '22880', 'Wedel', 0, 'Germany', '', '375838176148', '1fea709e8e5963715a59@members.ebay.com', 1, 1, '', 0, 1, '', 0, 2, '{\"product\":\"V62WP\",\"billingNumber\":\"63741035476201\"}', 0, 0),
(123, 5130, 0, 5141, 0, 1, 'DHL', '2025-06-28 06:36:07', '2025-06-28 06:36:07', 'Zagefka Immobilien UG', '', '', 'Kolpingstr. 1', '', '97903', 'Collenberg', 0, 'Germany', '', '375973141592', '1fec7c1ca7b0abd7e447@members.ebay.com', 1, 1, '', 0, 1, '', 0, 2, '{\"product\":\"V01PAK\",\"billingNumber\":\"63741035470101\"}', 0, 0),
(124, 5135, 0, 5146, 0, 1, 'DHL', '2025-06-30 08:48:06', '2025-06-30 08:48:06', 'Sarah Teubner', '', '', 'Roonstr. 11', '', '45699', 'Herten', 0, 'Germany', '', '375838176148', '3fe602f4a678b70ef192@members.ebay.com', 1, 1, '', 0, 1, '', 0, 2, '{\"product\":\"V01PAK\",\"billingNumber\":\"63741035470101\"}', 0, 0),
(125, 5134, 0, 5145, 0, 1, 'DHL', '2025-06-30 08:51:21', '2025-06-30 08:51:21', 'Thomas Lieberenz', '', '', 'Flottsteller Str 7', '', '14552', 'Michendorf', 0, 'Germany', '', '375990104626', '3fe54fe70b92d3618e66@members.ebay.com', 1, 1, '', 0, 1, '', 0, 2, '{\"product\":\"V62WP\",\"billingNumber\":\"63741035476201\"}', 0, 0),
(126, 5133, 0, 5144, 0, 1, 'DHL', '2025-06-30 09:08:06', '2025-06-30 09:08:06', 'thomas zabel', '', '', 'Am Stangenberg 6', '', '29499', 'Zernien', 0, 'Germany', '', '375973141592', '3fe51f52dcb6af3de196@members.ebay.com', 1, 1, '', 0, 1, '', 0, 2, '{\"product\":\"V01PAK\",\"billingNumber\":\"63741035470101\"}', 0, 0),
(127, 5132, 0, 5143, 0, 1, 'DHL', '2025-06-30 09:10:43', '2025-06-30 09:10:43', 'Blum', '', '', 'Ringstr. 18', '', '63594', 'Hasselroth', 0, 'Germany', '', '375973182408', '3fe3d88adcb6af0f6947@members.ebay.com', 1, 1, '', 0, 1, '', 0, 2, '{\"product\":\"V01PAK\",\"billingNumber\":\"63741035470101\"}', 0, 0),
(128, 5131, 0, 5142, 0, 1, 'DHL', '2025-06-30 09:16:16', '2025-06-30 09:16:16', 'Torsten Gahrens', '', '', 'Elsterweg 32', '', '48268', 'Greven', 0, 'Germany', '', '375838176148', '3fdeecd5743d1aba1d72@members.ebay.com', 1, 1, '', 0, 1, '', 0, 2, '{\"product\":\"V01PAK\",\"billingNumber\":\"63741035470101\"}', 0, 0),
(129, 5136, 0, 5147, 0, 1, 'DHL', '2025-07-01 07:14:57', '2025-07-01 07:14:57', 'Michael Köllmann', '', '', 'Voltastr. 8', '', '30165', 'Hannover', 0, 'Germany', '', '375990104626', '3fe86931743d1bb80646@members.ebay.com', 1, 1, '', 0, 1, '', 0, 2, '{\"product\":\"V62WP\",\"billingNumber\":\"63741035476201\"}', 0, 0),
(130, 5137, 0, 5148, 0, 1, 'DHL', '2025-07-01 07:16:45', '2025-07-01 07:16:45', 'Aaron Steiner', '', '', 'Theodor-Hanloser-Str. 7', '', '78224', 'Singen  (Hohentwiel)', 0, 'Germany', '', '376023031660', '3fe898c49e78b7567a19@members.ebay.com', 1, 1, '', 0, 1, '', 0, 2, '{\"product\":\"V01PAK\",\"billingNumber\":\"63741035470101\"}', 0, 0),
(131, 5138, 0, 5149, 0, 1, 'DHL', '2025-07-01 21:05:16', '2025-07-01 21:05:16', 'Mario Retzar', '', '', 'Reinsdorfer Str. 42', '', '08527', 'Plauen', 0, 'Germany', '', '375973189554', '00ffb89b0280246d4945@members.ebay.com', 1, 1, '', 0, 1, '', 0, 2, '{\"product\":\"V01PAK\",\"billingNumber\":\"63741035470101\"}', 0, 0),
(132, 5139, 0, 5150, 0, 1, 'DHL', '2025-07-02 07:27:06', '2025-07-02 07:27:07', 'Thomas Hämmerle', '', '', 'Obere Ghaustraße 4', '', '88433', 'Schemmerhofen-Alberweiler', 0, 'Germany', '', '375973141592', '7fdfb6ff4a3234d04668@members.ebay.com', 1, 1, '', 0, 1, '', 0, 2, '{\"product\":\"V01PAK\",\"billingNumber\":\"63741035470101\"}', 0, 0),
(133, 5140, 0, 5151, 0, 1, 'DHL', '2025-07-03 19:40:00', '2025-07-03 19:40:00', 'Hendrik Schmidtpott', '', '', 'Astruper Weg 13', 'c/o Gottschlich', '49191', 'Belm', 0, 'Germany', '', '376378928822', '7feeb24307531537bf82@members.ebay.com', 1, 1, '', 0, 1, '', 0, 2, '{\"product\":\"V01PAK\",\"billingNumber\":\"63741035470101\"}', 0, 0),
(134, 5141, 0, 5152, 0, 1, 'DHL', '2025-07-04 10:58:32', '2025-07-04 10:58:32', 'Ingo Dewitz', '', '', 'Im Bergfeld 23', '', '30966', 'Hemmingen', 0, 'Germany', '', '375973141592', '7ff4b2577d7edd1aff38@members.ebay.com', 1, 1, '', 0, 1, '', 0, 2, '{\"product\":\"V01PAK\",\"billingNumber\":\"63741035470101\"}', 0, 0),
(135, 5142, 0, 5153, 0, 1, 'DHL', '2025-07-04 17:47:14', '2025-07-04 17:47:14', 'Yasmin Plobner', '', '', 'Fleisnitz 15', '', '95236', 'Stammbach', 0, 'Germany', '', '375973141592', '7ffc5865ca43160f5b39@members.ebay.com', 1, 1, '', 0, 1, '', 0, 2, '{\"product\":\"V01PAK\",\"billingNumber\":\"63741035470101\"}', 0, 0),
(136, 5143, 0, 5154, 0, 1, 'DHL', '2025-07-07 10:50:39', '2025-07-07 10:50:39', 'Axel Neumeister', '', '', 'Springbornstr. 11', '', '12487', 'Berlin', 0, 'Germany', '', '375990104626', '0080060ebbb4c9ae7d76@members.ebay.com', 1, 1, '', 0, 1, '', 0, 2, '{\"product\":\"V62WP\",\"billingNumber\":\"63741035476201\"}', 0, 0),
(137, 5144, 0, 5155, 0, 1, 'DHL', '2025-07-07 10:55:30', '2025-07-07 10:55:31', 'Andreas Häupl', '', '', 'Packstation 129', '923446783', '39619', 'Arendsee (Altmark)', 0, 'Germany', '', '375990104626', '008013cc113cf16f2948@members.ebay.com', 1, 1, '', 0, 1, '', 0, 2, '{\"product\":\"V62WP\",\"billingNumber\":\"63741035476201\"}', 0, 0),
(138, 5145, 0, 5156, 0, 1, 'DHL', '2025-07-07 10:56:17', '2025-07-07 10:56:17', 'Sarah Friedrich', '', '', 'Kastanienallee 55', '', '22869', 'Schenefeld', 0, 'Germany', '', '375973182408', '00801959142e89af2c64@members.ebay.com', 1, 1, '', 0, 1, '', 0, 2, '{\"product\":\"V01PAK\",\"billingNumber\":\"63741035470101\"}', 0, 0),
(139, 5146, 0, 5157, 0, 1, 'DHL', '2025-07-07 14:37:08', '2025-07-07 14:37:08', 'Roland Bock', '', '', 'Lilli-Zapf-Str. 2', '', '72072', 'Tübingen', 0, 'Germany', '', '375990104626', '00801a8d35f8c55c10d8@members.ebay.com', 1, 1, '', 0, 1, '', 0, 2, '{\"product\":\"V62WP\",\"billingNumber\":\"63741035476201\"}', 0, 0),
(140, 5147, 0, 5158, 0, 1, 'DHL', '2025-07-08 09:37:11', '2025-07-08 09:37:11', 'Mathieu Ermuth', '', '', 'Eubaer Str. 66b', '', '09577', 'Niederwiesa', 0, 'Germany', '', '376382926277', '00801e85b77c9e6f501c@members.ebay.com', 1, 1, '', 0, 1, '', 0, 2, '{\"product\":\"V01PAK\",\"billingNumber\":\"63741035470101\"}', 0, 0),
(141, 5148, 0, 5159, 0, 1, 'DHL', '2025-07-08 09:37:59', '2025-07-08 09:37:59', 'Jens Schäfer', '', '', 'Rosenstraße 22a', '', '86842', 'Türkheim', 0, 'Germany', '', '375939326219', '0080239e23f8853ccbc4@members.ebay.com', 1, 1, '', 0, 1, '', 0, 2, '{\"product\":\"V01PAK\",\"billingNumber\":\"63741035470101\"}', 0, 0),
(142, 5149, 0, 5160, 0, 1, 'DHL', '2025-07-08 15:14:10', '2025-07-08 15:14:10', 'Mario Linhardt', '', '', 'Am Maienschlag 28', '', '97514', 'Oberaurach', 0, 'Germany', '', '376023078924', '01004c196279e2d83e6b@members.ebay.com', 1, 1, '', 0, 1, '', 0, 2, '{\"product\":\"V01PAK\",\"billingNumber\":\"63741035470101\"}', 0, 0),
(143, 5150, 0, 5161, 0, 1, 'DHL', '2025-07-10 08:57:38', '2025-07-10 08:57:38', 'Marko Tasic L-Bau GbR', '', '', 'Isnyerstr. 17', '', '88239', 'Wangen', 0, 'Germany', '', '375959297689', '0080330b9128f55d3a5a@members.ebay.com', 1, 1, '', 0, 1, '', 0, 2, '{\"product\":\"V01PAK\",\"billingNumber\":\"63741035470101\"}', 0, 0),
(144, 5151, 0, 5162, 0, 1, 'DHL', '2025-07-10 09:14:00', '2025-07-10 09:14:00', 'gabriele herzog', '', '', 'petristrasse 36', '', '71364', 'winnenden', 0, 'Germany', '', '375939326219', '01006822e6585cd8b1d4@members.ebay.com', 1, 1, '', 0, 1, '', 0, 2, '{\"product\":\"V01PAK\",\"billingNumber\":\"63741035470101\"}', 0, 0),
(145, 5153, 0, 5164, 0, 1, 'DHL', '2025-07-11 09:33:25', '2025-07-11 09:33:25', 'Kadhewe Westerholt', '', '', 'Eichenwaldstr. 10', '', '91361', 'Pinzberg', 0, 'Germany', '', '375939326219', '200fa71bd5b2ab658958@members.ebay.com', 1, 1, '', 0, 1, '', 0, 2, '{\"product\":\"V01PAK\",\"billingNumber\":\"63741035470101\"}', 0, 0),
(146, 5152, 0, 5163, 0, 1, 'DHL', '2025-07-11 09:37:12', '2025-07-11 09:37:12', 'Margret Hermann', '', '', 'Wilhelmstr. 15', '', '74731', 'Walldürn', 0, 'Germany', '', '375838176148', '1007b55d841ab18a2d18@members.ebay.com', 1, 1, '', 0, 1, '', 0, 2, '{\"product\":\"V01PAK\",\"billingNumber\":\"63741035470101\"}', 0, 0),
(147, 5154, 0, 5165, 0, 1, 'DHL', '2025-07-11 09:38:59', '2025-07-11 09:38:59', 'Doreen Rode', '', '', 'Huflattichweg 29', '', '39130', 'Magdeburg', 0, 'Germany', '', '375939326219', '00803f7de899153f03f6@members.ebay.com', 1, 1, '', 0, 1, '', 0, 2, '{\"product\":\"V01PAK\",\"billingNumber\":\"63741035470101\"}', 0, 0),
(148, 5155, 0, 5166, 0, 1, 'DHL', '2025-07-14 13:36:09', '2025-07-14 13:36:09', 'frank neumann', '', '', 'malagaweg 11', '', '30163', 'hannover', 0, 'Germany', '', '375990104626', '0100a4e82289e2da0347@members.ebay.com', 1, 1, '', 0, 1, '', 0, 2, '{\"product\":\"V62WP\",\"billingNumber\":\"63741035476201\"}', 0, 0),
(149, 5156, 0, 5167, 0, 1, 'DHL', '2025-07-15 15:11:06', '2025-07-15 15:11:06', 'Stephanie Keßler', '', '', 'Hofwiesen 6', '', '73491', 'Neuler', 0, 'Germany', '', '375959328022', '0100df09c2b0ea78a08c@members.ebay.com', 1, 1, '', 0, 1, '', 0, 2, '{\"product\":\"V01PAK\",\"billingNumber\":\"63741035470101\"}', 0, 0),
(150, 5157, 0, 5168, 0, 1, 'DHL', '2025-07-16 14:09:31', '2025-07-16 14:09:31', 'Nils Dannecker', '', '', 'Schillerstraße 15', '', '16225', 'Eberswalde', 0, 'Germany', '', '375973189554', '0100f4939b94862c0b14@members.ebay.com', 1, 1, '', 0, 1, '', 0, 2, '{\"product\":\"V01PAK\",\"billingNumber\":\"63741035470101\"}', 0, 0),
(151, 5158, 0, 5169, 0, 1, 'DHL', '2025-07-16 15:32:09', '2025-07-16 15:32:09', 'Sascha Jühlke', '', '', 'Zerzabelshofer Hauptstr. 10', '', '90480', 'Nürnberg', 0, 'Germany', '', '376378928822', '0100f55ee5e0f46a0164@members.ebay.com', 1, 1, '', 0, 1, '', 0, 2, '{\"product\":\"V01PAK\",\"billingNumber\":\"63741035470101\"}', 0, 0),
(152, 5159, 0, 5170, 0, 1, 'DHL', '2025-07-17 07:37:02', '2025-07-17 07:37:02', 'Katrin Behrendt', '', '', 'Packstation 179', '1113694847', '18437', 'Stralsund', 0, 'Germany', '', '376382926277', '010103b1ad72dabae431@members.ebay.com', 1, 1, '', 0, 1, '', 0, 2, '{\"product\":\"V01PAK\",\"billingNumber\":\"63741035470101\"}', 0, 0),
(153, 5160, 0, 5171, 0, 1, 'DHL', '2025-07-18 08:52:10', '2025-07-18 08:52:10', 'Franziska Obersojer', '', '', 'Watzmannstr. 14', '', '84034', 'Landshut', 0, 'Germany', '', '375990104626', '01010f1550ed460b3ff7@members.ebay.com', 1, 1, '', 0, 1, '', 0, 2, '{\"product\":\"V62WP\",\"billingNumber\":\"63741035476201\"}', 0, 0),
(154, 5161, 0, 5172, 0, 1, 'DHL', '2025-07-22 08:50:04', '2025-07-22 08:50:05', 'Toni Weber', '', '', 'Schützenstraße 13', '', '89231', 'Neu-Ulm', 0, 'Germany', '', '375990104626', '202c312b7374afb6e518@members.ebay.com', 1, 1, '', 0, 1, '', 0, 2, '{\"product\":\"V01PAK\",\"billingNumber\":\"63741035470101\"}', 0, 0),
(155, 5162, 0, 5173, 0, 1, 'DHL', '2025-07-22 08:51:43', '2025-07-22 08:51:43', 'Susann Witt', '', '', 'Ratzeburger Allee 109', 'Gärtnerei Witt', '23562', 'Lübeck', 0, 'Germany', '', '376382926277', '202ca0f3bd3ed7c9c567@members.ebay.com', 1, 1, '', 0, 1, '', 0, 2, '{\"product\":\"V01PAK\",\"billingNumber\":\"63741035470101\"}', 0, 0),
(156, 5164, 0, 5174, 0, 1, 'DHL', '2025-07-23 10:17:34', '2025-07-23 10:17:34', 'Joachim Maier', '', '', 'Parkstr 9', '', '82131', 'Gauting', 0, 'Germany', '', '375973141592', '405dead506bed26d3297@members.ebay.com', 1, 1, '', 0, 1, '', 0, 2, '{\"product\":\"V01PAK\",\"billingNumber\":\"63741035470101\"}', 0, 0),
(157, 5163, 0, 5159, 0, 1, 'DHL', '2025-07-23 11:45:15', '2025-07-23 11:45:15', 'Jens Schäfer', '', '', 'Rosenstraße 22a', '', '86842', 'Türkheim', 0, 'Germany', '', '375939326219', '0080239e23f8853ccbc4@members.ebay.com', 1, 1, '', 0, 1, '', 0, 2, '{\"product\":\"V01PAK\",\"billingNumber\":\"63741035470101\"}', 0, 0),
(158, 5165, 0, 5175, 0, 1, 'DHL', '2025-07-23 17:27:54', '2025-07-23 17:27:54', 'Franziska Obersojer', '', '', 'Watzmannstraße 14', '', '84034', 'Landshut', 0, 'Germany', '', '375990104626', '4062da96f72983083894@members.ebay.com', 1, 1, '', 0, 1, '', 0, 2, '{\"product\":\"V62WP\",\"billingNumber\":\"63741035476201\"}', 0, 0);
INSERT INTO `shippings` (`id`, `orders_id`, `reclamations_id`, `customers_id`, `weight`, `packages`, `versender`, `date_added`, `date_finished`, `name1`, `name2`, `company`, `street1`, `street2`, `postcode`, `city`, `country_id`, `country_name`, `country_special`, `ebay_id`, `email`, `status`, `csv_status`, `comments`, `feedback_mail_sent`, `pdf_status`, `tracking_id`, `shipper_export_status`, `email_send_status`, `additional_params`, `secupay_send_status`, `stop_recreate`) VALUES
(159, 5166, 0, 5176, 0, 1, 'DHL', '2025-07-24 13:23:18', '2025-07-24 13:23:18', 'Markus Große-Kalmer', '', '', 'Wennigser Ring 42', '', '49326', 'Melle', 0, 'Germany', '', '375973141592', '1018d4293330429e1414@members.ebay.com', 1, 1, '', 0, 1, '', 0, 2, '{\"product\":\"V01PAK\",\"billingNumber\":\"63741035470101\"}', 0, 0),
(160, 5167, 0, 5177, 0, 1, 'DHL', '2025-07-24 13:24:14', '2025-07-24 13:24:14', 'Michael Marschall', '', '', 'Oldenburger Str. 18', '', '04157', 'Leipzig', 0, 'Germany', '', '375990104626', '4066f00f2fe2d3855e96@members.ebay.com', 1, 1, '', 0, 1, '', 0, 2, '{\"product\":\"V01PAK\",\"billingNumber\":\"63741035470101\"}', 0, 0),
(161, 5168, 0, 5178, 0, 1, 'DHL', '2025-07-25 07:58:39', '2025-07-25 07:58:39', 'Jens Tobias Ehrlich Kulka Gbr', '', '', 'Merzdorfer Weg 33', '', '03042', 'Cottbus', 0, 'Germany', '', '376378928822', '40687a3eca998ac48821@members.ebay.com', 1, 1, '', 0, 1, '', 0, 2, '{\"product\":\"V01PAK\",\"billingNumber\":\"63741035470101\"}', 0, 0),
(162, 5170, 0, 5133, 0, 1, 'DHL', '2025-07-31 20:13:06', '2025-07-31 20:13:06', 'Dieter Friedrich', '', '', 'Rahmengasse 32', '', '69120', 'Heidelberg', 0, 'Germany', '', '375973182408', '00febca744be262c6e37@members.ebay.com', 1, 1, '', 0, 1, '', 0, 2, '{\"product\":\"V01PAK\",\"billingNumber\":\"63741035470101\"}', 0, 0),
(163, 5171, 0, 5180, 0, 1, 'DHL', '2025-07-31 20:14:32', '2025-07-31 20:14:32', 'Christian Feldker', '', '', 'Adalbert-Stifter-Straße 3', '', '95615', 'Marktredwitz', 0, 'Germany', '', '375838176148', '00811a47cf923b9ce487@members.ebay.com', 1, 1, '', 0, 1, '', 0, 2, '{\"product\":\"V01PAK\",\"billingNumber\":\"63741035470101\"}', 0, 0),
(164, 5172, 0, 5181, 0, 1, 'DHL', '2025-08-01 12:10:39', '2025-08-01 12:10:39', 'Marius Welk', '', '', 'Waldweg 18', '', '06268', 'Querfurt', 0, 'Germany', '', '375990104626', '0081219387a8f35c21e0@members.ebay.com', 1, 1, '', 0, 1, '', 0, 2, '{\"product\":\"V01PAK\",\"billingNumber\":\"63741035470101\"}', 0, 0),
(165, 5173, 0, 5182, 0, 1, 'DHL', '2025-08-01 21:16:23', '2025-08-01 21:16:23', 'Maximilian Martin', '', '', 'Keltenweg 4a', '', '85748', 'Garching', 0, 'Germany', '', '375939081522', '040920195c8d54759323@members.ebay.com', 1, 1, '', 0, 1, '', 0, 2, '{\"product\":\"V62WP\",\"billingNumber\":\"63741035476201\"}', 0, 0),
(166, 5175, 0, 5184, 0, 1, 'DHL', '2025-08-11 08:07:18', '2025-08-11 08:07:18', 'Martin Themann', '', '', 'Sperberweg 52', '', '48341', 'Altenberge', 0, 'Germany', '', '376378898777', '0102e21f826042ebbee9@members.ebay.com', 1, 1, '', 0, 1, '', 0, 2, '{\"product\":\"V01PAK\",\"billingNumber\":\"63741035470101\"}', 0, 0),
(167, 5176, 0, 5185, 0, 1, 'DHL', '2025-08-18 08:34:30', '2025-08-18 08:34:30', 'Bärbel Grasse', '', '', 'Dorfstr. 3a', '', '94530', 'Auerbach', 0, 'Germany', '', '376023031660', '40db1bd0a35513476a75@members.ebay.com', 1, 1, '', 0, 1, '', 0, 2, '{\"product\":\"V01PAK\",\"billingNumber\":\"63741035470101\"}', 0, 0),
(168, 5177, 0, 5186, 0, 1, 'DHL', '2025-08-18 08:37:06', '2025-08-18 08:37:06', 'Ulrike Funk', '', '', 'Strasse zu den Neubauten 1', '', '19412', 'Kloster Tempzin', 0, 'Germany', '', '375806979630', '0081cb360e47824d3caa@members.ebay.com', 1, 1, '', 0, 1, '', 0, 2, '{\"product\":\"V62WP\",\"billingNumber\":\"63741035476201\"}', 0, 0),
(169, 5178, 0, 5187, 0, 1, 'DHL', '2025-08-20 16:24:08', '2025-08-20 16:24:08', 'Marek Ehrhardt', '', '', 'Kleine Feldstr. 6a', '', '98693', 'Ilmenau', 0, 'Germany', '', '376378898777', '02078ef132ec8d703273@members.ebay.com', 1, 1, '', 0, 1, '', 0, 2, '{\"product\":\"V01PAK\",\"billingNumber\":\"63741035470101\"}', 0, 0),
(170, 5179, 0, 5188, 0, 1, 'DHL', '2025-08-22 09:46:11', '2025-08-22 09:46:11', 'Tobias Schatz', '', '', 'Haydnstraße 5', '', '56220', 'Urmitz', 0, 'Germany', '', '376023031660', '040fed48310f492bd541@members.ebay.com', 1, 1, '', 0, 1, '', 0, 2, '{\"product\":\"V01PAK\",\"billingNumber\":\"63741035470101\"}', 0, 0),
(171, 5180, 0, 5189, 0, 1, 'DHL', '2025-08-26 08:12:12', '2025-08-26 08:12:13', 'Heiko Wenzel', '', '', 'Bornstraße 8', '', '36088', 'Hünfeld', 0, 'Germany', '', '376023031660', '411405b2808b3eba5e80@members.ebay.com', 1, 1, '', 0, 1, '', 0, 2, '{\"product\":\"V01PAK\",\"billingNumber\":\"63741035470101\"}', 0, 0),
(172, 5181, 0, 5190, 0, 1, 'DHL', '2025-08-26 13:12:45', '2025-08-26 13:12:45', 'Peter Ruzic', '', '', 'Bunsenstraße 26', '', '71032', 'Böblingen', 0, 'Germany', '', '', 'pruzic@gmx.de', 1, 1, '', 0, 1, '', 0, 2, '{\"product\":\"V01PAK\",\"billingNumber\":\"63741035470101\"}', 0, 0),
(173, 5182, 0, 5191, 0, 1, 'DHL', '2025-09-01 09:04:36', '2025-09-01 09:04:36', 'Jasper Grosser', '', '', 'Packstation 267', '1027221128', '04277', 'Leipzig', 0, 'Germany', '', '376023031660', '008262059e49b926c2c8@members.ebay.com', 1, 1, '', 0, 1, '', 0, 2, '{\"product\":\"V01PAK\",\"billingNumber\":\"63741035470101\"}', 0, 0),
(174, 5184, 0, 5193, 0, 1, 'DHL', '2025-09-08 07:29:21', '2025-09-08 07:29:21', 'Jens Tefett', '', '', 'Böttcherstraße 14', '', '46244', 'Bottrop', 0, 'Germany', '', '376023031660', '415381c0809f3f598062@members.ebay.com', 1, 1, '', 0, 1, '', 0, 2, '{\"product\":\"V01PAK\",\"billingNumber\":\"63741035470101\"}', 0, 0),
(175, 5186, 0, 5195, 0, 1, 'DHL', '2025-09-09 07:27:54', '2025-09-09 07:27:54', 'Manuela Mohmeyer', '', '', 'Kieferneck 40', '', '29323', 'Wietze', 0, 'Germany', '', '375807036113', '0082b413d977c5c451a5@members.ebay.com', 1, 1, '', 0, 1, '', 0, 2, '{\"product\":\"V01PAK\",\"billingNumber\":\"63741035470101\"}', 0, 0),
(176, 5187, 0, 5196, 0, 1, 'DHL', '2025-09-11 11:19:09', '2025-09-11 11:19:09', 'Florian Weber', '', '', 'Senefelderstr. 72', '', '90409', 'Nürnberg', 0, 'Germany', '', '376529551080', '105a3f187b2346e9b630@members.ebay.com', 1, 1, '', 0, 1, '', 0, 2, '{\"product\":\"V01PAK\",\"billingNumber\":\"63741035470101\"}', 0, 0),
(177, 5188, 0, 5197, 0, 1, 'DHL', '2025-09-15 13:09:21', '2025-09-15 13:09:21', 'Dirk Hanusch', '', '', 'Neue Str. 7', '', '01983', 'Großräschen', 0, 'Germany', '', '375859978467', '41770ad0e1515684b419@members.ebay.com', 1, 1, '', 0, 1, '', 0, 2, '{\"product\":\"V01PAK\",\"billingNumber\":\"63741035470101\"}', 0, 0),
(178, 5189, 0, 5198, 0, 1, 'DHL', '2025-09-15 13:13:14', '2025-09-15 13:13:14', 'Sven Heinzelmann', '', '', 'Gartenweg 6b', '', '03096', 'Dissen-striesow', 0, 'Germany', '', '376529551080', '20bd4b6a719c89422b16@members.ebay.com', 1, 1, '', 0, 1, '', 0, 2, '{\"product\":\"V01PAK\",\"billingNumber\":\"63741035470101\"}', 0, 0),
(179, 5190, 0, 5199, 0, 1, 'DHL', '2025-09-16 07:59:59', '2025-09-16 07:59:59', 'Georg Mezlaw', '', '', 'Sievekingsallee 166a', '', '22111', 'Hamburg', 0, 'Germany', '', '376378928822', '4180bf3b489d477c3251@members.ebay.com', 1, 1, '', 0, 1, '', 0, 2, '{\"product\":\"V01PAK\",\"billingNumber\":\"63741035470101\"}', 0, 0),
(180, 5191, 0, 5200, 0, 1, 'DHL', '2025-09-17 15:08:01', '2025-09-17 15:08:02', 'Jakob Boillat', '', '', 'Marie-Curie-Straße 5', 'c/o Geiger 17922', '79539', 'Lörrach', 0, 'Germany', '', '376022979546', '08312084629a925bfa52@members.ebay.com', 1, 1, '', 0, 1, '', 0, 2, '{\"product\":\"V01PAK\",\"billingNumber\":\"63741035470101\"}', 0, 0),
(181, 5192, 0, 5201, 0, 1, 'DHL', '2025-09-18 07:35:09', '2025-09-18 07:35:09', 'Heike Fischer', '', '', 'Hirschbach 3', '', '07957', 'Langenwetzendorf', 0, 'Germany', '', '376378928822', '00831a71c72b8a6d3f71@members.ebay.com', 1, 1, '', 0, 1, '', 0, 2, '{\"product\":\"V01PAK\",\"billingNumber\":\"63741035470101\"}', 0, 0),
(182, 5193, 0, 5202, 0, 1, 'DHL', '2025-09-26 12:30:39', '2025-09-26 12:30:40', 'Helmut Pfeifer', '', '', 'Hopfenweg 4', '', '86687', 'Kaisheim', 0, 'Germany', '', '376023031660', '0106e1bd0d22751b5d4b@members.ebay.com', 1, 1, '', 0, 1, '', 0, 2, '{\"product\":\"V01PAK\",\"billingNumber\":\"63741035470101\"}', 0, 0),
(183, 5194, 0, 5203, 0, 1, 'DHL', '2025-09-29 07:33:57', '2025-09-29 07:33:57', 'Marcus Stegmann', '', '', 'Grevenbroicherstr. 33', '', '50181', 'Bedburg', 0, 'Germany', '', '376023031660', '00837ebf9b6080e6b868@members.ebay.com', 1, 1, '', 0, 1, '', 0, 2, '{\"product\":\"V01PAK\",\"billingNumber\":\"63741035470101\"}', 0, 0),
(184, 5195, 0, 5204, 0, 1, 'DHL', '2025-10-01 11:12:52', '2025-10-01 11:12:52', 'Vitalis Tag', '', '', 'Diamantstr. 34', '', '53881', 'Euskirchen-Rheder', 0, 'Germany', '', '376023031660', '00839abbb500917454f8@members.ebay.com', 1, 1, '', 0, 1, '', 0, 2, '{\"product\":\"V01PAK\",\"billingNumber\":\"63741035470101\"}', 0, 0),
(185, 5196, 0, 5205, 0, 1, 'DHL', '2025-10-01 11:14:46', '2025-10-01 11:14:46', 'Olaf Bartoschik', '', '', 'Packstation 217', '50677774', '14169', 'Berlin', 0, 'Germany', '', '375959328022', '0107499977ce9b8f093d@members.ebay.com', 1, 1, '', 0, 1, '', 0, 2, '{\"product\":\"V01PAK\",\"billingNumber\":\"63741035470101\"}', 0, 0),
(186, 5197, 0, 5206, 0, 1, 'DHL', '2025-10-02 16:02:32', '2025-10-02 16:02:33', 'Dajana Nobis', '', '', 'Kattenbrookstrift 29', '', '30539', 'Hannover', 0, 'Germany', '', '375990564681', '041d831a48c311ad4e22@members.ebay.com', 1, 1, '', 0, 1, '', 0, 2, '{\"product\":\"V01PAK\",\"billingNumber\":\"63741035470101\"}', 0, 0),
(187, 5198, 0, 5207, 0, 1, 'DHL', '2025-10-02 16:05:05', '2025-10-02 16:05:05', 'Elke Driesch-Etscheid', '', '', 'Micheler Str. 2a', '', '89312', 'Günzburg', 0, 'Germany', '', '376573346298', '01076368fa28db4861bc@members.ebay.com', 1, 1, '', 0, 1, '', 0, 2, '{\"product\":\"V01PAK\",\"billingNumber\":\"63741035470101\"}', 0, 0),
(188, 5199, 0, 5209, 0, 1, 'DHL', '2025-10-06 09:05:49', '2025-10-06 09:05:49', 'Kerstin Brzakala', '', '', 'Schloßstr. 20', '', '06800', 'Raguhn-Jeßnitz', 0, 'Germany', '', '376529551080', '01079f5fbc53524804ea@members.ebay.com', 1, 1, '', 0, 1, '', 0, 2, '{\"product\":\"V01PAK\",\"billingNumber\":\"63741035470101\"}', 0, 0),
(189, 5200, 0, 5210, 0, 1, 'DHL', '2025-10-07 11:27:53', '2025-10-07 11:27:53', 'Sebastian Glaß', '', '', 'Bäumlesäckerweg 3', '', '72574', 'Bad Urach-Sirchingen', 0, 'Germany', '', '376588953862', '41e9effd1931ae7ef030@members.ebay.com', 1, 1, '', 0, 1, '', 0, 2, '{\"product\":\"V62KP\",\"billingNumber\":\"63741035476201\"}', 0, 0),
(190, 5201, 0, 5211, 0, 1, 'DHL', '2025-10-08 09:55:07', '2025-10-08 09:55:07', 'Diego Gardon', '', '', 'Hachenburger Str. 2', '', '51105', 'Köln', 0, 'Germany', '', '376586981718', '0083eb1b223cc35c32bb@members.ebay.com', 1, 1, '', 0, 1, '', 0, 2, '{\"product\":\"V01PAK\",\"billingNumber\":\"63741035470101\"}', 0, 0),
(191, 5202, 0, 5212, 0, 1, 'DHL', '2025-10-10 11:55:09', '2025-10-10 11:55:09', 'Andrej Weizel', '', '', 'An der Jugendherberge 36', '', '53567', 'Asbach', 0, 'Germany', '', '375806979269', '107f4320f96a2cb32846@members.ebay.com', 1, 1, '', 0, 1, '', 0, 2, '{\"product\":\"V62KP\",\"billingNumber\":\"63741035476201\"}', 0, 0),
(192, 5203, 0, 5213, 0, 1, 'DHL', '2025-10-13 08:17:56', '2025-10-13 08:17:56', 'Oguzhan Erkmen', '', '', 'Uerdinger Str. 64', '', '40474', 'Düsseldorf', 0, 'Germany', '', '376529551080', '10821ef30e03cff56f38@members.ebay.com', 1, 1, '', 0, 1, '', 0, 2, '{\"product\":\"V01PAK\",\"billingNumber\":\"63741035470101\"}', 0, 0),
(193, 5204, 0, 5214, 0, 1, 'DHL', '2025-10-13 08:25:00', '2025-10-13 08:25:00', 'Gajda', '', '', '2. Koppelweg  7', 'II.Koppelweg  7', '38518', 'Gifhorn', 0, 'Germany', '', '375973315359', '2105386474c4d73d2515@members.ebay.com', 1, 1, '', 0, 1, '', 0, 2, '{\"product\":\"V01PAK\",\"billingNumber\":\"63741035470101\"}', 0, 0),
(194, 5205, 0, 5215, 0, 1, 'DHL', '2025-10-13 08:26:58', '2025-10-13 08:26:59', 'Alexander Feige', '', '', 'Im Fischergarten 3', '', '88250', 'Weingarten', 0, 'Germany', '', '375959269083', '2106cef86cc059851369@members.ebay.com', 1, 1, '', 0, 1, '', 0, 2, '{\"product\":\"V62KP\",\"billingNumber\":\"63741035476201\"}', 0, 0),
(195, 5206, 0, 5216, 0, 1, 'DHL', '2025-10-13 08:28:23', '2025-10-13 08:28:23', 'Falk Lützelberger', '', '', 'Heinickeweg 8', '', '13627', 'Berlin', 0, 'Germany', '', '376529551080', '2106e21b1a2e8db9cc83@members.ebay.com', 1, 1, '', 0, 1, '', 0, 2, '{\"product\":\"V01PAK\",\"billingNumber\":\"63741035470101\"}', 0, 0),
(196, 5207, 0, 5217, 0, 1, 'DHL', '2025-10-13 08:29:35', '2025-10-13 08:29:35', 'Edeltraut Senss', '', '', 'Sansibarstrasse 39', '', '13351', 'Berlin', 0, 'Germany', '', '376574839305', '2107011a74c4d7911b26@members.ebay.com', 1, 1, '', 0, 1, '', 0, 2, '{\"product\":\"V01PAK\",\"billingNumber\":\"63741035470101\"}', 0, 0),
(197, 5208, 0, 5218, 0, 1, 'DHL', '2025-10-13 08:30:34', '2025-10-13 08:30:34', 'Elmar Kaiser', '', '', 'Schürten 16', '', '59302', 'Oelde', 0, 'Germany', '', '375807036045', '21072c203a108dd4c212@members.ebay.com', 1, 1, '', 0, 1, '', 0, 2, '{\"product\":\"V01PAK\",\"billingNumber\":\"63741035470101\"}', 0, 0),
(198, 5209, 0, 5219, 0, 1, 'DHL', '2025-10-14 07:31:21', '2025-10-14 07:31:21', 'Robert Klenk', '', '', 'Brückenstrasse 37', '', '71384', 'Weinstadt', 0, 'Germany', '', '376529551080', '4214c89335c0b2a1ba78@members.ebay.com', 1, 1, '', 0, 1, '', 0, 2, '{\"product\":\"V01PAK\",\"billingNumber\":\"63741035470101\"}', 0, 0),
(199, 5210, 0, 5220, 0, 1, 'DHL', '2025-10-20 09:51:04', '2025-10-20 09:51:04', 'Jens Naujoks', '', '', 'Packstation 101', '24014023', '25497', 'Prisdorf', 0, 'Germany', '', '376574839194', '008465ec6154f16e5939@members.ebay.com', 1, 1, '', 0, 1, '', 0, 2, '{\"product\":\"V01PAK\",\"billingNumber\":\"63741035470101\"}', 0, 0),
(200, 5211, 0, 5221, 0, 1, 'Post', '2025-10-22 14:58:58', '2025-10-22 14:58:58', 'Bruno Prekratic', '', '', 'Bergstraße 2', '', '8600', 'Bruck an der Mur', 0, 'Austria', '', '', 'prekraticbruno@a1.net', 1, 1, '', 0, 1, '', 0, 2, '', 0, 0),
(201, 5212, 0, 5222, 0, 1, 'DHL', '2025-10-27 15:46:26', '2025-10-27 15:46:26', 'Claus Marian Wohler', '', '', 'Charlottenhütte 8', '', '57080', 'Siegen', 0, 'Germany', '', '376573346298', '0109460008dd1b8c27c0@members.ebay.com', 1, 1, '', 0, 1, '', 0, 2, '{\"product\":\"V01PAK\",\"billingNumber\":\"63741035470101\"}', 0, 0),
(202, 5213, 0, 5223, 0, 1, 'DHL', '2025-10-27 15:46:54', '2025-10-27 15:46:54', 'Martin Tobi', '', '', 'Uhlengrund 4', '', '21220', 'Seevetal', 0, 'Germany', '', '376573346298', '0084a54a5669c12756c6@members.ebay.com', 1, 1, '', 0, 1, '', 0, 2, '{\"product\":\"V01PAK\",\"billingNumber\":\"63741035470101\"}', 0, 0),
(203, 5214, 0, 5224, 0, 1, 'DHL', '2025-10-29 15:30:16', '2025-10-29 15:30:16', 'Peter Abel Beteiligungsges. mbH', '', '', 'Magdeburger Str. 32', 'Eingang Alte Straße', '35435', 'Wettenberg', 0, 'Germany', '', '375959269083', '010979d92a8111c9066f@members.ebay.com', 1, 1, '', 0, 1, '', 0, 2, '{\"product\":\"V01PAK\",\"billingNumber\":\"63741035470101\"}', 0, 0),
(204, 5215, 0, 5225, 0, 1, 'DHL', '2025-10-29 15:32:51', '2025-10-29 15:32:51', 'Marita Schnell', '', '', 'Senatsplatz 7', '', '55286', 'Wörrstadt', 0, 'Germany', '', '376574839222', '4262dbbf0565467d6a43@members.ebay.com', 1, 1, '', 0, 1, '', 0, 2, '{\"product\":\"V01PAK\",\"billingNumber\":\"63741035470101\"}', 0, 0),
(205, 5216, 0, 5226, 0, 1, 'DHL', '2025-11-03 09:12:21', '2025-11-03 09:12:21', 'Dagmar Hossfeld', '', '', 'Wassermühlenstr. 11', '', '24376', 'Kappeln', 0, 'Germany', '', '376574839194', '0109c63bcef3824b78e7@members.ebay.com', 1, 1, '', 0, 1, '', 0, 2, '{\"product\":\"V01PAK\",\"billingNumber\":\"63741035470101\"}', 0, 0),
(206, 5217, 0, 5227, 0, 1, 'DHL', '2025-11-03 09:14:48', '2025-11-03 09:14:48', 'Andreas Baumgart', '', '', 'Dorfstr. 38', 'OT Schwarzholz', '39596', 'Hohenberg-Krusemark', 0, 'Germany', '', '375990648938', '4272e363495d5688f975@members.ebay.com', 1, 1, '', 0, 1, '', 0, 2, '{\"product\":\"V01PAK\",\"billingNumber\":\"63741035470101\"}', 0, 0),
(207, 5218, 0, 5228, 0, 1, 'DHL', '2025-11-03 09:16:06', '2025-11-03 09:16:06', 'Michael Schmidt', '', '', 'Reichertstrasse 17', '', '02826', 'Görlitz', 0, 'Germany', '', '376574839222', '0213b0d0d2ef21513a51@members.ebay.com', 1, 1, '', 0, 1, '', 0, 2, '{\"product\":\"V01PAK\",\"billingNumber\":\"63741035470101\"}', 0, 0),
(208, 5219, 0, 5229, 0, 1, 'DHL', '2025-11-03 09:17:52', '2025-11-03 09:17:52', 'Shell Tankstelle Haiger C/o KLENS', '', '', 'Bahnhofstr. 42', '', '35708', 'Haiger', 0, 'Germany', '', '375973315359', '0109e078696cc44c1fa8@members.ebay.com', 1, 1, '', 0, 1, '', 0, 2, '{\"product\":\"V01PAK\",\"billingNumber\":\"63741035470101\"}', 0, 0),
(209, 5220, 0, 5230, 0, 1, 'DHL', '2025-11-03 09:19:13', '2025-11-03 09:19:13', 'Ursula Maier', '', '', 'Am Lehnstein 14', '', '97337', 'Dettelbach', 0, 'Germany', '', '376574839270', '109ee1513f174fb53669@members.ebay.com', 1, 1, '', 0, 1, '', 0, 2, '{\"product\":\"V01PAK\",\"billingNumber\":\"63741035470101\"}', 0, 0),
(210, 5221, 0, 5231, 0, 1, 'DHL', '2025-11-03 09:21:02', '2025-11-03 09:21:02', 'Juliane Sülter', '', '', 'Am Bokholt 9', '', '24251', 'Osdorf', 0, 'Germany', '', '376574839222', '427db6307e0cb7821423@members.ebay.com', 1, 1, '', 0, 1, '', 0, 2, '{\"product\":\"V01PAK\",\"billingNumber\":\"63741035470101\"}', 0, 0),
(211, 5222, 0, 5232, 0, 1, 'DHL', '2025-11-10 11:47:50', '2025-11-10 11:47:50', 'Tanja Moritz', '', '', 'Meinkenweg 2', '', '27339', 'Riede', 0, 'Germany', '', '376574839270', '42a5322d1b3192087491@members.ebay.com', 1, 1, '', 0, 1, '', 0, 2, '{\"product\":\"V01PAK\",\"billingNumber\":\"63741035470101\"}', 0, 0),
(212, 5223, 0, 5233, 0, 1, 'DHL', '2025-11-12 07:42:07', '2025-11-12 07:42:07', 'Jo Herbst', '', 'privat', 'Franz-Peter-Seifert-Str. 1a', '', '91126', 'Schwabach', 0, 'Germany', '', '', 'Jo.herbst@online.de', 1, 1, '', 0, 1, '', 0, 2, '{\"product\":\"V01PAK\",\"billingNumber\":\"63741035470101\"}', 0, 0),
(213, 5224, 0, 5234, 0, 1, 'DHL', '2025-11-12 17:31:32', '2025-11-12 17:31:32', 'Waltraud Calabrese', '', '', 'Am Ring 56', '', '66583', 'Spiesen-Elversberg', 0, 'Germany', '', '376574839270', '42b1714e75e0b39a1937@members.ebay.com', 1, 1, '', 0, 1, '', 0, 2, '{\"product\":\"V01PAK\",\"billingNumber\":\"63741035470101\"}', 0, 0),
(214, 5225, 0, 5235, 0, 1, 'DHL', '2025-11-13 07:28:51', '2025-11-13 07:28:51', 'Ute Adler', '', '', 'Nürnberger Str. 52', '', '97076', 'Würzburg', 0, 'Germany', '', '376574839222', '42b29c5cd458bbd19055@members.ebay.com', 1, 1, '', 0, 1, '', 0, 2, '{\"product\":\"V01PAK\",\"billingNumber\":\"63741035470101\"}', 0, 0),
(215, 5226, 0, 5236, 0, 1, 'DHL', '2025-11-14 15:42:03', '2025-11-14 15:42:03', 'Jörg Ostrowski', '', '', 'Taklerring 16', '', '18109', 'Rostock', 0, 'Germany', '', '376574839270', '00857393391ccdbcb1b3@members.ebay.com', 1, 1, '', 0, 1, '', 0, 2, '{\"product\":\"V01PAK\",\"billingNumber\":\"63741035470101\"}', 0, 0),
(216, 5227, 0, 5237, 0, 1, 'DHL', '2025-11-14 15:42:33', '2025-11-14 15:42:33', 'Robert Keane', '', '', 'Charles-Roß-Ring 118', '', '24106', 'Kiel', 0, 'Germany', '', '375807035952', '0085764dfed655c58f53@members.ebay.com', 1, 1, '', 0, 1, '', 0, 2, '{\"product\":\"V01PAK\",\"billingNumber\":\"63741035470101\"}', 0, 0),
(217, 5228, 0, 5234, 0, 1, 'DHL', '2025-11-17 08:38:34', '2025-11-17 08:38:35', 'Waltraud Calabrese', '', '', 'Am Ring 56', '', '66583', 'Spiesen-Elversberg', 0, 'Germany', '', '376574839270', '42b1714e75e0b39a1937@members.ebay.com', 1, 1, '', 0, 1, '', 0, 2, '{\"product\":\"V01PAK\",\"billingNumber\":\"63741035470101\"}', 0, 0),
(218, 5229, 0, 5238, 0, 1, 'DHL', '2025-11-17 08:39:51', '2025-11-17 08:39:51', 'Katrin Schuricht -Seidel', '', '', 'Auf der Leiten 10', '', '94522', 'Wallersdorf', 0, 'Germany', '', '376694824175', '00858af231d8da7ef67e@members.ebay.com', 1, 1, '', 0, 1, '', 0, 2, '{\"product\":\"V01PAK\",\"billingNumber\":\"63741035470101\"}', 0, 0),
(219, 5230, 0, 5239, 0, 1, 'DHL', '2025-11-17 08:41:35', '2025-11-17 08:41:35', 'Marc fornfeist', '', '', 'Niederrheinstr. 3', '', '40474', 'Düsseldorf', 0, 'Germany', '', '376694824175', '00858c463547cdc70d44@members.ebay.com', 1, 1, '', 0, 1, '', 0, 2, '{\"product\":\"V01PAK\",\"billingNumber\":\"63741035470101\"}', 0, 0),
(220, 5231, 0, 5240, 0, 1, 'DHL', '2025-11-17 08:42:49', '2025-11-17 08:42:49', 'Hardy Michael Gohl', '', '', 'Mahlower Str 121D', '', '14513', 'Teltow', 0, 'Germany', '', '376694824175', '00858fa0ad47cdc767e3@members.ebay.com', 1, 1, '', 0, 1, '', 0, 2, '{\"product\":\"V01PAK\",\"billingNumber\":\"63741035470101\"}', 0, 0),
(221, 5232, 0, 5241, 0, 1, 'DHL', '2025-11-18 21:40:24', '2025-11-18 21:40:24', 'Silke Eberle', '', '', 'Gartenstr. 5', '', '75438', 'Knittlingen', 0, 'Germany', '', '376574839270', '008597de7fb2f35f0d69@members.ebay.com', 1, 1, '', 0, 1, '', 0, 2, '{\"product\":\"V01PAK\",\"billingNumber\":\"63741035470101\"}', 0, 0),
(222, 5233, 0, 5242, 0, 1, 'DHL', '2025-11-18 21:41:44', '2025-11-18 21:41:44', 'Barbara Witt', '', '', 'Heimgartenstr. 5', '', '72351', 'Geislingen', 0, 'Germany', '', '376694824175', '008597f40f92f35f0d6a@members.ebay.com', 1, 1, '', 0, 1, '', 0, 2, '{\"product\":\"V01PAK\",\"billingNumber\":\"63741035470101\"}', 0, 0),
(223, 5234, 0, 5243, 0, 1, 'DHL', '2025-11-18 21:42:48', '2025-11-18 21:42:48', 'Sonia Zimmermann', '', '', 'Buchenweg 8', '', '35625', 'Hüttenberg', 0, 'Germany', '', '376694824175', '010b3eebd3b1b4f8b1fb@members.ebay.com', 1, 1, '', 0, 1, '', 0, 2, '{\"product\":\"V01PAK\",\"billingNumber\":\"63741035470101\"}', 0, 0),
(224, 5235, 0, 5244, 0, 1, 'DHL', '2025-11-18 21:44:21', '2025-11-18 21:44:21', 'Thomas Gries', '', '', 'Richard-Wagner-Straße 71', '', '65830', 'Kriftel', 0, 'Germany', '', '376529551080', '0085a076ac658a4d4dd2@members.ebay.com', 1, 1, '', 0, 1, '', 0, 2, '{\"product\":\"V01PAK\",\"billingNumber\":\"63741035470101\"}', 0, 0),
(225, 5236, 0, 5245, 0, 1, 'DHL', '2025-11-24 08:13:19', '2025-11-24 08:13:19', 'Annegret Zimpel', '', '', 'Kastanienweg 23', '', '14641', 'Nauen', 0, 'Germany', '', '376574839340', '217387e90d896945a983@members.ebay.com', 1, 1, '', 0, 1, '', 0, 2, '{\"product\":\"V01PAK\",\"billingNumber\":\"63741035470101\"}', 0, 0),
(226, 5237, 0, 5246, 0, 1, 'DHL', '2025-11-24 08:15:23', '2025-11-24 08:15:23', 'Bernd Hertle', '', '', 'Solitudeallee 4/2', '', '71636', 'Ludwigsburg', 0, 'Germany', '', '376529551080', '010baa455e22746cc192@members.ebay.com', 1, 1, '', 0, 1, '', 0, 2, '{\"product\":\"V01PAK\",\"billingNumber\":\"63741035470101\"}', 0, 0),
(227, 5238, 0, 5247, 0, 1, 'DHL', '2025-11-26 08:08:42', '2025-11-26 08:08:42', 'Marc Meerkamp', '', '', 'Helenenstr. 16', '', '46049', 'Oberhausen', 0, 'Germany', '', '376574839305', '010bc574937ecb8ddfb7@members.ebay.com', 1, 1, '', 0, 1, '', 0, 2, '{\"product\":\"V01PAK\",\"billingNumber\":\"63741035470101\"}', 0, 0),
(228, 5239, 0, 5248, 0, 1, 'DHL', '2025-11-26 08:10:44', '2025-11-26 08:10:44', 'Sabrina Akgül', '', '', 'Tannenbergstr. 1', '', '31848', 'Bad Münder am Deister', 0, 'Germany', '', '376574839305', '010bd0f7a92bad8c7854@members.ebay.com', 1, 1, '', 0, 1, '', 0, 2, '{\"product\":\"V01PAK\",\"billingNumber\":\"63741035470101\"}', 0, 0),
(229, 5240, 0, 5249, 0, 1, 'DHL', '2025-11-28 15:49:50', '2025-11-28 15:49:50', 'Angelika Grathwohl', '', '', 'Buchenweg 22', '', '84094', 'Elsendorf', 0, 'Germany', '', '375927699664', '010bfc7dd92bad8df0f3@members.ebay.com', 1, 1, '', 0, 1, '', 0, 2, '{\"product\":\"V62KP\",\"billingNumber\":\"63741035476201\"}', 0, 0),
(230, 5241, 0, 5250, 0, 1, 'DHL', '2025-12-01 06:49:08', '2025-12-01 06:49:08', 'Arnd-D. zur Horst & Nadja Gropp', '', '', 'Georgengasse 10', '', '99734', 'Nordhausen', 0, 'Germany', '', '376573346298', '04309b52eb6a95326f81@members.ebay.com', 1, 1, '', 0, 1, '', 0, 2, '{\"product\":\"V01PAK\",\"billingNumber\":\"63741035470101\"}', 0, 0),
(231, 5242, 0, 5251, 0, 1, 'DHL', '2025-12-01 06:51:02', '2025-12-01 06:51:02', 'Michael Keller', '', '', 'Rhönstr. 52', '', '36341', 'Lauterbach', 0, 'Germany', '', '376573346298', '010c302f1dcc144dcb4f@members.ebay.com', 1, 1, '', 0, 1, '', 0, 2, '{\"product\":\"V01PAK\",\"billingNumber\":\"63741035470101\"}', 0, 0),
(232, 5243, 0, 5252, 0, 1, 'DHL', '2025-12-01 06:51:54', '2025-12-01 06:51:54', 'Dr. Krell', '', '', 'Alramstrasse 27b', '', '81371', 'München', 0, 'Germany', '', '376529551080', '00861dd69a0b22350a7d@members.ebay.com', 1, 1, '', 0, 1, '', 0, 2, '{\"product\":\"V01PAK\",\"billingNumber\":\"63741035470101\"}', 0, 0),
(233, 5244, 0, 5253, 0, 1, 'DHL', '2025-12-01 06:53:15', '2025-12-01 06:53:15', 'Mamun Hodali', '', '', 'Pröpstinghoff 9', '', '48607', 'Ochtrup', 0, 'Germany', '', '376574839305', '43104af7d979af844878@members.ebay.com', 1, 1, '', 0, 1, '', 0, 2, '{\"product\":\"V01PAK\",\"billingNumber\":\"63741035470101\"}', 0, 0),
(234, 5245, 0, 5254, 0, 1, 'DHL', '2025-12-01 06:54:29', '2025-12-01 06:54:30', 'Nadine Pietrzik', '', '', 'Einsteinring 15', '', '90453', 'Nürnberg', 0, 'Germany', '', '376574839222', '010c42b5254d564e7c7a@members.ebay.com', 1, 1, '', 0, 1, '', 0, 2, '{\"product\":\"V01PAK\",\"billingNumber\":\"63741035470101\"}', 0, 0),
(235, 5246, 0, 5255, 0, 1, 'DHL', '2025-12-02 08:59:25', '2025-12-02 08:59:25', 'Lezgin Nas', '', '', 'Bonifatiusstraße 58', '', '54296', 'Trier', 0, 'Germany', '', '375807036045', '43165257da71ae118a65@members.ebay.com', 1, 1, '', 0, 1, '', 0, 2, '{\"product\":\"V01PAK\",\"billingNumber\":\"63741035470101\"}', 0, 0),
(236, 5247, 0, 5256, 0, 1, 'DHL', '2025-12-02 09:08:54', '2025-12-02 09:08:55', 'Kaufmann Jacqueline', '', '', 'Sophienstrasse 6', '', '97645', 'Ostheim', 0, 'Germany', '', '376589151968', '10c652b340822dd2df27@members.ebay.com', 1, 1, '', 0, 1, '', 0, 2, '{\"product\":\"V62KP\",\"billingNumber\":\"63741035476201\"}', 0, 0),
(237, 5248, 0, 5257, 0, 1, 'DHL', '2025-12-03 09:00:36', '2025-12-03 09:00:36', 'Robin Schmidt', '', '', 'Föhrenstr. 13a', '', '82194', 'Gröbenzell', 0, 'Germany', '', '375807036045', '010c6753846cc64fde41@members.ebay.com', 1, 1, '', 0, 1, '', 0, 2, '{\"product\":\"V01PAK\",\"billingNumber\":\"63741035470101\"}', 0, 0),
(238, 5249, 0, 5258, 0, 1, 'DHL', '2025-12-03 09:03:54', '2025-12-03 09:03:54', 'Martin Saathoff', '', '', 'Torfstrasse 7', '', '26759', 'Hinte', 0, 'Germany', '', '375990632268', '010c684d818b349ff4f8@members.ebay.com', 1, 1, '', 0, 1, '', 0, 2, '{\"product\":\"V62KP\",\"billingNumber\":\"63741035476201\"}', 0, 0),
(239, 5250, 0, 5253, 0, 1, 'DHL', '2025-12-03 09:05:31', '2025-12-03 09:05:31', 'Mamun Hodali', '', '', 'Pröpstinghoff 9', '', '48607', 'Ochtrup', 0, 'Germany', '', '376744932546', '43104af7d979af844878@members.ebay.com', 1, 1, '', 0, 1, '', 0, 2, '{\"product\":\"V01PAK\",\"billingNumber\":\"63741035470101\"}', 0, 0),
(240, 5251, 0, 5259, 0, 1, 'DHL', '2025-12-06 16:40:27', '2025-12-06 16:40:27', 'Viktor Morozov', '', '', 'Josef-Lohneis-Str. 2a', '', '90451', 'Nürnberg', 0, 'Germany', '', '375990649117', '010ca9459d5682ca571a@members.ebay.com', 1, 1, '', 0, 1, '', 0, 2, '{\"product\":\"V62KP\",\"billingNumber\":\"63741035476201\"}', 0, 0),
(241, 5252, 0, 5258, 0, 1, 'DHL', '2025-12-09 14:05:10', '2025-12-09 14:05:10', 'Martin Saathoff', '', '', 'Torfstrasse 7', '', '26759', 'Hinte', 0, 'Germany', '', '375990649246', '010c684d818b349ff4f8@members.ebay.com', 1, 1, '', 0, 1, '', 0, 2, '{\"product\":\"V62KP\",\"billingNumber\":\"63741035476201\"}', 0, 0),
(242, 5253, 0, 5260, 0, 1, 'DHL', '2025-12-10 08:22:37', '2025-12-10 08:22:37', 'Derico Pratama', '', 'Lithmic GmbH', 'Baierbrunner Str. 30', '', '81379', 'München', 0, 'Germany', '', '', 'babangtualiap@gmail.com', 1, 1, '', 0, 1, '', 0, 2, '{\"product\":\"V01PAK\",\"billingNumber\":\"63741035470101\"}', 0, 0),
(243, 5254, 0, 5261, 0, 1, 'DHL', '2025-12-12 08:05:03', '2025-12-12 08:05:03', 'Barbara Kalinski', '', '', 'Weidenweg 58', '', '47059', 'Duisburg', 0, 'Germany', '', '375959328022', '010d26a6306732ce2e0c@members.ebay.com', 1, 1, '', 0, 1, '', 0, 2, '{\"product\":\"V01PAK\",\"billingNumber\":\"63741035470101\"}', 0, 0),
(244, 5255, 0, 5262, 0, 1, 'DHL', '2025-12-13 10:43:21', '2025-12-13 10:43:22', 'Stephanie Woite', '', '', 'Gartenstr. 2', '', '03058', 'Neuhausen', 0, 'Germany', '', '375959417842', '00869fd811d8da7fe937@members.ebay.com', 1, 1, '', 0, 1, '', 0, 2, '{\"product\":\"V01PAK\",\"billingNumber\":\"63741035470101\"}', 0, 0);

-- --------------------------------------------------------

--
-- Tabellenstruktur für Tabelle `shippings_products`
--

CREATE TABLE `shippings_products` (
  `shippings_products_id` int(11) NOT NULL,
  `shippings_id` int(11) NOT NULL,
  `products_id` int(11) NOT NULL,
  `quantity` int(11) NOT NULL,
  `source_products_id` int(11) NOT NULL
) ENGINE=MyISAM DEFAULT CHARSET=utf8;

--
-- Daten für Tabelle `shippings_products`
--

INSERT INTO `shippings_products` (`shippings_products_id`, `shippings_id`, `products_id`, `quantity`, `source_products_id`) VALUES
(2, 2, 173, 1, 6),
(4, 4, 173, 1, 7),
(5, 5, 204, 2, 10),
(6, 6, 163, 1, 11),
(7, 7, 203, 1, 12),
(8, 8, 172, 1, 13),
(9, 9, 172, 1, 14),
(10, 10, 168, 1, 15),
(11, 11, 171, 1, 16),
(12, 12, 187, 2, 17),
(13, 13, 171, 1, 18),
(14, 14, 170, 1, 19),
(15, 15, 187, 1, 20),
(16, 16, 212, 1, 21),
(17, 17, 187, 1, 22),
(18, 18, 209, 2, 23),
(19, 19, 152, 1, 24),
(20, 20, 166, 1, 25),
(21, 21, 209, 1, 26),
(22, 22, 212, 1, 27),
(23, 23, 209, 1, 28),
(24, 24, 166, 1, 29),
(25, 25, 209, 1, 32),
(26, 26, 171, 1, 33),
(27, 27, 209, 1, 34),
(28, 28, 209, 3, 35),
(29, 29, 206, 1, 36),
(30, 30, 152, 1, 37),
(31, 31, 209, 1, 38),
(32, 32, 209, 3, 39),
(33, 33, 209, 2, 40),
(34, 34, 166, 1, 41),
(35, 35, 171, 1, 42),
(36, 36, 187, 1, 43),
(37, 37, 187, 1, 44),
(38, 38, 206, 1, 45),
(39, 39, 195, 1, 46),
(40, 40, 214, 1, 47),
(41, 41, 152, 1, 48),
(42, 42, 152, 1, 49),
(43, 43, 171, 1, 50),
(44, 44, 152, 1, 51),
(45, 45, 215, 1, 52),
(46, 46, 163, 1, 53),
(47, 47, 183, 1, 54),
(48, 48, 214, 1, 55),
(49, 49, 152, 1, 56),
(50, 50, 187, 1, 57),
(51, 51, 215, 1, 58),
(52, 52, 187, 1, 59),
(53, 53, 212, 1, 60),
(54, 54, 152, 1, 61),
(55, 55, 171, 1, 62),
(56, 56, 214, 1, 63),
(57, 57, 212, 1, 64),
(58, 58, 209, 1, 65),
(59, 59, 152, 1, 67),
(60, 60, 212, 2, 68),
(61, 61, 212, 1, 69),
(62, 62, 210, 1, 66),
(63, 63, 212, 1, 70),
(64, 64, 171, 1, 71),
(65, 65, 152, 1, 72),
(66, 66, 171, 1, 73),
(67, 67, 212, 1, 74),
(68, 68, 152, 1, 77),
(69, 69, 222, 1, 76),
(70, 70, 206, 1, 75),
(71, 71, 206, 1, 81),
(72, 72, 171, 1, 82),
(73, 73, 171, 1, 83),
(74, 74, 212, 1, 84),
(75, 75, 210, 1, 86),
(76, 76, 210, 1, 87),
(77, 77, 206, 1, 85),
(78, 78, 209, 2, 88),
(79, 79, 206, 1, 89),
(80, 80, 212, 1, 90),
(81, 81, 212, 1, 91),
(82, 82, 188, 1, 92),
(83, 83, 212, 1, 93),
(84, 84, 207, 2, 94),
(85, 85, 166, 1, 95),
(86, 86, 209, 2, 96),
(87, 87, 210, 1, 97),
(88, 88, 212, 1, 98),
(89, 89, 152, 1, 99),
(90, 90, 166, 1, 100),
(91, 91, 212, 1, 101),
(92, 92, 210, 1, 102),
(93, 93, 166, 1, 103),
(94, 94, 188, 1, 104),
(95, 95, 212, 1, 105),
(96, 96, 212, 2, 107),
(97, 97, 207, 1, 106),
(98, 98, 212, 2, 108),
(99, 99, 209, 1, 109),
(100, 100, 212, 1, 110),
(101, 101, 152, 2, 111),
(102, 102, 209, 1, 112),
(103, 103, 212, 1, 113),
(104, 104, 227, 1, 114),
(105, 105, 152, 1, 115),
(106, 106, 214, 1, 116),
(107, 107, 227, 1, 117),
(108, 108, 188, 1, 118),
(109, 109, 187, 1, 119),
(110, 110, 188, 1, 120),
(111, 111, 213, 1, 121),
(112, 112, 188, 1, 122),
(113, 113, 209, 12, 123),
(114, 114, 166, 1, 124),
(115, 115, 207, 1, 125),
(116, 116, 212, 1, 126),
(117, 117, 166, 1, 127),
(118, 118, 207, 1, 128),
(119, 119, 212, 1, 129),
(120, 120, 210, 1, 130),
(121, 121, 211, 1, 131),
(122, 122, 166, 1, 132),
(123, 123, 209, 3, 134),
(124, 124, 166, 1, 139),
(125, 125, 212, 1, 138),
(126, 126, 209, 1, 137),
(127, 127, 207, 1, 136),
(128, 128, 166, 1, 135),
(129, 129, 212, 1, 140),
(130, 130, 219, 1, 141),
(131, 131, 206, 1, 142),
(132, 132, 209, 1, 143),
(133, 133, 152, 1, 144),
(134, 134, 209, 4, 145),
(135, 135, 209, 2, 146),
(136, 136, 212, 1, 147),
(137, 137, 212, 1, 148),
(138, 138, 207, 1, 149),
(139, 139, 212, 1, 150),
(140, 140, 231, 1, 151),
(141, 141, 210, 1, 152),
(142, 142, 211, 1, 153),
(143, 143, 214, 1, 154),
(144, 144, 210, 1, 155),
(145, 145, 210, 1, 157),
(146, 146, 166, 1, 156),
(147, 147, 210, 1, 158),
(148, 148, 212, 1, 159),
(149, 149, 215, 1, 160),
(150, 150, 206, 3, 161),
(151, 151, 152, 1, 162),
(152, 152, 231, 1, 163),
(153, 153, 212, 1, 164),
(154, 154, 212, 1, 165),
(155, 155, 231, 2, 166),
(156, 156, 209, 1, 168),
(157, 157, 210, 1, 167),
(158, 158, 212, 1, 169),
(159, 159, 209, 2, 170),
(160, 160, 212, 1, 171),
(161, 161, 152, 1, 172),
(162, 162, 207, 1, 174),
(163, 163, 166, 1, 175),
(164, 164, 212, 1, 176),
(165, 165, 178, 2, 177),
(166, 166, 205, 1, 179),
(167, 167, 219, 1, 180),
(168, 168, 181, 1, 181),
(169, 169, 205, 1, 182),
(170, 170, 219, 1, 183),
(171, 171, 219, 1, 184),
(172, 172, 209, 2, 185),
(173, 173, 219, 1, 186),
(174, 174, 219, 1, 188),
(175, 175, 162, 2, 190),
(176, 176, 209, 2, 191),
(177, 177, 177, 1, 192),
(178, 178, 209, 1, 193),
(179, 179, 152, 1, 194),
(180, 180, 218, 1, 195),
(181, 181, 152, 1, 196),
(182, 182, 219, 1, 197),
(183, 183, 219, 1, 198),
(184, 184, 219, 1, 199),
(185, 185, 215, 1, 200),
(186, 186, 185, 1, 201),
(187, 187, 241, 1, 202),
(188, 188, 209, 2, 203),
(189, 189, 243, 1, 204),
(190, 190, 242, 1, 205),
(191, 191, 182, 1, 206),
(192, 192, 209, 2, 207),
(193, 193, 217, 1, 208),
(194, 194, 204, 1, 209),
(195, 195, 209, 2, 210),
(196, 196, 158, 1, 211),
(197, 197, 163, 1, 212),
(198, 198, 209, 2, 213),
(199, 199, 161, 1, 214),
(200, 200, 207, 1, 215),
(201, 201, 241, 1, 216),
(202, 202, 241, 1, 217),
(203, 203, 204, 6, 218),
(204, 204, 160, 1, 219),
(205, 205, 161, 1, 220),
(206, 206, 194, 1, 221),
(207, 207, 160, 1, 222),
(208, 208, 217, 1, 223),
(209, 209, 159, 1, 224),
(210, 210, 157, 1, 225),
(211, 210, 160, 1, 226),
(212, 211, 159, 1, 227),
(213, 212, 161, 1, 228),
(214, 213, 159, 2, 229),
(215, 214, 160, 1, 230),
(216, 215, 159, 1, 231),
(217, 216, 164, 1, 232),
(218, 217, 159, 2, 233),
(219, 218, 161, 1, 234),
(220, 219, 161, 1, 235),
(221, 220, 161, 1, 236),
(222, 221, 159, 1, 237),
(223, 222, 161, 1, 238),
(224, 223, 161, 1, 239),
(225, 224, 209, 4, 240),
(226, 225, 157, 1, 241),
(227, 226, 209, 2, 242),
(228, 227, 158, 1, 243),
(229, 228, 158, 1, 244),
(230, 229, 200, 1, 245),
(231, 230, 241, 1, 246),
(232, 231, 241, 1, 247),
(233, 232, 209, 2, 248),
(234, 233, 158, 1, 249),
(235, 234, 160, 1, 250),
(236, 235, 163, 1, 251),
(237, 236, 244, 1, 252),
(238, 237, 163, 1, 253),
(239, 238, 191, 1, 254),
(240, 239, 249, 1, 255),
(241, 240, 193, 1, 256),
(242, 241, 156, 1, 257),
(243, 242, 209, 1, 258),
(244, 243, 215, 1, 259),
(245, 244, 216, 1, 260);

-- --------------------------------------------------------

--
-- Tabellenstruktur für Tabelle `shippings_tracking_numbers`
--

CREATE TABLE `shippings_tracking_numbers` (
  `shippings_tracking_numbers_id` int(11) NOT NULL,
  `shippings_id` int(11) NOT NULL,
  `tracking_number` varchar(64) NOT NULL,
  `date_added` datetime NOT NULL,
  `manifest` int(1) NOT NULL
) ENGINE=InnoDB DEFAULT CHARSET=utf8;

--
-- Daten für Tabelle `shippings_tracking_numbers`
--

INSERT INTO `shippings_tracking_numbers` (`shippings_tracking_numbers_id`, `shippings_id`, `tracking_number`, `date_added`, `manifest`) VALUES
(1, 2, '358366434401', '2024-11-22 17:17:08', 0),
(2, 4, '358369696498', '2024-11-27 16:48:53', 0),
(3, 5, '00340435097455000005', '2024-12-07 12:11:53', 0),
(4, 6, '00340434759313600055', '2024-12-09 14:27:14', 0),
(5, 7, '00340435097455000012', '2024-12-09 20:30:34', 0),
(6, 8, '00340435097455000029', '2024-12-12 12:28:08', 0),
(7, 9, '00340435097455000036', '2024-12-12 13:10:05', 0),
(8, 10, '00340434759313600062', '2024-12-14 18:13:18', 0),
(9, 12, '00340434759313600086', '2024-12-16 14:41:08', 0),
(10, 13, '00340435097455000043', '2024-12-16 14:47:03', 0),
(11, 14, '00340434759313600093', '2024-12-18 12:26:33', 0),
(12, 15, '00340434759313600109', '2024-12-23 08:41:37', 0),
(13, 16, '00340435097455000050', '2024-12-26 18:51:32', 0),
(14, 17, '00340434759313600116', '2025-01-07 14:11:28', 0),
(15, 18, '00340434759313600123', '2025-01-15 15:49:21', 0),
(16, 19, '00340434759313600130', '2025-01-22 12:15:15', 0),
(17, 20, '00340434759313600154', '2025-01-28 16:22:31', 0),
(18, 21, '00340434759313600161', '2025-02-03 14:28:09', 0),
(19, 22, '00340434759313600178', '2025-02-03 14:29:16', 0),
(21, 24, '00340434759313600208', '2025-02-04 14:21:50', 0),
(22, 23, '00340434759313600222', '2025-02-11 12:24:07', 0),
(23, 25, '00340434759313600239', '2025-02-12 14:26:15', 0),
(24, 26, '00340434759313600246', '2025-02-12 14:27:50', 0),
(25, 27, '00340434759313600253', '2025-02-12 14:28:50', 0),
(27, 23, '00340434759313600277', '2025-02-14 11:40:57', 0),
(28, 28, '00340434759313600284', '2025-02-14 11:52:56', 0),
(29, 29, '00340434759313600291', '2025-02-17 14:37:06', 0),
(30, 30, '00340434759313600307', '2025-02-17 14:39:01', 0),
(31, 31, '00340434759313600314', '2025-02-21 08:34:30', 0),
(32, 32, '00340434759313600321', '2025-02-21 08:38:43', 0),
(33, 33, '00340434759313600345', '2025-02-24 11:07:25', 0),
(34, 34, '00340434759313600352', '2025-02-24 11:11:38', 0),
(37, 35, '00340434759313600383', '2025-02-24 11:16:52', 0),
(38, 36, '00340434759313600390', '2025-02-24 11:18:41', 0),
(39, 37, '00340434759313600406', '2025-02-26 15:28:34', 0),
(40, 38, '00340434759313600413', '2025-02-27 07:29:56', 0),
(41, 39, '00340434759313600420', '2025-03-03 15:20:18', 0),
(42, 40, '00340434759313600437', '2025-03-03 15:22:15', 0),
(43, 41, '00340434759313600444', '2025-03-10 16:06:06', 0),
(44, 42, '00340434759313600451', '2025-03-19 14:31:45', 0),
(45, 43, '00340435097455000074', '2025-03-19 14:37:01', 0),
(46, 44, '00340434759313600468', '2025-03-24 12:39:38', 0),
(48, 45, '00340434759313600482', '2025-03-24 13:01:00', 0),
(49, 46, '00340434759313600499', '2025-03-27 08:49:45', 0),
(50, 47, '00340434759313600505', '2025-03-27 17:19:49', 0),
(51, 48, '00340434759313600512', '2025-03-28 07:28:13', 0),
(52, 49, '00340434759313600529', '2025-03-31 15:31:35', 0),
(53, 50, '00340434759313600536', '2025-03-31 15:33:14', 0),
(54, 51, '00340434759313600543', '2025-04-01 11:49:16', 0),
(55, 52, '00340434759313600550', '2025-04-02 16:55:08', 0),
(56, 53, '00340434759313600567', '2025-04-02 16:56:34', 0),
(57, 54, '00340434759313600574', '2025-04-02 17:01:57', 0),
(58, 55, '00340435097455000081', '2025-04-04 11:14:11', 0),
(59, 56, '00340434759313600598', '2025-04-10 10:58:09', 0),
(60, 57, '00340434759313600604', '2025-04-14 13:01:13', 0),
(61, 58, '00340434759313600611', '2025-04-17 09:54:53', 0),
(62, 59, '00340434759313600628', '2025-04-22 08:54:32', 0),
(63, 60, '00340434759313600635', '2025-04-22 08:55:41', 0),
(64, 61, '00340435097455000098', '2025-04-22 09:09:25', 0),
(65, 62, '00340434759313600642', '2025-04-22 13:06:29', 0),
(66, 63, '00340435097455000104', '2025-04-23 11:41:38', 0),
(67, 64, '00340434759313600666', '2025-04-26 10:12:25', 0),
(68, 65, '00340434759313600673', '2025-04-28 15:04:57', 0),
(69, 66, '00340435097455000111', '2025-04-28 19:15:07', 0),
(70, 67, '00340435097455000128', '2025-04-28 21:24:24', 0),
(71, 68, '00340434759313600680', '2025-04-29 14:14:48', 0),
(72, 69, '00340434759313600697', '2025-04-29 14:17:01', 0),
(73, 70, '00340434759313600703', '2025-04-29 14:18:24', 0),
(74, 71, '00340434759313600710', '2025-04-30 17:06:10', 0),
(75, 72, '00340435097455000135', '2025-05-02 21:10:48', 0),
(76, 73, '00340435097455000142', '2025-05-03 09:25:19', 0),
(77, 74, '00340435097455000159', '2025-05-05 12:18:05', 0),
(78, 75, '00340434759313600734', '2025-05-05 12:26:20', 0),
(79, 76, '00340434759313600741', '2025-05-05 12:27:20', 0),
(80, 77, '00340434759313600758', '2025-05-05 12:36:24', 0),
(82, 65, '00340434759313600772', '2025-05-05 13:20:55', 0),
(83, 78, '00340434759313600789', '2025-05-06 13:53:44', 0),
(84, 79, '00340434759313600796', '2025-05-09 10:47:21', 0),
(85, 80, '00340435097455000166', '2025-05-12 14:27:30', 0),
(86, 81, '00340435097455000173', '2025-05-12 14:29:18', 0),
(87, 82, '00340434759313600802', '2025-05-13 20:22:16', 0),
(88, 83, '00340435097455000180', '2025-05-13 20:23:25', 0),
(89, 84, '00340434759313600819', '2025-05-14 10:27:20', 0),
(90, 85, '00340434759313600826', '2025-05-15 15:00:29', 0),
(91, 86, '00340434759313600840', '2025-05-19 07:44:37', 0),
(92, 87, '00340434759313600864', '2025-05-20 13:36:26', 0),
(93, 88, '00340435097455000197', '2025-05-20 13:37:48', 0),
(94, 89, '00340434759313600888', '2025-05-26 14:11:02', 0),
(95, 90, '00340434759313600895', '2025-05-26 14:14:07', 0),
(96, 91, '00340434759313600901', '2025-05-26 14:16:35', 0),
(97, 92, '00340434759313600918', '2025-05-27 09:52:08', 0),
(98, 93, '00340435097455000210', '2025-06-02 09:05:55', 0),
(99, 94, '00340434759313600987', '2025-06-02 09:08:26', 0),
(100, 95, '00340435097455000227', '2025-06-02 09:09:49', 0),
(101, 96, '00340435097455000234', '2025-06-02 09:16:10', 0),
(102, 97, '00340434759313600994', '2025-06-02 09:18:07', 0),
(103, 98, '00340435097455000241', '2025-06-02 09:24:42', 0),
(104, 99, '00340434759313601007', '2025-06-02 09:28:42', 0),
(105, 100, '00340435097455000258', '2025-06-02 09:32:21', 0),
(106, 101, '00340434759313601014', '2025-06-03 11:38:27', 0),
(107, 102, '00340434759313601021', '2025-06-04 08:32:10', 0),
(108, 103, '00340434759313601038', '2025-06-04 08:33:36', 0),
(109, 104, '00340434759313601045', '2025-06-04 11:31:10', 0),
(110, 105, '00340434759313601076', '2025-06-10 10:00:18', 0),
(111, 106, '00340434759313601083', '2025-06-10 10:05:08', 0),
(112, 107, '00340434759313601090', '2025-06-10 16:23:42', 0),
(113, 108, '00340434759313601106', '2025-06-12 21:46:48', 0),
(114, 109, '00340434759313601113', '2025-06-16 16:45:14', 0),
(115, 110, '00340434759313601120', '2025-06-16 16:47:18', 0),
(116, 111, '00340434759313601137', '2025-06-16 16:49:18', 0),
(117, 112, '00340434759313601144', '2025-06-16 16:56:35', 0),
(118, 70, '00340434759313601151', '2025-06-16 17:00:53', 0),
(119, 113, '00340434759313601168', '2025-06-16 18:56:22', 0),
(120, 114, '00340434759313601175', '2025-06-19 14:35:31', 0),
(121, 115, '00340434759313601205', '2025-06-20 07:37:40', 0),
(122, 116, '00340435097455000265', '2025-06-23 10:36:12', 0),
(123, 117, '00340435097455000272', '2025-06-23 10:41:28', 0),
(124, 118, '00340434759313601212', '2025-06-23 10:43:32', 0),
(125, 119, '00340435097455000289', '2025-06-24 07:26:57', 0),
(126, 120, '00340434759313601229', '2025-06-26 07:47:16', 0),
(127, 121, '00340435097455000296', '2025-06-26 09:34:43', 0),
(128, 122, '00340435097455000302', '2025-06-27 07:47:17', 0),
(131, 123, '00340434759313601250', '2025-06-28 06:36:08', 0),
(132, 124, '00340434759313601274', '2025-06-30 08:48:07', 0),
(133, 125, '00340435097455000333', '2025-06-30 08:51:22', 0),
(134, 126, '00340434759313601281', '2025-06-30 09:08:07', 0),
(135, 127, '00340434759313601298', '2025-06-30 09:10:44', 0),
(136, 128, '00340434759313601304', '2025-06-30 09:16:17', 0),
(137, 129, '00340435097455000340', '2025-07-01 07:14:58', 0),
(138, 130, '00340434759313601311', '2025-07-01 07:16:46', 0),
(139, 131, '00340434759313601328', '2025-07-01 21:05:17', 0),
(140, 132, '00340434759313601335', '2025-07-02 07:27:08', 0),
(141, 133, '00340434759313601359', '2025-07-03 19:40:03', 0),
(142, 134, '00340434759313601373', '2025-07-04 10:58:33', 0),
(143, 135, '00340434759313601380', '2025-07-04 17:47:15', 0),
(144, 136, '00340435097455000357', '2025-07-07 10:50:40', 0),
(145, 137, '00340435097455000364', '2025-07-07 10:55:32', 0),
(146, 138, '00340434759313601397', '2025-07-07 10:56:18', 0),
(147, 139, '00340435097455000371', '2025-07-07 14:37:13', 0),
(148, 127, '00340434759313601403', '2025-07-07 16:40:27', 0),
(149, 140, '00340434759313601410', '2025-07-08 09:37:13', 0),
(150, 141, '00340434759313601427', '2025-07-08 09:38:00', 0),
(151, 142, '00340434759313601434', '2025-07-08 15:14:11', 0),
(152, 143, '00340434759313601458', '2025-07-10 08:57:39', 0),
(153, 144, '00340434759313601465', '2025-07-10 09:14:01', 0),
(154, 145, '00340434759313601472', '2025-07-11 09:33:26', 0),
(155, 146, '00340434759313601489', '2025-07-11 09:37:12', 0),
(156, 147, '00340434759313601496', '2025-07-11 09:39:00', 0),
(157, 148, '00340435097455000388', '2025-07-14 13:36:10', 0),
(158, 149, '00340434759313601519', '2025-07-15 15:11:07', 0),
(159, 150, '00340434759313601526', '2025-07-16 14:09:32', 0),
(160, 151, '00340434759313601533', '2025-07-16 15:32:10', 0),
(161, 135, '00340434759313601540', '2025-07-16 15:34:34', 0),
(162, 152, '00340434759313601557', '2025-07-17 07:37:03', 0),
(163, 153, '00340435097455000395', '2025-07-18 08:52:11', 0),
(165, 154, '00340434759313601571', '2025-07-22 08:50:35', 0),
(166, 155, '00340434759313601588', '2025-07-22 08:51:44', 0),
(167, 156, '00340434759313601618', '2025-07-23 10:17:35', 0),
(168, 157, '00340434759313601625', '2025-07-23 11:45:16', 0),
(169, 158, '00340435097455000401', '2025-07-23 17:27:55', 0),
(170, 159, '00340434759313601632', '2025-07-24 13:23:19', 0),
(171, 160, '00340434759313601649', '2025-07-24 13:24:16', 0),
(172, 161, '00340434759313601656', '2025-07-25 07:58:40', 0),
(173, 162, '00340434759313601670', '2025-07-31 20:13:07', 0),
(174, 163, '00340434759313601687', '2025-07-31 20:14:33', 0),
(175, 164, '00340434759313601694', '2025-08-01 12:10:40', 0),
(176, 165, '00340435097455000418', '2025-08-01 21:16:24', 0),
(177, 166, '00340434759313601700', '2025-08-11 08:07:19', 0),
(178, 167, '00340434759313601724', '2025-08-18 08:34:31', 0),
(179, 168, '00340435097455000425', '2025-08-18 08:41:06', 0),
(180, 169, '00340434759313601731', '2025-08-20 16:24:09', 0),
(181, 170, '00340434759313601748', '2025-08-22 09:46:12', 0),
(182, 171, '00340434759313601755', '2025-08-26 08:12:13', 0),
(183, 172, '00340434759313601762', '2025-08-26 13:12:46', 0),
(184, 155, '00340434759313601793', '2025-08-27 17:50:51', 0),
(185, 173, '00340434759313601816', '2025-09-01 09:04:37', 0),
(186, 174, '00340434759313601823', '2025-09-08 07:29:22', 0),
(187, 175, '00340434759313601830', '2025-09-09 08:21:24', 0),
(188, 176, '00340434759313601847', '2025-09-11 11:19:10', 0),
(189, 177, '00340434759313601854', '2025-09-15 13:09:22', 0),
(190, 178, '00340434759313601861', '2025-09-15 13:13:15', 0),
(191, 179, '00340434759313601878', '2025-09-16 08:00:00', 0),
(192, 180, '00340434759313601885', '2025-09-17 15:08:03', 0),
(193, 181, '00340434759313601892', '2025-09-18 07:35:10', 0),
(194, 182, '00340434759313601939', '2025-09-26 12:30:41', 0),
(195, 183, '00340434759313601946', '2025-09-29 07:33:58', 0),
(196, 184, '00340434759313601953', '2025-10-01 11:12:53', 0),
(197, 185, '00340434759313601960', '2025-10-01 11:14:47', 0),
(198, 186, '00340434759313601984', '2025-10-02 16:03:54', 0),
(199, 187, '00340434759313601991', '2025-10-02 16:05:06', 0),
(200, 188, '00340434759313602004', '2025-10-06 09:05:50', 0),
(201, 189, '00340435097455000432', '2025-10-07 11:28:23', 0),
(202, 190, '00340434759313602028', '2025-10-08 09:55:51', 0),
(203, 191, '00340435097455000449', '2025-10-10 11:55:10', 0),
(204, 192, '00340434759313602042', '2025-10-13 08:17:57', 0),
(205, 193, '00340434759313602059', '2025-10-13 08:25:01', 0),
(206, 194, '00340435097455000456', '2025-10-13 08:27:40', 0),
(207, 195, '00340434759313602066', '2025-10-13 08:28:24', 0),
(208, 196, '00340434759313602073', '2025-10-13 08:29:36', 0),
(209, 197, '00340434759313602080', '2025-10-13 08:30:35', 0),
(210, 198, '00340434759313602103', '2025-10-14 07:31:22', 0),
(211, 199, '00340434759313602134', '2025-10-20 09:51:05', 0),
(212, 200, '007670150002563', '2025-10-22 15:43:44', 0),
(213, 201, '00340434759313602158', '2025-10-27 15:46:27', 0),
(214, 202, '00340434759313602165', '2025-10-27 15:46:55', 0),
(215, 203, '00340434759313602172', '2025-10-29 15:30:37', 0),
(216, 204, '00340434759313602189', '2025-10-29 15:32:52', 0),
(217, 205, '00340434759313602233', '2025-11-03 09:12:22', 0),
(218, 206, '00340434759313602240', '2025-11-03 09:14:49', 0),
(219, 207, '00340434759313602257', '2025-11-03 09:16:07', 0),
(220, 208, '00340434759313602264', '2025-11-03 09:17:53', 0),
(221, 209, '00340434759313602271', '2025-11-03 09:19:14', 0),
(222, 210, '00340434759313602288', '2025-11-03 09:21:03', 0),
(223, 211, '00340434759313602301', '2025-11-10 11:47:51', 0),
(224, 212, '00340434759313602318', '2025-11-12 07:42:08', 0),
(225, 213, '00340434759313602325', '2025-11-12 17:31:33', 0),
(226, 214, '00340434759313602332', '2025-11-13 07:28:52', 0),
(227, 215, '00340434759313602349', '2025-11-14 15:42:04', 0),
(228, 216, '00340434759313602356', '2025-11-14 15:42:34', 0),
(229, 217, '00340434759313602363', '2025-11-17 08:38:36', 0),
(230, 218, '00340434759313602370', '2025-11-17 08:39:52', 0),
(231, 219, '00340434759313602387', '2025-11-17 08:41:36', 0),
(232, 220, '00340434759313602394', '2025-11-17 08:42:50', 0),
(233, 221, '00340434759313602400', '2025-11-18 21:40:25', 0),
(234, 222, '00340434759313602417', '2025-11-18 21:41:45', 0),
(235, 223, '00340434759313602424', '2025-11-18 21:42:49', 0),
(236, 224, '00340434759313602431', '2025-11-18 21:44:22', 0),
(237, 225, '00340434759313602462', '2025-11-24 08:13:20', 0),
(238, 226, '00340434759313602479', '2025-11-24 08:15:24', 0),
(239, 227, '00340434759313602486', '2025-11-26 08:08:43', 0),
(240, 228, '00340434759313602493', '2025-11-26 08:10:45', 0),
(241, 229, '00340435097455000470', '2025-11-28 15:51:30', 0),
(242, 230, '00340434759313602509', '2025-12-01 06:49:09', 0),
(243, 231, '00340434759313602516', '2025-12-01 06:51:03', 0),
(244, 232, '00340434759313602523', '2025-12-01 06:51:55', 0),
(245, 233, '00340434759313602530', '2025-12-01 06:53:16', 0),
(246, 234, '00340434759313602547', '2025-12-01 06:54:30', 0),
(248, 225, '00340434759313602578', '2025-12-01 13:19:19', 0),
(249, 235, '00340434759313602585', '2025-12-02 08:59:26', 0),
(250, 236, '00340435097455000487', '2025-12-02 09:09:36', 0),
(251, 237, '00340434759313602592', '2025-12-03 09:00:38', 0),
(252, 238, '00340435097455000494', '2025-12-03 09:03:55', 0),
(253, 239, '00340434759313602608', '2025-12-03 09:05:32', 0),
(254, 240, '00340435097455000500', '2025-12-06 16:40:28', 0),
(255, 241, '00340435097455000517', '2025-12-09 14:05:11', 0),
(256, 242, '00340434759313602622', '2025-12-10 08:22:38', 0),
(257, 243, '00340434759313602639', '2025-12-12 08:05:05', 0),
(258, 244, '00340434759313602646', '2025-12-13 10:43:22', 0);

-- --------------------------------------------------------

--
-- Tabellenstruktur für Tabelle `shippings_tracking_numbers_temp`
--

CREATE TABLE `shippings_tracking_numbers_temp` (
  `shippings_tracking_numbers_temp_id` int(11) NOT NULL,
  `target_type` varchar(16) NOT NULL COMMENT 'zb order oder reclamation',
  `target_type_id` int(11) NOT NULL COMMENT 'die orders_id oder reclamations_id',
  `transaction_id` varchar(64) NOT NULL,
  `versender` varchar(16) NOT NULL,
  `date_added` datetime NOT NULL
) ENGINE=InnoDB DEFAULT CHARSET=utf8;

-- --------------------------------------------------------

--
-- Tabellenstruktur für Tabelle `shipping_graduation`
--

CREATE TABLE `shipping_graduation` (
  `shipping_graduation_id` int(11) NOT NULL,
  `value` int(11) NOT NULL DEFAULT '0'
) ENGINE=MyISAM DEFAULT CHARSET=utf8;

--
-- Daten für Tabelle `shipping_graduation`
--

INSERT INTO `shipping_graduation` (`shipping_graduation_id`, `value`) VALUES
(1, 1);

-- --------------------------------------------------------

--
-- Tabellenstruktur für Tabelle `shipping_graduation_countries`
--

CREATE TABLE `shipping_graduation_countries` (
  `shipping_graduation_countries_id` int(11) NOT NULL,
  `country_id` int(11) NOT NULL DEFAULT '0',
  `shipping_graduation_groups_id` int(11) NOT NULL DEFAULT '0'
) ENGINE=MyISAM DEFAULT CHARSET=utf8;

--
-- Daten für Tabelle `shipping_graduation_countries`
--

INSERT INTO `shipping_graduation_countries` (`shipping_graduation_countries_id`, `country_id`, `shipping_graduation_groups_id`) VALUES
(235, 222, 5),
(234, 204, 5),
(230, 203, 3),
(229, 124, 3),
(228, 105, 3),
(227, 73, 3),
(222, 150, 2),
(221, 57, 2),
(220, 21, 2),
(219, 14, 2),
(213, 81, 1),
(233, 195, 4),
(232, 171, 4),
(231, 72, 4),
(205, -1, 999999);

-- --------------------------------------------------------

--
-- Tabellenstruktur für Tabelle `shipping_graduation_groups`
--

CREATE TABLE `shipping_graduation_groups` (
  `shipping_graduation_groups_id` int(11) NOT NULL,
  `title` varchar(32) NOT NULL DEFAULT '',
  `shippingcosts_multiplikator` int(1) NOT NULL DEFAULT '0',
  `shippingcosts_products_multiplikator` int(1) NOT NULL DEFAULT '0',
  `shippingcosts_only_max` int(11) NOT NULL DEFAULT '0',
  `show_weight` int(1) NOT NULL DEFAULT '0',
  `not_ship` int(1) NOT NULL DEFAULT '0',
  `weight_calc` int(1) NOT NULL DEFAULT '0',
  `allow_cod` int(1) NOT NULL DEFAULT '0',
  `cod_fee` float NOT NULL DEFAULT '0'
) ENGINE=MyISAM DEFAULT CHARSET=utf8;

--
-- Daten für Tabelle `shipping_graduation_groups`
--

INSERT INTO `shipping_graduation_groups` (`shipping_graduation_groups_id`, `title`, `shippingcosts_multiplikator`, `shippingcosts_products_multiplikator`, `shippingcosts_only_max`, `show_weight`, `not_ship`, `weight_calc`, `allow_cod`, `cod_fee`) VALUES
(1, 'Gruppe 1', 0, 0, 1, 0, 0, 0, 0, 0),
(2, 'Gruppe 2', 0, 0, 1, 0, 0, 0, 0, 0),
(3, 'Gruppe 3', 0, 0, 1, 0, 0, 0, 0, 0),
(4, 'Gruppe 4', 0, 0, 1, 0, 0, 0, 0, 0),
(5, 'Gruppe 5', 0, 0, 1, 0, 0, 0, 0, 0),
(999999, 'Alle anderen Länder', 0, 0, 0, 0, 1, 0, 0, 0);

-- --------------------------------------------------------

--
-- Tabellenstruktur für Tabelle `shipping_graduation_products`
--

CREATE TABLE `shipping_graduation_products` (
  `shipping_graduation_products_id` int(11) NOT NULL,
  `shipping_graduation_groups_id` int(11) NOT NULL DEFAULT '0',
  `graduation_id` int(11) NOT NULL DEFAULT '0',
  `products_id` int(11) NOT NULL DEFAULT '0',
  `value` float NOT NULL DEFAULT '0'
) ENGINE=MyISAM DEFAULT CHARSET=utf8;

-- --------------------------------------------------------

--
-- Tabellenstruktur für Tabelle `shipping_graduation_values`
--

CREATE TABLE `shipping_graduation_values` (
  `shipping_graduation_id` int(11) NOT NULL DEFAULT '0',
  `shipping_graduation_weights_id` int(11) NOT NULL DEFAULT '0',
  `shipping_graduation_groups_id` int(11) NOT NULL DEFAULT '0',
  `grad_value` float NOT NULL DEFAULT '0',
  `grad_value_cost` float NOT NULL
) ENGINE=MyISAM DEFAULT CHARSET=utf8;

--
-- Daten für Tabelle `shipping_graduation_values`
--

INSERT INTO `shipping_graduation_values` (`shipping_graduation_id`, `shipping_graduation_weights_id`, `shipping_graduation_groups_id`, `grad_value`, `grad_value_cost`) VALUES
(2, 1, 1, 10, 0),
(2, 1, 2, 11, 0),
(2, 1, 3, 12, 0),
(2, 1, 4, 13, 0),
(2, 2, 1, 20, 0),
(2, 2, 2, 21, 0),
(2, 2, 3, 22, 0),
(2, 2, 4, 23, 0),
(2, 3, 1, 34, 0),
(2, 3, 2, 35, 0),
(2, 3, 3, 36, 0),
(2, 3, 4, 37, 0),
(1, 10, 5, 150, 0),
(1, 10, 4, 100, 0),
(1, 10, 3, 90, 0),
(1, 10, 2, 75, 0),
(1, 10, 1, 35, 0),
(1, 9, 999999, 167.227, 0),
(1, 9, 5, 140, 0),
(1, 9, 4, 90, 0),
(1, 9, 3, 80, 0),
(1, 9, 2, 65, 0),
(1, 9, 1, 29, 0),
(1, 6, 999999, 150.42, 0),
(1, 6, 5, 124.95, 0),
(1, 6, 4, 78.95, 0),
(1, 6, 3, 67.95, 0),
(1, 6, 2, 56.95, 0),
(1, 6, 1, 24.95, 0),
(1, 2, 999999, 41.9327, 0),
(1, 2, 5, 33.5294, 0),
(1, 2, 4, 23.4453, 0),
(1, 2, 3, 15.042, 0),
(1, 2, 2, 12.521, 0),
(1, 2, 1, 8.3193, 0),
(1, 5, 999999, 33.5294, 0),
(1, 5, 5, 23.4453, 0),
(1, 5, 4, 15.042, 0),
(1, 5, 3, 12.521, 0),
(1, 5, 2, 8.3193, 0),
(1, 5, 1, 5.4621, 0),
(1, 8, 999999, 23.4453, 0),
(1, 8, 5, 15.042, 0),
(1, 8, 4, 12.521, 0),
(1, 8, 3, 8.3193, 0),
(1, 8, 2, 5.4621, 0),
(1, 8, 1, 4.1176, 0),
(1, 10, 999999, 220, 0),
(1, 11, 1, 45, 0),
(1, 11, 2, 90, 0),
(1, 11, 3, 100, 0),
(1, 11, 4, 120, 0),
(1, 11, 5, 180, 0),
(1, 11, 999999, 250, 0);

-- --------------------------------------------------------

--
-- Tabellenstruktur für Tabelle `shipping_graduation_weights`
--

CREATE TABLE `shipping_graduation_weights` (
  `shipping_graduation_weights_id` int(11) NOT NULL,
  `weight` float NOT NULL DEFAULT '0'
) ENGINE=MyISAM DEFAULT CHARSET=utf8;

--
-- Daten für Tabelle `shipping_graduation_weights`
--

INSERT INTO `shipping_graduation_weights` (`shipping_graduation_weights_id`, `weight`) VALUES
(2, 20),
(5, 10),
(6, 40),
(8, 3),
(9, 60),
(10, 80),
(11, 100);

-- --------------------------------------------------------

--
-- Tabellenstruktur für Tabelle `shipping_status`
--

CREATE TABLE `shipping_status` (
  `shipping_status_id` int(11) NOT NULL DEFAULT '0',
  `language_id` int(11) NOT NULL DEFAULT '1',
  `shipping_status_name` varchar(32) NOT NULL DEFAULT '',
  `shipping_status_image` varchar(32) NOT NULL DEFAULT ''
) ENGINE=MyISAM DEFAULT CHARSET=utf8;

--
-- Daten für Tabelle `shipping_status`
--

INSERT INTO `shipping_status` (`shipping_status_id`, `language_id`, `shipping_status_name`, `shipping_status_image`) VALUES
(1, 1, '3-4 Days', ''),
(1, 2, '1 - 2 Tage', ''),
(2, 1, '1 Week', ''),
(2, 2, '1 - 2 Wochen', ''),
(3, 1, '2 Weeks', ''),
(3, 2, '2 - 3 Wochen', ''),
(4, 2, '3 - 4 Wochen', ''),
(5, 2, '6 Wochen', ''),
(6, 2, '8 Wochen', '');

-- --------------------------------------------------------

--
-- Tabellenstruktur für Tabelle `specials`
--

CREATE TABLE `specials` (
  `specials_id` int(11) NOT NULL,
  `products_id` int(11) NOT NULL DEFAULT '0',
  `specials_quantity` int(4) NOT NULL DEFAULT '0',
  `specials_new_products_price` decimal(15,4) NOT NULL DEFAULT '0.0000',
  `specials_date_added` datetime DEFAULT NULL,
  `specials_last_modified` datetime DEFAULT NULL,
  `expires_date` datetime DEFAULT NULL,
  `date_status_change` datetime DEFAULT NULL,
  `status` int(1) NOT NULL DEFAULT '1',
  `start_date` datetime NOT NULL,
  `sell_to_v1null` int(1) NOT NULL,
  `ebay_price_revise` int(1) NOT NULL
) ENGINE=MyISAM DEFAULT CHARSET=utf8;

--
-- Daten für Tabelle `specials`
--

INSERT INTO `specials` (`specials_id`, `products_id`, `specials_quantity`, `specials_new_products_price`, `specials_date_added`, `specials_last_modified`, `expires_date`, `date_status_change`, `status`, `start_date`, `sell_to_v1null`, `ebay_price_revise`) VALUES
(17, 158, 0, 16.7227, '2024-12-02 13:54:33', '2025-09-25 12:41:49', '2025-12-31 00:00:00', '2025-09-25 12:50:05', 1, '2025-09-25 00:00:00', 0, 0),
(18, 159, 0, 12.5210, '2024-12-02 14:02:16', '2025-12-08 08:41:56', '2025-12-31 00:00:00', '2025-12-08 08:45:51', 1, '2025-12-08 00:00:00', 0, 0),
(21, 153, 0, 50.0000, '2024-12-03 08:34:00', '2025-09-08 07:33:05', '2025-11-01 00:00:00', '2025-11-01 00:00:18', 0, '2025-09-05 00:00:00', 0, 1),
(22, 203, 0, 5.7983, '2024-12-03 09:21:40', '2025-09-16 16:40:41', '2025-10-31 00:00:00', '2025-10-31 00:00:17', 0, '2025-09-17 00:00:00', 0, 0),
(19, 157, 0, 12.5210, '2024-12-03 08:16:53', '2025-09-25 12:55:26', '2025-12-31 00:00:00', '2025-09-25 12:58:53', 1, '2025-09-25 00:00:00', 0, 0),
(20, 160, 0, 16.7227, '2024-12-03 08:17:53', '2025-09-25 12:24:59', '2025-12-31 00:00:00', '2025-09-25 12:30:09', 1, '2025-09-25 00:00:00', 0, 1),
(13, 163, 0, 15.0420, '2024-10-20 15:46:01', '2024-10-20 15:46:17', '0000-00-00 00:00:00', NULL, 1, '0000-00-00 00:00:00', 0, 0),
(14, 165, 0, 7.4790, '2024-10-20 15:47:48', NULL, '0000-00-00 00:00:00', NULL, 1, '0000-00-00 00:00:00', 0, 0),
(15, 188, 0, 11.6807, '2024-10-20 15:48:39', NULL, '0000-00-00 00:00:00', NULL, 1, '0000-00-00 00:00:00', 0, 0),
(42, 206, 0, 232.7731, '2025-04-15 14:37:07', '2025-10-23 15:19:03', '2025-01-31 00:00:00', '2025-07-31 00:00:17', 0, '2026-10-03 00:00:00', 0, 0),
(23, 186, 0, 6.6387, '2024-12-03 09:42:00', NULL, '2024-12-31 00:00:00', '2025-02-13 15:19:59', 0, '2024-12-03 00:00:00', 0, 0),
(24, 202, 0, 4.9580, '2024-12-05 08:12:16', NULL, '2025-01-31 00:00:00', '2025-01-31 00:00:13', 0, '2024-12-05 00:00:00', 0, 0),
(25, 201, 0, 4.9580, '2024-12-05 08:12:16', NULL, '2025-01-31 00:00:00', '2025-01-31 00:00:13', 0, '2024-12-05 00:00:00', 0, 0),
(26, 200, 0, 4.9580, '2024-12-05 08:12:16', NULL, '2025-01-31 00:00:00', '2025-01-31 00:00:13', 0, '2024-12-05 00:00:00', 0, 0),
(27, 199, 0, 4.9580, '2024-12-05 08:12:16', NULL, '2025-01-31 00:00:00', '2025-01-31 00:00:13', 0, '2024-12-05 00:00:00', 0, 0),
(28, 198, 0, 4.9580, '2024-12-05 08:12:16', NULL, '2025-01-31 00:00:00', '2025-01-31 00:00:13', 0, '2024-12-05 00:00:00', 0, 0),
(29, 197, 0, 4.9580, '2024-12-05 08:12:16', NULL, '2025-01-31 00:00:00', '2025-01-31 00:00:13', 0, '2024-12-05 00:00:00', 0, 0),
(30, 196, 0, 4.9580, '2024-12-05 08:12:16', NULL, '2025-01-31 00:00:00', '2025-01-31 00:00:13', 0, '2024-12-05 00:00:00', 0, 0),
(31, 171, 0, 11.6807, '2024-12-11 12:58:26', '2025-04-15 16:31:20', '2025-05-13 00:00:00', '2025-05-13 00:00:11', 0, '2024-12-11 00:00:00', 0, 0),
(32, 177, 0, 10.8403, '2024-12-11 13:59:53', '2025-04-15 16:32:32', '2025-06-03 00:00:00', '2025-06-03 00:00:14', 0, '2024-12-11 00:00:00', 0, 0),
(33, 193, 0, 5.7983, '2025-02-12 14:52:34', NULL, '2025-08-31 00:00:00', '2025-08-31 00:00:20', 0, '2025-02-12 00:00:00', 0, 1),
(34, 192, 0, 5.7983, '2025-02-12 14:53:46', NULL, '2025-08-31 00:00:00', '2025-08-31 00:00:20', 0, '2025-02-12 00:00:00', 0, 0),
(35, 191, 0, 5.7983, '2025-02-12 14:55:39', '2025-02-12 14:55:44', '2025-08-31 00:00:00', '2025-08-31 00:00:20', 0, '2025-02-12 00:00:00', 0, 1),
(36, 156, 0, 5.7983, '2025-02-12 14:56:19', NULL, '2025-08-31 00:00:00', '2025-08-31 00:00:20', 0, '2025-02-12 00:00:00', 0, 1),
(37, 194, 0, 20.0840, '2025-02-12 15:31:04', NULL, '2025-09-01 00:00:00', '2025-09-01 00:00:18', 0, '2025-02-12 00:00:00', 0, 0),
(38, 220, 0, 652.9412, '2025-03-05 09:19:56', NULL, '2025-03-31 00:00:00', '2025-03-31 00:00:16', 0, '2025-03-05 00:00:00', 0, 0),
(39, 221, 0, 905.0420, '2025-03-05 13:41:37', NULL, '2025-03-19 00:00:00', '2025-03-19 00:00:16', 0, '2025-03-05 00:00:00', 0, 0),
(40, 222, 0, 142.0168, '2025-03-05 14:46:05', '2025-09-16 16:38:35', '2025-11-01 00:00:00', '2025-11-01 00:00:18', 0, '2025-09-17 00:00:00', 0, 0),
(41, 205, 0, 167.2269, '2025-03-11 17:25:23', '2025-09-26 08:57:01', '2025-12-31 00:00:00', '2025-06-03 11:27:35', 1, '2025-09-26 00:00:00', 0, 1),
(43, 219, 0, 12.5210, '2025-04-15 16:24:19', NULL, '2025-04-30 00:00:00', '2025-04-30 00:00:17', 0, '2025-04-15 00:00:00', 0, 0),
(44, 218, 0, 15.0420, '2025-04-15 16:25:07', '2025-09-05 16:42:31', '2025-12-31 00:00:00', '2025-09-05 16:45:05', 1, '2025-09-05 00:00:00', 0, 1),
(45, 213, 0, 142.0168, '2025-04-15 16:25:37', '2025-09-16 16:39:59', '2025-10-31 00:00:00', '2025-10-31 00:00:17', 0, '2025-09-17 00:00:00', 0, 0),
(46, 210, 0, 33.5294, '2025-04-15 16:26:22', NULL, '2025-05-31 00:00:00', '2025-05-31 00:00:16', 0, '2025-04-15 00:00:00', 0, 0),
(47, 207, 0, 66.3866, '2025-04-15 16:27:04', '2025-09-16 16:39:24', '2025-10-31 00:00:00', '2025-10-31 00:00:17', 0, '2025-09-17 00:00:00', 0, 0),
(53, 152, 0, 105.0000, '2025-04-30 11:37:13', '2025-07-02 16:56:53', '2025-07-12 00:00:00', '2025-07-12 00:00:16', 0, '2025-07-03 00:00:00', 0, 1),
(49, 216, 0, 14.2017, '2025-04-15 16:29:22', '2025-09-16 16:42:34', '2025-10-06 00:00:00', '2025-10-06 00:00:16', 0, '2025-09-17 00:00:00', 0, 0),
(50, 215, 0, 23.4454, '2025-04-15 16:29:51', '2025-09-16 16:42:00', '2025-10-31 00:00:00', '2025-10-31 00:00:17', 0, '2025-09-16 00:00:00', 0, 0),
(51, 214, 0, 20.9244, '2025-04-15 16:30:19', NULL, '2025-04-30 00:00:00', '2025-04-30 00:00:17', 0, '2025-04-15 00:00:00', 0, 0),
(52, 162, 0, 8.3193, '2025-04-15 16:31:52', NULL, '2025-05-31 00:00:00', '2025-05-31 00:00:16', 0, '2025-04-15 00:00:00', 0, 0),
(54, 223, 0, 232.7731, '2025-05-21 09:16:34', NULL, '2025-06-30 00:00:00', '2025-06-30 00:00:18', 0, '2025-05-21 00:00:00', 0, 0),
(55, 224, 0, 142.0168, '2025-05-21 09:37:28', NULL, '2025-06-30 00:00:00', '2025-06-30 00:00:18', 0, '2025-05-21 00:00:00', 0, 0),
(56, 225, 0, 10.8403, '2025-05-21 10:10:37', NULL, '2025-06-30 00:00:00', '2025-06-30 00:00:18', 0, '2025-05-21 00:00:00', 0, 0),
(57, 154, 0, 200.8403, '2025-05-21 10:44:54', '2025-12-08 08:57:28', '2025-12-31 00:00:00', '2025-12-08 08:59:56', 1, '2025-12-08 00:00:00', 0, 0),
(59, 230, 0, 57.9832, '2025-07-02 17:42:57', '2025-09-16 16:36:09', '2025-10-31 00:00:00', '2025-10-31 00:00:17', 0, '2025-09-17 00:00:00', 0, 0),
(60, 217, 0, 16.7227, '2025-09-16 16:41:22', NULL, '2025-12-31 00:00:00', NULL, 1, '2025-09-16 00:00:00', 0, 0),
(61, 241, 0, 125.2101, '2025-09-24 19:47:27', NULL, '2025-10-31 00:00:00', '2025-10-31 00:00:17', 0, '2025-09-24 00:00:00', 0, 0),
(62, 243, 0, 4.9580, '2025-10-01 07:40:32', NULL, '2025-12-31 00:00:00', NULL, 1, '2025-10-01 00:00:00', 0, 0),
(63, 239, 0, 7.4790, '2025-10-01 07:41:11', '2025-11-13 16:33:06', '2025-12-31 00:00:00', NULL, 1, '2025-11-13 00:00:00', 0, 0),
(64, 212, 0, 6.6387, '2025-12-08 08:56:05', NULL, '2025-12-31 00:00:00', NULL, 1, '2025-12-08 00:00:00', 0, 0),
(65, 209, 0, 5.7983, '2025-12-08 08:56:52', NULL, '2026-01-31 00:00:00', NULL, 1, '2025-12-08 00:00:00', 0, 0),
(66, 211, 0, 11.6807, '2025-12-08 08:58:37', NULL, '2025-12-31 00:00:00', NULL, 1, '2025-12-08 00:00:00', 0, 0);

-- --------------------------------------------------------

--
-- Tabellenstruktur für Tabelle `specials_ebay_revise`
--

CREATE TABLE `specials_ebay_revise` (
  `specials_ebay_revise_id` int(11) NOT NULL,
  `specials_id` int(11) NOT NULL,
  `ebay_auctions_id` int(11) NOT NULL,
  `sku` varchar(64) NOT NULL,
  `orig_price` decimal(15,4) NOT NULL,
  `status` int(1) NOT NULL COMMENT 'wenn der np wieder gesetzt werden soll, auf 1',
  `original_price` decimal(13,4) NOT NULL,
  `special_price` decimal(13,4) NOT NULL,
  `is_revised` int(1) NOT NULL
) ENGINE=InnoDB DEFAULT CHARSET=utf8;

--
-- Daten für Tabelle `specials_ebay_revise`
--

INSERT INTO `specials_ebay_revise` (`specials_ebay_revise_id`, `specials_id`, `ebay_auctions_id`, `sku`, `orig_price`, `status`, `original_price`, `special_price`, `is_revised`) VALUES
(1, 44, 175, '', 0.0000, 0, 19.9000, 17.9000, 0);

-- --------------------------------------------------------

--
-- Tabellenstruktur für Tabelle `storages`
--

CREATE TABLE `storages` (
  `id` int(11) NOT NULL,
  `name` varchar(128) NOT NULL DEFAULT '',
  `beschreibung` text NOT NULL,
  `schema_key` varchar(32) NOT NULL DEFAULT '',
  `schema_start` int(11) NOT NULL DEFAULT '0',
  `default_storage` enum('n','y') NOT NULL DEFAULT 'n',
  `storage_company` varchar(64) NOT NULL,
  `storage_suburb` varchar(64) NOT NULL,
  `storage_name` varchar(64) NOT NULL,
  `storage_street_address` varchar(64) NOT NULL,
  `storage_city` varchar(32) NOT NULL,
  `storage_postcode` varchar(10) NOT NULL,
  `storage_country` tinyint(4) NOT NULL,
  `storage_telephone` varchar(32) NOT NULL
) ENGINE=MyISAM DEFAULT CHARSET=utf8;

-- --------------------------------------------------------

--
-- Tabellenstruktur für Tabelle `storage_numbers`
--

CREATE TABLE `storage_numbers` (
  `id` int(11) NOT NULL,
  `products_id` int(11) NOT NULL DEFAULT '0',
  `storage_id` int(11) NOT NULL DEFAULT '0',
  `nummer` varchar(64) NOT NULL DEFAULT ''
) ENGINE=MyISAM DEFAULT CHARSET=utf8;

-- --------------------------------------------------------

--
-- Tabellenstruktur für Tabelle `storage_places`
--

CREATE TABLE `storage_places` (
  `storage_places_id` int(11) NOT NULL,
  `storage_id` int(11) NOT NULL,
  `title` varchar(64) NOT NULL,
  `storage_type` int(1) NOT NULL,
  `description` text NOT NULL
) ENGINE=MyISAM DEFAULT CHARSET=utf8 COMMENT='lagerplaetze';

-- --------------------------------------------------------

--
-- Tabellenstruktur für Tabelle `storage_products`
--

CREATE TABLE `storage_products` (
  `id` int(11) NOT NULL,
  `storage_id` int(11) NOT NULL DEFAULT '0',
  `products_id` int(11) NOT NULL DEFAULT '0',
  `quantity` int(11) NOT NULL DEFAULT '0',
  `created` timestamp NOT NULL DEFAULT CURRENT_TIMESTAMP,
  `changed` datetime NOT NULL DEFAULT '0000-00-00 00:00:00',
  `storage_place` varchar(100) NOT NULL DEFAULT '',
  `priority` int(11) NOT NULL,
  `storage_places_id` int(11) NOT NULL
) ENGINE=MyISAM DEFAULT CHARSET=utf8;

-- --------------------------------------------------------

--
-- Tabellenstruktur für Tabelle `storage_products_transfer`
--

CREATE TABLE `storage_products_transfer` (
  `storage_products_transfer_id` int(11) NOT NULL,
  `source_storage_products_id` int(11) NOT NULL,
  `target_storage_products_id` int(11) NOT NULL,
  `quantity` int(11) NOT NULL,
  `editor` int(11) NOT NULL,
  `date_added` timestamp NOT NULL DEFAULT CURRENT_TIMESTAMP ON UPDATE CURRENT_TIMESTAMP,
  `reason_class` varchar(16) NOT NULL,
  `reason_id` int(11) NOT NULL,
  `reason_subclass` varchar(16) NOT NULL,
  `shipping_products_id` int(11) NOT NULL COMMENT 'wird bei versandabschluss gesetzt'
) ENGINE=MyISAM DEFAULT CHARSET=utf8;

--
-- Daten für Tabelle `storage_products_transfer`
--

INSERT INTO `storage_products_transfer` (`storage_products_transfer_id`, `source_storage_products_id`, `target_storage_products_id`, `quantity`, `editor`, `date_added`, `reason_class`, `reason_id`, `reason_subclass`, `shipping_products_id`) VALUES
(1, 0, 4, 20, 1, '2013-11-16 10:31:38', '', 0, '', 0),
(2, 0, 5, 10, 1, '2013-11-16 10:31:58', '', 0, '', 0),
(3, 0, 6, 40, 1, '2013-11-16 10:32:13', '', 0, '', 0),
(4, 0, 7, 30, 1, '2013-11-16 10:32:25', '', 0, '', 0);

-- --------------------------------------------------------

--
-- Tabellenstruktur für Tabelle `system_alerts_status`
--

CREATE TABLE `system_alerts_status` (
  `system_alerts_status_id` int(11) NOT NULL,
  `customers_id` int(11) NOT NULL,
  `guid` int(11) NOT NULL,
  `status_read` tinyint(1) NOT NULL,
  `status_read_date` datetime NOT NULL
) ENGINE=MyISAM DEFAULT CHARSET=utf8;

--
-- Daten für Tabelle `system_alerts_status`
--

INSERT INTO `system_alerts_status` (`system_alerts_status_id`, `customers_id`, `guid`, `status_read`, `status_read_date`) VALUES
(1, 1, 3, 1, '2008-11-26 08:31:35'),
(2, 1, 2, 1, '2008-11-26 08:31:37'),
(3, 1, 1, 1, '2008-11-26 08:31:38'),
(4, 1, 4, 1, '2009-01-24 10:34:12'),
(5, 4987, 4, 1, '2009-02-19 19:07:38'),
(6, 4987, 3, 1, '2009-02-19 19:07:42'),
(7, 4987, 2, 1, '2009-02-19 19:07:44'),
(8, 4987, 1, 1, '2009-02-19 19:07:35'),
(9, 4987, 5, 1, '2009-06-27 19:44:11'),
(10, 1, 6, 1, '2009-07-14 18:13:48'),
(11, 1, 5, 1, '2009-07-14 18:13:51'),
(12, 4987, 6, 1, '2009-07-15 12:59:55'),
(13, 4987, 7, 1, '2009-10-20 15:04:24'),
(14, 1, 7, 1, '2009-11-13 11:15:21'),
(15, 4988, 7, 1, '2010-03-18 18:43:05'),
(16, 4988, 6, 1, '2010-03-18 18:43:07'),
(17, 4988, 5, 1, '2010-03-18 18:43:08'),
(18, 4988, 4, 1, '2010-03-18 18:43:10'),
(19, 4988, 3, 1, '2010-03-18 18:43:11'),
(20, 4988, 2, 1, '2010-03-18 18:43:13'),
(21, 4988, 1, 1, '2010-03-18 18:43:04'),
(22, 1, 9, 1, '2011-09-28 17:18:02'),
(23, 1, 8, 1, '2011-09-28 17:18:05');

-- --------------------------------------------------------

--
-- Tabellenstruktur für Tabelle `table_lock`
--

CREATE TABLE `table_lock` (
  `id` int(11) NOT NULL,
  `action_key` varchar(64) NOT NULL DEFAULT '',
  `status` enum('locked','open') NOT NULL DEFAULT 'locked',
  `last_lock` datetime NOT NULL DEFAULT '0000-00-00 00:00:00'
) ENGINE=MyISAM DEFAULT CHARSET=utf8;

--
-- Daten für Tabelle `table_lock`
--

INSERT INTO `table_lock` (`id`, `action_key`, `status`, `last_lock`) VALUES
(1, 'addtimer', 'open', '2009-12-02 12:55:06');

-- --------------------------------------------------------

--
-- Tabellenstruktur für Tabelle `tags`
--

CREATE TABLE `tags` (
  `tags_id` int(11) NOT NULL,
  `tag` varchar(64) NOT NULL,
  `date_added` datetime NOT NULL,
  `editor_id` int(11) NOT NULL,
  `type` varchar(8) NOT NULL
) ENGINE=InnoDB DEFAULT CHARSET=utf8;

-- --------------------------------------------------------

--
-- Tabellenstruktur für Tabelle `tags_products`
--

CREATE TABLE `tags_products` (
  `tags_products_id` int(11) NOT NULL,
  `tags_id` int(11) NOT NULL,
  `products_id` int(11) NOT NULL
) ENGINE=MyISAM DEFAULT CHARSET=utf8;

-- --------------------------------------------------------

--
-- Tabellenstruktur für Tabelle `tax_class`
--

CREATE TABLE `tax_class` (
  `tax_class_id` int(11) NOT NULL,
  `tax_class_title` varchar(32) NOT NULL DEFAULT '',
  `tax_class_description` varchar(255) NOT NULL DEFAULT '',
  `last_modified` datetime DEFAULT NULL,
  `date_added` datetime NOT NULL DEFAULT '0000-00-00 00:00:00'
) ENGINE=MyISAM DEFAULT CHARSET=utf8;

--
-- Daten für Tabelle `tax_class`
--

INSERT INTO `tax_class` (`tax_class_id`, `tax_class_title`, `tax_class_description`, `last_modified`, `date_added`) VALUES
(1, 'Standardsatz', '', '0000-00-00 00:00:00', '2004-09-15 10:00:46'),
(2, 'ermaeßigter Steuersatz', '', '2013-04-30 17:49:09', '2004-09-15 10:00:46'),
(3, 'ermäßigt 2', '', '2022-08-10 11:44:33', '2022-08-10 11:44:33'),
(4, 'stark ermäßigt', '', '2022-08-10 11:44:41', '2022-08-10 11:44:41'),
(5, 'stark ermäßigt 2', '', '2022-08-10 11:44:51', '2022-08-10 11:44:51'),
(6, 'zwischensatz', '', '2022-08-10 11:44:59', '2022-08-10 11:44:59');

-- --------------------------------------------------------

--
-- Tabellenstruktur für Tabelle `tax_rates`
--

CREATE TABLE `tax_rates` (
  `tax_rates_id` int(11) NOT NULL,
  `tax_zone_id` int(11) NOT NULL DEFAULT '0',
  `tax_class_id` int(11) NOT NULL DEFAULT '0',
  `tax_priority` int(5) DEFAULT '1',
  `tax_rate` decimal(7,4) NOT NULL DEFAULT '0.0000',
  `tax_description` varchar(255) NOT NULL DEFAULT '',
  `last_modified` datetime DEFAULT NULL,
  `date_added` datetime NOT NULL DEFAULT '0000-00-00 00:00:00'
) ENGINE=MyISAM DEFAULT CHARSET=utf8;

--
-- Daten für Tabelle `tax_rates`
--

INSERT INTO `tax_rates` (`tax_rates_id`, `tax_zone_id`, `tax_class_id`, `tax_priority`, `tax_rate`, `tax_description`, `last_modified`, `date_added`) VALUES
(1, 5, 1, 1, 19.0000, 'UST 19%', '2006-12-27 10:39:14', '0000-00-00 00:00:00'),
(2, 5, 2, 1, 7.0000, 'UST 7%', '0000-00-00 00:00:00', '0000-00-00 00:00:00'),
(3, 6, 1, 1, 19.0000, 'USt. 19%', '2022-08-10 11:46:05', '0000-00-00 00:00:00'),
(4, 6, 2, 1, 7.0000, 'USt. 7%', '2022-08-10 11:46:19', '0000-00-00 00:00:00'),
(5, 8, 1, 1, 20.0000, 'USt. (AT) 20,00%', '0000-00-00 00:00:00', '2022-08-10 11:45:47'),
(6, 8, 2, 1, 10.0000, 'USt. (AT) 10,00%', '0000-00-00 00:00:00', '2022-08-10 11:45:47'),
(7, 8, 3, 1, 13.0000, 'USt. (AT) 13,00%', '0000-00-00 00:00:00', '2022-08-10 11:45:47'),
(8, 8, 6, 1, 13.0000, 'USt. (AT) 13,00%', '0000-00-00 00:00:00', '2022-08-10 11:45:47'),
(9, 9, 1, 1, 21.0000, 'USt. (BE) 21,00%', '0000-00-00 00:00:00', '2022-08-10 11:45:47'),
(10, 9, 2, 1, 6.0000, 'USt. (BE) 6,00%', '0000-00-00 00:00:00', '2022-08-10 11:45:47'),
(11, 9, 3, 1, 12.0000, 'USt. (BE) 12,00%', '0000-00-00 00:00:00', '2022-08-10 11:45:47'),
(12, 9, 6, 1, 12.0000, 'USt. (BE) 12,00%', '0000-00-00 00:00:00', '2022-08-10 11:45:47'),
(13, 10, 1, 1, 20.0000, 'USt. (BG) 20,00%', '0000-00-00 00:00:00', '2022-08-10 11:45:47'),
(14, 10, 2, 1, 9.0000, 'USt. (BG) 9,00%', '0000-00-00 00:00:00', '2022-08-10 11:45:47'),
(15, 11, 1, 1, 19.0000, 'USt. (CY) 19,00%', '0000-00-00 00:00:00', '2022-08-10 11:45:47'),
(16, 11, 2, 1, 5.0000, 'USt. (CY) 5,00%', '0000-00-00 00:00:00', '2022-08-10 11:45:47'),
(17, 11, 3, 1, 9.0000, 'USt. (CY) 9,00%', '0000-00-00 00:00:00', '2022-08-10 11:45:47'),
(18, 12, 1, 1, 21.0000, 'USt. (CZ) 21,00%', '0000-00-00 00:00:00', '2022-08-10 11:45:47'),
(19, 12, 2, 1, 12.0000, 'USt. (CZ) 12,00%', '2024-08-14 16:18:39', '2022-08-10 11:45:47'),
(21, 13, 1, 1, 19.0000, 'USt. (DE) 19,00%', '0000-00-00 00:00:00', '2022-08-10 11:45:47'),
(22, 13, 2, 1, 7.0000, 'USt. (DE) 7,00%', '0000-00-00 00:00:00', '2022-08-10 11:45:47'),
(23, 14, 1, 1, 25.0000, 'USt. (DK) 25,00%', '0000-00-00 00:00:00', '2022-08-10 11:45:47'),
(24, 15, 1, 1, 22.0000, 'USt. (EE) 22,00%', '2024-08-14 16:19:36', '2022-08-10 11:45:47'),
(25, 15, 2, 1, 9.0000, 'USt. (EE) 9,00%', '0000-00-00 00:00:00', '2022-08-10 11:45:47'),
(26, 16, 1, 1, 24.0000, 'USt. (GR) 24,00%', '0000-00-00 00:00:00', '2022-08-10 11:45:47'),
(27, 16, 2, 1, 6.0000, 'USt. (GR) 6,00%', '0000-00-00 00:00:00', '2022-08-10 11:45:47'),
(28, 16, 3, 1, 13.0000, 'USt. (GR) 13,00%', '0000-00-00 00:00:00', '2022-08-10 11:45:47'),
(29, 17, 1, 1, 21.0000, 'USt. (ES) 21,00%', '0000-00-00 00:00:00', '2022-08-10 11:45:47'),
(30, 17, 2, 1, 10.0000, 'USt. (ES) 10,00%', '0000-00-00 00:00:00', '2022-08-10 11:45:47'),
(31, 17, 4, 1, 4.0000, 'USt. (ES) 4,00%', '0000-00-00 00:00:00', '2022-08-10 11:45:47'),
(32, 18, 1, 1, 24.0000, 'USt. (FI) 24,00%', '0000-00-00 00:00:00', '2022-08-10 11:45:47'),
(33, 18, 2, 1, 10.0000, 'USt. (FI) 10,00%', '0000-00-00 00:00:00', '2022-08-10 11:45:47'),
(34, 18, 3, 1, 14.0000, 'USt. (FI) 14,00%', '0000-00-00 00:00:00', '2022-08-10 11:45:47'),
(35, 19, 1, 1, 20.0000, 'USt. (FR) 20,00%', '0000-00-00 00:00:00', '2022-08-10 11:45:47'),
(36, 19, 2, 1, 5.5000, 'USt. (FR) 5,50%', '0000-00-00 00:00:00', '2022-08-10 11:45:47'),
(37, 19, 3, 1, 10.0000, 'USt. (FR) 10,00%', '0000-00-00 00:00:00', '2022-08-10 11:45:47'),
(38, 19, 4, 1, 2.1000, 'USt. (FR) 2,10%', '0000-00-00 00:00:00', '2022-08-10 11:45:47'),
(39, 20, 1, 1, 25.0000, 'USt. (HR) 25,00%', '0000-00-00 00:00:00', '2022-08-10 11:45:47'),
(40, 20, 2, 1, 5.0000, 'USt. (HR) 5,00%', '0000-00-00 00:00:00', '2022-08-10 11:45:47'),
(41, 20, 3, 1, 13.0000, 'USt. (HR) 13,00%', '0000-00-00 00:00:00', '2022-08-10 11:45:47'),
(42, 21, 1, 1, 27.0000, 'USt. (HU) 27,00%', '0000-00-00 00:00:00', '2022-08-10 11:45:47'),
(43, 21, 2, 1, 5.0000, 'USt. (HU) 5,00%', '0000-00-00 00:00:00', '2022-08-10 11:45:47'),
(44, 21, 3, 1, 18.0000, 'USt. (HU) 18,00%', '0000-00-00 00:00:00', '2022-08-10 11:45:47'),
(45, 22, 1, 1, 23.0000, 'USt. (IE) 23,00%', '0000-00-00 00:00:00', '2022-08-10 11:45:47'),
(46, 22, 2, 1, 9.0000, 'USt. (IE) 9,00%', '0000-00-00 00:00:00', '2022-08-10 11:45:47'),
(47, 22, 3, 1, 13.5000, 'USt. (IE) 13,50%', '0000-00-00 00:00:00', '2022-08-10 11:45:47'),
(48, 22, 4, 1, 4.8000, 'USt. (IE) 4,80%', '0000-00-00 00:00:00', '2022-08-10 11:45:47'),
(49, 22, 6, 1, 13.5000, 'USt. (IE) 13,50%', '0000-00-00 00:00:00', '2022-08-10 11:45:47'),
(50, 23, 1, 1, 22.0000, 'USt. (IT) 22,00%', '0000-00-00 00:00:00', '2022-08-10 11:45:47'),
(51, 23, 2, 1, 5.0000, 'USt. (IT) 5,00%', '0000-00-00 00:00:00', '2022-08-10 11:45:47'),
(52, 23, 3, 1, 10.0000, 'USt. (IT) 10,00%', '0000-00-00 00:00:00', '2022-08-10 11:45:47'),
(53, 23, 4, 1, 4.0000, 'USt. (IT) 4,00%', '0000-00-00 00:00:00', '2022-08-10 11:45:47'),
(54, 24, 1, 1, 21.0000, 'USt. (LT) 21,00%', '0000-00-00 00:00:00', '2022-08-10 11:45:47'),
(55, 24, 2, 1, 5.0000, 'USt. (LT) 5,00%', '0000-00-00 00:00:00', '2022-08-10 11:45:47'),
(56, 24, 3, 1, 9.0000, 'USt. (LT) 9,00%', '0000-00-00 00:00:00', '2022-08-10 11:45:47'),
(57, 25, 1, 1, 17.0000, 'USt. (LU) 17,00%', '0000-00-00 00:00:00', '2022-08-10 11:45:47'),
(58, 25, 2, 1, 8.0000, 'USt. (LU) 8,00%', '0000-00-00 00:00:00', '2022-08-10 11:45:47'),
(59, 25, 4, 1, 3.0000, 'USt. (LU) 3,00%', '0000-00-00 00:00:00', '2022-08-10 11:45:47'),
(60, 25, 6, 1, 14.0000, 'USt. (LU) 14,00%', '0000-00-00 00:00:00', '2022-08-10 11:45:47'),
(61, 26, 1, 1, 21.0000, 'USt. (LV) 21,00%', '0000-00-00 00:00:00', '2022-08-10 11:45:47'),
(62, 26, 2, 1, 12.0000, 'USt. (LV) 12,00%', '0000-00-00 00:00:00', '2022-08-10 11:45:47'),
(63, 26, 3, 1, 5.0000, 'USt. (LV) 5,00%', '0000-00-00 00:00:00', '2022-08-10 11:45:47'),
(64, 27, 1, 1, 18.0000, 'USt. (MT) 18,00%', '0000-00-00 00:00:00', '2022-08-10 11:45:47'),
(65, 27, 2, 1, 5.0000, 'USt. (MT) 5,00%', '0000-00-00 00:00:00', '2022-08-10 11:45:47'),
(66, 27, 3, 1, 7.0000, 'USt. (MT) 7,00%', '0000-00-00 00:00:00', '2022-08-10 11:45:47'),
(67, 28, 1, 1, 21.0000, 'USt. (NL) 21,00%', '0000-00-00 00:00:00', '2022-08-10 11:45:47'),
(68, 28, 2, 1, 9.0000, 'USt. (NL) 9,00%', '0000-00-00 00:00:00', '2022-08-10 11:45:47'),
(69, 29, 1, 1, 23.0000, 'USt. (PL) 23,00%', '0000-00-00 00:00:00', '2022-08-10 11:45:47'),
(70, 29, 2, 1, 5.0000, 'USt. (PL) 5,00%', '0000-00-00 00:00:00', '2022-08-10 11:45:47'),
(71, 29, 3, 1, 8.0000, 'USt. (PL) 8,00%', '0000-00-00 00:00:00', '2022-08-10 11:45:47'),
(72, 30, 1, 1, 23.0000, 'USt. (PT) 23,00%', '0000-00-00 00:00:00', '2022-08-10 11:45:47'),
(73, 30, 2, 1, 6.0000, 'USt. (PT) 6,00%', '0000-00-00 00:00:00', '2022-08-10 11:45:47'),
(74, 30, 3, 1, 13.0000, 'USt. (PT) 13,00%', '0000-00-00 00:00:00', '2022-08-10 11:45:47'),
(75, 30, 6, 1, 13.0000, 'USt. (PT) 13,00%', '0000-00-00 00:00:00', '2022-08-10 11:45:47'),
(76, 31, 1, 1, 19.0000, 'USt. (RO) 19,00%', '0000-00-00 00:00:00', '2022-08-10 11:45:47'),
(77, 31, 2, 1, 5.0000, 'USt. (RO) 5,00%', '0000-00-00 00:00:00', '2022-08-10 11:45:47'),
(78, 31, 3, 1, 9.0000, 'USt. (RO) 9,00%', '0000-00-00 00:00:00', '2022-08-10 11:45:47'),
(79, 32, 1, 1, 25.0000, 'USt. (SE) 25,00%', '0000-00-00 00:00:00', '2022-08-10 11:45:47'),
(80, 32, 2, 1, 6.0000, 'USt. (SE) 6,00%', '0000-00-00 00:00:00', '2022-08-10 11:45:47'),
(81, 32, 3, 1, 12.0000, 'USt. (SE) 12,00%', '0000-00-00 00:00:00', '2022-08-10 11:45:47'),
(82, 33, 1, 1, 22.0000, 'USt. (SI) 22,00%', '0000-00-00 00:00:00', '2022-08-10 11:45:47'),
(83, 33, 2, 1, 9.5000, 'USt. (SI) 9,50%', '0000-00-00 00:00:00', '2022-08-10 11:45:47'),
(84, 34, 1, 1, 20.0000, 'USt. (SK) 20,00%', '0000-00-00 00:00:00', '2022-08-10 11:45:47'),
(85, 34, 2, 1, 10.0000, 'USt. (SK) 10,00%', '0000-00-00 00:00:00', '2022-08-10 11:45:47');

-- --------------------------------------------------------

--
-- Tabellenstruktur für Tabelle `testeo`
--

CREATE TABLE `testeo` (
  `yourID` int(11) NOT NULL DEFAULT '0',
  `testeoGrade` varchar(64) NOT NULL DEFAULT '',
  `sourceCode` text NOT NULL
) ENGINE=MyISAM DEFAULT CHARSET=utf8;

-- --------------------------------------------------------

--
-- Tabellenstruktur für Tabelle `units`
--

CREATE TABLE `units` (
  `units_id` int(11) NOT NULL,
  `units_title` varchar(64) NOT NULL DEFAULT ''
) ENGINE=MyISAM DEFAULT CHARSET=utf8;

--
-- Daten für Tabelle `units`
--

INSERT INTO `units` (`units_id`, `units_title`) VALUES
(1, '2er'),
(2, '4er'),
(3, '6er');

-- --------------------------------------------------------

--
-- Tabellenstruktur für Tabelle `units_description`
--

CREATE TABLE `units_description` (
  `units_description_id` int(11) NOT NULL,
  `units_id` int(11) NOT NULL DEFAULT '0',
  `language_id` int(11) NOT NULL DEFAULT '0',
  `units_value` varchar(64) NOT NULL DEFAULT ''
) ENGINE=MyISAM DEFAULT CHARSET=utf8;

--
-- Daten für Tabelle `units_description`
--

INSERT INTO `units_description` (`units_description_id`, `units_id`, `language_id`, `units_value`) VALUES
(1, 1, 2, '2'),
(2, 2, 2, '4'),
(3, 3, 2, '6');

-- --------------------------------------------------------

--
-- Tabellenstruktur für Tabelle `un_classifications`
--

CREATE TABLE `un_classifications` (
  `un_classifications_id` int(11) NOT NULL,
  `un_title` varchar(128) COLLATE utf8mb4_unicode_ci NOT NULL,
  `un_description` text COLLATE utf8mb4_unicode_ci NOT NULL,
  `un_image` varchar(255) COLLATE utf8mb4_unicode_ci NOT NULL
) ENGINE=InnoDB DEFAULT CHARSET=utf8mb4 COLLATE=utf8mb4_unicode_ci;

-- --------------------------------------------------------

--
-- Tabellenstruktur für Tabelle `userprofile_emailfilter_addresses`
--

CREATE TABLE `userprofile_emailfilter_addresses` (
  `userprofile_emailfilter_addresses_id` int(11) NOT NULL,
  `customers_id` int(11) NOT NULL COMMENT 'wer hat die addresse hinterlegt',
  `email_address` varchar(255) NOT NULL,
  `date_added` date NOT NULL
) ENGINE=MyISAM DEFAULT CHARSET=utf8;

-- --------------------------------------------------------

--
-- Tabellenstruktur für Tabelle `wishlist_attributes`
--

CREATE TABLE `wishlist_attributes` (
  `attributes_id` int(11) NOT NULL,
  `customers_id` int(11) NOT NULL DEFAULT '0',
  `wishlist_products_id` int(11) NOT NULL DEFAULT '0',
  `products_options_id` int(11) NOT NULL DEFAULT '0',
  `products_options_value_id` int(11) NOT NULL DEFAULT '0'
) ENGINE=MyISAM DEFAULT CHARSET=utf8;

-- --------------------------------------------------------

--
-- Tabellenstruktur für Tabelle `wishlist_customers`
--

CREATE TABLE `wishlist_customers` (
  `id` int(11) NOT NULL,
  `customers_id` int(11) NOT NULL DEFAULT '0',
  `create_date` datetime NOT NULL DEFAULT '0000-00-00 00:00:00',
  `memo` text NOT NULL
) ENGINE=InnoDB DEFAULT CHARSET=utf8;

--
-- Daten für Tabelle `wishlist_customers`
--

INSERT INTO `wishlist_customers` (`id`, `customers_id`, `create_date`, `memo`) VALUES
(1, 1, '2019-04-23 13:38:20', '');

-- --------------------------------------------------------

--
-- Tabellenstruktur für Tabelle `wishlist_products`
--

CREATE TABLE `wishlist_products` (
  `id` int(11) NOT NULL,
  `wishlist_customers_id` int(11) NOT NULL DEFAULT '0',
  `products_id` int(11) NOT NULL DEFAULT '0',
  `quantity` int(11) NOT NULL DEFAULT '0',
  `memo` text NOT NULL,
  `wishstatus` int(1) NOT NULL DEFAULT '0',
  `ordered` int(3) NOT NULL DEFAULT '0',
  `create_date` datetime NOT NULL DEFAULT '0000-00-00 00:00:00'
) ENGINE=InnoDB DEFAULT CHARSET=utf8;

-- --------------------------------------------------------

--
-- Tabellenstruktur für Tabelle `wrapping_counter`
--

CREATE TABLE `wrapping_counter` (
  `wrapping_counter_id` int(11) NOT NULL,
  `orders_id` int(11) NOT NULL DEFAULT '0',
  `branches_id` int(11) NOT NULL DEFAULT '0',
  `date_added` datetime NOT NULL DEFAULT '0000-00-00 00:00:00',
  `date_fetched` datetime NOT NULL DEFAULT '0000-00-00 00:00:00'
) ENGINE=MyISAM DEFAULT CHARSET=utf8;

--
-- Daten für Tabelle `wrapping_counter`
--

INSERT INTO `wrapping_counter` (`wrapping_counter_id`, `orders_id`, `branches_id`, `date_added`, `date_fetched`) VALUES
(1, 8, 0, '2010-01-02 18:44:12', '0000-00-00 00:00:00'),
(2, 12, 0, '2010-03-25 19:52:43', '0000-00-00 00:00:00'),
(3, 19, 0, '2013-11-06 17:25:57', '0000-00-00 00:00:00'),
(4, 5129, 0, '2025-06-28 07:22:44', '0000-00-00 00:00:00');

-- --------------------------------------------------------

--
-- Tabellenstruktur für Tabelle `yesDSGVO_consents`
--

CREATE TABLE `yesDSGVO_consents` (
  `yesDSGVO_consents_id` int(11) NOT NULL,
  `consent` varchar(64) COLLATE utf8mb4_unicode_ci NOT NULL,
  `userip` varchar(32) COLLATE utf8mb4_unicode_ci NOT NULL,
  `cid` varchar(16) COLLATE utf8mb4_unicode_ci DEFAULT NULL,
  `date_saved` datetime NOT NULL
) ENGINE=MyISAM DEFAULT CHARSET=utf8mb4 COLLATE=utf8mb4_unicode_ci;

--
-- Daten für Tabelle `yesDSGVO_consents`
--

INSERT INTO `yesDSGVO_consents` (`yesDSGVO_consents_id`, `consent`, `userip`, `cid`, `date_saved`) VALUES
(379, '1', '2a02:3100:847b:8600:143d:2af6:1a', 'UWVX6Aatk2wQWfV', '2025-10-17 11:49:13'),
(410, '1', '2a04:4540:6400:2400:4463:89f:5ea', 'kzkHXWUpCepdCpa', '2025-11-11 02:43:38'),
(412, '1', '2a02:810b:4287:9600:1d96:6aca:d7', 'XjuebX8MwfJ69dr', '2025-11-12 16:03:16'),
(423, '1', '2a02:908:d513:1d80:5484:573:db7b', '7qjvtUPcb2BMPN9', '2025-11-26 20:34:43'),
(424, '1', '87.190.63.138', 'e6vZjJQAkyqhgqG', '2025-11-27 10:11:13'),
(425, '1', '93.242.163.59', 'FZcuhUCrB2KpUUe', '2025-11-28 21:36:15'),
(430, '1', '2a09:bac2:293e:1282::1d8:205', 'khYzW4HjxtJEx5B', '2025-12-07 11:54:10'),
(431, '1', '176.3.20.191', '8CKDmaQSZhNp6rN', '2025-12-10 04:26:18'),
(433, '1', '2001:16b8:61e4:a400:55db:e732:ad', 'aw5bv5xyUVFFDZs', '2025-12-12 21:16:32'),
(434, '1', '2001:7e8:f8d6:dc01:b424:c2e7:7e8', 'BjVlD63ebAlsXdD', '2025-12-13 08:43:38'),
(435, '1', '2a04:4540:6401:dc00:983d:fd67:d7', 'scPVdQGA0Be7HFM', '2025-12-13 10:42:33'),
(428, '1', '195.52.50.224', 'tMSZUPvyhg2AZfM', '2025-12-06 21:30:50'),
(439, '1', '2a04:4540:640a:c500:d9bc:ae2a:5b', 'huYg4JdKVzB0ZHa', '2025-12-14 16:48:52'),
(353, '1', '2a01:599:70a:99e4:5da9:344d:6ea0', 'bsAtHJ5TuqYYt90', '2025-09-17 20:09:27'),
(354, '1', '2001:16b8:61b4:8b00:19d1:d578:65', 'xQtRwX8s2dU9YXz', '2025-09-18 09:39:54'),
(352, '1', '2003:e5:e71f:3326:d68f:a2ff:fea0', 'XnjfakSeqfmalXf', '2025-09-16 19:45:16'),
(358, '1', '213.142.96.216', 'TKKrnl5M8seh7Ya', '2025-09-22 19:24:00'),
(357, '1', '2001:9e8:e237:2700:d13c:74f2:6c3', 'zdNKl36AsPGXZcd', '2025-09-22 14:27:25'),
(375, '1', '2a04:4540:6405:4100:b52f:a637:97', 'qZMUGUeACywU2l9', '2025-10-14 07:07:43'),
(380, '1', '176.4.228.25', 'wPpFfm6rCd9eBhW', '2025-10-18 22:02:53'),
(382, '1', '2a02:3100:8323:3a00:f4a7:c727:ba', 'JBkJfuqHsZKehk3', '2025-10-23 15:16:36'),
(383, '1', '2a02:3100:8323:3a00:f4a7:c727:ba', 'eNzNKY7GaTqLPSa', '2025-10-23 16:12:52'),
(384, '1', '2a02:3100:8323:3a00:f4a7:c727:ba', 'Z6h9cJRgl7pvbrT', '2025-10-23 16:14:17'),
(386, '1', '2a02:26f7:ec4c:fc27:0:d000:0:3', 'UsS9PfYKSqyx5hZ', '2025-10-23 16:20:55'),
(387, '', '2003:ca:d71f:a401:cdec:a8f6:e376', 'tCMwPav0jldjWCE', '2025-10-23 22:01:24'),
(402, '1', '2003:ff:2702:9700:1461:f08e:44aa', 'JBKlw4LthXDM0L5', '2025-11-04 22:37:49'),
(403, '1', '84.128.121.192', '92tSXTn6xZZrNpu', '2025-11-04 23:18:26'),
(413, '1', '2a02:3100:8802:4800:28fb:8ec4:b8', 'LWftdUWHcYGAWhX', '2025-11-12 17:14:33'),
(392, '1', '2001:9e8:fba9:3600:f07f:65bd:e09', 'rZsPd9rL9BHta4H', '2025-10-29 17:13:17'),
(398, '1', '2a02:810d:1e91:f300:110d:286a:ad', 'Mlh2seZhTQrRsDc', '2025-11-03 21:24:12'),
(401, '', '2003:e2:7f1f:1b00:d8ae:f2b3:2cb7', 'PRpy6xZSWxTG9GX', '2025-11-04 16:03:30'),
(399, '1', '2a02:810a:1306:3d00:5a96:6059:3b', 'B9sess3MCCdwYbt', '2025-11-04 10:42:23'),
(400, '1', '2a02:3100:8b77:df00:fd95:aad8:6a', '9Lc86DuNydyX205', '2025-11-04 15:45:34'),
(416, '1', '2a01:599:611:f917:35fd:6370:6096', 'ymXcR5PLVFvjJTc', '2025-11-14 21:51:56'),
(409, '1', '91.214.65.136', 'tXjEp99BK0PCXcq', '2025-11-10 23:28:04'),
(415, '1', '2003:f7:df29:a605:2254:aa02:2444', '95vjySh9AAVXKLK', '2025-11-13 21:12:58'),
(411, '1', '2a02:810b:4287:9600:35d5:b2b0:44', 'PLvN7SChRn5BaJL', '2025-11-12 15:59:07'),
(440, '1', '2a04:4540:6423:4100:a468:68:faf0', 'UlhYXpb5wbzNwgM', '2025-12-15 07:55:16'),
(355, '1', '185.159.201.192', 'wQr79c4e4KdxQN8', '2025-09-20 05:21:29'),
(437, '1', '3.64.194.134', 'KySYMym6sWCskSc', '2025-12-13 16:31:03'),
(438, '1', '2001:16b8:6112:7a00:f52c:7f02:e8', 'VdllAqSdEPnzdEG', '2025-12-14 10:54:49'),
(359, '1', '2003:f2:6741:7400:85f5:5ffa:e737', 'SghWCak5swjXdYm', '2025-09-23 16:30:33'),
(360, '1', '2a04:4540:6403:4d00:71f6:f5fd:99', 'YhgyDYC4qDpBgGS', '2025-09-24 13:44:10'),
(370, '1', '2a00:fbc:ed45:a2fd:2c51:deca:e26', 'EMnLnsx3ZFsFg7J', '2025-10-06 17:21:54'),
(369, '1', '2001:16b8:6172:c600:68b6:bf63:98', '0Et8a85kqdUxfTk', '2025-10-06 17:16:51'),
(377, '1', '185.104.138.115', 'az2lsHrY4ECWspp', '2025-10-15 15:06:47'),
(376, '1', '2a00:20:404a:7b52:3c0f:4740:5ceb', 'zd8Yywvb3LEavBa', '2025-10-15 08:53:58'),
(388, '1', '91.26.76.218', '8uyUWAGeJsPA5DT', '2025-10-24 07:58:26'),
(385, '1', '2a02:3100:8323:3a00:f4a7:c727:ba', 'hT266qaYwljFJ8p', '2025-10-23 16:17:59'),
(414, '1', '2a04:4540:6409:c100:d856:f7c5:3e', '8yF5MVtdLAdmBTv', '2025-11-13 09:56:15'),
(391, '1', '2003:f8:e707:9100:42c6:b2f4:b02c', 'yxB4ymznUvv7TPQ', '2025-10-28 21:32:29'),
(390, '1', '2001:16b8:6367:800:a146:9814:a68', 'yKSGrfE3ENEhyq3', '2025-10-28 11:02:34'),
(389, '1', '2001:9e8:af5:8000:9bfc:9008:40f8', 'SV2S8JCYn7Vb4qW', '2025-10-28 02:59:18'),
(393, '1', '2a02:3100:81b2:f400:6c3b:463e:67', 'bM0MRB2LMJjt4LK', '2025-10-30 15:35:25'),
(394, '1', '2a0a:a547:a11c:0:e825:5668:4e98:', 'dJJEhENCw03d9eU', '2025-10-31 22:11:24'),
(396, '1', '91.214.65.132', '9FZZEHlxeSjsaEj', '2025-11-03 11:11:48'),
(395, '1', '37.19.223.214', '688LsQ3WRyukwRv', '2025-11-03 01:45:05'),
(397, '1', '2001:16b8:63f9:5000:44ae:9a1b:26', 'SjEBrCvM6J5zVCn', '2025-11-03 15:12:13'),
(406, '1', '2a02:3100:87f9:f600:80d3:2af9:33', '5SH2s4tNpsB6m0P', '2025-11-08 13:15:20'),
(407, '1', '2a02:3100:87f9:f600:b196:8021:92', 'CwkfFcMdqkVPVz9', '2025-11-08 15:02:17'),
(404, '1', '2003:fb:df2b:9b6c:c484:51c0:31c9', 'qg7ZfAfuWpDDdxc', '2025-11-06 00:28:04'),
(405, '1', '2a02:3037:30a:3938:c5ad:e257:edf', 'a6uKjZqtwkU2Mcf', '2025-11-06 15:08:16'),
(408, '1', '2003:e6:ff0a:9400:1d4a:d27b:f389', 'DjUSjWVDF8yGjdc', '2025-11-09 20:56:38'),
(417, '1', '2a02:26f7:ec48:67c2:0:e000:0:4', 's3Guc93pKWNSjKX', '2025-11-17 04:35:55'),
(419, '1', '2001:16b8:6169:a800:4d5c:baea:5a', 'mMBFbXdek2m0rdu', '2025-11-17 14:27:55'),
(418, '1', '2a02:3100:887e:d000:6896:9a9a:8a', 'kY6RxFEd5Y5exTV', '2025-11-17 12:51:39'),
(421, '1', '2a02:3038:262:7600:a4f0:2132:145', 'hbfyzbFArZT8WPk', '2025-11-19 19:18:24'),
(422, '1', '2a09:bac2:2acd:1b4b::2b8:114', '7MEX52kEQAaXnzS', '2025-11-22 15:59:24'),
(420, '1', '2003:f9:d71f:1e00:1809:288d:a2f7', 'pqXS5WmtGB2c8rN', '2025-11-18 19:54:02'),
(426, '1', '2a00:fbc:e32b:80f4:d15d:b431:270', 'xB8es5QK2tZKA0Q', '2025-12-01 11:49:59'),
(427, '1', '2a02:810d:9b1c:1a00:d975:8b53:24', 'ug5WxgJcXpWBBB6', '2025-12-04 11:14:13'),
(429, '1', '2a02:908:8c4:eb40:b8c8:4951:1573', 'JXPNbQTbADLcrtD', '2025-12-07 10:22:32'),
(436, '1', '2001:16b8:61fb:ad00:f52c:7f02:e8', 'slF80xabcv0m8KR', '2025-12-13 11:53:55'),
(432, '1', '2a00:20:635d:ee6b:bc89:e801:a533', 'RAZ76YHhZLSABWN', '2025-12-11 22:29:02'),
(356, '1', '2a02:8108:8f82:b300:784a:f3c6:82', '2xBGW8gaSsrhRLU', '2025-09-21 23:41:41'),
(363, '1', '2003:dd:6f2b:7ff:24b0:df77:9cd7:', 'MpwrhLRGR2AyKCz', '2025-09-27 15:41:06'),
(362, '1', '2003:c3:774d:8b00:b0a6:f857:45a:', 'qbQRmxZHus4NHxT', '2025-09-27 12:38:16'),
(361, '1', '2001:4bc9:1f9b:993:502f:b494:3ff', 'XkvyKFU7QMSDchy', '2025-09-26 19:14:23'),
(364, '1', '2003:f4:a712:4a6:a1fc:bb6d:715f:', 'z59HhvCDTUbWFv3', '2025-10-01 01:44:31'),
(365, '1', '2a00:fbc:ed1a:df80::2', 'bvuuX4kjaLjtgx6', '2025-10-01 17:55:27'),
(366, '1', '2001:16b8:63e4:6400:75c8:f24b:20', 'CmFSPQ6LEL4Apgr', '2025-10-02 08:37:19'),
(367, '1', '2a02:3100:896c:8600:3110:8ce2:3c', 'n8mVRSwPY0MJ2E8', '2025-10-02 12:20:45'),
(371, '1', '2003:cb:5730:ff00:d9c9:2dc5:3f6e', 'KnTxKazd2Ag2zuC', '2025-10-07 17:48:27'),
(368, '1', '2a02:b98:8b0d:e900:7845:576:2584', 'lbYQgyQpfG7YgEX', '2025-10-04 16:22:30'),
(372, '1', '2a02:8108:8f82:b300:81a2:773:7ea', 'UWnEQaPHJbXvbCk', '2025-10-09 23:47:48'),
(373, '1', '95.223.79.154', 'BxM6HDTB7NTCvNj', '2025-10-11 07:03:21'),
(378, '1', '2a02:3038:264:f50b:a076:164b:34c', 'DPxNsSZCqpTljWz', '2025-10-16 01:08:15'),
(374, '1', '2a01:599:727:f509:c586:eda8:b4d2', 'BmYyWZPuMz8fy5m', '2025-10-13 11:35:33'),
(381, '', '2001:4bb8:17c:7800:14f7:9eff:fef', 'RsfWJyRNKqTlTeP', '2025-10-21 18:07:09');

-- --------------------------------------------------------

--
-- Tabellenstruktur für Tabelle `yes_amazon_pay_refunds`
--

CREATE TABLE `yes_amazon_pay_refunds` (
  `yes_amazon_pay_refunds_id` int(11) NOT NULL,
  `AmazonRefundId` varchar(32) NOT NULL,
  `RefundReferenceId` varchar(32) NOT NULL,
  `SellerRefundNote` text NOT NULL,
  `RefundType` varchar(32) NOT NULL,
  `Currency` varchar(3) NOT NULL,
  `RefundedAmount` decimal(15,4) NOT NULL,
  `FeeRefunded` decimal(15,4) NOT NULL,
  `RefundStatus` varchar(16) NOT NULL,
  `date_created` datetime NOT NULL,
  `yes_amazon_pay_reference_id` varchar(32) NOT NULL
) ENGINE=InnoDB DEFAULT CHARSET=utf8;

-- --------------------------------------------------------

--
-- Tabellenstruktur für Tabelle `yes_cron_exports`
--

CREATE TABLE `yes_cron_exports` (
  `yes_cron_exports_id` int(11) NOT NULL,
  `name` varchar(64) NOT NULL,
  `date_added` datetime NOT NULL,
  `last_export` datetime NOT NULL,
  `use_heading_row` int(1) NOT NULL,
  `ini_file` varchar(64) NOT NULL,
  `current_export` int(1) NOT NULL,
  `current_export_page` int(2) NOT NULL,
  `export_filename` varchar(64) NOT NULL,
  `export_linked_products` int(1) NOT NULL,
  `cat` varchar(255) NOT NULL,
  `allCat` int(1) NOT NULL,
  `distributors_id` int(11) NOT NULL,
  `export_interval_in_hours` int(11) NOT NULL
) ENGINE=InnoDB DEFAULT CHARSET=utf8;

-- --------------------------------------------------------

--
-- Tabellenstruktur für Tabelle `yes_cron_export_heading_rows`
--

CREATE TABLE `yes_cron_export_heading_rows` (
  `yes_cron_export_heading_rows_id` int(11) NOT NULL,
  `yes_cron_exports_id` int(11) NOT NULL,
  `sort_order` int(11) NOT NULL,
  `name` varchar(128) NOT NULL
) ENGINE=InnoDB DEFAULT CHARSET=utf8;

-- --------------------------------------------------------

--
-- Tabellenstruktur für Tabelle `yes_help`
--

CREATE TABLE `yes_help` (
  `help_id` int(11) NOT NULL,
  `help_title` varchar(128) NOT NULL DEFAULT '',
  `help_text` text NOT NULL,
  `last_change` timestamp NOT NULL DEFAULT CURRENT_TIMESTAMP
) ENGINE=MyISAM DEFAULT CHARSET=utf8;

-- --------------------------------------------------------

--
-- Tabellenstruktur für Tabelle `yes_xmlrpc_import_config`
--

CREATE TABLE `yes_xmlrpc_import_config` (
  `yes_xmlrpc_import_config_id` int(11) NOT NULL,
  `yes_xmlrpc_remote_token_id` int(11) NOT NULL,
  `languages` text NOT NULL,
  `manufacturers` text NOT NULL,
  `import_categories_id` int(11) NOT NULL,
  `shipping_statuses` text NOT NULL,
  `units` text NOT NULL,
  `products_vpe` text NOT NULL
) ENGINE=InnoDB DEFAULT CHARSET=utf8;

-- --------------------------------------------------------

--
-- Tabellenstruktur für Tabelle `yes_xmlrpc_products`
--

CREATE TABLE `yes_xmlrpc_products` (
  `yes_xmlrpc_products_id` int(11) NOT NULL,
  `yes_xmlrpc_remote_token_id` int(11) NOT NULL,
  `products_id` int(11) NOT NULL,
  `remote_products_id` int(11) NOT NULL,
  `date_added` datetime NOT NULL,
  `imported` int(1) NOT NULL,
  `remote_set_id` varchar(32) NOT NULL
) ENGINE=InnoDB DEFAULT CHARSET=utf8;

-- --------------------------------------------------------

--
-- Tabellenstruktur für Tabelle `zones`
--

CREATE TABLE `zones` (
  `zone_id` int(11) NOT NULL,
  `zone_country_id` int(11) NOT NULL DEFAULT '0',
  `zone_code` varchar(32) NOT NULL DEFAULT '',
  `zone_name` varchar(32) NOT NULL DEFAULT ''
) ENGINE=MyISAM DEFAULT CHARSET=utf8;

--
-- Daten für Tabelle `zones`
--

INSERT INTO `zones` (`zone_id`, `zone_country_id`, `zone_code`, `zone_name`) VALUES
(1, 223, 'AL', 'Alabama'),
(2, 223, 'AK', 'Alaska'),
(3, 223, 'AS', 'American Samoa'),
(4, 223, 'AZ', 'Arizona'),
(5, 223, 'AR', 'Arkansas'),
(6, 223, 'AF', 'Armed Forces Africa'),
(7, 223, 'AA', 'Armed Forces Americas'),
(8, 223, 'AC', 'Armed Forces Canada'),
(9, 223, 'AE', 'Armed Forces Europe'),
(10, 223, 'AM', 'Armed Forces Middle East'),
(11, 223, 'AP', 'Armed Forces Pacific'),
(12, 223, 'CA', 'California'),
(13, 223, 'CO', 'Colorado'),
(14, 223, 'CT', 'Connecticut'),
(15, 223, 'DE', 'Delaware'),
(16, 223, 'DC', 'District of Columbia'),
(17, 223, 'FM', 'Federated States Of Micronesia'),
(18, 223, 'FL', 'Florida'),
(19, 223, 'GA', 'Georgia'),
(20, 223, 'GU', 'Guam'),
(21, 223, 'HI', 'Hawaii'),
(22, 223, 'ID', 'Idaho'),
(23, 223, 'IL', 'Illinois'),
(24, 223, 'IN', 'Indiana'),
(25, 223, 'IA', 'Iowa'),
(26, 223, 'KS', 'Kansas'),
(27, 223, 'KY', 'Kentucky'),
(28, 223, 'LA', 'Louisiana'),
(29, 223, 'ME', 'Maine'),
(30, 223, 'MH', 'Marshall Islands'),
(31, 223, 'MD', 'Maryland'),
(32, 223, 'MA', 'Massachusetts'),
(33, 223, 'MI', 'Michigan'),
(34, 223, 'MN', 'Minnesota'),
(35, 223, 'MS', 'Mississippi'),
(36, 223, 'MO', 'Missouri'),
(37, 223, 'MT', 'Montana'),
(38, 223, 'NE', 'Nebraska'),
(39, 223, 'NV', 'Nevada'),
(40, 223, 'NH', 'New Hampshire'),
(41, 223, 'NJ', 'New Jersey'),
(42, 223, 'NM', 'New Mexico'),
(43, 223, 'NY', 'New York'),
(44, 223, 'NC', 'North Carolina'),
(45, 223, 'ND', 'North Dakota'),
(46, 223, 'MP', 'Northern Mariana Islands'),
(47, 223, 'OH', 'Ohio'),
(48, 223, 'OK', 'Oklahoma'),
(49, 223, 'OR', 'Oregon'),
(50, 223, 'PW', 'Palau'),
(51, 223, 'PA', 'Pennsylvania'),
(52, 223, 'PR', 'Puerto Rico'),
(53, 223, 'RI', 'Rhode Island'),
(54, 223, 'SC', 'South Carolina'),
(55, 223, 'SD', 'South Dakota'),
(56, 223, 'TN', 'Tennessee'),
(57, 223, 'TX', 'Texas'),
(58, 223, 'UT', 'Utah'),
(59, 223, 'VT', 'Vermont'),
(60, 223, 'VI', 'Virgin Islands'),
(61, 223, 'VA', 'Virginia'),
(62, 223, 'WA', 'Washington'),
(63, 223, 'WV', 'West Virginia'),
(64, 223, 'WI', 'Wisconsin'),
(65, 223, 'WY', 'Wyoming'),
(66, 38, 'AB', 'Alberta'),
(67, 38, 'BC', 'British Columbia'),
(68, 38, 'MB', 'Manitoba'),
(69, 38, 'NF', 'Newfoundland'),
(70, 38, 'NB', 'New Brunswick'),
(71, 38, 'NS', 'Nova Scotia'),
(72, 38, 'NT', 'Northwest Territories'),
(73, 38, 'NU', 'Nunavut'),
(74, 38, 'ON', 'Ontario'),
(75, 38, 'PE', 'Prince Edward Island'),
(76, 38, 'QC', 'Quebec'),
(77, 38, 'SK', 'Saskatchewan'),
(78, 38, 'YT', 'Yukon Territory'),
(79, 81, 'NDS', 'Niedersachsen'),
(80, 81, 'BAW', 'Baden-Württemberg'),
(81, 81, 'BAY', 'Bayern'),
(82, 81, 'BER', 'Berlin'),
(83, 81, 'BRG', 'Brandenburg'),
(84, 81, 'BRE', 'Bremen'),
(85, 81, 'HAM', 'Hamburg'),
(86, 81, 'HES', 'Hessen'),
(87, 81, 'MEC', 'Mecklenburg-Vorpommern'),
(88, 81, 'NRW', 'Nordrhein-Westfalen'),
(89, 81, 'RHE', 'Rheinland-Pfalz'),
(90, 81, 'SAR', 'Saarland'),
(91, 81, 'SAS', 'Sachsen'),
(92, 81, 'SAC', 'Sachsen-Anhalt'),
(93, 81, 'SCN', 'Schleswig-Holstein'),
(94, 81, 'THE', 'Thüringen'),
(95, 14, 'WI', 'Wien'),
(96, 14, 'NO', 'NiederÃƒÆ’Ã‚Æ’Ãƒââ'),
(97, 14, 'OO', 'OberÃƒÆ’Ã‚Æ’Ãƒâ€'),
(98, 14, 'SB', 'Salzburg'),
(99, 14, 'KN', 'KÃƒÆ’Ã‚Æ’Ãƒâ€šÃ'),
(100, 14, 'ST', 'Steiermark'),
(101, 14, 'TI', 'Tirol'),
(102, 14, 'BL', 'Burgenland'),
(103, 14, 'VB', 'Voralberg'),
(104, 204, 'AG', 'Aargau'),
(105, 204, 'AI', 'Appenzell Innerrhoden'),
(106, 204, 'AR', 'Appenzell Ausserrhoden'),
(107, 204, 'BE', 'Bern'),
(108, 204, 'BL', 'Basel-Landschaft'),
(109, 204, 'BS', 'Basel-Stadt'),
(110, 204, 'FR', 'Freiburg'),
(111, 204, 'GE', 'Genf'),
(112, 204, 'GL', 'Glarus'),
(113, 204, 'JU', 'GraubÃƒÆ’Ã‚Æ’Ãƒââ‚'),
(114, 204, 'JU', 'Jura'),
(115, 204, 'LU', 'Luzern'),
(116, 204, 'NE', 'Neuenburg'),
(117, 204, 'NW', 'Nidwalden'),
(118, 204, 'OW', 'Obwalden'),
(119, 204, 'SG', 'St. Gallen'),
(120, 204, 'SH', 'Schaffhausen'),
(121, 204, 'SO', 'Solothurn'),
(122, 204, 'SZ', 'Schwyz'),
(123, 204, 'TG', 'Thurgau'),
(124, 204, 'TI', 'Tessin'),
(125, 204, 'UR', 'Uri'),
(126, 204, 'VD', 'Waadt'),
(127, 204, 'VS', 'Wallis'),
(128, 204, 'ZG', 'Zug'),
(129, 204, 'ZH', 'ZÃƒÆ’Ã‚Æ’Ãƒâ€šÃ'),
(130, 195, 'A CoruÃƒÆ’Ã‚Æ’Ãƒââ', 'A CoruÃƒÆ’Ã‚Æ’Ãƒââ'),
(131, 195, 'Alava', 'Alava'),
(132, 195, 'Albacete', 'Albacete'),
(133, 195, 'Alicante', 'Alicante'),
(134, 195, 'Almeria', 'Almeria'),
(135, 195, 'Asturias', 'Asturias'),
(136, 195, 'Avila', 'Avila'),
(137, 195, 'Badajoz', 'Badajoz'),
(138, 195, 'Baleares', 'Baleares'),
(139, 195, 'Barcelona', 'Barcelona'),
(140, 195, 'Burgos', 'Burgos'),
(141, 195, 'Caceres', 'Caceres'),
(142, 195, 'Cadiz', 'Cadiz'),
(143, 195, 'Cantabria', 'Cantabria'),
(144, 195, 'Castellon', 'Castellon'),
(145, 195, 'Ceuta', 'Ceuta'),
(146, 195, 'Ciudad Real', 'Ciudad Real'),
(147, 195, 'Cordoba', 'Cordoba'),
(148, 195, 'Cuenca', 'Cuenca'),
(149, 195, 'Girona', 'Girona'),
(150, 195, 'Granada', 'Granada'),
(151, 195, 'Guadalajara', 'Guadalajara'),
(152, 195, 'Guipuzcoa', 'Guipuzcoa'),
(153, 195, 'Huelva', 'Huelva'),
(154, 195, 'Huesca', 'Huesca'),
(155, 195, 'Jaen', 'Jaen'),
(156, 195, 'La Rioja', 'La Rioja'),
(157, 195, 'Las Palmas', 'Las Palmas'),
(158, 195, 'Leon', 'Leon'),
(159, 195, 'Lleida', 'Lleida'),
(160, 195, 'Lugo', 'Lugo'),
(161, 195, 'Madrid', 'Madrid'),
(162, 195, 'Malaga', 'Malaga'),
(163, 195, 'Melilla', 'Melilla'),
(164, 195, 'Murcia', 'Murcia'),
(165, 195, 'Navarra', 'Navarra'),
(166, 195, 'Ourense', 'Ourense'),
(167, 195, 'Palencia', 'Palencia'),
(168, 195, 'Pontevedra', 'Pontevedra'),
(169, 195, 'Salamanca', 'Salamanca'),
(170, 195, 'Santa Cruz de Tenerife', 'Santa Cruz de Tenerife'),
(171, 195, 'Segovia', 'Segovia'),
(172, 195, 'Sevilla', 'Sevilla'),
(173, 195, 'Soria', 'Soria'),
(174, 195, 'Tarragona', 'Tarragona'),
(175, 195, 'Teruel', 'Teruel'),
(176, 195, 'Toledo', 'Toledo'),
(177, 195, 'Valencia', 'Valencia'),
(178, 195, 'Valladolid', 'Valladolid'),
(179, 195, 'Vizcaya', 'Vizcaya'),
(180, 195, 'Zamora', 'Zamora'),
(181, 195, 'Zaragoza', 'Zaragoza'),
(182, 13, 'NSW', 'New South Wales'),
(183, 13, 'VIC', 'Victoria'),
(184, 13, 'QLD', 'Queensland'),
(185, 13, 'NT', 'Northern Territory'),
(186, 13, 'WA', 'Western Australia'),
(187, 13, 'SA', 'South Australia'),
(188, 13, 'TAS', 'Tasmania'),
(189, 13, 'ACT', 'Australian Capital Territory'),
(190, 153, 'Northland', 'Northland'),
(191, 153, 'Auckland', 'Auckland'),
(192, 153, 'Waikato', 'Waikato'),
(193, 153, 'Bay of Plenty', 'Bay of Plenty'),
(194, 153, 'Gisborne', 'Gisborne'),
(195, 153, 'Hawkes Bay', 'Hawkes Bay'),
(196, 153, 'Taranaki', 'Taranaki'),
(197, 153, 'Manawatu-Wanganui', 'Manawatu-Wanganui'),
(198, 153, 'Wellington', 'Wellington'),
(199, 153, 'West Coast', 'West Coast'),
(200, 153, 'Canterbury', 'Canterbury'),
(201, 153, 'Otago', 'Otago'),
(202, 153, 'Southland', 'Southland'),
(203, 153, 'Tasman', 'Tasman'),
(204, 153, 'Nelson', 'Nelson'),
(205, 153, 'Marlborough', 'Marlborough'),
(206, 30, 'SP', 'SÃƒÆ’Ã‚Æ’Ãƒâ€šÃ'),
(207, 30, 'RJ', 'Rio de Janeiro'),
(208, 30, 'PE', 'Pernanbuco'),
(209, 30, 'BA', 'Bahia'),
(210, 30, 'AM', 'Amazonas'),
(211, 30, 'MG', 'Minas Gerais'),
(212, 30, 'ES', 'Espirito Santo'),
(213, 30, 'RS', 'Rio Grande do Sul'),
(214, 30, 'PR', 'ParanÃƒÆ’Ã‚Æ’Ãƒââ‚'),
(215, 30, 'SC', 'Santa Catarina'),
(216, 30, 'RG', 'Rio Grande do Norte'),
(217, 30, 'MS', 'Mato Grosso do Sul'),
(218, 30, 'MT', 'Mato Grosso'),
(219, 30, 'GO', 'Goias'),
(220, 30, 'TO', 'Tocantins'),
(221, 30, 'DF', 'Distrito Federal'),
(222, 30, 'RO', 'Rondonia'),
(223, 30, 'AC', 'Acre'),
(224, 30, 'AP', 'Amapa'),
(225, 30, 'RO', 'Roraima'),
(226, 30, 'AL', 'Alagoas'),
(227, 30, 'CE', 'CearÃƒÆ’Ã‚Æ’Ãƒâ€'),
(228, 30, 'MA', 'MaranhÃƒÆ’Ã‚Æ’Ãƒââ'),
(229, 30, 'PA', 'ParÃƒÆ’Ã‚Æ’Ãƒâ€Å'),
(230, 30, 'PB', 'ParaÃƒÆ’Ã‚Æ’Ãƒâ€'),
(231, 30, 'PI', 'PiauÃƒÆ’Ã‚Æ’Ãƒâ€'),
(232, 30, 'SE', 'Sergipe'),
(233, 43, 'I', 'I RegiÃƒÆ’Ã‚Æ’Ãƒââ'),
(234, 43, 'II', 'II RegiÃƒÆ’Ã‚Æ’Ãƒâ'),
(235, 43, 'III', 'III RegiÃƒÆ’Ã‚Æ’ÃƒÃ'),
(236, 43, 'IV', 'IV RegiÃƒÆ’Ã‚Æ’Ãƒâ'),
(237, 43, 'V', 'V RegiÃƒÆ’Ã‚Æ’Ãƒââ'),
(238, 43, 'RM', 'RegiÃƒÆ’Ã‚Æ’Ãƒâ€'),
(239, 43, 'VI', 'VI RegiÃƒÆ’Ã‚Æ’Ãƒâ'),
(240, 43, 'VII', 'VII RegiÃƒÆ’Ã‚Æ’ÃƒÃ'),
(241, 43, 'VIII', 'VIII RegiÃƒÆ’Ã‚Æ’Ãƒ'),
(242, 43, 'IX', 'IX RegiÃƒÆ’Ã‚Æ’Ãƒâ'),
(243, 43, 'X', 'X RegiÃƒÆ’Ã‚Æ’Ãƒââ'),
(244, 43, 'XI', 'XI RegiÃƒÆ’Ã‚Æ’Ãƒâ'),
(245, 43, 'XII', 'XII RegiÃƒÆ’Ã‚Æ’ÃƒÃ'),
(246, 47, 'AMA', 'Amazonas'),
(247, 47, 'ANT', 'Antioquia'),
(248, 47, 'ARA', 'Arauca'),
(249, 47, 'ATL', 'Atlantico'),
(250, 47, 'BOL', 'Bolivar'),
(251, 47, 'BOY', 'Boyaca'),
(252, 47, 'CAL', 'Caldas'),
(253, 47, 'CAQ', 'Caqueta'),
(254, 47, 'CAS', 'Casanare'),
(255, 47, 'CAU', 'Cauca'),
(256, 47, 'CES', 'Cesar'),
(257, 47, 'CHO', 'Choco'),
(258, 47, 'COR', 'Cordoba'),
(259, 47, 'CUN', 'Cundinamarca'),
(260, 47, 'HUI', 'Huila'),
(261, 47, 'GUA', 'Guainia'),
(262, 47, 'GUA', 'Guajira'),
(263, 47, 'GUV', 'Guaviare'),
(264, 47, 'MAG', 'Magdalena'),
(265, 47, 'MET', 'Meta'),
(266, 47, 'NAR', 'Narino'),
(267, 47, 'NDS', 'Norte de Santander'),
(268, 47, 'PUT', 'Putumayo'),
(269, 47, 'QUI', 'Quindio'),
(270, 47, 'RIS', 'Risaralda'),
(271, 47, 'SAI', 'San Andres Islas'),
(272, 47, 'SAN', 'Santander'),
(273, 47, 'SUC', 'Sucre'),
(274, 47, 'TOL', 'Tolima'),
(275, 47, 'VAL', 'Valle'),
(276, 47, 'VAU', 'Vaupes'),
(277, 47, 'VIC', 'Vichada'),
(278, 73, 'Et', 'Etranger'),
(279, 73, '01', 'Ain'),
(280, 73, '02', 'Aisne'),
(281, 73, '03', 'Allier'),
(282, 73, '04', 'Alpes de Haute Provence'),
(283, 73, '05', 'Hautes-Alpes'),
(284, 73, '06', 'Alpes Maritimes'),
(285, 73, '07', 'Ard?che'),
(286, 73, '08', 'Ardennes'),
(287, 73, '09', 'Ari?ge'),
(288, 73, '10', 'Aube'),
(289, 73, '11', 'Aude'),
(290, 73, '12', 'Aveyron'),
(291, 73, '13', 'Bouches du Rh?ne'),
(292, 73, '14', 'Calvados'),
(293, 73, '15', 'Cantal'),
(294, 73, '16', 'Charente'),
(295, 73, '17', 'Charente Maritime'),
(296, 73, '18', 'Cher'),
(297, 73, '19', 'Corr?ze'),
(298, 73, '2A', 'Corse du Sud'),
(299, 73, '2B', 'Haute Corse'),
(300, 73, '21', 'C?te d\'or'),
(301, 73, '22', 'C?tes d\'Armor'),
(302, 73, '23', 'Creuse'),
(303, 73, '24', 'Dordogne'),
(304, 73, '25', 'Doubs'),
(305, 73, '26', 'Dr?me'),
(306, 73, '27', 'Eure'),
(307, 73, '28', 'Eure et Loir'),
(308, 73, '29', 'Finist?re'),
(309, 73, '30', 'Gard'),
(310, 73, '31', 'Haute Garonne'),
(311, 73, '32', 'Gers'),
(312, 73, '33', 'Gironde'),
(313, 73, '34', 'H?rault'),
(314, 73, '35', 'Ille et Vilaine'),
(315, 73, '36', 'Indre'),
(316, 73, '37', 'Indre et Loire'),
(317, 73, '38', 'Is?re'),
(318, 73, '39', 'Jura'),
(319, 73, '40', 'Landes'),
(320, 73, '41', 'Loir et Cher'),
(321, 73, '42', 'Loire'),
(322, 73, '43', 'Haute Loire'),
(323, 73, '44', 'Loire Atlantique'),
(324, 73, '45', 'Loiret'),
(325, 73, '46', 'Lot'),
(326, 73, '47', 'Lot et Garonne'),
(327, 73, '48', 'Loz?re'),
(328, 73, '49', 'Maine et Loire'),
(329, 73, '50', 'Manche'),
(330, 73, '51', 'Marne'),
(331, 73, '52', 'Haute Marne'),
(332, 73, '53', 'Mayenne'),
(333, 73, '54', 'Meurthe et Moselle'),
(334, 73, '55', 'Meuse'),
(335, 73, '56', 'Morbihan'),
(336, 73, '57', 'Moselle'),
(337, 73, '58', 'Ni?vre'),
(338, 73, '59', 'Nord'),
(339, 73, '60', 'Oise'),
(340, 73, '61', 'Orne'),
(341, 73, '62', 'Pas de Calais'),
(342, 73, '63', 'Puy de D?me'),
(343, 73, '64', 'Pyr?n?es Atlantiques'),
(344, 73, '65', 'Hautes Pyr?n?es'),
(345, 73, '66', 'Pyr?n?es Orientales'),
(346, 73, '67', 'Bas Rhin'),
(347, 73, '68', 'Haut Rhin'),
(348, 73, '69', 'Rh?ne'),
(349, 73, '70', 'Haute Sa?ne'),
(350, 73, '71', 'Sa?ne et Loire'),
(351, 73, '72', 'Sarthe'),
(352, 73, '73', 'Savoie'),
(353, 73, '74', 'Haute Savoie'),
(354, 73, '75', 'Paris'),
(355, 73, '76', 'Seine Maritime'),
(356, 73, '77', 'Seine et Marne'),
(357, 73, '78', 'Yvelines'),
(358, 73, '79', 'Deux S?vres'),
(359, 73, '80', 'Somme'),
(360, 73, '81', 'Tarn'),
(361, 73, '82', 'Tarn et Garonne'),
(362, 73, '83', 'Var'),
(363, 73, '84', 'Vaucluse'),
(364, 73, '85', 'Vend?e'),
(365, 73, '86', 'Vienne'),
(366, 73, '87', 'Haute Vienne'),
(367, 73, '88', 'Vosges'),
(368, 73, '89', 'Yonne'),
(369, 73, '90', 'Territoire de Belfort'),
(370, 73, '91', 'Essonne'),
(371, 73, '92', 'Hauts de Seine'),
(372, 73, '93', 'Seine St-Denis'),
(373, 73, '94', 'Val de Marne'),
(374, 73, '95', 'Val d\'Oise'),
(375, 73, '971 (DOM)', 'Guadeloupe'),
(376, 73, '972 (DOM)', 'Martinique'),
(377, 73, '973 (DOM)', 'Guyane'),
(378, 73, '974 (DOM)', 'Saint Denis'),
(379, 73, '975 (DOM)', 'St-Pierre de Miquelon'),
(380, 73, '976 (TOM)', 'Mayotte'),
(381, 73, '984 (TOM)', 'Terres australes et Antartiques'),
(382, 73, '985 (TOM)', 'Nouvelle Cal?donie'),
(383, 73, '986 (TOM)', 'Wallis et Futuna'),
(384, 73, '987 (TOM)', 'Polyn?sie fran?aise'),
(385, 99, 'DL', 'Delhi'),
(386, 99, 'MH', 'Maharashtra'),
(387, 99, 'TN', 'Tamil Nadu'),
(388, 99, 'KL', 'Kerala'),
(389, 99, 'AP', 'Andhra Pradesh'),
(390, 99, 'KA', 'Karnataka'),
(391, 99, 'GA', 'Goa'),
(392, 99, 'MP', 'Madhya Pradesh'),
(393, 99, 'PY', 'Pondicherry'),
(394, 99, 'GJ', 'Gujarat'),
(395, 99, 'OR', 'Orrisa'),
(396, 99, 'CA', 'Chhatisgarh'),
(397, 99, 'JH', 'Jharkhand'),
(398, 99, 'BR', 'Bihar'),
(399, 99, 'WB', 'West Bengal'),
(400, 99, 'UP', 'Uttar Pradesh'),
(401, 99, 'RJ', 'Rajasthan'),
(402, 99, 'PB', 'Punjab'),
(403, 99, 'HR', 'Haryana'),
(404, 99, 'CH', 'Chandigarh'),
(405, 99, 'JK', 'Jammu & Kashmir'),
(406, 99, 'HP', 'Himachal Pradesh'),
(407, 99, 'UA', 'Uttaranchal'),
(408, 99, 'LK', 'Lakshadweep'),
(409, 99, 'AN', 'Andaman & Nicobar'),
(410, 99, 'MG', 'Meghalaya'),
(411, 99, 'AS', 'Assam'),
(412, 99, 'DR', 'Dadra & Nagar Haveli'),
(413, 99, 'DN', 'Daman & Diu'),
(414, 99, 'SK', 'Sikkim'),
(415, 99, 'TR', 'Tripura'),
(416, 99, 'MZ', 'Mizoram'),
(417, 99, 'MN', 'Manipur'),
(418, 99, 'NL', 'Nagaland'),
(419, 99, 'AR', 'Arunachal Pradesh'),
(420, 105, 'AG', 'Agrigento'),
(421, 105, 'AL', 'Alessandria'),
(422, 105, 'AN', 'Ancona'),
(423, 105, 'AO', 'Aosta'),
(424, 105, 'AR', 'Arezzo'),
(425, 105, 'AP', 'Ascoli Piceno'),
(426, 105, 'AT', 'Asti'),
(427, 105, 'AV', 'Avellino'),
(428, 105, 'BA', 'Bari'),
(429, 105, 'BL', 'Belluno'),
(430, 105, 'BN', 'Benevento'),
(431, 105, 'BG', 'Bergamo'),
(432, 105, 'BI', 'Biella'),
(433, 105, 'BO', 'Bologna'),
(434, 105, 'BZ', 'Bolzano'),
(435, 105, 'BS', 'Brescia'),
(436, 105, 'BR', 'Brindisi'),
(437, 105, 'CA', 'Cagliari'),
(438, 105, 'CL', 'Caltanissetta'),
(439, 105, 'CB', 'Campobasso'),
(440, 105, 'CE', 'Caserta'),
(441, 105, 'CT', 'Catania'),
(442, 105, 'CZ', 'Catanzaro'),
(443, 105, 'CH', 'Chieti'),
(444, 105, 'CO', 'Como'),
(445, 105, 'CS', 'Cosenza'),
(446, 105, 'CR', 'Cremona'),
(447, 105, 'KR', 'Crotone'),
(448, 105, 'CN', 'Cuneo'),
(449, 105, 'EN', 'Enna'),
(450, 105, 'FE', 'Ferrara'),
(451, 105, 'FI', 'Firenze'),
(452, 105, 'FG', 'Foggia'),
(453, 105, 'FO', 'ForlÃƒÆ’Ã‚Æ’Ãƒâ€'),
(454, 105, 'FR', 'Frosinone'),
(455, 105, 'GE', 'Genova'),
(456, 105, 'GO', 'Gorizia'),
(457, 105, 'GR', 'Grosseto'),
(458, 105, 'IM', 'Imperia'),
(459, 105, 'IS', 'Isernia'),
(460, 105, 'AQ', 'Aquila'),
(461, 105, 'SP', 'La Spezia'),
(462, 105, 'LT', 'Latina'),
(463, 105, 'LE', 'Lecce'),
(464, 105, 'LC', 'Lecco'),
(465, 105, 'LI', 'Livorno'),
(466, 105, 'LO', 'Lodi'),
(467, 105, 'LU', 'Lucca'),
(468, 105, 'MC', 'Macerata'),
(469, 105, 'MN', 'Mantova'),
(470, 105, 'MS', 'Massa-Carrara'),
(471, 105, 'MT', 'Matera'),
(472, 105, 'ME', 'Messina'),
(473, 105, 'MI', 'Milano'),
(474, 105, 'MO', 'Modena'),
(475, 105, 'NA', 'Napoli'),
(476, 105, 'NO', 'Novara'),
(477, 105, 'NU', 'Nuoro'),
(478, 105, 'OR', 'Oristano'),
(479, 105, 'PD', 'Padova'),
(480, 105, 'PA', 'Palermo'),
(481, 105, 'PR', 'Parma'),
(482, 105, 'PG', 'Perugia'),
(483, 105, 'PV', 'Pavia'),
(484, 105, 'PS', 'Pesaro e Urbino'),
(485, 105, 'PE', 'Pescara'),
(486, 105, 'PC', 'Piacenza'),
(487, 105, 'PI', 'Pisa'),
(488, 105, 'PT', 'Pistoia'),
(489, 105, 'PN', 'Pordenone'),
(490, 105, 'PZ', 'Potenza'),
(491, 105, 'PO', 'Prato'),
(492, 105, 'RG', 'Ragusa'),
(493, 105, 'RA', 'Ravenna'),
(494, 105, 'RC', 'Reggio di Calabria'),
(495, 105, 'RE', 'Reggio Emilia'),
(496, 105, 'RI', 'Rieti'),
(497, 105, 'RN', 'Rimini'),
(498, 105, 'RM', 'Roma'),
(499, 105, 'RO', 'Rovigo'),
(500, 105, 'SA', 'Salerno'),
(501, 105, 'SS', 'Sassari'),
(502, 105, 'SV', 'Savona'),
(503, 105, 'SI', 'Siena'),
(504, 105, 'SR', 'Siracusa'),
(505, 105, 'SO', 'Sondrio'),
(506, 105, 'TA', 'Taranto'),
(507, 105, 'TE', 'Teramo'),
(508, 105, 'TR', 'Terni'),
(509, 105, 'TO', 'Torino'),
(510, 105, 'TP', 'Trapani'),
(511, 105, 'TN', 'Trento'),
(512, 105, 'TV', 'Treviso'),
(513, 105, 'TS', 'Trieste'),
(514, 105, 'UD', 'Udine'),
(515, 105, 'VA', 'Varese'),
(516, 105, 'VE', 'Venezia'),
(517, 105, 'VB', 'Verbania'),
(518, 105, 'VC', 'Vercelli'),
(519, 105, 'VR', 'Verona'),
(520, 105, 'VV', 'Vibo Valentia'),
(521, 105, 'VI', 'Vicenza'),
(522, 105, 'VT', 'Viterbo'),
(523, 107, 'Niigata', 'Niigata'),
(524, 107, 'Toyama', 'Toyama'),
(525, 107, 'Ishikawa', 'Ishikawa'),
(526, 107, 'Fukui', 'Fukui'),
(527, 107, 'Yamanashi', 'Yamanashi'),
(528, 107, 'Nagano', 'Nagano'),
(529, 107, 'Gifu', 'Gifu'),
(530, 107, 'Shizuoka', 'Shizuoka'),
(531, 107, 'Aichi', 'Aichi'),
(532, 107, 'Mie', 'Mie'),
(533, 107, 'Shiga', 'Shiga'),
(534, 107, 'Kyoto', 'Kyoto'),
(535, 107, 'Osaka', 'Osaka'),
(536, 107, 'Hyogo', 'Hyogo'),
(537, 107, 'Nara', 'Nara'),
(538, 107, 'Wakayama', 'Wakayama'),
(539, 107, 'Tottori', 'Tottori'),
(540, 107, 'Shimane', 'Shimane'),
(541, 107, 'Okayama', 'Okayama'),
(542, 107, 'Hiroshima', 'Hiroshima'),
(543, 107, 'Yamaguchi', 'Yamaguchi'),
(544, 107, 'Tokushima', 'Tokushima'),
(545, 107, 'Kagawa', 'Kagawa'),
(546, 107, 'Ehime', 'Ehime'),
(547, 107, 'Kochi', 'Kochi'),
(548, 107, 'Fukuoka', 'Fukuoka'),
(549, 107, 'Saga', 'Saga'),
(550, 107, 'Nagasaki', 'Nagasaki'),
(551, 107, 'Kumamoto', 'Kumamoto'),
(552, 107, 'Oita', 'Oita'),
(553, 107, 'Miyazaki', 'Miyazaki'),
(554, 107, 'Kagoshima', 'Kagoshima'),
(555, 129, 'JOH', 'Johor'),
(556, 129, 'KDH', 'Kedah'),
(557, 129, 'KEL', 'Kelantan'),
(558, 129, 'KL', 'Kuala Lumpur'),
(559, 129, 'MEL', 'Melaka'),
(560, 129, 'NS', 'Negeri Sembilan'),
(561, 129, 'PAH', 'Pahang'),
(562, 129, 'PRK', 'Perak'),
(563, 129, 'PER', 'Perlis'),
(564, 129, 'PP', 'Pulau Pinang'),
(565, 129, 'SAB', 'Sabah'),
(566, 129, 'SWK', 'Sarawak'),
(567, 129, 'SEL', 'Selangor'),
(568, 129, 'TER', 'Terengganu'),
(569, 129, 'LAB', 'W.P.Labuan'),
(570, 138, 'AGS', 'Aguascalientes'),
(571, 138, 'BC', 'Baja California'),
(572, 138, 'BCS', 'Baja California Sur'),
(573, 138, 'CAM', 'Campeche'),
(574, 138, 'COA', 'Coahuila'),
(575, 138, 'COL', 'Colima'),
(576, 138, 'CHI', 'Chiapas'),
(577, 138, 'CHIH', 'Chihuahua'),
(578, 138, 'DF', 'Distrito Federal'),
(579, 138, 'DGO', 'Durango'),
(580, 138, 'MEX', 'Estado de Mexico'),
(581, 138, 'GTO', 'Guanajuato'),
(582, 138, 'GRO', 'Guerrero'),
(583, 138, 'HGO', 'Hidalgo'),
(584, 138, 'JAL', 'Jalisco'),
(585, 138, 'MCH', 'Michoacan'),
(586, 138, 'MOR', 'Morelos'),
(587, 138, 'NAY', 'Nayarit'),
(588, 138, 'NL', 'Nuevo Leon'),
(589, 138, 'OAX', 'Oaxaca'),
(590, 138, 'PUE', 'Puebla'),
(591, 138, 'QRO', 'Queretaro'),
(592, 138, 'QR', 'Quintana Roo'),
(593, 138, 'SLP', 'San Luis Potosi'),
(594, 138, 'SIN', 'Sinaloa'),
(595, 138, 'SON', 'Sonora'),
(596, 138, 'TAB', 'Tabasco'),
(597, 138, 'TMPS', 'Tamaulipas'),
(598, 138, 'TLAX', 'Tlaxcala'),
(599, 138, 'VER', 'Veracruz'),
(600, 138, 'YUC', 'Yucatan'),
(601, 138, 'ZAC', 'Zacatecas'),
(602, 160, 'OSL', 'Oslo'),
(603, 160, 'AKE', 'Akershus'),
(604, 160, 'AUA', 'Aust-Agder'),
(605, 160, 'BUS', 'Buskerud'),
(606, 160, 'FIN', 'Finnmark'),
(607, 160, 'HED', 'Hedmark'),
(608, 160, 'HOR', 'Hordaland'),
(609, 160, 'MOR', 'MÃƒÆ’Ã‚Æ’Ãƒâ€šÃ'),
(610, 160, 'NOR', 'Nordland'),
(611, 160, 'NTR', 'Nord-TrÃƒÆ’Ã‚Æ’Ãƒâ'),
(612, 160, 'OPP', 'Oppland'),
(613, 160, 'ROG', 'Rogaland'),
(614, 160, 'SOF', 'Sogn og Fjordane'),
(615, 160, 'STR', 'SÃƒÆ’Ã‚Æ’Ãƒâ€šÃ'),
(616, 160, 'TEL', 'Telemark'),
(617, 160, 'TRO', 'Troms'),
(618, 160, 'VEA', 'Vest-Agder'),
(619, 160, 'OST', 'ÃƒÆ’Ã‚Æ’Ãƒâ€šÃ'),
(620, 160, 'SVA', 'Svalbard'),
(621, 99, 'KHI', 'Karachi'),
(622, 99, 'LH', 'Lahore'),
(623, 99, 'ISB', 'Islamabad'),
(624, 99, 'QUE', 'Quetta'),
(625, 99, 'PSH', 'Peshawar'),
(626, 99, 'GUJ', 'Gujrat'),
(627, 99, 'SAH', 'Sahiwal'),
(628, 99, 'FSB', 'Faisalabad'),
(629, 99, 'RIP', 'Rawal Pindi'),
(630, 175, 'AB', 'Alba'),
(631, 175, 'AR', 'Arad'),
(632, 175, 'AG', 'Arges'),
(633, 175, 'BC', 'Bacau'),
(634, 175, 'BH', 'Bihor'),
(635, 175, 'BN', 'Bistrita-Nasaud'),
(636, 175, 'BT', 'Botosani'),
(637, 175, 'BV', 'Brasov'),
(638, 175, 'BR', 'Braila'),
(639, 175, 'B', 'Bucuresti'),
(640, 175, 'BZ', 'Buzau'),
(641, 175, 'CS', 'Caras-Severin'),
(642, 175, 'CL', 'Calarasi'),
(643, 175, 'CJ', 'Cluj'),
(644, 175, 'CT', 'Constanta'),
(645, 175, 'CV', 'Covasna'),
(646, 175, 'DB', 'Dimbovita'),
(647, 175, 'DJ', 'Dolj'),
(648, 175, 'GL', 'Galati'),
(649, 175, 'GR', 'Giurgiu'),
(650, 175, 'GJ', 'Gorj'),
(651, 175, 'HR', 'Harghita'),
(652, 175, 'HD', 'Hunedoara'),
(653, 175, 'IL', 'Ialomita'),
(654, 175, 'IS', 'Iasi'),
(655, 175, 'IF', 'Ilfov'),
(656, 175, 'MM', 'Maramures'),
(657, 175, 'MH', 'Mehedint'),
(658, 175, 'MS', 'Mures'),
(659, 175, 'NT', 'Neamt'),
(660, 175, 'OT', 'Olt'),
(661, 175, 'PH', 'Prahova'),
(662, 175, 'SM', 'Satu-Mare'),
(663, 175, 'SJ', 'Salaj'),
(664, 175, 'SB', 'Sibiu'),
(665, 175, 'SV', 'Suceava'),
(666, 175, 'TR', 'Teleorman'),
(667, 175, 'TM', 'Timis'),
(668, 175, 'TL', 'Tulcea'),
(669, 175, 'VS', 'Vaslui'),
(670, 175, 'VL', 'Valcea'),
(671, 175, 'VN', 'Vrancea'),
(672, 193, 'WP', 'Western Cape'),
(673, 193, 'GP', 'Gauteng'),
(674, 193, 'KZN', 'Kwazulu-Natal'),
(675, 193, 'NC', 'Northern-Cape'),
(676, 193, 'EC', 'Eastern-Cape'),
(677, 193, 'MP', 'Mpumalanga'),
(678, 193, 'NW', 'North-West'),
(679, 193, 'FS', 'Free State'),
(680, 193, 'NP', 'Northern Province'),
(681, 215, 'ADANA', 'ADANA'),
(682, 215, 'ADIYAMAN', 'ADIYAMAN'),
(683, 215, 'AFYON', 'AFYON'),
(684, 215, 'AGRI', 'AGRI'),
(685, 215, 'AMASYA', 'AMASYA'),
(686, 215, 'ANKARA', 'ANKARA'),
(687, 215, 'ANTALYA', 'ANTALYA'),
(688, 215, 'ARTVIN', 'ARTVIN'),
(689, 215, 'AYDIN', 'AYDIN'),
(690, 215, 'BALIKESIR', 'BALIKESIR'),
(691, 215, 'BILECIK', 'BILECIK'),
(692, 215, 'BINGÃƒÆ’Ã‚Æ’Ãƒâ€', 'BINGÃƒÆ’Ã‚Æ’Ãƒâ€'),
(693, 215, 'BITLIS', 'BITLIS'),
(694, 215, 'BOLU', 'BOLU'),
(695, 215, 'BURDUR', 'BURDUR'),
(696, 215, 'BURSA', 'BURSA'),
(697, 215, 'ÃƒÆ’Ã‚Æ’Ãƒâ€šÃ', 'ÃƒÆ’Ã‚Æ’Ãƒâ€šÃ'),
(698, 215, 'ÃƒÆ’Ã‚Æ’Ãƒâ€šÃ', 'ÃƒÆ’Ã‚Æ’Ãƒâ€šÃ'),
(699, 215, 'ÃƒÆ’Ã‚Æ’Ãƒâ€šÃ', 'ÃƒÆ’Ã‚Æ’Ãƒâ€šÃ'),
(700, 215, 'DENIZLI', 'DENIZLI'),
(701, 215, 'DIYARBAKIR', 'DIYARBAKIR'),
(702, 215, 'EDIRNE', 'EDIRNE'),
(703, 215, 'ELAZIG', 'ELAZIG'),
(704, 215, 'ERZINCAN', 'ERZINCAN'),
(705, 215, 'ERZURUM', 'ERZURUM'),
(706, 215, 'ESKISEHIR', 'ESKISEHIR'),
(707, 215, 'GAZIANTEP', 'GAZIANTEP'),
(708, 215, 'GIRESUN', 'GIRESUN'),
(709, 215, 'GÃƒÆ’Ã‚Æ’Ãƒâ€šÃ', 'GÃƒÆ’Ã‚Æ’Ãƒâ€šÃ'),
(710, 215, 'HAKKARI', 'HAKKARI'),
(711, 215, 'HATAY', 'HATAY'),
(712, 215, 'ISPARTA', 'ISPARTA'),
(713, 215, 'IÃƒÆ’Ã‚Æ’Ãƒâ€šÃ', 'IÃƒÆ’Ã‚Æ’Ãƒâ€šÃ'),
(714, 215, 'ISTANBUL', 'ISTANBUL'),
(715, 215, 'IZMIR', 'IZMIR'),
(716, 215, 'KARS', 'KARS'),
(717, 215, 'KASTAMONU', 'KASTAMONU'),
(718, 215, 'KAYSERI', 'KAYSERI'),
(719, 215, 'KIRKLARELI', 'KIRKLARELI'),
(720, 215, 'KIRSEHIR', 'KIRSEHIR'),
(721, 215, 'KOCAELI', 'KOCAELI'),
(722, 215, 'KONYA', 'KONYA'),
(723, 215, 'KÃƒÆ’Ã‚Æ’Ãƒâ€šÃ', 'KÃƒÆ’Ã‚Æ’Ãƒâ€šÃ'),
(724, 215, 'MALATYA', 'MALATYA'),
(725, 215, 'MANISA', 'MANISA'),
(726, 215, 'KAHRAMANMARAS', 'KAHRAMANMARAS'),
(727, 215, 'MARDIN', 'MARDIN'),
(728, 215, 'MUGLA', 'MUGLA'),
(729, 215, 'MUS', 'MUS'),
(730, 215, 'NEVSEHIR', 'NEVSEHIR'),
(731, 215, 'NIGDE', 'NIGDE'),
(732, 215, 'ORDU', 'ORDU'),
(733, 215, 'RIZE', 'RIZE'),
(734, 215, 'SAKARYA', 'SAKARYA'),
(735, 215, 'SAMSUN', 'SAMSUN'),
(736, 215, 'SIIRT', 'SIIRT'),
(737, 215, 'SINOP', 'SINOP'),
(738, 215, 'SIVAS', 'SIVAS'),
(739, 215, 'TEKIRDAG', 'TEKIRDAG'),
(740, 215, 'TOKAT', 'TOKAT'),
(741, 215, 'TRABZON', 'TRABZON'),
(742, 215, 'TUNCELI', 'TUNCELI'),
(743, 215, 'SANLIURFA', 'SANLIURFA'),
(744, 215, 'USAK', 'USAK'),
(745, 215, 'VAN', 'VAN'),
(746, 215, 'YOZGAT', 'YOZGAT'),
(747, 215, 'ZONGULDAK', 'ZONGULDAK'),
(748, 215, 'AKSARAY', 'AKSARAY'),
(749, 215, 'BAYBURT', 'BAYBURT'),
(750, 215, 'KARAMAN', 'KARAMAN'),
(751, 215, 'KIRIKKALE', 'KIRIKKALE'),
(752, 215, 'BATMAN', 'BATMAN'),
(753, 215, 'SIRNAK', 'SIRNAK'),
(754, 215, 'BARTIN', 'BARTIN'),
(755, 215, 'ARDAHAN', 'ARDAHAN'),
(756, 215, 'IGDIR', 'IGDIR'),
(757, 215, 'YALOVA', 'YALOVA'),
(758, 215, 'KARABÃƒÆ’Ã‚Æ’Ãƒââ‚', 'KARABÃƒÆ’Ã‚Æ’Ãƒââ‚'),
(759, 215, 'KILIS', 'KILIS'),
(760, 215, 'OSMANIYE', 'OSMANIYE'),
(761, 215, 'DÃƒÆ’Ã‚Æ’Ãƒâ€šÃ', 'DÃƒÆ’Ã‚Æ’Ãƒâ€šÃ'),
(762, 229, 'AM', 'Amazonas'),
(763, 229, 'AN', 'AnzoÃƒÆ’Ã‚Æ’Ãƒâ€'),
(764, 229, 'AR', 'Aragua'),
(765, 229, 'AP', 'Apure'),
(766, 229, 'BA', 'Barinas'),
(767, 229, 'BO', 'BolÃƒÆ’Ã‚Æ’Ãƒâ€Å'),
(768, 229, 'CA', 'Carabobo'),
(769, 229, 'CO', 'Cojedes'),
(770, 229, 'DA', 'Delta Amacuro'),
(771, 229, 'DC', 'Distrito Capital'),
(772, 229, 'FA', 'FalcÃƒÆ’Ã‚Æ’Ãƒâ€'),
(773, 229, 'GA', 'GuÃƒÆ’Ã‚Æ’Ãƒâ€š'),
(774, 229, 'GU', 'Guayana'),
(775, 229, 'LA', 'Lara'),
(776, 229, 'ME', 'MÃƒÆ’Ã‚Æ’Ãƒâ€šÃ'),
(777, 229, 'MI', 'Miranda'),
(778, 229, 'MO', 'Monagas'),
(779, 229, 'NE', 'Nueva Esparta'),
(780, 229, 'PO', 'Portuguesa'),
(781, 229, 'SU', 'Sucre'),
(782, 229, 'TA', 'TÃƒÆ’Ã‚Æ’Ãƒâ€šÃ'),
(783, 229, 'TU', 'Trujillo'),
(784, 229, 'VA', 'Vargas'),
(785, 229, 'YA', 'Yaracuy'),
(786, 229, 'ZU', 'Zulia'),
(787, 222, 'AVON', 'Avon'),
(788, 222, 'BEDS', 'Bedfordshire'),
(789, 222, 'BERK', 'Berkshire'),
(790, 222, 'BIRM', 'Birmingham'),
(791, 222, 'BORD', 'Borders'),
(792, 222, 'BUCK', 'Buckinghamshire'),
(793, 222, 'CAMB', 'Cambridgeshire'),
(794, 222, 'CENT', 'Central'),
(795, 222, 'CHES', 'Cheshire'),
(796, 222, 'CLEV', 'Cleveland'),
(797, 222, 'CLWY', 'Clwyd'),
(798, 222, 'CORN', 'Cornwall'),
(799, 222, 'CUMB', 'Cumbria'),
(800, 222, 'DERB', 'Derbyshire'),
(801, 222, 'DEVO', 'Devon'),
(802, 222, 'DORS', 'Dorset'),
(803, 222, 'DUMF', 'Dumfries & Galloway'),
(804, 222, 'DURH', 'Durham'),
(805, 222, 'DYFE', 'Dyfed'),
(806, 222, 'ESUS', 'East Sussex'),
(807, 222, 'ESSE', 'Essex'),
(808, 222, 'FIFE', 'Fife'),
(809, 222, 'GLAM', 'Glamorgan'),
(810, 222, 'GLOU', 'Gloucestershire'),
(811, 222, 'GRAM', 'Grampian'),
(812, 222, 'GWEN', 'Gwent'),
(813, 222, 'GWYN', 'Gwynedd'),
(814, 222, 'HAMP', 'Hampshire'),
(815, 222, 'HERE', 'Hereford & Worcester'),
(816, 222, 'HERT', 'Hertfordshire'),
(817, 222, 'HUMB', 'Humberside'),
(818, 222, 'KENT', 'Kent'),
(819, 222, 'LANC', 'Lancashire'),
(820, 222, 'LEIC', 'Leicestershire'),
(821, 222, 'LINC', 'Lincolnshire'),
(822, 222, 'LOND', 'London'),
(823, 222, 'LOTH', 'Lothian'),
(824, 222, 'MANC', 'Manchester'),
(825, 222, 'MERS', 'Merseyside'),
(826, 222, 'NORF', 'Norfolk'),
(827, 222, 'NYOR', 'North Yorkshire'),
(828, 222, 'NWHI', 'North west Highlands'),
(829, 222, 'NHAM', 'Northamptonshire'),
(830, 222, 'NUMB', 'Northumberland'),
(831, 222, 'NOTT', 'Nottinghamshire'),
(832, 222, 'OXFO', 'Oxfordshire'),
(833, 222, 'POWY', 'Powys'),
(834, 222, 'SHRO', 'Shropshire'),
(835, 222, 'SOME', 'Somerset'),
(836, 222, 'SYOR', 'South Yorkshire'),
(837, 222, 'STAF', 'Staffordshire'),
(838, 222, 'STRA', 'Strathclyde'),
(839, 222, 'SUFF', 'Suffolk'),
(840, 222, 'SURR', 'Surrey'),
(841, 222, 'WSUS', 'West Sussex'),
(842, 222, 'TAYS', 'Tayside'),
(843, 222, 'TYWE', 'Tyne & Wear'),
(844, 222, 'WARW', 'Warwickshire'),
(845, 222, 'WISL', 'West Isles'),
(846, 222, 'WYOR', 'West Yorkshire'),
(847, 222, 'WILT', 'Wiltshire');

-- --------------------------------------------------------

--
-- Tabellenstruktur für Tabelle `zones_to_geo_zones`
--

CREATE TABLE `zones_to_geo_zones` (
  `association_id` int(11) NOT NULL,
  `zone_country_id` int(11) NOT NULL DEFAULT '0',
  `zone_id` int(11) DEFAULT NULL,
  `geo_zone_id` int(11) DEFAULT NULL,
  `last_modified` datetime DEFAULT NULL,
  `date_added` datetime NOT NULL DEFAULT '0000-00-00 00:00:00'
) ENGINE=MyISAM DEFAULT CHARSET=utf8;

--
-- Daten für Tabelle `zones_to_geo_zones`
--

INSERT INTO `zones_to_geo_zones` (`association_id`, `zone_country_id`, `zone_id`, `geo_zone_id`, `last_modified`, `date_added`) VALUES
(239, 57, 0, 14, '0000-00-00 00:00:00', '2022-08-10 11:45:47'),
(234, 21, 0, 9, '0000-00-00 00:00:00', '2022-08-10 11:45:47'),
(243, 72, 0, 18, '0000-00-00 00:00:00', '2022-08-10 11:45:47'),
(244, 73, 0, 19, '0000-00-00 00:00:00', '2022-08-10 11:45:47'),
(241, 84, 0, 16, '0000-00-00 00:00:00', '2022-08-10 11:45:47'),
(247, 103, 0, 22, '0000-00-00 00:00:00', '2022-08-10 11:45:47'),
(248, 105, 0, 23, '0000-00-00 00:00:00', '2022-08-10 11:45:47'),
(250, 124, 0, 25, '0000-00-00 00:00:00', '2022-08-10 11:45:47'),
(253, 150, 0, 28, '0000-00-00 00:00:00', '2022-08-10 11:45:47'),
(233, 14, 0, 8, '0000-00-00 00:00:00', '2022-08-10 11:45:47'),
(255, 171, 0, 30, '0000-00-00 00:00:00', '2022-08-10 11:45:47'),
(242, 195, 0, 17, '0000-00-00 00:00:00', '2022-08-10 11:45:47'),
(16, 222, 0, 5, NULL, '2004-09-15 10:00:46'),
(257, 203, 0, 32, '0000-00-00 00:00:00', '2022-08-10 11:45:47'),
(238, 81, 0, 13, '0000-00-00 00:00:00', '2022-08-10 11:45:47'),
(19, 1, 0, 6, NULL, '2004-09-15 10:00:46'),
(20, 2, 0, 6, NULL, '2004-09-15 10:00:46'),
(21, 3, 0, 6, NULL, '2004-09-15 10:00:46'),
(22, 4, 0, 6, NULL, '2004-09-15 10:00:46'),
(23, 5, 0, 5, NULL, '2004-09-15 10:00:46'),
(24, 6, NULL, 6, NULL, '2004-09-15 10:00:46'),
(25, 7, 0, 6, NULL, '2004-09-15 10:00:46'),
(26, 8, 0, 6, NULL, '2004-09-15 10:00:46'),
(27, 9, 0, 6, NULL, '2004-09-15 10:00:46'),
(28, 10, 0, 6, NULL, '2004-09-15 10:00:46'),
(29, 11, 0, 6, NULL, '2004-09-15 10:00:46'),
(30, 13, 0, 6, NULL, '2004-09-15 10:00:46'),
(31, 15, 0, 6, NULL, '2004-09-15 10:00:46'),
(32, 16, 0, 6, NULL, '2004-09-15 10:00:46'),
(33, 17, 0, 6, NULL, '2004-09-15 10:00:46'),
(34, 19, 0, 6, NULL, '2004-09-15 10:00:46'),
(35, 20, 0, 6, NULL, '2004-09-15 10:00:46'),
(36, 22, 0, 6, NULL, '2004-09-15 10:00:46'),
(37, 23, 0, 6, NULL, '2004-09-15 10:00:46'),
(38, 24, 0, 6, NULL, '2004-09-15 10:00:46'),
(39, 25, 0, 6, NULL, '2004-09-15 10:00:46'),
(40, 27, 0, 6, NULL, '2004-09-15 10:00:46'),
(41, 26, 0, 6, NULL, '2004-09-15 10:00:46'),
(42, 28, 0, 6, NULL, '2004-09-15 10:00:46'),
(43, 29, 0, 6, NULL, '2004-09-15 10:00:46'),
(44, 30, 0, 6, NULL, '2004-09-15 10:00:46'),
(45, 31, 0, 6, NULL, '2004-09-15 10:00:46'),
(46, 32, 0, 6, NULL, '2004-09-15 10:00:46'),
(235, 33, 0, 10, '0000-00-00 00:00:00', '2022-08-10 11:45:47'),
(48, 34, 0, 6, NULL, '2004-09-15 10:00:46'),
(49, 35, 0, 6, NULL, '2004-09-15 10:00:46'),
(50, 36, 0, 6, NULL, '2004-09-15 10:00:46'),
(51, 37, 0, 6, NULL, '2004-09-15 10:00:46'),
(52, 39, NULL, 6, NULL, '2004-09-15 10:00:46'),
(53, 38, 0, 6, NULL, '2004-09-15 10:00:46'),
(54, 40, 0, 6, NULL, '2004-09-15 10:00:46'),
(55, 41, 0, 6, NULL, '2004-09-15 10:00:46'),
(56, 42, 0, 6, NULL, '2004-09-15 10:00:46'),
(57, 43, 0, 6, NULL, '2004-09-15 10:00:46'),
(58, 44, 0, 6, NULL, '2004-09-15 10:00:46'),
(59, 45, 0, 6, NULL, '2004-09-15 10:00:46'),
(60, 47, 0, 6, NULL, '2004-09-15 10:00:46'),
(61, 48, 0, 6, NULL, '2004-09-15 10:00:46'),
(62, 49, 0, 6, NULL, '2004-09-15 10:00:46'),
(63, 50, 0, 6, NULL, '2004-09-15 10:00:46'),
(64, 51, 0, 6, NULL, '2004-09-15 10:00:46'),
(65, 52, 0, 6, NULL, '2004-09-15 10:00:46'),
(245, 53, 0, 20, '0000-00-00 00:00:00', '2022-08-10 11:45:47'),
(67, 54, 0, 6, NULL, '2004-09-15 10:00:46'),
(236, 55, 0, 11, '0000-00-00 00:00:00', '2022-08-10 11:45:47'),
(237, 56, 0, 12, '0000-00-00 00:00:00', '2022-08-10 11:45:47'),
(70, 58, 0, 6, NULL, '2004-09-15 10:00:46'),
(71, 59, 0, 6, NULL, '2004-09-15 10:00:46'),
(72, 60, 0, 6, NULL, '2004-09-15 10:00:46'),
(73, 61, 0, 6, NULL, '2004-09-15 10:00:46'),
(74, 62, 0, 6, NULL, '2004-09-15 10:00:46'),
(75, 63, 0, 6, NULL, '2004-09-15 10:00:46'),
(76, 64, 0, 6, NULL, '2004-09-15 10:00:46'),
(77, 65, 0, 6, NULL, '2004-09-15 10:00:46'),
(78, 66, 0, 6, NULL, '2004-09-15 10:00:46'),
(240, 67, 0, 15, '0000-00-00 00:00:00', '2022-08-10 11:45:47'),
(80, 68, 0, 6, NULL, '2004-09-15 10:00:46'),
(81, 69, 0, 6, NULL, '2004-09-15 10:00:46'),
(82, 70, 0, 6, NULL, '2004-09-15 10:00:46'),
(83, 71, 0, 6, NULL, '2004-09-15 10:00:46'),
(84, 74, 0, 6, NULL, '2004-09-15 10:00:46'),
(85, 75, 0, 6, NULL, '2004-09-15 10:00:46'),
(86, 76, 0, 6, NULL, '2004-09-15 10:00:46'),
(87, 77, 0, 6, NULL, '2004-09-15 10:00:46'),
(88, 78, 0, 6, NULL, '2004-09-15 10:00:46'),
(89, 79, 0, 6, NULL, '2004-09-15 10:00:46'),
(90, 82, 0, 6, NULL, '2004-09-15 10:00:46'),
(91, 83, 0, 6, NULL, '2004-09-15 10:00:46'),
(92, 86, 0, 6, NULL, '2004-09-15 10:00:46'),
(93, 87, 0, 6, NULL, '2004-09-15 10:00:46'),
(94, 88, 0, 6, NULL, '2004-09-15 10:00:46'),
(95, 89, 0, 6, NULL, '2004-09-15 10:00:46'),
(96, 90, 0, 6, NULL, '2004-09-15 10:00:46'),
(97, 91, 0, 6, NULL, '2004-09-15 10:00:46'),
(98, 92, 0, 6, NULL, '2004-09-15 10:00:46'),
(99, 93, 0, 6, NULL, '2004-09-15 10:00:46'),
(100, 94, 0, 6, NULL, '2004-09-15 10:00:46'),
(101, 95, 0, 6, NULL, '2004-09-15 10:00:46'),
(102, 96, 0, 6, NULL, '2004-09-15 10:00:46'),
(246, 97, 0, 21, '0000-00-00 00:00:00', '2022-08-10 11:45:47'),
(104, 99, 0, 6, NULL, '2004-09-15 10:00:46'),
(105, 100, 0, 6, NULL, '2004-09-15 10:00:46'),
(106, 101, 0, 6, NULL, '2004-09-15 10:00:46'),
(107, 102, 0, 6, NULL, '2004-09-15 10:00:46'),
(108, 104, 0, 6, NULL, '2004-09-15 10:00:46'),
(109, 106, 0, 6, NULL, '2004-09-15 10:00:46'),
(110, 107, 0, 6, NULL, '2004-09-15 10:00:46'),
(111, 109, 0, 6, NULL, '2004-09-15 10:00:46'),
(112, 110, 0, 6, NULL, '2004-09-15 10:00:46'),
(113, 111, 0, 6, NULL, '2004-09-15 10:00:46'),
(114, 112, 0, 6, NULL, '2004-09-15 10:00:46'),
(115, 113, 0, 6, NULL, '2004-09-15 10:00:46'),
(116, 114, 0, 6, NULL, '2004-09-15 10:00:46'),
(117, 115, 0, 6, NULL, '2004-09-15 10:00:46'),
(118, 116, 0, 6, NULL, '2004-09-15 10:00:46'),
(251, 117, 0, 26, '0000-00-00 00:00:00', '2022-08-10 11:45:47'),
(120, 118, 0, 6, NULL, '2004-09-15 10:00:46'),
(121, 119, 0, 6, NULL, '2004-09-15 10:00:46'),
(122, 120, 0, 6, NULL, '2004-09-15 10:00:46'),
(123, 121, 0, 6, NULL, '2004-09-15 10:00:46'),
(124, 122, 0, 5, NULL, '2004-09-15 10:00:46'),
(125, 125, 0, 6, NULL, '2004-09-15 10:00:46'),
(126, 126, 0, 6, NULL, '2004-09-15 10:00:46'),
(127, 127, 0, 6, NULL, '2004-09-15 10:00:46'),
(128, 128, 0, 6, NULL, '2004-09-15 10:00:46'),
(129, 129, 0, 6, NULL, '2004-09-15 10:00:46'),
(130, 130, 0, 6, NULL, '2004-09-15 10:00:46'),
(131, 131, 0, 6, NULL, '2004-09-15 10:00:46'),
(252, 132, 0, 27, '0000-00-00 00:00:00', '2022-08-10 11:45:47'),
(133, 133, 0, 6, NULL, '2004-09-15 10:00:46'),
(134, 134, 0, 6, NULL, '2004-09-15 10:00:46'),
(135, 135, 0, 6, NULL, '2004-09-15 10:00:46'),
(136, 136, 0, 6, NULL, '2004-09-15 10:00:46'),
(137, 137, 0, 6, NULL, '2004-09-15 10:00:46'),
(138, 138, 0, 6, NULL, '2004-09-15 10:00:46'),
(139, 139, 0, 6, NULL, '2004-09-15 10:00:46'),
(140, 140, 0, 6, NULL, '2004-09-15 10:00:46'),
(141, 141, 0, 6, NULL, '2004-09-15 10:00:46'),
(142, 142, 0, 6, NULL, '2004-09-15 10:00:46'),
(143, 143, 0, 6, NULL, '2004-09-15 10:00:46'),
(144, 144, 0, 6, NULL, '2004-09-15 10:00:46'),
(145, 145, 0, 6, NULL, '2004-09-15 10:00:46'),
(146, 146, 0, 6, NULL, '2004-09-15 10:00:46'),
(147, 147, 0, 6, NULL, '2004-09-15 10:00:46'),
(148, 148, 0, 6, NULL, '2004-09-15 10:00:46'),
(149, 149, 0, 6, NULL, '2004-09-15 10:00:46'),
(150, 151, 0, 6, NULL, '2004-09-15 10:00:46'),
(151, 152, 0, 6, NULL, '2004-09-15 10:00:46'),
(152, 153, 0, 6, NULL, '2004-09-15 10:00:46'),
(153, 154, 0, 6, NULL, '2004-09-15 10:00:46'),
(154, 155, 0, 6, NULL, '2004-09-15 10:00:46'),
(155, 156, 0, 6, NULL, '2004-09-15 10:00:46'),
(156, 157, 0, 6, NULL, '2004-09-15 10:00:46'),
(157, 158, 0, 6, NULL, '2004-09-15 10:00:46'),
(158, 159, 0, 6, NULL, '2004-09-15 10:00:46'),
(159, 160, 0, 6, NULL, '2004-09-15 10:00:46'),
(160, 161, 0, 6, NULL, '2004-09-15 10:00:46'),
(161, 162, 0, 6, NULL, '2004-09-15 10:00:46'),
(162, 164, 0, 6, NULL, '2004-09-15 10:00:46'),
(163, 165, 0, 6, NULL, '2004-09-15 10:00:46'),
(164, 166, 0, 6, NULL, '2004-09-15 10:00:46'),
(165, 167, 0, 6, NULL, '2004-09-15 10:00:46'),
(166, 168, 0, 6, NULL, '2004-09-15 10:00:46'),
(167, 169, 0, 6, NULL, '2004-09-15 10:00:46'),
(254, 170, 0, 29, '0000-00-00 00:00:00', '2022-08-10 11:45:47'),
(169, 172, 0, 6, NULL, '2004-09-15 10:00:46'),
(170, 173, 0, 6, NULL, '2004-09-15 10:00:46'),
(171, 174, 0, 6, NULL, '2004-09-15 10:00:46'),
(172, 176, 0, 6, NULL, '2004-09-15 10:00:46'),
(173, 177, 0, 6, NULL, '2004-09-15 10:00:46'),
(174, 178, 0, 6, NULL, '2004-09-15 10:00:46'),
(175, 179, 0, 6, NULL, '2004-09-15 10:00:46'),
(176, 180, 0, 6, NULL, '2004-09-15 10:00:46'),
(177, 181, 0, 6, NULL, '2004-09-15 10:00:46'),
(178, 182, 0, 6, NULL, '2004-09-15 10:00:46'),
(179, 183, 0, 6, NULL, '2004-09-15 10:00:46'),
(180, 184, 0, 6, NULL, '2004-09-15 10:00:46'),
(181, 185, 0, 6, NULL, '2004-09-15 10:00:46'),
(182, 186, 0, 6, NULL, '2004-09-15 10:00:46'),
(183, 187, 0, 6, NULL, '2004-09-15 10:00:46'),
(184, 188, 0, 6, NULL, '2004-09-15 10:00:46'),
(259, 189, 0, 34, '0000-00-00 00:00:00', '2022-08-10 11:45:47'),
(258, 190, 0, 33, '0000-00-00 00:00:00', '2022-08-10 11:45:47'),
(187, 191, 0, 6, NULL, '2004-09-15 10:00:46'),
(188, 193, 0, 6, NULL, '2004-09-15 10:00:46'),
(189, 194, 0, 6, NULL, '2004-09-15 10:00:46'),
(190, 192, 0, 6, NULL, '2004-09-15 10:00:46'),
(191, 196, 0, 6, NULL, '2004-09-15 10:00:46'),
(192, 197, 0, 6, NULL, '2004-09-15 10:00:46'),
(193, 198, 0, 6, NULL, '2004-09-15 10:00:46'),
(194, 199, 0, 6, NULL, '2004-09-15 10:00:46'),
(195, 200, 0, 6, NULL, '2004-09-15 10:00:46'),
(196, 201, 0, 6, NULL, '2004-09-15 10:00:46'),
(197, 202, 0, 6, NULL, '2004-09-15 10:00:46'),
(198, 204, 0, 6, NULL, '2004-09-15 10:00:46'),
(199, 205, 0, 6, NULL, '2004-09-15 10:00:46'),
(200, 206, 0, 6, NULL, '2004-09-15 10:00:46'),
(201, 207, 0, 6, NULL, '2004-09-15 10:00:46'),
(202, 208, 0, 6, NULL, '2004-09-15 10:00:46'),
(203, 209, 0, 6, NULL, '2004-09-15 10:00:46'),
(204, 210, 0, 6, NULL, '2004-09-15 10:00:46'),
(205, 211, 0, 6, NULL, '2004-09-15 10:00:46'),
(206, 212, 0, 6, NULL, '2004-09-15 10:00:46'),
(207, 213, 0, 6, NULL, '2004-09-15 10:00:46'),
(208, 214, 0, 6, NULL, '2004-09-15 10:00:46'),
(209, 215, 0, 6, NULL, '2004-09-15 10:00:46'),
(210, 216, 0, 6, NULL, '2004-09-15 10:00:46'),
(211, 217, 0, 6, NULL, '2004-09-15 10:00:46'),
(212, 218, 0, 6, NULL, '2004-09-15 10:00:46'),
(213, 219, 0, 6, NULL, '2004-09-15 10:00:46'),
(214, 221, 0, 6, NULL, '2004-09-15 10:00:46'),
(215, 223, 0, 6, NULL, '2004-09-15 10:00:46'),
(216, 224, 0, 6, NULL, '2004-09-15 10:00:46'),
(217, 225, 0, 6, NULL, '2004-09-15 10:00:46'),
(218, 226, 0, 6, NULL, '2004-09-15 10:00:46'),
(219, 227, 0, 6, NULL, '2004-09-15 10:00:46'),
(220, 228, 0, 6, NULL, '2004-09-15 10:00:46'),
(221, 229, 0, 6, NULL, '2004-09-15 10:00:46'),
(222, 230, 0, 6, NULL, '2004-09-15 10:00:46'),
(223, 231, 0, 6, NULL, '2004-09-15 10:00:46'),
(224, 232, 0, 6, NULL, '2004-09-15 10:00:46'),
(225, 233, 0, 6, NULL, '2004-09-15 10:00:46'),
(226, 234, 0, 6, NULL, '2004-09-15 10:00:46'),
(227, 235, 0, 6, NULL, '2004-09-15 10:00:46'),
(228, 236, 0, 6, NULL, '2004-09-15 10:00:46'),
(229, 237, 0, 6, NULL, '2004-09-15 10:00:46'),
(230, 238, 0, 6, NULL, '2004-09-15 10:00:46'),
(231, 239, 0, 6, NULL, '2004-09-15 10:00:46'),
(256, 175, 0, 31, '0000-00-00 00:00:00', '2022-08-10 11:45:47'),
(249, 123, 0, 24, '0000-00-00 00:00:00', '2022-08-10 11:45:47');

--
-- Indizes der exportierten Tabellen
--

--
-- Indizes für die Tabelle `address_book`
--
ALTER TABLE `address_book`
  ADD PRIMARY KEY (`address_book_id`),
  ADD KEY `customers_id` (`customers_id`);

--
-- Indizes für die Tabelle `address_format`
--
ALTER TABLE `address_format`
  ADD PRIMARY KEY (`address_format_id`);

--
-- Indizes für die Tabelle `admin_access_scheme`
--
ALTER TABLE `admin_access_scheme`
  ADD PRIMARY KEY (`admin_access_scheme_id`);

--
-- Indizes für die Tabelle `admin_access_scheme_values`
--
ALTER TABLE `admin_access_scheme_values`
  ADD PRIMARY KEY (`admin_access_scheme_values_id`),
  ADD KEY `admin_access_scheme_id` (`admin_access_scheme_id`);

--
-- Indizes für die Tabelle `after_shipping_payment_orders`
--
ALTER TABLE `after_shipping_payment_orders`
  ADD PRIMARY KEY (`after_shipping_payment_orders_id`);

--
-- Indizes für die Tabelle `amazon_feeds`
--
ALTER TABLE `amazon_feeds`
  ADD PRIMARY KEY (`amazon_feeds_id`),
  ADD KEY `merchant_id` (`merchant_id`);

--
-- Indizes für die Tabelle `amazon_feeds_order_fulfillments`
--
ALTER TABLE `amazon_feeds_order_fulfillments`
  ADD PRIMARY KEY (`amazon_feeds_order_fulfillments_id`),
  ADD KEY `amazon_feeds_id` (`amazon_feeds_id`);

--
-- Indizes für die Tabelle `amazon_feeds_price_items`
--
ALTER TABLE `amazon_feeds_price_items`
  ADD PRIMARY KEY (`amazon_feeds_price_items_id`),
  ADD KEY `amazon_feeds_price_id` (`amazon_feeds_id`);

--
-- Indizes für die Tabelle `amazon_feeds_product_listing`
--
ALTER TABLE `amazon_feeds_product_listing`
  ADD PRIMARY KEY (`amazon_feeds_product_listing_id`),
  ADD KEY `amazon_feeds_id` (`amazon_feeds_id`,`products_id`);

--
-- Indizes für die Tabelle `amazon_feeds_quantity_items`
--
ALTER TABLE `amazon_feeds_quantity_items`
  ADD PRIMARY KEY (`amazon_feeds_quantity_items_id`),
  ADD KEY `amazon_feeds_quantity_id` (`amazon_feeds_id`);

--
-- Indizes für die Tabelle `amazon_feeds_upload_vat_invoice`
--
ALTER TABLE `amazon_feeds_upload_vat_invoice`
  ADD PRIMARY KEY (`amazon_feeds_upload_vat_invoice_id`),
  ADD KEY `amazon_feeds_id` (`amazon_feeds_id`);

--
-- Indizes für die Tabelle `amazon_feed_collector`
--
ALTER TABLE `amazon_feed_collector`
  ADD PRIMARY KEY (`amazon_feed_collector_id`),
  ADD KEY `selling_partner_id` (`selling_partner_id`);

--
-- Indizes für die Tabelle `amazon_orders`
--
ALTER TABLE `amazon_orders`
  ADD PRIMARY KEY (`amazon_orders_id`),
  ADD KEY `orders_id` (`orders_id`),
  ADD KEY `customers_id` (`customers_id`),
  ADD KEY `buyer_email_address` (`buyer_email_address`),
  ADD KEY `merchant_id` (`merchant_id`);

--
-- Indizes für die Tabelle `amazon_orders_fba`
--
ALTER TABLE `amazon_orders_fba`
  ADD PRIMARY KEY (`amazon_orders_fba_id`),
  ADD KEY `orders_id` (`orders_id`,`amazon_order_id`,`amazon_order_item_id`);

--
-- Indizes für die Tabelle `amazon_orders_products`
--
ALTER TABLE `amazon_orders_products`
  ADD PRIMARY KEY (`amazon_orders_products_id`),
  ADD KEY `amazon_orders_id` (`amazon_orders_id`);

--
-- Indizes für die Tabelle `amazon_products`
--
ALTER TABLE `amazon_products`
  ADD PRIMARY KEY (`amazon_products_id`),
  ADD KEY `products_id` (`products_id`),
  ADD KEY `sku` (`sku`),
  ADD KEY `merchant_id` (`merchant_id`);

--
-- Indizes für die Tabelle `amazon_products_fba`
--
ALTER TABLE `amazon_products_fba`
  ADD PRIMARY KEY (`amazon_products_fba_id`),
  ADD KEY `products_id` (`products_id`,`asin`);

--
-- Indizes für die Tabelle `amazon_settlements`
--
ALTER TABLE `amazon_settlements`
  ADD PRIMARY KEY (`amazon_settlements_id`),
  ADD KEY `order_id` (`order_id`),
  ADD KEY `merchant_id` (`merchant_id`);

--
-- Indizes für die Tabelle `amz_products_excluded`
--
ALTER TABLE `amz_products_excluded`
  ADD PRIMARY KEY (`amz_products_excluded_id`);

--
-- Indizes für die Tabelle `amz_transactions`
--
ALTER TABLE `amz_transactions`
  ADD PRIMARY KEY (`amz_tx_id`),
  ADD UNIQUE KEY `amz_tx_amz_id` (`amz_tx_amz_id`),
  ADD KEY `amz_tx_order_reference` (`amz_tx_order_reference`),
  ADD KEY `amz_tx_type` (`amz_tx_type`);

--
-- Indizes für die Tabelle `banktransfer`
--
ALTER TABLE `banktransfer`
  ADD KEY `orders_id` (`orders_id`);

--
-- Indizes für die Tabelle `banners`
--
ALTER TABLE `banners`
  ADD PRIMARY KEY (`banners_id`);

--
-- Indizes für die Tabelle `banners_history`
--
ALTER TABLE `banners_history`
  ADD PRIMARY KEY (`banners_history_id`);

--
-- Indizes für die Tabelle `branches`
--
ALTER TABLE `branches`
  ADD PRIMARY KEY (`branches_id`);

--
-- Indizes für die Tabelle `branches_history`
--
ALTER TABLE `branches_history`
  ADD PRIMARY KEY (`branches_history_id`),
  ADD KEY `branches_id` (`branches_id`);

--
-- Indizes für die Tabelle `branches_orders_fibunumbers`
--
ALTER TABLE `branches_orders_fibunumbers`
  ADD PRIMARY KEY (`branches_orders_fibunumbers`),
  ADD KEY `orders_id` (`orders_id`,`branches_id`);

--
-- Indizes für die Tabelle `branches_products`
--
ALTER TABLE `branches_products`
  ADD PRIMARY KEY (`branches_products_id`),
  ADD KEY `branches_id` (`branches_id`),
  ADD KEY `products_id` (`products_id`);

--
-- Indizes für die Tabelle `branches_products_serials`
--
ALTER TABLE `branches_products_serials`
  ADD PRIMARY KEY (`branches_products_serials_id`),
  ADD KEY `branches_products_id` (`branches_products_id`),
  ADD KEY `products_id` (`products_id`);

--
-- Indizes für die Tabelle `branches_to_customers`
--
ALTER TABLE `branches_to_customers`
  ADD PRIMARY KEY (`branches_to_customers_id`),
  ADD KEY `branches_id` (`branches_id`),
  ADD KEY `customers_id` (`customers_id`);

--
-- Indizes für die Tabelle `branches_transfer`
--
ALTER TABLE `branches_transfer`
  ADD PRIMARY KEY (`branches_transfer_id`),
  ADD KEY `branches_id` (`branches_id`),
  ADD KEY `target_branches_id` (`target_branches_id`);

--
-- Indizes für die Tabelle `branches_transfer_products`
--
ALTER TABLE `branches_transfer_products`
  ADD PRIMARY KEY (`branches_transfer_products_id`),
  ADD KEY `branches_transfer_id` (`branches_transfer_id`),
  ADD KEY `products_id` (`products_id`);

--
-- Indizes für die Tabelle `branches_transfer_status`
--
ALTER TABLE `branches_transfer_status`
  ADD PRIMARY KEY (`branches_transfer_status_id`);

--
-- Indizes für die Tabelle `branches_transfer_status_history`
--
ALTER TABLE `branches_transfer_status_history`
  ADD PRIMARY KEY (`branches_transfer_status_history_id`),
  ADD KEY `branches_transfer_id` (`branches_transfer_id`);

--
-- Indizes für die Tabelle `cancel_auctions`
--
ALTER TABLE `cancel_auctions`
  ADD PRIMARY KEY (`cancel_auctions_id`),
  ADD KEY `products_id` (`products_id`);

--
-- Indizes für die Tabelle `categories`
--
ALTER TABLE `categories`
  ADD PRIMARY KEY (`categories_id`),
  ADD KEY `parent_id` (`parent_id`),
  ADD KEY `categories_status` (`categories_status`);

--
-- Indizes für die Tabelle `categories_description`
--
ALTER TABLE `categories_description`
  ADD PRIMARY KEY (`categories_id`,`language_id`),
  ADD KEY `categories_name` (`categories_name`);

--
-- Indizes für die Tabelle `categories_exclude`
--
ALTER TABLE `categories_exclude`
  ADD PRIMARY KEY (`categories_exclude_id`),
  ADD KEY `categories_id` (`categories_id`),
  ADD KEY `customers_id` (`customers_id`);

--
-- Indizes für die Tabelle `categories_to_groups`
--
ALTER TABLE `categories_to_groups`
  ADD PRIMARY KEY (`categories_to_groups_id`),
  ADD KEY `categories_id` (`categories_id`,`groups_id`);

--
-- Indizes für die Tabelle `categories_to_groups_characteristics`
--
ALTER TABLE `categories_to_groups_characteristics`
  ADD PRIMARY KEY (`categories_to_groups_characteristics_id`),
  ADD KEY `categories_to_groups_id` (`categories_to_groups_id`,`characteristics_id`);

--
-- Indizes für die Tabelle `change_status_history`
--
ALTER TABLE `change_status_history`
  ADD PRIMARY KEY (`id`);

--
-- Indizes für die Tabelle `cm_file_flags`
--
ALTER TABLE `cm_file_flags`
  ADD PRIMARY KEY (`file_flag`);

--
-- Indizes für die Tabelle `configuration`
--
ALTER TABLE `configuration`
  ADD PRIMARY KEY (`configuration_id`),
  ADD KEY `configuration_group_id` (`configuration_group_id`);

--
-- Indizes für die Tabelle `configuration_group`
--
ALTER TABLE `configuration_group`
  ADD PRIMARY KEY (`configuration_group_id`);

--
-- Indizes für die Tabelle `content_manager`
--
ALTER TABLE `content_manager`
  ADD PRIMARY KEY (`content_id`);
ALTER TABLE `content_manager` ADD FULLTEXT KEY `content_meta_title` (`content_meta_title`,`content_meta_description`,`content_meta_keywords`);

--
-- Indizes für die Tabelle `costs`
--
ALTER TABLE `costs`
  ADD PRIMARY KEY (`costs_id`),
  ADD KEY `orders_id` (`orders_id`);

--
-- Indizes für die Tabelle `countries`
--
ALTER TABLE `countries`
  ADD PRIMARY KEY (`countries_id`),
  ADD KEY `IDX_COUNTRIES_NAME` (`countries_name`),
  ADD KEY `countries_name` (`countries_name`);

--
-- Indizes für die Tabelle `countries_allocations`
--
ALTER TABLE `countries_allocations`
  ADD KEY `countries_id` (`countries_id`);

--
-- Indizes für die Tabelle `coupons`
--
ALTER TABLE `coupons`
  ADD PRIMARY KEY (`coupon_id`);

--
-- Indizes für die Tabelle `coupons_description`
--
ALTER TABLE `coupons_description`
  ADD KEY `coupon_id` (`coupon_id`);

--
-- Indizes für die Tabelle `coupon_email_track`
--
ALTER TABLE `coupon_email_track`
  ADD PRIMARY KEY (`unique_id`);

--
-- Indizes für die Tabelle `coupon_gv_customer`
--
ALTER TABLE `coupon_gv_customer`
  ADD PRIMARY KEY (`customer_id`),
  ADD KEY `customer_id` (`customer_id`);

--
-- Indizes für die Tabelle `coupon_gv_queue`
--
ALTER TABLE `coupon_gv_queue`
  ADD PRIMARY KEY (`unique_id`),
  ADD KEY `uid` (`unique_id`,`customer_id`,`order_id`),
  ADD KEY `unique_id` (`unique_id`),
  ADD KEY `customer_id` (`customer_id`),
  ADD KEY `order_id` (`order_id`);

--
-- Indizes für die Tabelle `coupon_redeem_track`
--
ALTER TABLE `coupon_redeem_track`
  ADD PRIMARY KEY (`unique_id`);

--
-- Indizes für die Tabelle `currencies`
--
ALTER TABLE `currencies`
  ADD PRIMARY KEY (`currencies_id`);

--
-- Indizes für die Tabelle `customers_basket`
--
ALTER TABLE `customers_basket`
  ADD PRIMARY KEY (`customers_basket_id`),
  ADD KEY `customers_id` (`customers_id`);

--
-- Indizes für die Tabelle `customers_basket_attributes`
--
ALTER TABLE `customers_basket_attributes`
  ADD PRIMARY KEY (`customers_basket_attributes_id`);

--
-- Indizes für die Tabelle `customers_email_aliases`
--
ALTER TABLE `customers_email_aliases`
  ADD PRIMARY KEY (`customers_email_aliases_id`),
  ADD KEY `customers_id` (`customers_id`);

--
-- Indizes für die Tabelle `customers_email_filter`
--
ALTER TABLE `customers_email_filter`
  ADD PRIMARY KEY (`customers_email_filter_id`),
  ADD KEY `customers_id` (`customers_id`);

--
-- Indizes für die Tabelle `customers_info`
--
ALTER TABLE `customers_info`
  ADD PRIMARY KEY (`customers_info_id`);

--
-- Indizes für die Tabelle `customers_ip`
--
ALTER TABLE `customers_ip`
  ADD PRIMARY KEY (`customers_ip_id`),
  ADD KEY `customers_id` (`customers_id`);

--
-- Indizes für die Tabelle `customers_memo`
--
ALTER TABLE `customers_memo`
  ADD PRIMARY KEY (`memo_id`),
  ADD KEY `customers_id` (`customers_id`);

--
-- Indizes für die Tabelle `customers_status`
--
ALTER TABLE `customers_status`
  ADD PRIMARY KEY (`customers_status_id`,`language_id`),
  ADD KEY `customers_status_name` (`customers_status_name`);

--
-- Indizes für die Tabelle `customers_status_history`
--
ALTER TABLE `customers_status_history`
  ADD PRIMARY KEY (`customers_status_history_id`),
  ADD KEY `customers_id` (`customers_id`);

--
-- Indizes für die Tabelle `default_products_master_keys`
--
ALTER TABLE `default_products_master_keys`
  ADD PRIMARY KEY (`default_products_master_keys_id`);

--
-- Indizes für die Tabelle `default_products_master_keys_description`
--
ALTER TABLE `default_products_master_keys_description`
  ADD PRIMARY KEY (`default_products_master_keys_description_id`),
  ADD KEY `default_products_master_keys_id` (`default_products_master_keys_id`);

--
-- Indizes für die Tabelle `default_products_master_slave_values`
--
ALTER TABLE `default_products_master_slave_values`
  ADD PRIMARY KEY (`default_products_master_slave_values_id`),
  ADD KEY `default_products_master_key_id` (`default_products_master_keys_description_id`);

--
-- Indizes für die Tabelle `distributors`
--
ALTER TABLE `distributors`
  ADD PRIMARY KEY (`id`);

--
-- Indizes für die Tabelle `distributor_contacts`
--
ALTER TABLE `distributor_contacts`
  ADD PRIMARY KEY (`distributor_contacts_id`),
  ADD KEY `distributor_id` (`distributor_id`);

--
-- Indizes für die Tabelle `distributor_invoices`
--
ALTER TABLE `distributor_invoices`
  ADD PRIMARY KEY (`distributor_invoices_id`),
  ADD KEY `distributor_id` (`distributor_id`);

--
-- Indizes für die Tabelle `distributor_invoices_entries`
--
ALTER TABLE `distributor_invoices_entries`
  ADD PRIMARY KEY (`distributor_invoices_entries_id`),
  ADD KEY `distributor_invoices_id` (`distributor_invoices_id`);

--
-- Indizes für die Tabelle `distributor_invoices_installments`
--
ALTER TABLE `distributor_invoices_installments`
  ADD PRIMARY KEY (`distributor_invoices_installments_id`),
  ADD KEY `distributor_invoices_id` (`distributor_invoices_id`);

--
-- Indizes für die Tabelle `distributor_invoices_products`
--
ALTER TABLE `distributor_invoices_products`
  ADD PRIMARY KEY (`distributor_invoices_products_id`),
  ADD KEY `distributor_invoices_id` (`distributor_invoices_id`);

--
-- Indizes für die Tabelle `distributor_invoices_products_properties`
--
ALTER TABLE `distributor_invoices_products_properties`
  ADD PRIMARY KEY (`distributor_invoices_products_properties_id`),
  ADD KEY `distributor_invoices_products_id` (`distributor_invoices_products_id`);

--
-- Indizes für die Tabelle `distributor_invoices_reasons`
--
ALTER TABLE `distributor_invoices_reasons`
  ADD PRIMARY KEY (`distributor_invoices_reasons_id`);

--
-- Indizes für die Tabelle `distributor_invoices_status`
--
ALTER TABLE `distributor_invoices_status`
  ADD PRIMARY KEY (`distributor_invoices_status_id`,`language_id`);

--
-- Indizes für die Tabelle `distributor_invoices_status_history`
--
ALTER TABLE `distributor_invoices_status_history`
  ADD PRIMARY KEY (`distributor_invoices_status_history_id`),
  ADD KEY `distributor_invoices_id` (`distributor_invoices_id`);

--
-- Indizes für die Tabelle `distributor_invoices_total`
--
ALTER TABLE `distributor_invoices_total`
  ADD PRIMARY KEY (`distributor_invoices_total_id`),
  ADD KEY `distributor_invoices_id` (`distributor_invoices_id`);

--
-- Indizes für die Tabelle `distributor_orders`
--
ALTER TABLE `distributor_orders`
  ADD PRIMARY KEY (`distributor_orders_id`),
  ADD KEY `distributor_id` (`distributor_id`),
  ADD KEY `orders_id` (`orders_id`);

--
-- Indizes für die Tabelle `distributor_orders_products`
--
ALTER TABLE `distributor_orders_products`
  ADD PRIMARY KEY (`distributor_orders_products_id`),
  ADD KEY `distributor_orders_id` (`distributor_orders_id`),
  ADD KEY `products_id` (`products_id`);

--
-- Indizes für die Tabelle `distributor_orders_products_attributes`
--
ALTER TABLE `distributor_orders_products_attributes`
  ADD PRIMARY KEY (`distributor_orders_products_attributes_id`);

--
-- Indizes für die Tabelle `distributor_orders_products_properties`
--
ALTER TABLE `distributor_orders_products_properties`
  ADD PRIMARY KEY (`distributor_orders_products_properties_id`),
  ADD KEY `distributor_orders_products_id` (`distributor_orders_products_id`);

--
-- Indizes für die Tabelle `distributor_orders_recalculate`
--
ALTER TABLE `distributor_orders_recalculate`
  ADD PRIMARY KEY (`orders_recalculate_id`);

--
-- Indizes für die Tabelle `distributor_orders_status`
--
ALTER TABLE `distributor_orders_status`
  ADD PRIMARY KEY (`orders_status_id`,`language_id`),
  ADD KEY `orders_status_name` (`orders_status_name`);

--
-- Indizes für die Tabelle `distributor_orders_status_history`
--
ALTER TABLE `distributor_orders_status_history`
  ADD PRIMARY KEY (`orders_status_history_id`),
  ADD KEY `distributor_orders_id` (`distributor_orders_id`);

--
-- Indizes für die Tabelle `distributor_orders_total`
--
ALTER TABLE `distributor_orders_total`
  ADD PRIMARY KEY (`orders_total_id`),
  ADD KEY `orders_id` (`orders_id`);

--
-- Indizes für die Tabelle `distributor_product_prices`
--
ALTER TABLE `distributor_product_prices`
  ADD PRIMARY KEY (`distributor_product_prices_id`),
  ADD KEY `distributor_id` (`distributor_id`),
  ADD KEY `products_id` (`products_id`);

--
-- Indizes für die Tabelle `ebayapi_favorites`
--
ALTER TABLE `ebayapi_favorites`
  ADD PRIMARY KEY (`favorite_id`),
  ADD KEY `favorite_id` (`favorite_id`),
  ADD KEY `favorite_ebayid` (`favorite_ebayid`);

--
-- Indizes für die Tabelle `ebayapi_favorites_characteristics`
--
ALTER TABLE `ebayapi_favorites_characteristics`
  ADD PRIMARY KEY (`ebayapi_favorites_characteristics_id`),
  ADD KEY `ebayapi_favorites_id` (`ebayapi_favorites_id`);

--
-- Indizes für die Tabelle `ebayapi_favorites_itemconditions`
--
ALTER TABLE `ebayapi_favorites_itemconditions`
  ADD PRIMARY KEY (`ebayapi_favorites_itemconditions_id`),
  ADD KEY `favorite_ebayid` (`favorite_ebayid`);

--
-- Indizes für die Tabelle `ebay_auctions`
--
ALTER TABLE `ebay_auctions`
  ADD PRIMARY KEY (`id`),
  ADD KEY `ebay_id` (`ebay_id`),
  ADD KEY `products_id` (`products_id`),
  ADD KEY `ebay_products_id` (`ebay_products_id`),
  ADD KEY `end_time` (`end_time`),
  ADD KEY `cronstart` (`cronstart`),
  ADD KEY `start_time` (`start_time`),
  ADD KEY `status` (`status`);

--
-- Indizes für die Tabelle `ebay_auctions_characteristics`
--
ALTER TABLE `ebay_auctions_characteristics`
  ADD PRIMARY KEY (`ebay_auctions_characteristics_id`),
  ADD KEY `ebay_auctions_id` (`ebay_auctions_id`);

--
-- Indizes für die Tabelle `ebay_auctions_energy_efficiency`
--
ALTER TABLE `ebay_auctions_energy_efficiency`
  ADD PRIMARY KEY (`ebay_auctions_energy_efficiency_id`),
  ADD KEY `ebay_auctions_id` (`ebay_auctions_id`);

--
-- Indizes für die Tabelle `ebay_auctions_fees`
--
ALTER TABLE `ebay_auctions_fees`
  ADD PRIMARY KEY (`ebay_auctions_fees_id`),
  ADD KEY `ebay_auctions_id` (`ebay_auctions_id`);

--
-- Indizes für die Tabelle `ebay_auctions_itemspecifics`
--
ALTER TABLE `ebay_auctions_itemspecifics`
  ADD PRIMARY KEY (`ebay_auctions_itemspecifics_id`),
  ADD KEY `ebay_auctions_id` (`ebay_auctions_id`);

--
-- Indizes für die Tabelle `ebay_auctions_manufacturers`
--
ALTER TABLE `ebay_auctions_manufacturers`
  ADD PRIMARY KEY (`ebay_auctions_manufacturers_id`),
  ADD KEY `ebay_auctions_id` (`ebay_auctions_id`);

--
-- Indizes für die Tabelle `ebay_auctions_payments`
--
ALTER TABLE `ebay_auctions_payments`
  ADD PRIMARY KEY (`ebay_auctions_payments_id`),
  ADD KEY `ebay_auctions_id` (`ebay_auctions_id`);

--
-- Indizes für die Tabelle `ebay_auctions_price_revise`
--
ALTER TABLE `ebay_auctions_price_revise`
  ADD PRIMARY KEY (`ebay_auctions_price_revise_id`),
  ADD KEY `ebay_auctions_id` (`ebay_auctions_id`);

--
-- Indizes für die Tabelle `ebay_auctions_price_revise_auctions`
--
ALTER TABLE `ebay_auctions_price_revise_auctions`
  ADD PRIMARY KEY (`ebay_auctions_price_revise_auctions_id`),
  ADD KEY `ebay_auctions_id` (`ebay_auctions_id`),
  ADD KEY `products_id` (`products_id`);

--
-- Indizes für die Tabelle `ebay_auctions_productsafety`
--
ALTER TABLE `ebay_auctions_productsafety`
  ADD PRIMARY KEY (`ebay_auctions_productsafety_id`),
  ADD KEY `ebay_auctions_id` (`ebay_auctions_id`);

--
-- Indizes für die Tabelle `ebay_auctions_properties`
--
ALTER TABLE `ebay_auctions_properties`
  ADD PRIMARY KEY (`ebay_auctions_properties_id`),
  ADD KEY `ebay_auctions_id` (`ebay_auctions_id`);

--
-- Indizes für die Tabelle `ebay_auctions_properties_description`
--
ALTER TABLE `ebay_auctions_properties_description`
  ADD PRIMARY KEY (`ebay_auctions_properties_description_id`),
  ADD KEY `ebay_auctions_properties_id` (`ebay_auctions_properties_id`);

--
-- Indizes für die Tabelle `ebay_auctions_properties_values`
--
ALTER TABLE `ebay_auctions_properties_values`
  ADD PRIMARY KEY (`ebay_auctions_properties_values_id`),
  ADD KEY `ebay_auctions_properties_description_id` (`ebay_auctions_properties_id`);

--
-- Indizes für die Tabelle `ebay_auctions_properties_values_description`
--
ALTER TABLE `ebay_auctions_properties_values_description`
  ADD PRIMARY KEY (`ebay_auctions_properties_values_description_id`),
  ADD KEY `ebay_auctions_properties_description_id` (`ebay_auctions_properties_values_id`);

--
-- Indizes für die Tabelle `ebay_auctions_quantity_history`
--
ALTER TABLE `ebay_auctions_quantity_history`
  ADD PRIMARY KEY (`ebay_auctions_quantity_history_id`),
  ADD KEY `ebay_auctions_id` (`ebay_auctions_id`);

--
-- Indizes für die Tabelle `ebay_auctions_regulatory_documents`
--
ALTER TABLE `ebay_auctions_regulatory_documents`
  ADD PRIMARY KEY (`ebay_auctions_regulatory_documents_id`),
  ADD KEY `ebay_auctions_id` (`ebay_auctions_id`);

--
-- Indizes für die Tabelle `ebay_auctions_regulatory_hazmats`
--
ALTER TABLE `ebay_auctions_regulatory_hazmats`
  ADD PRIMARY KEY (`ebay_auctions_regulatory_hazmats_id`),
  ADD KEY `ebay_auctions_id` (`ebay_auctions_id`);

--
-- Indizes für die Tabelle `ebay_auctions_responsible_persons`
--
ALTER TABLE `ebay_auctions_responsible_persons`
  ADD PRIMARY KEY (`ebay_auctions_responsible_persons_id`),
  ADD KEY `ebay_auctions_id` (`ebay_auctions_id`);

--
-- Indizes für die Tabelle `ebay_auctions_shippings`
--
ALTER TABLE `ebay_auctions_shippings`
  ADD PRIMARY KEY (`ebay_auctions_shippings_id`),
  ADD KEY `ebay_auctions_id` (`ebay_auctions_id`);

--
-- Indizes für die Tabelle `ebay_auctions_shippings_locations`
--
ALTER TABLE `ebay_auctions_shippings_locations`
  ADD PRIMARY KEY (`ebay_auctions_shippings_locations_id`),
  ADD KEY `ebay_auctions_shippings_id` (`ebay_auctions_shippings_id`);

--
-- Indizes für die Tabelle `ebay_auctions_variations`
--
ALTER TABLE `ebay_auctions_variations`
  ADD PRIMARY KEY (`ebay_auctions_variations_id`),
  ADD KEY `products_id` (`products_id`),
  ADD KEY `ebay_auctions_id` (`ebay_auctions_id`);

--
-- Indizes für die Tabelle `ebay_auctions_videos`
--
ALTER TABLE `ebay_auctions_videos`
  ADD PRIMARY KEY (`ebay_auctions_videos_id`),
  ADD KEY `ebay_auctions_id` (`ebay_auctions_id`);

--
-- Indizes für die Tabelle `ebay_auth`
--
ALTER TABLE `ebay_auth`
  ADD PRIMARY KEY (`Id`);

--
-- Indizes für die Tabelle `ebay_automatics`
--
ALTER TABLE `ebay_automatics`
  ADD PRIMARY KEY (`ebay_automatics_id`),
  ADD KEY `ebay_products_id` (`ebay_products_id`);

--
-- Indizes für die Tabelle `ebay_automatics_daily`
--
ALTER TABLE `ebay_automatics_daily`
  ADD PRIMARY KEY (`ebay_automatics_daily_id`),
  ADD KEY `ebay_automatics_id` (`ebay_automatics_id`);

--
-- Indizes für die Tabelle `ebay_bestoffer_matrix`
--
ALTER TABLE `ebay_bestoffer_matrix`
  ADD PRIMARY KEY (`ebay_bestoffer_matrix_id`),
  ADD KEY `ebay_products_id` (`ebay_products_id`);

--
-- Indizes für die Tabelle `ebay_brand_aliases`
--
ALTER TABLE `ebay_brand_aliases`
  ADD PRIMARY KEY (`ebay_brand_aliases_id`);

--
-- Indizes für die Tabelle `ebay_calls`
--
ALTER TABLE `ebay_calls`
  ADD PRIMARY KEY (`id`);

--
-- Indizes für die Tabelle `ebay_customers`
--
ALTER TABLE `ebay_customers`
  ADD PRIMARY KEY (`id`);

--
-- Indizes für die Tabelle `ebay_default_characteristics`
--
ALTER TABLE `ebay_default_characteristics`
  ADD PRIMARY KEY (`ebay_default_characteristics_id`),
  ADD KEY `ebay_sammler_id` (`ebay_sammler_id`);

--
-- Indizes für die Tabelle `ebay_default_itemspecifics`
--
ALTER TABLE `ebay_default_itemspecifics`
  ADD PRIMARY KEY (`ebay_default_itemspecifics_id`);

--
-- Indizes für die Tabelle `ebay_default_payments`
--
ALTER TABLE `ebay_default_payments`
  ADD PRIMARY KEY (`ebay_default_payments_id`);

--
-- Indizes für die Tabelle `ebay_default_shippings`
--
ALTER TABLE `ebay_default_shippings`
  ADD PRIMARY KEY (`ebay_default_shippings_id`);

--
-- Indizes für die Tabelle `ebay_default_shippings_locations`
--
ALTER TABLE `ebay_default_shippings_locations`
  ADD PRIMARY KEY (`ebay_default_shippings_locations_id`),
  ADD KEY `ebay_default_shippings_id` (`ebay_default_shippings_id`);

--
-- Indizes für die Tabelle `ebay_disputes`
--
ALTER TABLE `ebay_disputes`
  ADD PRIMARY KEY (`id`);

--
-- Indizes für die Tabelle `ebay_durations`
--
ALTER TABLE `ebay_durations`
  ADD PRIMARY KEY (`id`);

--
-- Indizes für die Tabelle `ebay_emails`
--
ALTER TABLE `ebay_emails`
  ADD PRIMARY KEY (`id`),
  ADD KEY `email_body_id` (`email_body_id`),
  ADD KEY `customers_id` (`customers_id`),
  ADD KEY `messageid` (`messageid`);

--
-- Indizes für die Tabelle `ebay_email_attachments`
--
ALTER TABLE `ebay_email_attachments`
  ADD PRIMARY KEY (`ebay_email_attachments_id`),
  ADD KEY `email_id` (`email_id`);

--
-- Indizes für die Tabelle `ebay_email_bodys`
--
ALTER TABLE `ebay_email_bodys`
  ADD PRIMARY KEY (`email_id`);

--
-- Indizes für die Tabelle `ebay_external_payments`
--
ALTER TABLE `ebay_external_payments`
  ADD PRIMARY KEY (`ebay_external_payments_id`),
  ADD KEY `orders_id` (`orders_id`);

--
-- Indizes für die Tabelle `ebay_feedback`
--
ALTER TABLE `ebay_feedback`
  ADD PRIMARY KEY (`id`),
  ADD KEY `ItemNumber` (`ItemNumber`),
  ADD KEY `TransactionId` (`TransactionId`);

--
-- Indizes für die Tabelle `ebay_import_variations_images`
--
ALTER TABLE `ebay_import_variations_images`
  ADD PRIMARY KEY (`ebay_import_variations_images_id`);

--
-- Indizes für die Tabelle `ebay_libri_filters`
--
ALTER TABLE `ebay_libri_filters`
  ADD PRIMARY KEY (`ebay_libri_filters_id`);

--
-- Indizes für die Tabelle `ebay_media_documents`
--
ALTER TABLE `ebay_media_documents`
  ADD PRIMARY KEY (`ebay_media_documents_id`);

--
-- Indizes für die Tabelle `ebay_media_videos`
--
ALTER TABLE `ebay_media_videos`
  ADD PRIMARY KEY (`ebay_media_videos_id`);

--
-- Indizes für die Tabelle `ebay_mpn_aliases`
--
ALTER TABLE `ebay_mpn_aliases`
  ADD PRIMARY KEY (`ebay_mpn_aliases_id`);

--
-- Indizes für die Tabelle `ebay_multi_edit`
--
ALTER TABLE `ebay_multi_edit`
  ADD PRIMARY KEY (`ebay_multi_edit_id`);

--
-- Indizes für die Tabelle `ebay_multi_edit_items`
--
ALTER TABLE `ebay_multi_edit_items`
  ADD PRIMARY KEY (`ebay_multi_edit_items_id`),
  ADD KEY `ebay_auctions_id` (`ebay_auctions_id`),
  ADD KEY `ebay_multi_edit_id` (`ebay_multi_edit_id`);

--
-- Indizes für die Tabelle `ebay_multi_edit_price_revise`
--
ALTER TABLE `ebay_multi_edit_price_revise`
  ADD PRIMARY KEY (`ebay_multi_edit_price_revise_id`),
  ADD KEY `ebay_auctions_id` (`ebay_auctions_id`);

--
-- Indizes für die Tabelle `ebay_mymessage`
--
ALTER TABLE `ebay_mymessage`
  ADD PRIMARY KEY (`ebay_mymessage_id`);

--
-- Indizes für die Tabelle `ebay_mymessage_reply`
--
ALTER TABLE `ebay_mymessage_reply`
  ADD PRIMARY KEY (`ebay_mymessage_reply_id`);

--
-- Indizes für die Tabelle `ebay_orders`
--
ALTER TABLE `ebay_orders`
  ADD PRIMARY KEY (`ebay_orders_id`),
  ADD KEY `orders_id` (`orders_id`);

--
-- Indizes für die Tabelle `ebay_orders_items`
--
ALTER TABLE `ebay_orders_items`
  ADD PRIMARY KEY (`ebay_orders_items_id`),
  ADD KEY `ebay_orders_id` (`ebay_orders_id`),
  ADD KEY `products_id` (`products_id`);

--
-- Indizes für die Tabelle `ebay_orders_oos`
--
ALTER TABLE `ebay_orders_oos`
  ADD PRIMARY KEY (`ebay_orders_oos_id`);

--
-- Indizes für die Tabelle `ebay_payments`
--
ALTER TABLE `ebay_payments`
  ADD PRIMARY KEY (`ebay_payments_id`);

--
-- Indizes für die Tabelle `ebay_personal_offers`
--
ALTER TABLE `ebay_personal_offers`
  ADD PRIMARY KEY (`ebay_personal_offers`),
  ADD KEY `ebay_id` (`ebay_id`);

--
-- Indizes für die Tabelle `ebay_products`
--
ALTER TABLE `ebay_products`
  ADD PRIMARY KEY (`id`),
  ADD KEY `products_id` (`products_id`),
  ADD KEY `ebay_sammler_id` (`ebay_sammler_id`),
  ADD KEY `ebay_variations_id` (`ebay_variations_id`);

--
-- Indizes für die Tabelle `ebay_products_characteristics`
--
ALTER TABLE `ebay_products_characteristics`
  ADD PRIMARY KEY (`ebay_products_characteristics_id`),
  ADD KEY `ebay_products_id` (`ebay_products_id`);

--
-- Indizes für die Tabelle `ebay_products_energy_efficiency`
--
ALTER TABLE `ebay_products_energy_efficiency`
  ADD PRIMARY KEY (`ebay_products_energy_efficiency_id`),
  ADD KEY `ebay_products_id` (`ebay_products_id`);

--
-- Indizes für die Tabelle `ebay_products_history`
--
ALTER TABLE `ebay_products_history`
  ADD PRIMARY KEY (`ebay_products_history_id`),
  ADD KEY `ebay_products_id` (`ebay_products_id`);

--
-- Indizes für die Tabelle `ebay_products_itemspecifics`
--
ALTER TABLE `ebay_products_itemspecifics`
  ADD PRIMARY KEY (`ebay_products_itemspecifics_id`),
  ADD KEY `ebay_products_id` (`ebay_products_id`);

--
-- Indizes für die Tabelle `ebay_products_itemspecifics_recommendations`
--
ALTER TABLE `ebay_products_itemspecifics_recommendations`
  ADD PRIMARY KEY (`ebay_products_itemspecifics_recommendations_id`),
  ADD KEY `ebay_products_id` (`ebay_products_id`);

--
-- Indizes für die Tabelle `ebay_products_manufacturers`
--
ALTER TABLE `ebay_products_manufacturers`
  ADD PRIMARY KEY (`ebay_products_manufacturers_id`),
  ADD KEY `ebay_products_id` (`ebay_products_id`);

--
-- Indizes für die Tabelle `ebay_products_payments`
--
ALTER TABLE `ebay_products_payments`
  ADD PRIMARY KEY (`ebay_products_payments_id`),
  ADD KEY `ebay_products_id` (`ebay_products_id`);

--
-- Indizes für die Tabelle `ebay_products_productsafety`
--
ALTER TABLE `ebay_products_productsafety`
  ADD PRIMARY KEY (`ebay_products_productsafety_id`),
  ADD KEY `ebay_products_id` (`ebay_products_id`);

--
-- Indizes für die Tabelle `ebay_products_properties`
--
ALTER TABLE `ebay_products_properties`
  ADD PRIMARY KEY (`ebay_products_properties_id`),
  ADD KEY `ebay_products_id` (`ebay_products_id`);

--
-- Indizes für die Tabelle `ebay_products_properties_description`
--
ALTER TABLE `ebay_products_properties_description`
  ADD PRIMARY KEY (`ebay_products_properties_description_id`),
  ADD KEY `ebay_products_properties_id` (`ebay_products_properties_id`);

--
-- Indizes für die Tabelle `ebay_products_properties_values`
--
ALTER TABLE `ebay_products_properties_values`
  ADD PRIMARY KEY (`ebay_products_properties_values_id`),
  ADD KEY `ebay_products_properties_description_id` (`ebay_products_properties_id`);

--
-- Indizes für die Tabelle `ebay_products_properties_values_description`
--
ALTER TABLE `ebay_products_properties_values_description`
  ADD PRIMARY KEY (`ebay_products_properties_values_description_id`),
  ADD KEY `ebay_products_properties_description_id` (`ebay_products_properties_values_id`);

--
-- Indizes für die Tabelle `ebay_products_regulatory_documents`
--
ALTER TABLE `ebay_products_regulatory_documents`
  ADD PRIMARY KEY (`ebay_products_regulatory_documents_id`),
  ADD KEY `ebay_products_id` (`ebay_products_id`);

--
-- Indizes für die Tabelle `ebay_products_regulatory_hazmats`
--
ALTER TABLE `ebay_products_regulatory_hazmats`
  ADD PRIMARY KEY (`ebay_products_regulatory_hazmats_id`),
  ADD KEY `ebay_products_id` (`ebay_products_id`);

--
-- Indizes für die Tabelle `ebay_products_responsible_persons`
--
ALTER TABLE `ebay_products_responsible_persons`
  ADD PRIMARY KEY (`ebay_products_responsible_persons_id`),
  ADD KEY `ebay_products_id` (`ebay_products_id`);

--
-- Indizes für die Tabelle `ebay_products_shippings`
--
ALTER TABLE `ebay_products_shippings`
  ADD PRIMARY KEY (`ebay_products_shippings_id`),
  ADD KEY `ebay_products_id` (`ebay_products_id`);

--
-- Indizes für die Tabelle `ebay_products_shippings_locations`
--
ALTER TABLE `ebay_products_shippings_locations`
  ADD PRIMARY KEY (`ebay_products_shippings_locations_id`),
  ADD KEY `ebay_products_shippings_id` (`ebay_products_shippings_id`);

--
-- Indizes für die Tabelle `ebay_products_to_categories`
--
ALTER TABLE `ebay_products_to_categories`
  ADD PRIMARY KEY (`id`),
  ADD KEY `products_id` (`products_id`),
  ADD KEY `category_id` (`category_id`);

--
-- Indizes für die Tabelle `ebay_products_variations`
--
ALTER TABLE `ebay_products_variations`
  ADD PRIMARY KEY (`ebay_products_variations_id`),
  ADD KEY `ebay_products_id` (`ebay_products_id`);

--
-- Indizes für die Tabelle `ebay_products_videos`
--
ALTER TABLE `ebay_products_videos`
  ADD PRIMARY KEY (`ebay_products_videos_id`),
  ADD KEY `ebay_products_id` (`ebay_products_id`);

--
-- Indizes für die Tabelle `ebay_sammler`
--
ALTER TABLE `ebay_sammler`
  ADD PRIMARY KEY (`id`);

--
-- Indizes für die Tabelle `ebay_sammler_characteristics`
--
ALTER TABLE `ebay_sammler_characteristics`
  ADD PRIMARY KEY (`ebay_sammler_characteristics_id`),
  ADD KEY `ebay_sammler_id` (`ebay_sammler_id`);

--
-- Indizes für die Tabelle `ebay_sammler_copy`
--
ALTER TABLE `ebay_sammler_copy`
  ADD PRIMARY KEY (`ebay_sammler_copy_id`),
  ADD KEY `ebay_sammler_id` (`ebay_sammler_id`);

--
-- Indizes für die Tabelle `ebay_sammler_itemspecifics`
--
ALTER TABLE `ebay_sammler_itemspecifics`
  ADD PRIMARY KEY (`ebay_sammler_itemspecifics_id`),
  ADD KEY `ebay_sammler_id` (`ebay_sammler_id`);

--
-- Indizes für die Tabelle `ebay_sammler_itemspecifics_recommendations`
--
ALTER TABLE `ebay_sammler_itemspecifics_recommendations`
  ADD PRIMARY KEY (`ebay_sammler_itemspecifics_recommendations_id`),
  ADD KEY `ebay_sammler_id` (`ebay_sammler_id`);

--
-- Indizes für die Tabelle `ebay_sammler_payments`
--
ALTER TABLE `ebay_sammler_payments`
  ADD PRIMARY KEY (`ebay_sammler_payments_id`),
  ADD KEY `ebay_sammler_id` (`ebay_sammler_id`);

--
-- Indizes für die Tabelle `ebay_sammler_shippings`
--
ALTER TABLE `ebay_sammler_shippings`
  ADD PRIMARY KEY (`ebay_sammler_shippings_id`),
  ADD KEY `ebay_sammler_id` (`ebay_sammler_id`);

--
-- Indizes für die Tabelle `ebay_sammler_shippings_locations`
--
ALTER TABLE `ebay_sammler_shippings_locations`
  ADD PRIMARY KEY (`ebay_sammler_shippings_locations_id`),
  ADD KEY `ebay_sammler_shippings_id` (`ebay_sammler_shippings_id`);

--
-- Indizes für die Tabelle `ebay_seller_profiles`
--
ALTER TABLE `ebay_seller_profiles`
  ADD PRIMARY KEY (`ebay_seller_profiles_id`);

--
-- Indizes für die Tabelle `ebay_shippingoptions`
--
ALTER TABLE `ebay_shippingoptions`
  ADD PRIMARY KEY (`id`);

--
-- Indizes für die Tabelle `ebay_sitecodes`
--
ALTER TABLE `ebay_sitecodes`
  ADD PRIMARY KEY (`ebay_sitecodes_id`);

--
-- Indizes für die Tabelle `ebay_template_excludes`
--
ALTER TABLE `ebay_template_excludes`
  ADD PRIMARY KEY (`id`),
  ADD KEY `ebay_products_id` (`ebay_products_id`);

--
-- Indizes für die Tabelle `ebay_textitems`
--
ALTER TABLE `ebay_textitems`
  ADD PRIMARY KEY (`id`);

--
-- Indizes für die Tabelle `ebay_textitems_user`
--
ALTER TABLE `ebay_textitems_user`
  ADD KEY `customers_id` (`customers_id`),
  ADD KEY `ebay_textitems_id` (`ebay_textitems_id`);

--
-- Indizes für die Tabelle `ebay_timingdelays`
--
ALTER TABLE `ebay_timingdelays`
  ADD PRIMARY KEY (`timing_delay_id`);

--
-- Indizes für die Tabelle `ebay_transactions`
--
ALTER TABLE `ebay_transactions`
  ADD PRIMARY KEY (`id`),
  ADD KEY `ebayid` (`ebayid`),
  ADD KEY `products_id` (`products_id`),
  ADD KEY `transactiondate` (`transactiondate`),
  ADD KEY `orders_id` (`orders_id`);

--
-- Indizes für die Tabelle `ebay_uuid`
--
ALTER TABLE `ebay_uuid`
  ADD PRIMARY KEY (`UUID`);

--
-- Indizes für die Tabelle `ebay_variations`
--
ALTER TABLE `ebay_variations`
  ADD PRIMARY KEY (`ebay_variations_id`),
  ADD KEY `ebay_variations_sets_id` (`ebay_variations_sets_id`),
  ADD KEY `products_id` (`products_id`);

--
-- Indizes für die Tabelle `ebay_variationspecificssets`
--
ALTER TABLE `ebay_variationspecificssets`
  ADD PRIMARY KEY (`ebay_variationspecificssets_id`),
  ADD KEY `ebay_variations_sets_id` (`ebay_variations_sets_id`);

--
-- Indizes für die Tabelle `ebay_variations_pictures`
--
ALTER TABLE `ebay_variations_pictures`
  ADD PRIMARY KEY (`ebay_variations_pictures_id`),
  ADD KEY `ebay_variations_id` (`ebay_variations_id`),
  ADD KEY `ebay_variations_sets_id` (`ebay_variations_sets_id`);

--
-- Indizes für die Tabelle `ebay_variations_pictures_sets`
--
ALTER TABLE `ebay_variations_pictures_sets`
  ADD PRIMARY KEY (`ebay_variations_pictures_sets_id`),
  ADD KEY `ebay_variations_pictures_id` (`ebay_variations_pictures_id`);

--
-- Indizes für die Tabelle `ebay_variations_pictures_sets_urls`
--
ALTER TABLE `ebay_variations_pictures_sets_urls`
  ADD PRIMARY KEY (`ebay_variations_pictures_sets_urls_id`),
  ADD KEY `ebay_variations_pictures_sets_id` (`ebay_variations_pictures_sets_id`);

--
-- Indizes für die Tabelle `ebay_variations_sets`
--
ALTER TABLE `ebay_variations_sets`
  ADD PRIMARY KEY (`ebay_variations_sets_id`),
  ADD KEY `ebay_products_id` (`ebay_products_id`);

--
-- Indizes für die Tabelle `ebay_variations_variationspecifics`
--
ALTER TABLE `ebay_variations_variationspecifics`
  ADD PRIMARY KEY (`ebay_variations_variationspecifics_id`),
  ADD KEY `ebay_variations_id` (`ebay_variations_id`);

--
-- Indizes für die Tabelle `ebay_warning_history`
--
ALTER TABLE `ebay_warning_history`
  ADD PRIMARY KEY (`id`),
  ADD KEY `orders_id` (`orders_id`),
  ADD KEY `customers_id` (`customers_id`);

--
-- Indizes für die Tabelle `email_staff_allocation`
--
ALTER TABLE `email_staff_allocation`
  ADD PRIMARY KEY (`email_staff_allocation_id`),
  ADD KEY `email_id` (`email_id`),
  ADD KEY `customers_id` (`customers_id`);

--
-- Indizes für die Tabelle `email_staff_allocation_history`
--
ALTER TABLE `email_staff_allocation_history`
  ADD PRIMARY KEY (`email_staff_allocation_history_id`),
  ADD KEY `email_id` (`email_id`),
  ADD KEY `customers_id` (`customers_id`),
  ADD KEY `sender_id` (`sender_id`);

--
-- Indizes für die Tabelle `event`
--
ALTER TABLE `event`
  ADD PRIMARY KEY (`event_id`),
  ADD KEY `products_id` (`products_id`);

--
-- Indizes für die Tabelle `events_to_event_tickets`
--
ALTER TABLE `events_to_event_tickets`
  ADD PRIMARY KEY (`events_to_event_tickets_id`),
  ADD KEY `events_id` (`events_id`),
  ADD KEY `event_tickets_id` (`event_tickets_id`);

--
-- Indizes für die Tabelle `event_dates`
--
ALTER TABLE `event_dates`
  ADD PRIMARY KEY (`event_dates_id`),
  ADD KEY `event_id` (`event_id`);

--
-- Indizes für die Tabelle `event_dates_timer`
--
ALTER TABLE `event_dates_timer`
  ADD PRIMARY KEY (`event_dates_timer_id`),
  ADD KEY `event_dates_id` (`event_dates_id`);

--
-- Indizes für die Tabelle `event_tickets`
--
ALTER TABLE `event_tickets`
  ADD PRIMARY KEY (`event_tickets_id`);

--
-- Indizes für die Tabelle `event_tickets_description`
--
ALTER TABLE `event_tickets_description`
  ADD PRIMARY KEY (`event_tickets_description_id`),
  ADD KEY `event_tickets_id` (`event_tickets_id`);

--
-- Indizes für die Tabelle `feedback_reminder`
--
ALTER TABLE `feedback_reminder`
  ADD PRIMARY KEY (`feedback_reminder_id`),
  ADD KEY `orders_id` (`orders_id`);

--
-- Indizes für die Tabelle `flashpoint_import_configuration`
--
ALTER TABLE `flashpoint_import_configuration`
  ADD PRIMARY KEY (`flashpoint_import_configuration_id`);

--
-- Indizes für die Tabelle `geo_zones`
--
ALTER TABLE `geo_zones`
  ADD PRIMARY KEY (`geo_zone_id`);

--
-- Indizes für die Tabelle `groups`
--
ALTER TABLE `groups`
  ADD PRIMARY KEY (`groups_id`);

--
-- Indizes für die Tabelle `groups_allocations`
--
ALTER TABLE `groups_allocations`
  ADD KEY `products_id` (`products_id`),
  ADD KEY `groups_id` (`groups_id`);

--
-- Indizes für die Tabelle `groups_tax_rates_allocation`
--
ALTER TABLE `groups_tax_rates_allocation`
  ADD PRIMARY KEY (`groups_tax_rates_allocation_id`),
  ADD KEY `groups_id` (`groups_id`),
  ADD KEY `tax_rates_id` (`tax_rates_id`);

--
-- Indizes für die Tabelle `group_history`
--
ALTER TABLE `group_history`
  ADD PRIMARY KEY (`group_history_id`),
  ADD KEY `group_id` (`group_id`);

--
-- Indizes für die Tabelle `hermes`
--
ALTER TABLE `hermes`
  ADD PRIMARY KEY (`id`);

--
-- Indizes für die Tabelle `hermes_countries`
--
ALTER TABLE `hermes_countries`
  ADD PRIMARY KEY (`id`);

--
-- Indizes für die Tabelle `hermes_status_dispos`
--
ALTER TABLE `hermes_status_dispos`
  ADD PRIMARY KEY (`hermes_status_dispos_id`);

--
-- Indizes für die Tabelle `hermes_status_itemstock`
--
ALTER TABLE `hermes_status_itemstock`
  ADD PRIMARY KEY (`hermes_status_itemstock_id`);

--
-- Indizes für die Tabelle `hermes_status_orderstat`
--
ALTER TABLE `hermes_status_orderstat`
  ADD PRIMARY KEY (`hermes_status_orderstat_id`);

--
-- Indizes für die Tabelle `history`
--
ALTER TABLE `history`
  ADD PRIMARY KEY (`history_id`),
  ADD KEY `editor_id` (`editor_id`);

--
-- Indizes für die Tabelle `history_bestand`
--
ALTER TABLE `history_bestand`
  ADD PRIMARY KEY (`id`),
  ADD KEY `products_id` (`products_id`);

--
-- Indizes für die Tabelle `incoming_payments`
--
ALTER TABLE `incoming_payments`
  ADD PRIMARY KEY (`id`),
  ADD UNIQUE KEY `id` (`id`),
  ADD KEY `betrag` (`betrag`),
  ADD KEY `buchungstag` (`buchungstag`);

--
-- Indizes für die Tabelle `incoming_payment_mask`
--
ALTER TABLE `incoming_payment_mask`
  ADD PRIMARY KEY (`Id`);

--
-- Indizes für die Tabelle `kasse`
--
ALTER TABLE `kasse`
  ADD PRIMARY KEY (`id`),
  ADD KEY `customers_id` (`customers_id`),
  ADD KEY `orders_id` (`orders_id`),
  ADD KEY `branches_id` (`branches_id`),
  ADD KEY `rueckerstattungen_id` (`rueckerstattungen_id`);

--
-- Indizes für die Tabelle `kasse_payments`
--
ALTER TABLE `kasse_payments`
  ADD PRIMARY KEY (`kasse_payments_id`);

--
-- Indizes für die Tabelle `klarna_orders`
--
ALTER TABLE `klarna_orders`
  ADD PRIMARY KEY (`klarna_orders_id`),
  ADD KEY `orders_id` (`orders_id`);

--
-- Indizes für die Tabelle `languages`
--
ALTER TABLE `languages`
  ADD PRIMARY KEY (`languages_id`),
  ADD KEY `IDX_LANGUAGES_NAME` (`name`),
  ADD KEY `name` (`name`);

--
-- Indizes für die Tabelle `lawyer_export`
--
ALTER TABLE `lawyer_export`
  ADD PRIMARY KEY (`lawyer_export_id`);

--
-- Indizes für die Tabelle `libri_warengruppen`
--
ALTER TABLE `libri_warengruppen`
  ADD PRIMARY KEY (`libri_warengruppen_id`),
  ADD KEY `categories_id` (`categories_id`,`warengruppe`);

--
-- Indizes für die Tabelle `manufacturers`
--
ALTER TABLE `manufacturers`
  ADD PRIMARY KEY (`manufacturers_id`),
  ADD KEY `IDX_MANUFACTURERS_NAME` (`manufacturers_name`),
  ADD KEY `manufacturers_name` (`manufacturers_name`);

--
-- Indizes für die Tabelle `manufacturers_info`
--
ALTER TABLE `manufacturers_info`
  ADD PRIMARY KEY (`manufacturers_id`,`languages_id`);

--
-- Indizes für die Tabelle `media_content`
--
ALTER TABLE `media_content`
  ADD PRIMARY KEY (`file_id`);

--
-- Indizes für die Tabelle `module_newsletter`
--
ALTER TABLE `module_newsletter`
  ADD PRIMARY KEY (`newsletter_id`);

--
-- Indizes für die Tabelle `module_newsletter_temp_1`
--
ALTER TABLE `module_newsletter_temp_1`
  ADD PRIMARY KEY (`id`);

--
-- Indizes für die Tabelle `newsletters`
--
ALTER TABLE `newsletters`
  ADD PRIMARY KEY (`newsletters_id`);

--
-- Indizes für die Tabelle `newsletters_history`
--
ALTER TABLE `newsletters_history`
  ADD PRIMARY KEY (`news_hist_id`);

--
-- Indizes für die Tabelle `newsletter_recipients`
--
ALTER TABLE `newsletter_recipients`
  ADD PRIMARY KEY (`mail_id`);

--
-- Indizes für die Tabelle `nmedia_serien`
--
ALTER TABLE `nmedia_serien`
  ADD PRIMARY KEY (`nmedia_serien_id`),
  ADD KEY `serie_nr` (`serie_nr`);

--
-- Indizes für die Tabelle `Notice_folders`
--
ALTER TABLE `Notice_folders`
  ADD PRIMARY KEY (`Notice_folders_id`),
  ADD KEY `customers_id` (`customers_id`);

--
-- Indizes für die Tabelle `Notice_notes`
--
ALTER TABLE `Notice_notes`
  ADD PRIMARY KEY (`id`),
  ADD KEY `usr` (`usr`);

--
-- Indizes für die Tabelle `Notice_reminder`
--
ALTER TABLE `Notice_reminder`
  ADD PRIMARY KEY (`Notice_reminder_id`),
  ADD KEY `Notice_notes_id` (`Notice_notes_id`);

--
-- Indizes für die Tabelle `Notice_rules`
--
ALTER TABLE `Notice_rules`
  ADD PRIMARY KEY (`Notice_rules_id`),
  ADD KEY `customers_id` (`customers_id`);

--
-- Indizes für die Tabelle `Notice_status`
--
ALTER TABLE `Notice_status`
  ADD KEY `notes_id` (`notes_id`),
  ADD KEY `Notice_folders_id` (`Notice_folders_id`),
  ADD KEY `usr` (`usr`);

--
-- Indizes für die Tabelle `orders_costs`
--
ALTER TABLE `orders_costs`
  ADD PRIMARY KEY (`orders_costs_id`),
  ADD KEY `orders_id` (`orders_id`);

--
-- Indizes für die Tabelle `orders_dhl_paketsteuerung`
--
ALTER TABLE `orders_dhl_paketsteuerung`
  ADD PRIMARY KEY (`orders_dhl_paketsteuerung_id`),
  ADD KEY `orders_id` (`orders_id`);

--
-- Indizes für die Tabelle `orders_fibunumbers`
--
ALTER TABLE `orders_fibunumbers`
  ADD PRIMARY KEY (`orders_fibunumbers_id`),
  ADD KEY `orders_id` (`orders_id`);

--
-- Indizes für die Tabelle `orders_pallets`
--
ALTER TABLE `orders_pallets`
  ADD PRIMARY KEY (`orders_pallets_id`);

--
-- Indizes für die Tabelle `orders_pallets_items`
--
ALTER TABLE `orders_pallets_items`
  ADD PRIMARY KEY (`orders_pallets_items_id`);

--
-- Indizes für die Tabelle `orders_paymentinstructions`
--
ALTER TABLE `orders_paymentinstructions`
  ADD PRIMARY KEY (`orders_paymentinstructions_id`),
  ADD KEY `orders_id` (`orders_id`);

--
-- Indizes für die Tabelle `orders_products`
--
ALTER TABLE `orders_products`
  ADD PRIMARY KEY (`orders_products_id`),
  ADD KEY `orders_id` (`orders_id`),
  ADD KEY `products_id` (`products_id`),
  ADD KEY `orders_id_2` (`orders_id`),
  ADD KEY `products_id_2` (`products_id`);

--
-- Indizes für die Tabelle `orders_products_attributes`
--
ALTER TABLE `orders_products_attributes`
  ADD PRIMARY KEY (`orders_products_attributes_id`);

--
-- Indizes für die Tabelle `orders_products_download`
--
ALTER TABLE `orders_products_download`
  ADD PRIMARY KEY (`orders_products_download_id`);

--
-- Indizes für die Tabelle `orders_products_events`
--
ALTER TABLE `orders_products_events`
  ADD KEY `events_to_event_tickets_id` (`events_to_event_tickets_id`);

--
-- Indizes für die Tabelle `orders_products_price_fixing`
--
ALTER TABLE `orders_products_price_fixing`
  ADD PRIMARY KEY (`orders_products_price_fixing_id`),
  ADD KEY `orders_products_id` (`orders_products_id`),
  ADD KEY `collie_products_id` (`collie_products_id`);

--
-- Indizes für die Tabelle `orders_products_properties`
--
ALTER TABLE `orders_products_properties`
  ADD PRIMARY KEY (`orders_products_properties_id`),
  ADD KEY `orders_products_id` (`orders_products_id`);

--
-- Indizes für die Tabelle `orders_products_serials`
--
ALTER TABLE `orders_products_serials`
  ADD PRIMARY KEY (`orders_products_serials_id`),
  ADD KEY `orders_products_id` (`orders_products_id`),
  ADD KEY `products_id` (`products_id`);

--
-- Indizes für die Tabelle `orders_recalculate`
--
ALTER TABLE `orders_recalculate`
  ADD PRIMARY KEY (`orders_recalculate_id`);

--
-- Indizes für die Tabelle `orders_status`
--
ALTER TABLE `orders_status`
  ADD PRIMARY KEY (`orders_status_id`,`language_id`),
  ADD KEY `orders_status_name` (`orders_status_name`);

--
-- Indizes für die Tabelle `orders_status_history`
--
ALTER TABLE `orders_status_history`
  ADD PRIMARY KEY (`orders_status_history_id`),
  ADD KEY `orders_id` (`orders_id`);

--
-- Indizes für die Tabelle `orders_total`
--
ALTER TABLE `orders_total`
  ADD PRIMARY KEY (`orders_total_id`),
  ADD KEY `orders_id` (`orders_id`),
  ADD KEY `class` (`class`),
  ADD KEY `idx_class_ordersid` (`class`,`orders_id`);

--
-- Indizes für die Tabelle `otc`
--
ALTER TABLE `otc`
  ADD PRIMARY KEY (`otc_id`),
  ADD KEY `orders_id` (`orders_id`),
  ADD KEY `reclamations_id` (`reclamations_id`);

--
-- Indizes für die Tabelle `packages_calc`
--
ALTER TABLE `packages_calc`
  ADD PRIMARY KEY (`id`),
  ADD KEY `orders_id` (`orders_id`),
  ADD KEY `reclamations_id` (`reclamations_id`);

--
-- Indizes für die Tabelle `packages_calc_dpd`
--
ALTER TABLE `packages_calc_dpd`
  ADD PRIMARY KEY (`packages_calc_dpd`);

--
-- Indizes für die Tabelle `packages_calc_easylog`
--
ALTER TABLE `packages_calc_easylog`
  ADD PRIMARY KEY (`packages_calc_easylog_id`);

--
-- Indizes für die Tabelle `packages_calc_fix`
--
ALTER TABLE `packages_calc_fix`
  ADD PRIMARY KEY (`id`);

--
-- Indizes für die Tabelle `packages_calc_hermesweb`
--
ALTER TABLE `packages_calc_hermesweb`
  ADD PRIMARY KEY (`packages_calc_hermesweb_id`);

--
-- Indizes für die Tabelle `packages_calc_UPS`
--
ALTER TABLE `packages_calc_UPS`
  ADD PRIMARY KEY (`packages_calc_ups_id`);

--
-- Indizes für die Tabelle `packages_easytosend_calc`
--
ALTER TABLE `packages_easytosend_calc`
  ADD PRIMARY KEY (`id`),
  ADD KEY `orders_id` (`orders_id`),
  ADD KEY `reclamations_id` (`reclamations_id`);

--
-- Indizes für die Tabelle `packages_postpaket_calc`
--
ALTER TABLE `packages_postpaket_calc`
  ADD PRIMARY KEY (`id`),
  ADD KEY `orders_id` (`orders_id`),
  ADD KEY `reclamations_id` (`reclamations_id`);

--
-- Indizes für die Tabelle `packagings`
--
ALTER TABLE `packagings`
  ADD PRIMARY KEY (`packagings_id`);

--
-- Indizes für die Tabelle `pangora`
--
ALTER TABLE `pangora`
  ADD PRIMARY KEY (`id`);

--
-- Indizes für die Tabelle `payment_moneybookers`
--
ALTER TABLE `payment_moneybookers`
  ADD PRIMARY KEY (`mb_TRID`);

--
-- Indizes für die Tabelle `payment_moneybookers_countries`
--
ALTER TABLE `payment_moneybookers_countries`
  ADD PRIMARY KEY (`osc_cID`);

--
-- Indizes für die Tabelle `payment_moneybookers_currencies`
--
ALTER TABLE `payment_moneybookers_currencies`
  ADD PRIMARY KEY (`mb_currID`);

--
-- Indizes für die Tabelle `payment_orders`
--
ALTER TABLE `payment_orders`
  ADD PRIMARY KEY (`payment_order_id`),
  ADD KEY `orders_id` (`orders_id`),
  ADD KEY `payment_id` (`payment_id`);

--
-- Indizes für die Tabelle `payment_qenta`
--
ALTER TABLE `payment_qenta`
  ADD PRIMARY KEY (`q_TRID`);

--
-- Indizes für die Tabelle `paypal_status_history`
--
ALTER TABLE `paypal_status_history`
  ADD PRIMARY KEY (`payment_status_history_id`),
  ADD KEY `paypal_ipn_id` (`paypal_ipn_id`);

--
-- Indizes für die Tabelle `personal_offers_by_customers_status_0`
--
ALTER TABLE `personal_offers_by_customers_status_0`
  ADD PRIMARY KEY (`price_id`);

--
-- Indizes für die Tabelle `personal_offers_by_customers_status_1`
--
ALTER TABLE `personal_offers_by_customers_status_1`
  ADD PRIMARY KEY (`price_id`);

--
-- Indizes für die Tabelle `personal_offers_by_customers_status_2`
--
ALTER TABLE `personal_offers_by_customers_status_2`
  ADD PRIMARY KEY (`price_id`);

--
-- Indizes für die Tabelle `personal_offers_by_customers_status_3`
--
ALTER TABLE `personal_offers_by_customers_status_3`
  ADD PRIMARY KEY (`price_id`);

--
-- Indizes für die Tabelle `personal_offers_by_customers_status_4`
--
ALTER TABLE `personal_offers_by_customers_status_4`
  ADD PRIMARY KEY (`price_id`);

--
-- Indizes für die Tabelle `personal_offers_by_customers_status_5`
--
ALTER TABLE `personal_offers_by_customers_status_5`
  ADD PRIMARY KEY (`price_id`);

--
-- Indizes für die Tabelle `personal_offers_by_customers_status_6`
--
ALTER TABLE `personal_offers_by_customers_status_6`
  ADD PRIMARY KEY (`price_id`);

--
-- Indizes für die Tabelle `personal_offers_by_customers_status_7`
--
ALTER TABLE `personal_offers_by_customers_status_7`
  ADD PRIMARY KEY (`price_id`);

--
-- Indizes für die Tabelle `personal_offers_by_customers_status_8`
--
ALTER TABLE `personal_offers_by_customers_status_8`
  ADD PRIMARY KEY (`price_id`);

--
-- Indizes für die Tabelle `personal_offers_by_customers_status_9`
--
ALTER TABLE `personal_offers_by_customers_status_9`
  ADD PRIMARY KEY (`price_id`),
  ADD KEY `products_id` (`products_id`);

--
-- Indizes für die Tabelle `products`
--
ALTER TABLE `products`
  ADD PRIMARY KEY (`products_id`),
  ADD KEY `products_ean` (`products_ean`),
  ADD KEY `products_date_added` (`products_date_added`),
  ADD KEY `products_status` (`products_status`),
  ADD KEY `products_master` (`products_master`),
  ADD KEY `manufacturers_id` (`manufacturers_id`),
  ADD KEY `products_status_2` (`products_status`),
  ADD KEY `manufacturers_id_2` (`manufacturers_id`),
  ADD KEY `products_status_3` (`products_status`),
  ADD KEY `packagings_id` (`packagings_id`);

--
-- Indizes für die Tabelle `products_attributes`
--
ALTER TABLE `products_attributes`
  ADD PRIMARY KEY (`products_attributes_id`),
  ADD KEY `products_id` (`products_id`);

--
-- Indizes für die Tabelle `products_attributes_download`
--
ALTER TABLE `products_attributes_download`
  ADD PRIMARY KEY (`products_attributes_id`);

--
-- Indizes für die Tabelle `products_characteristic`
--
ALTER TABLE `products_characteristic`
  ADD PRIMARY KEY (`products_characteristic_id`),
  ADD KEY `groups_id` (`groups_id`);

--
-- Indizes für die Tabelle `products_characteristic_description`
--
ALTER TABLE `products_characteristic_description`
  ADD PRIMARY KEY (`products_characteristic_description_id`),
  ADD KEY `products_characteristic_id` (`products_characteristic_id`),
  ADD KEY `language_id` (`language_id`);

--
-- Indizes für die Tabelle `products_characteristic_set`
--
ALTER TABLE `products_characteristic_set`
  ADD PRIMARY KEY (`products_characteristic_set_id`),
  ADD KEY `products_characteristic_id` (`products_characteristic_id`);

--
-- Indizes für die Tabelle `products_characteristic_set_description`
--
ALTER TABLE `products_characteristic_set_description`
  ADD PRIMARY KEY (`products_characteristic_set_description`),
  ADD KEY `products_characteristic_set_id` (`products_characteristic_set_id`),
  ADD KEY `language_id` (`language_id`);

--
-- Indizes für die Tabelle `products_characteristic_text_values`
--
ALTER TABLE `products_characteristic_text_values`
  ADD PRIMARY KEY (`products_characteristic_text_values_id`),
  ADD KEY `products_id` (`products_id`),
  ADD KEY `products_characteristic_id` (`products_characteristic_id`);

--
-- Indizes für die Tabelle `products_collies`
--
ALTER TABLE `products_collies`
  ADD PRIMARY KEY (`products_collies_id`),
  ADD KEY `products_id` (`products_id`),
  ADD KEY `collie_products_id` (`collie_products_id`);

--
-- Indizes für die Tabelle `products_conditions`
--
ALTER TABLE `products_conditions`
  ADD PRIMARY KEY (`products_conditions_id`);

--
-- Indizes für die Tabelle `products_conditions_description`
--
ALTER TABLE `products_conditions_description`
  ADD PRIMARY KEY (`products_conditions_description_id`),
  ADD KEY `products_conditions_id` (`products_conditions_id`);

--
-- Indizes für die Tabelle `products_content`
--
ALTER TABLE `products_content`
  ADD PRIMARY KEY (`content_id`);

--
-- Indizes für die Tabelle `products_content_description`
--
ALTER TABLE `products_content_description`
  ADD PRIMARY KEY (`products_content_description_id`),
  ADD KEY `content_id` (`content_id`);

--
-- Indizes für die Tabelle `products_default_shipper`
--
ALTER TABLE `products_default_shipper`
  ADD PRIMARY KEY (`products_default_shipper_id`),
  ADD KEY `products_id` (`products_id`),
  ADD KEY `shipper_profile` (`shipper_profile`);

--
-- Indizes für die Tabelle `products_description`
--
ALTER TABLE `products_description`
  ADD KEY `products_name` (`products_name`),
  ADD KEY `products_id` (`products_id`);

--
-- Indizes für die Tabelle `products_distributors`
--
ALTER TABLE `products_distributors`
  ADD PRIMARY KEY (`id`),
  ADD KEY `products_id` (`products_id`),
  ADD KEY `distributor_id` (`distributor_id`);

--
-- Indizes für die Tabelle `products_distributors_stock`
--
ALTER TABLE `products_distributors_stock`
  ADD PRIMARY KEY (`products_distributors_stock_id`),
  ADD KEY `distributor_id` (`distributor_id`),
  ADD KEY `products_id` (`products_id`);

--
-- Indizes für die Tabelle `products_fake_sets`
--
ALTER TABLE `products_fake_sets`
  ADD PRIMARY KEY (`products_fake_sets_id`),
  ADD KEY `products_id` (`products_id`);

--
-- Indizes für die Tabelle `products_google_feed_apparel`
--
ALTER TABLE `products_google_feed_apparel`
  ADD PRIMARY KEY (`products_google_feed_apparel_id`),
  ADD KEY `products_id` (`products_id`);

--
-- Indizes für die Tabelle `products_google_feed_data`
--
ALTER TABLE `products_google_feed_data`
  ADD PRIMARY KEY (`products_google_feed_data_id`),
  ADD KEY `products_id` (`products_id`);

--
-- Indizes für die Tabelle `products_graduated_prices`
--
ALTER TABLE `products_graduated_prices`
  ADD KEY `products_id` (`products_id`);

--
-- Indizes für die Tabelle `products_history`
--
ALTER TABLE `products_history`
  ADD PRIMARY KEY (`products_history_id`),
  ADD KEY `products_id` (`products_id`);

--
-- Indizes für die Tabelle `products_images`
--
ALTER TABLE `products_images`
  ADD PRIMARY KEY (`image_id`),
  ADD KEY `products_id` (`products_id`);

--
-- Indizes für die Tabelle `products_master_keys`
--
ALTER TABLE `products_master_keys`
  ADD PRIMARY KEY (`products_master_keys_id`),
  ADD KEY `products_id` (`products_id`);

--
-- Indizes für die Tabelle `products_master_keys_description`
--
ALTER TABLE `products_master_keys_description`
  ADD PRIMARY KEY (`products_master_keys_description_id`),
  ADD KEY `products_master_keys_id` (`products_master_keys_id`);

--
-- Indizes für die Tabelle `products_meldebestand_customers`
--
ALTER TABLE `products_meldebestand_customers`
  ADD PRIMARY KEY (`products_meldebestand_customers_id`),
  ADD KEY `products_id` (`products_id`,`customers_id`);

--
-- Indizes für die Tabelle `products_notifications`
--
ALTER TABLE `products_notifications`
  ADD PRIMARY KEY (`products_id`,`customers_id`);

--
-- Indizes für die Tabelle `products_options`
--
ALTER TABLE `products_options`
  ADD PRIMARY KEY (`products_options_id`,`language_id`);

--
-- Indizes für die Tabelle `products_options_values`
--
ALTER TABLE `products_options_values`
  ADD PRIMARY KEY (`products_options_values_id`,`language_id`);

--
-- Indizes für die Tabelle `products_options_values_to_products_options`
--
ALTER TABLE `products_options_values_to_products_options`
  ADD PRIMARY KEY (`products_options_values_to_products_options_id`);

--
-- Indizes für die Tabelle `products_properties`
--
ALTER TABLE `products_properties`
  ADD PRIMARY KEY (`products_properties_id`),
  ADD KEY `products_id` (`products_id`);

--
-- Indizes für die Tabelle `products_properties_description`
--
ALTER TABLE `products_properties_description`
  ADD PRIMARY KEY (`products_properties_description_id`),
  ADD KEY `products_properties_id` (`products_properties_id`);

--
-- Indizes für die Tabelle `products_properties_values`
--
ALTER TABLE `products_properties_values`
  ADD PRIMARY KEY (`products_properties_values_id`),
  ADD KEY `products_properties_description_id` (`products_properties_id`);

--
-- Indizes für die Tabelle `products_properties_values_description`
--
ALTER TABLE `products_properties_values_description`
  ADD PRIMARY KEY (`products_properties_values_description_id`),
  ADD KEY `products_properties_description_id` (`products_properties_values_id`);

--
-- Indizes für die Tabelle `products_questions`
--
ALTER TABLE `products_questions`
  ADD PRIMARY KEY (`products_questions_id`);

--
-- Indizes für die Tabelle `products_serials`
--
ALTER TABLE `products_serials`
  ADD PRIMARY KEY (`products_serials_id`),
  ADD KEY `products_id` (`products_id`);

--
-- Indizes für die Tabelle `products_shipping_extra_charge`
--
ALTER TABLE `products_shipping_extra_charge`
  ADD PRIMARY KEY (`products_shipping_extra_charge_id`),
  ADD KEY `products_id` (`products_id`),
  ADD KEY `shipping_graduation_groups_id` (`shipping_graduation_groups_id`);

--
-- Indizes für die Tabelle `products_storages`
--
ALTER TABLE `products_storages`
  ADD PRIMARY KEY (`id`),
  ADD KEY `products_id` (`products_id`),
  ADD KEY `storage_id` (`storage_id`);

--
-- Indizes für die Tabelle `products_storages_history`
--
ALTER TABLE `products_storages_history`
  ADD PRIMARY KEY (`id`),
  ADD KEY `products_id` (`products_id`),
  ADD KEY `storage_id` (`storage_id`);

--
-- Indizes für die Tabelle `products_tax_rates_allocation`
--
ALTER TABLE `products_tax_rates_allocation`
  ADD PRIMARY KEY (`products_tax_rates_allocation_id`),
  ADD KEY `products_id` (`products_id`),
  ADD KEY `tax_rates_id` (`tax_rates_id`);

--
-- Indizes für die Tabelle `products_to_categories`
--
ALTER TABLE `products_to_categories`
  ADD PRIMARY KEY (`products_id`,`categories_id`),
  ADD KEY `categories_id` (`categories_id`);

--
-- Indizes für die Tabelle `products_to_characteristics`
--
ALTER TABLE `products_to_characteristics`
  ADD PRIMARY KEY (`products_to_characteristics_id`),
  ADD KEY `products_id` (`products_id`),
  ADD KEY `products_characteristic_set_id` (`products_characteristic_set_id`);

--
-- Indizes für die Tabelle `products_to_groups`
--
ALTER TABLE `products_to_groups`
  ADD KEY `products_id` (`products_id`),
  ADD KEY `groups_id` (`groups_id`);

--
-- Indizes für die Tabelle `products_vpe`
--
ALTER TABLE `products_vpe`
  ADD KEY `language_id` (`language_id`);

--
-- Indizes für die Tabelle `products_xsell`
--
ALTER TABLE `products_xsell`
  ADD PRIMARY KEY (`ID`),
  ADD KEY `products_id` (`products_id`),
  ADD KEY `xsell_id` (`xsell_id`);

--
-- Indizes für die Tabelle `product_properties_xy_prices`
--
ALTER TABLE `product_properties_xy_prices`
  ADD PRIMARY KEY (`product_properties_xy_prices_id`),
  ADD KEY `products_id` (`products_id`);

--
-- Indizes für die Tabelle `product_properties_xy_prices_values`
--
ALTER TABLE `product_properties_xy_prices_values`
  ADD PRIMARY KEY (`product_properties_xy_prices_values_id`),
  ADD KEY `product_properties_xy_prices_id` (`product_properties_xy_prices_id`);

--
-- Indizes für die Tabelle `product_properties_xy_prices_values_for_properties`
--
ALTER TABLE `product_properties_xy_prices_values_for_properties`
  ADD PRIMARY KEY (`product_properties_xy_prices_values_for_properties_id`),
  ADD KEY `product_properties_xy_prices_values_id` (`product_properties_xy_prices_values_id`),
  ADD KEY `products_properties_id` (`products_properties_id`);

--
-- Indizes für die Tabelle `product_un_classification`
--
ALTER TABLE `product_un_classification`
  ADD PRIMARY KEY (`product_un_classification_id`),
  ADD KEY `product_un_classification_products_id_IDX` (`products_id`) USING BTREE;

--
-- Indizes für die Tabelle `push_customer_allocations`
--
ALTER TABLE `push_customer_allocations`
  ADD PRIMARY KEY (`push_customer_allocations_id`),
  ADD KEY `customers_id` (`customers_id`);

--
-- Indizes für die Tabelle `reclamations`
--
ALTER TABLE `reclamations`
  ADD PRIMARY KEY (`reclamations_id`),
  ADD KEY `orders_id` (`orders_id`),
  ADD KEY `customers_id` (`customers_id`);

--
-- Indizes für die Tabelle `reclamations_bestandssperre`
--
ALTER TABLE `reclamations_bestandssperre`
  ADD PRIMARY KEY (`reclamations_bestandssperre_id`),
  ADD KEY `reclamations_id` (`reclamations_id`),
  ADD KEY `products_id` (`products_id`);

--
-- Indizes für die Tabelle `reclamations_products`
--
ALTER TABLE `reclamations_products`
  ADD PRIMARY KEY (`reclamations_products_id`),
  ADD KEY `reclamations_id` (`reclamations_id`),
  ADD KEY `products_id` (`products_id`);

--
-- Indizes für die Tabelle `reclamations_products_properties`
--
ALTER TABLE `reclamations_products_properties`
  ADD PRIMARY KEY (`reclamations_products_properties_id`),
  ADD KEY `reclamations_products_id` (`reclamations_products_id`);

--
-- Indizes für die Tabelle `reclamations_products_serials`
--
ALTER TABLE `reclamations_products_serials`
  ADD PRIMARY KEY (`reclamations_products_serials_id`),
  ADD KEY `reclamations_products_id` (`reclamations_products_id`),
  ADD KEY `products_id` (`products_id`);

--
-- Indizes für die Tabelle `reclamations_reasons`
--
ALTER TABLE `reclamations_reasons`
  ADD PRIMARY KEY (`reclamations_reasons_id`);

--
-- Indizes für die Tabelle `reclamations_recalculate`
--
ALTER TABLE `reclamations_recalculate`
  ADD PRIMARY KEY (`reclamations_recalculate_id`);

--
-- Indizes für die Tabelle `reclamations_status`
--
ALTER TABLE `reclamations_status`
  ADD PRIMARY KEY (`reclamations_status_id`,`language_id`),
  ADD KEY `reclamations_status_name` (`reclamations_status_name`);

--
-- Indizes für die Tabelle `reclamations_status_history`
--
ALTER TABLE `reclamations_status_history`
  ADD PRIMARY KEY (`reclamations_status_history_id`),
  ADD KEY `reclamations_id` (`reclamations_id`);

--
-- Indizes für die Tabelle `reclamations_total`
--
ALTER TABLE `reclamations_total`
  ADD PRIMARY KEY (`reclamations_total_id`),
  ADD KEY `reclamations_id` (`reclamations_id`);

--
-- Indizes für die Tabelle `reclamations_to_reclamations_reasons`
--
ALTER TABLE `reclamations_to_reclamations_reasons`
  ADD KEY `reclamations_id` (`reclamations_id`),
  ADD KEY `reclamations_reasons_id` (`reclamations_reasons_id`);

--
-- Indizes für die Tabelle `reclamations_types`
--
ALTER TABLE `reclamations_types`
  ADD PRIMARY KEY (`reclamations_types_id`);

--
-- Indizes für die Tabelle `retouren`
--
ALTER TABLE `retouren`
  ADD PRIMARY KEY (`retoure_id`),
  ADD KEY `orders_id` (`orders_id`),
  ADD KEY `reclamations_id` (`reclamations_id`),
  ADD KEY `customers_id` (`customers_id`);

--
-- Indizes für die Tabelle `retoure_products`
--
ALTER TABLE `retoure_products`
  ADD PRIMARY KEY (`retoure_products_id`),
  ADD KEY `retoure_id` (`retoure_id`),
  ADD KEY `products_id` (`products_id`);

--
-- Indizes für die Tabelle `retoure_products_properties`
--
ALTER TABLE `retoure_products_properties`
  ADD PRIMARY KEY (`retoure_products_properties_id`),
  ADD KEY `retoure_products_id` (`retoure_products_id`);

--
-- Indizes für die Tabelle `retoure_products_serials`
--
ALTER TABLE `retoure_products_serials`
  ADD PRIMARY KEY (`retoure_products_serials_id`),
  ADD KEY `retoure_products_id` (`retoure_products_id`),
  ADD KEY `products_id` (`products_id`);

--
-- Indizes für die Tabelle `retoure_status`
--
ALTER TABLE `retoure_status`
  ADD PRIMARY KEY (`retoure_status_id`);

--
-- Indizes für die Tabelle `retoure_status_history`
--
ALTER TABLE `retoure_status_history`
  ADD PRIMARY KEY (`retoure_status_history_id`),
  ADD KEY `retoure_id` (`retoure_id`);

--
-- Indizes für die Tabelle `reviews`
--
ALTER TABLE `reviews`
  ADD PRIMARY KEY (`reviews_id`);

--
-- Indizes für die Tabelle `reviews_description`
--
ALTER TABLE `reviews_description`
  ADD PRIMARY KEY (`reviews_id`,`languages_id`);

--
-- Indizes für die Tabelle `rueckerstattungen_status`
--
ALTER TABLE `rueckerstattungen_status`
  ADD PRIMARY KEY (`rueckerstattungen_status_id`);

--
-- Indizes für die Tabelle `rueckerstattungen_status_history`
--
ALTER TABLE `rueckerstattungen_status_history`
  ADD PRIMARY KEY (`rueckerstattungen_status_history_id`),
  ADD KEY `rueckerstattungen_id` (`rueckerstattungen_id`);

--
-- Indizes für die Tabelle `rueckerstattungen_types`
--
ALTER TABLE `rueckerstattungen_types`
  ADD PRIMARY KEY (`rueckerstattungen_type_id`);

--
-- Indizes für die Tabelle `search_allocations`
--
ALTER TABLE `search_allocations`
  ADD KEY `word` (`word`);

--
-- Indizes für die Tabelle `secupay_iframe_url`
--
ALTER TABLE `secupay_iframe_url`
  ADD PRIMARY KEY (`iframe_url_id`);

--
-- Indizes für die Tabelle `secupay_payment_allocations`
--
ALTER TABLE `secupay_payment_allocations`
  ADD PRIMARY KEY (`secupay_payment_allocations_id`),
  ADD KEY `orders_id` (`orders_id`);

--
-- Indizes für die Tabelle `shipper_profiles`
--
ALTER TABLE `shipper_profiles`
  ADD PRIMARY KEY (`shipper_profiles_id`),
  ADD UNIQUE KEY `profile_name` (`profile_name`) USING BTREE;

--
-- Indizes für die Tabelle `shippings`
--
ALTER TABLE `shippings`
  ADD PRIMARY KEY (`id`),
  ADD KEY `orders_id` (`orders_id`),
  ADD KEY `reclamations_id` (`reclamations_id`),
  ADD KEY `customers_id` (`customers_id`);

--
-- Indizes für die Tabelle `shippings_products`
--
ALTER TABLE `shippings_products`
  ADD PRIMARY KEY (`shippings_products_id`),
  ADD KEY `shippings_id` (`shippings_id`,`products_id`,`source_products_id`);

--
-- Indizes für die Tabelle `shippings_tracking_numbers`
--
ALTER TABLE `shippings_tracking_numbers`
  ADD PRIMARY KEY (`shippings_tracking_numbers_id`),
  ADD KEY `shippings_id` (`shippings_id`);

--
-- Indizes für die Tabelle `shippings_tracking_numbers_temp`
--
ALTER TABLE `shippings_tracking_numbers_temp`
  ADD PRIMARY KEY (`shippings_tracking_numbers_temp_id`),
  ADD KEY `target_type_id` (`target_type_id`);

--
-- Indizes für die Tabelle `shipping_graduation`
--
ALTER TABLE `shipping_graduation`
  ADD PRIMARY KEY (`shipping_graduation_id`);

--
-- Indizes für die Tabelle `shipping_graduation_countries`
--
ALTER TABLE `shipping_graduation_countries`
  ADD PRIMARY KEY (`shipping_graduation_countries_id`),
  ADD KEY `country_id` (`country_id`),
  ADD KEY `shipping_graduation_groups_id` (`shipping_graduation_groups_id`);

--
-- Indizes für die Tabelle `shipping_graduation_groups`
--
ALTER TABLE `shipping_graduation_groups`
  ADD PRIMARY KEY (`shipping_graduation_groups_id`);

--
-- Indizes für die Tabelle `shipping_graduation_products`
--
ALTER TABLE `shipping_graduation_products`
  ADD PRIMARY KEY (`shipping_graduation_products_id`),
  ADD KEY `shipping_graduation_groups_id` (`shipping_graduation_groups_id`),
  ADD KEY `products_id` (`products_id`);

--
-- Indizes für die Tabelle `shipping_graduation_values`
--
ALTER TABLE `shipping_graduation_values`
  ADD KEY `shipping_graduation_id` (`shipping_graduation_id`),
  ADD KEY `shipping_graduation_weights_id` (`shipping_graduation_weights_id`),
  ADD KEY `shipping_graduation_groups_id` (`shipping_graduation_groups_id`);

--
-- Indizes für die Tabelle `shipping_graduation_weights`
--
ALTER TABLE `shipping_graduation_weights`
  ADD PRIMARY KEY (`shipping_graduation_weights_id`);

--
-- Indizes für die Tabelle `shipping_status`
--
ALTER TABLE `shipping_status`
  ADD PRIMARY KEY (`shipping_status_id`,`language_id`),
  ADD KEY `shipping_status_name` (`shipping_status_name`);

--
-- Indizes für die Tabelle `specials`
--
ALTER TABLE `specials`
  ADD PRIMARY KEY (`specials_id`),
  ADD KEY `products_id` (`products_id`),
  ADD KEY `specials_date_added` (`specials_date_added`),
  ADD KEY `products_id_2` (`products_id`);

--
-- Indizes für die Tabelle `specials_ebay_revise`
--
ALTER TABLE `specials_ebay_revise`
  ADD PRIMARY KEY (`specials_ebay_revise_id`),
  ADD KEY `specials_id` (`specials_id`),
  ADD KEY `ebay_auctions_id` (`ebay_auctions_id`);

--
-- Indizes für die Tabelle `storages`
--
ALTER TABLE `storages`
  ADD PRIMARY KEY (`id`);

--
-- Indizes für die Tabelle `storage_numbers`
--
ALTER TABLE `storage_numbers`
  ADD PRIMARY KEY (`id`),
  ADD KEY `products_id` (`products_id`),
  ADD KEY `storage_id` (`storage_id`);

--
-- Indizes für die Tabelle `storage_places`
--
ALTER TABLE `storage_places`
  ADD PRIMARY KEY (`storage_places_id`),
  ADD KEY `storage_id` (`storage_id`);

--
-- Indizes für die Tabelle `storage_products`
--
ALTER TABLE `storage_products`
  ADD PRIMARY KEY (`id`),
  ADD KEY `storage_id` (`storage_id`),
  ADD KEY `products_id` (`products_id`),
  ADD KEY `storage_place` (`storage_place`),
  ADD KEY `storage_places_id` (`storage_places_id`);

--
-- Indizes für die Tabelle `storage_products_transfer`
--
ALTER TABLE `storage_products_transfer`
  ADD PRIMARY KEY (`storage_products_transfer_id`),
  ADD KEY `source_storage_products_id` (`source_storage_products_id`,`target_storage_products_id`,`quantity`),
  ADD KEY `shipping_products_id` (`shipping_products_id`);

--
-- Indizes für die Tabelle `system_alerts_status`
--
ALTER TABLE `system_alerts_status`
  ADD PRIMARY KEY (`system_alerts_status_id`),
  ADD KEY `customers_id` (`customers_id`);

--
-- Indizes für die Tabelle `table_lock`
--
ALTER TABLE `table_lock`
  ADD PRIMARY KEY (`id`);

--
-- Indizes für die Tabelle `tags`
--
ALTER TABLE `tags`
  ADD PRIMARY KEY (`tags_id`),
  ADD KEY `type` (`type`);

--
-- Indizes für die Tabelle `tags_products`
--
ALTER TABLE `tags_products`
  ADD PRIMARY KEY (`tags_products_id`),
  ADD KEY `tags_id` (`tags_id`,`products_id`);

--
-- Indizes für die Tabelle `tax_class`
--
ALTER TABLE `tax_class`
  ADD PRIMARY KEY (`tax_class_id`);

--
-- Indizes für die Tabelle `tax_rates`
--
ALTER TABLE `tax_rates`
  ADD PRIMARY KEY (`tax_rates_id`),
  ADD KEY `tax_class_id` (`tax_class_id`),
  ADD KEY `tax_zone_id` (`tax_zone_id`);

--
-- Indizes für die Tabelle `testeo`
--
ALTER TABLE `testeo`
  ADD PRIMARY KEY (`yourID`);

--
-- Indizes für die Tabelle `units`
--
ALTER TABLE `units`
  ADD PRIMARY KEY (`units_id`);

--
-- Indizes für die Tabelle `units_description`
--
ALTER TABLE `units_description`
  ADD PRIMARY KEY (`units_description_id`),
  ADD KEY `units_id` (`units_id`);

--
-- Indizes für die Tabelle `un_classifications`
--
ALTER TABLE `un_classifications`
  ADD PRIMARY KEY (`un_classifications_id`);

--
-- Indizes für die Tabelle `wishlist_attributes`
--
ALTER TABLE `wishlist_attributes`
  ADD PRIMARY KEY (`attributes_id`);

--
-- Indizes für die Tabelle `wishlist_customers`
--
ALTER TABLE `wishlist_customers`
  ADD PRIMARY KEY (`id`),
  ADD KEY `customers_id` (`customers_id`);

--
-- Indizes für die Tabelle `wishlist_products`
--
ALTER TABLE `wishlist_products`
  ADD PRIMARY KEY (`id`),
  ADD KEY `wishlist_customers_id` (`wishlist_customers_id`),
  ADD KEY `products_id` (`products_id`);

--
-- Indizes für die Tabelle `wrapping_counter`
--
ALTER TABLE `wrapping_counter`
  ADD PRIMARY KEY (`wrapping_counter_id`),
  ADD KEY `orders_id` (`orders_id`);

--
-- Indizes für die Tabelle `yesDSGVO_consents`
--
ALTER TABLE `yesDSGVO_consents`
  ADD PRIMARY KEY (`yesDSGVO_consents_id`);

--
-- Indizes für die Tabelle `yes_amazon_pay_refunds`
--
ALTER TABLE `yes_amazon_pay_refunds`
  ADD PRIMARY KEY (`yes_amazon_pay_refunds_id`),
  ADD KEY `yes_amazon_pay_reference_id` (`yes_amazon_pay_reference_id`);

--
-- Indizes für die Tabelle `yes_cron_exports`
--
ALTER TABLE `yes_cron_exports`
  ADD PRIMARY KEY (`yes_cron_exports_id`);

--
-- Indizes für die Tabelle `yes_cron_export_heading_rows`
--
ALTER TABLE `yes_cron_export_heading_rows`
  ADD PRIMARY KEY (`yes_cron_export_heading_rows_id`),
  ADD KEY `yes_cron_exports_id` (`yes_cron_exports_id`);

--
-- Indizes für die Tabelle `yes_help`
--
ALTER TABLE `yes_help`
  ADD PRIMARY KEY (`help_id`);

--
-- Indizes für die Tabelle `yes_xmlrpc_import_config`
--
ALTER TABLE `yes_xmlrpc_import_config`
  ADD PRIMARY KEY (`yes_xmlrpc_import_config_id`),
  ADD KEY `yes_xmlrpc_token_id` (`yes_xmlrpc_remote_token_id`);

--
-- Indizes für die Tabelle `yes_xmlrpc_products`
--
ALTER TABLE `yes_xmlrpc_products`
  ADD PRIMARY KEY (`yes_xmlrpc_products_id`),
  ADD KEY `yes_xmlrpc_remote_token_id` (`yes_xmlrpc_remote_token_id`);

--
-- Indizes für die Tabelle `zones`
--
ALTER TABLE `zones`
  ADD PRIMARY KEY (`zone_id`);

--
-- Indizes für die Tabelle `zones_to_geo_zones`
--
ALTER TABLE `zones_to_geo_zones`
  ADD PRIMARY KEY (`association_id`),
  ADD KEY `zone_country_id` (`zone_country_id`),
  ADD KEY `zone_id` (`zone_id`),
  ADD KEY `geo_zone_id` (`geo_zone_id`);

--
-- AUTO_INCREMENT für exportierte Tabellen
--

--
-- AUTO_INCREMENT für Tabelle `address_book`
--
ALTER TABLE `address_book`
  MODIFY `address_book_id` int(11) NOT NULL AUTO_INCREMENT, AUTO_INCREMENT=5317;

--
-- AUTO_INCREMENT für Tabelle `address_format`
--
ALTER TABLE `address_format`
  MODIFY `address_format_id` int(11) NOT NULL AUTO_INCREMENT, AUTO_INCREMENT=6;

--
-- AUTO_INCREMENT für Tabelle `admin_access_scheme`
--
ALTER TABLE `admin_access_scheme`
  MODIFY `admin_access_scheme_id` int(11) NOT NULL AUTO_INCREMENT, AUTO_INCREMENT=26;

--
-- AUTO_INCREMENT für Tabelle `admin_access_scheme_values`
--
ALTER TABLE `admin_access_scheme_values`
  MODIFY `admin_access_scheme_values_id` int(11) NOT NULL AUTO_INCREMENT, AUTO_INCREMENT=9952;

--
-- AUTO_INCREMENT für Tabelle `after_shipping_payment_orders`
--
ALTER TABLE `after_shipping_payment_orders`
  MODIFY `after_shipping_payment_orders_id` int(11) NOT NULL AUTO_INCREMENT;

--
-- AUTO_INCREMENT für Tabelle `amazon_feeds`
--
ALTER TABLE `amazon_feeds`
  MODIFY `amazon_feeds_id` int(11) NOT NULL AUTO_INCREMENT;

--
-- AUTO_INCREMENT für Tabelle `amazon_feeds_order_fulfillments`
--
ALTER TABLE `amazon_feeds_order_fulfillments`
  MODIFY `amazon_feeds_order_fulfillments_id` int(11) NOT NULL AUTO_INCREMENT;

--
-- AUTO_INCREMENT für Tabelle `amazon_feeds_price_items`
--
ALTER TABLE `amazon_feeds_price_items`
  MODIFY `amazon_feeds_price_items_id` int(11) NOT NULL AUTO_INCREMENT;

--
-- AUTO_INCREMENT für Tabelle `amazon_feeds_product_listing`
--
ALTER TABLE `amazon_feeds_product_listing`
  MODIFY `amazon_feeds_product_listing_id` int(11) NOT NULL AUTO_INCREMENT;

--
-- AUTO_INCREMENT für Tabelle `amazon_feeds_quantity_items`
--
ALTER TABLE `amazon_feeds_quantity_items`
  MODIFY `amazon_feeds_quantity_items_id` int(11) NOT NULL AUTO_INCREMENT;

--
-- AUTO_INCREMENT für Tabelle `amazon_feeds_upload_vat_invoice`
--
ALTER TABLE `amazon_feeds_upload_vat_invoice`
  MODIFY `amazon_feeds_upload_vat_invoice_id` int(11) NOT NULL AUTO_INCREMENT;

--
-- AUTO_INCREMENT für Tabelle `amazon_feed_collector`
--
ALTER TABLE `amazon_feed_collector`
  MODIFY `amazon_feed_collector_id` int(11) NOT NULL AUTO_INCREMENT;

--
-- AUTO_INCREMENT für Tabelle `amazon_orders`
--
ALTER TABLE `amazon_orders`
  MODIFY `amazon_orders_id` int(11) NOT NULL AUTO_INCREMENT;

--
-- AUTO_INCREMENT für Tabelle `amazon_orders_fba`
--
ALTER TABLE `amazon_orders_fba`
  MODIFY `amazon_orders_fba_id` int(11) NOT NULL AUTO_INCREMENT;

--
-- AUTO_INCREMENT für Tabelle `amazon_orders_products`
--
ALTER TABLE `amazon_orders_products`
  MODIFY `amazon_orders_products_id` int(11) NOT NULL AUTO_INCREMENT;

--
-- AUTO_INCREMENT für Tabelle `amazon_products`
--
ALTER TABLE `amazon_products`
  MODIFY `amazon_products_id` int(11) NOT NULL AUTO_INCREMENT;

--
-- AUTO_INCREMENT für Tabelle `amazon_products_fba`
--
ALTER TABLE `amazon_products_fba`
  MODIFY `amazon_products_fba_id` int(11) NOT NULL AUTO_INCREMENT;

--
-- AUTO_INCREMENT für Tabelle `amazon_settlements`
--
ALTER TABLE `amazon_settlements`
  MODIFY `amazon_settlements_id` int(11) NOT NULL AUTO_INCREMENT;

--
-- AUTO_INCREMENT für Tabelle `amz_products_excluded`
--
ALTER TABLE `amz_products_excluded`
  MODIFY `amz_products_excluded_id` int(11) NOT NULL AUTO_INCREMENT;

--
-- AUTO_INCREMENT für Tabelle `amz_transactions`
--
ALTER TABLE `amz_transactions`
  MODIFY `amz_tx_id` int(11) NOT NULL AUTO_INCREMENT;

--
-- AUTO_INCREMENT für Tabelle `banners`
--
ALTER TABLE `banners`
  MODIFY `banners_id` int(11) NOT NULL AUTO_INCREMENT;

--
-- AUTO_INCREMENT für Tabelle `banners_history`
--
ALTER TABLE `banners_history`
  MODIFY `banners_history_id` int(11) NOT NULL AUTO_INCREMENT;

--
-- AUTO_INCREMENT für Tabelle `branches`
--
ALTER TABLE `branches`
  MODIFY `branches_id` int(11) NOT NULL AUTO_INCREMENT, AUTO_INCREMENT=2;

--
-- AUTO_INCREMENT für Tabelle `branches_history`
--
ALTER TABLE `branches_history`
  MODIFY `branches_history_id` int(11) NOT NULL AUTO_INCREMENT, AUTO_INCREMENT=6;

--
-- AUTO_INCREMENT für Tabelle `branches_orders_fibunumbers`
--
ALTER TABLE `branches_orders_fibunumbers`
  MODIFY `branches_orders_fibunumbers` int(11) NOT NULL AUTO_INCREMENT;

--
-- AUTO_INCREMENT für Tabelle `branches_products`
--
ALTER TABLE `branches_products`
  MODIFY `branches_products_id` int(11) NOT NULL AUTO_INCREMENT;

--
-- AUTO_INCREMENT für Tabelle `branches_products_serials`
--
ALTER TABLE `branches_products_serials`
  MODIFY `branches_products_serials_id` int(11) NOT NULL AUTO_INCREMENT;

--
-- AUTO_INCREMENT für Tabelle `branches_to_customers`
--
ALTER TABLE `branches_to_customers`
  MODIFY `branches_to_customers_id` int(11) NOT NULL AUTO_INCREMENT;

--
-- AUTO_INCREMENT für Tabelle `branches_transfer`
--
ALTER TABLE `branches_transfer`
  MODIFY `branches_transfer_id` int(11) NOT NULL AUTO_INCREMENT, AUTO_INCREMENT=3;

--
-- AUTO_INCREMENT für Tabelle `branches_transfer_products`
--
ALTER TABLE `branches_transfer_products`
  MODIFY `branches_transfer_products_id` int(11) NOT NULL AUTO_INCREMENT, AUTO_INCREMENT=4;

--
-- AUTO_INCREMENT für Tabelle `branches_transfer_status`
--
ALTER TABLE `branches_transfer_status`
  MODIFY `branches_transfer_status_id` int(11) NOT NULL AUTO_INCREMENT, AUTO_INCREMENT=5;

--
-- AUTO_INCREMENT für Tabelle `branches_transfer_status_history`
--
ALTER TABLE `branches_transfer_status_history`
  MODIFY `branches_transfer_status_history_id` int(11) NOT NULL AUTO_INCREMENT, AUTO_INCREMENT=7;

--
-- AUTO_INCREMENT für Tabelle `cancel_auctions`
--
ALTER TABLE `cancel_auctions`
  MODIFY `cancel_auctions_id` int(11) NOT NULL AUTO_INCREMENT, AUTO_INCREMENT=238;

--
-- AUTO_INCREMENT für Tabelle `categories`
--
ALTER TABLE `categories`
  MODIFY `categories_id` int(11) NOT NULL AUTO_INCREMENT, AUTO_INCREMENT=68;

--
-- AUTO_INCREMENT für Tabelle `categories_exclude`
--
ALTER TABLE `categories_exclude`
  MODIFY `categories_exclude_id` int(1) NOT NULL AUTO_INCREMENT;

--
-- AUTO_INCREMENT für Tabelle `categories_to_groups`
--
ALTER TABLE `categories_to_groups`
  MODIFY `categories_to_groups_id` int(11) NOT NULL AUTO_INCREMENT;

--
-- AUTO_INCREMENT für Tabelle `categories_to_groups_characteristics`
--
ALTER TABLE `categories_to_groups_characteristics`
  MODIFY `categories_to_groups_characteristics_id` int(11) NOT NULL AUTO_INCREMENT;

--
-- AUTO_INCREMENT für Tabelle `change_status_history`
--
ALTER TABLE `change_status_history`
  MODIFY `id` int(11) NOT NULL AUTO_INCREMENT;

--
-- AUTO_INCREMENT für Tabelle `configuration`
--
ALTER TABLE `configuration`
  MODIFY `configuration_id` int(11) NOT NULL AUTO_INCREMENT, AUTO_INCREMENT=953;

--
-- AUTO_INCREMENT für Tabelle `configuration_group`
--
ALTER TABLE `configuration_group`
  MODIFY `configuration_group_id` int(11) NOT NULL AUTO_INCREMENT, AUTO_INCREMENT=114;

--
-- AUTO_INCREMENT für Tabelle `content_manager`
--
ALTER TABLE `content_manager`
  MODIFY `content_id` int(11) NOT NULL AUTO_INCREMENT, AUTO_INCREMENT=63;

--
-- AUTO_INCREMENT für Tabelle `costs`
--
ALTER TABLE `costs`
  MODIFY `costs_id` int(11) NOT NULL AUTO_INCREMENT;

--
-- AUTO_INCREMENT für Tabelle `countries`
--
ALTER TABLE `countries`
  MODIFY `countries_id` int(11) NOT NULL AUTO_INCREMENT, AUTO_INCREMENT=242;

--
-- AUTO_INCREMENT für Tabelle `coupons`
--
ALTER TABLE `coupons`
  MODIFY `coupon_id` int(11) NOT NULL AUTO_INCREMENT;

--
-- AUTO_INCREMENT für Tabelle `coupon_email_track`
--
ALTER TABLE `coupon_email_track`
  MODIFY `unique_id` int(11) NOT NULL AUTO_INCREMENT;

--
-- AUTO_INCREMENT für Tabelle `coupon_gv_queue`
--
ALTER TABLE `coupon_gv_queue`
  MODIFY `unique_id` int(5) NOT NULL AUTO_INCREMENT;

--
-- AUTO_INCREMENT für Tabelle `coupon_redeem_track`
--
ALTER TABLE `coupon_redeem_track`
  MODIFY `unique_id` int(11) NOT NULL AUTO_INCREMENT;

--
-- AUTO_INCREMENT für Tabelle `currencies`
--
ALTER TABLE `currencies`
  MODIFY `currencies_id` int(11) NOT NULL AUTO_INCREMENT, AUTO_INCREMENT=2;

--
-- AUTO_INCREMENT für Tabelle `customers_basket`
--
ALTER TABLE `customers_basket`
  MODIFY `customers_basket_id` int(11) NOT NULL AUTO_INCREMENT, AUTO_INCREMENT=68;

--
-- AUTO_INCREMENT für Tabelle `customers_basket_attributes`
--
ALTER TABLE `customers_basket_attributes`
  MODIFY `customers_basket_attributes_id` int(11) NOT NULL AUTO_INCREMENT;

--
-- AUTO_INCREMENT für Tabelle `customers_email_aliases`
--
ALTER TABLE `customers_email_aliases`
  MODIFY `customers_email_aliases_id` int(11) NOT NULL AUTO_INCREMENT;

--
-- AUTO_INCREMENT für Tabelle `customers_email_filter`
--
ALTER TABLE `customers_email_filter`
  MODIFY `customers_email_filter_id` int(11) NOT NULL AUTO_INCREMENT;

--
-- AUTO_INCREMENT für Tabelle `customers_ip`
--
ALTER TABLE `customers_ip`
  MODIFY `customers_ip_id` int(11) NOT NULL AUTO_INCREMENT, AUTO_INCREMENT=378;

--
-- AUTO_INCREMENT für Tabelle `customers_memo`
--
ALTER TABLE `customers_memo`
  MODIFY `memo_id` int(11) NOT NULL AUTO_INCREMENT, AUTO_INCREMENT=341;

--
-- AUTO_INCREMENT für Tabelle `customers_status_history`
--
ALTER TABLE `customers_status_history`
  MODIFY `customers_status_history_id` int(11) NOT NULL AUTO_INCREMENT, AUTO_INCREMENT=5;

--
-- AUTO_INCREMENT für Tabelle `default_products_master_keys`
--
ALTER TABLE `default_products_master_keys`
  MODIFY `default_products_master_keys_id` int(11) NOT NULL AUTO_INCREMENT;

--
-- AUTO_INCREMENT für Tabelle `default_products_master_keys_description`
--
ALTER TABLE `default_products_master_keys_description`
  MODIFY `default_products_master_keys_description_id` int(11) NOT NULL AUTO_INCREMENT;

--
-- AUTO_INCREMENT für Tabelle `default_products_master_slave_values`
--
ALTER TABLE `default_products_master_slave_values`
  MODIFY `default_products_master_slave_values_id` int(11) NOT NULL AUTO_INCREMENT;

--
-- AUTO_INCREMENT für Tabelle `distributors`
--
ALTER TABLE `distributors`
  MODIFY `id` int(11) NOT NULL AUTO_INCREMENT, AUTO_INCREMENT=7;

--
-- AUTO_INCREMENT für Tabelle `distributor_contacts`
--
ALTER TABLE `distributor_contacts`
  MODIFY `distributor_contacts_id` int(11) NOT NULL AUTO_INCREMENT;

--
-- AUTO_INCREMENT für Tabelle `distributor_invoices`
--
ALTER TABLE `distributor_invoices`
  MODIFY `distributor_invoices_id` int(11) NOT NULL AUTO_INCREMENT;

--
-- AUTO_INCREMENT für Tabelle `distributor_invoices_entries`
--
ALTER TABLE `distributor_invoices_entries`
  MODIFY `distributor_invoices_entries_id` int(11) NOT NULL AUTO_INCREMENT;

--
-- AUTO_INCREMENT für Tabelle `distributor_invoices_installments`
--
ALTER TABLE `distributor_invoices_installments`
  MODIFY `distributor_invoices_installments_id` int(11) NOT NULL AUTO_INCREMENT;

--
-- AUTO_INCREMENT für Tabelle `distributor_invoices_products`
--
ALTER TABLE `distributor_invoices_products`
  MODIFY `distributor_invoices_products_id` int(11) NOT NULL AUTO_INCREMENT;

--
-- AUTO_INCREMENT für Tabelle `distributor_invoices_products_properties`
--
ALTER TABLE `distributor_invoices_products_properties`
  MODIFY `distributor_invoices_products_properties_id` int(11) NOT NULL AUTO_INCREMENT;

--
-- AUTO_INCREMENT für Tabelle `distributor_invoices_reasons`
--
ALTER TABLE `distributor_invoices_reasons`
  MODIFY `distributor_invoices_reasons_id` int(11) NOT NULL AUTO_INCREMENT;

--
-- AUTO_INCREMENT für Tabelle `distributor_invoices_status`
--
ALTER TABLE `distributor_invoices_status`
  MODIFY `distributor_invoices_status_id` int(11) NOT NULL AUTO_INCREMENT, AUTO_INCREMENT=4;

--
-- AUTO_INCREMENT für Tabelle `distributor_invoices_status_history`
--
ALTER TABLE `distributor_invoices_status_history`
  MODIFY `distributor_invoices_status_history_id` int(11) NOT NULL AUTO_INCREMENT;

--
-- AUTO_INCREMENT für Tabelle `distributor_invoices_total`
--
ALTER TABLE `distributor_invoices_total`
  MODIFY `distributor_invoices_total_id` int(10) UNSIGNED NOT NULL AUTO_INCREMENT;

--
-- AUTO_INCREMENT für Tabelle `distributor_orders`
--
ALTER TABLE `distributor_orders`
  MODIFY `distributor_orders_id` int(11) NOT NULL AUTO_INCREMENT;

--
-- AUTO_INCREMENT für Tabelle `distributor_orders_products`
--
ALTER TABLE `distributor_orders_products`
  MODIFY `distributor_orders_products_id` int(11) NOT NULL AUTO_INCREMENT;

--
-- AUTO_INCREMENT für Tabelle `distributor_orders_products_attributes`
--
ALTER TABLE `distributor_orders_products_attributes`
  MODIFY `distributor_orders_products_attributes_id` int(11) NOT NULL AUTO_INCREMENT;

--
-- AUTO_INCREMENT für Tabelle `distributor_orders_products_properties`
--
ALTER TABLE `distributor_orders_products_properties`
  MODIFY `distributor_orders_products_properties_id` int(11) NOT NULL AUTO_INCREMENT;

--
-- AUTO_INCREMENT für Tabelle `distributor_orders_recalculate`
--
ALTER TABLE `distributor_orders_recalculate`
  MODIFY `orders_recalculate_id` int(11) NOT NULL AUTO_INCREMENT, AUTO_INCREMENT=29;

--
-- AUTO_INCREMENT für Tabelle `distributor_orders_status_history`
--
ALTER TABLE `distributor_orders_status_history`
  MODIFY `orders_status_history_id` int(11) NOT NULL AUTO_INCREMENT;

--
-- AUTO_INCREMENT für Tabelle `distributor_orders_total`
--
ALTER TABLE `distributor_orders_total`
  MODIFY `orders_total_id` int(10) UNSIGNED NOT NULL AUTO_INCREMENT;

--
-- AUTO_INCREMENT für Tabelle `distributor_product_prices`
--
ALTER TABLE `distributor_product_prices`
  MODIFY `distributor_product_prices_id` int(11) NOT NULL AUTO_INCREMENT, AUTO_INCREMENT=17;

--
-- AUTO_INCREMENT für Tabelle `ebayapi_favorites`
--
ALTER TABLE `ebayapi_favorites`
  MODIFY `favorite_id` int(11) NOT NULL AUTO_INCREMENT, AUTO_INCREMENT=66;

--
-- AUTO_INCREMENT für Tabelle `ebayapi_favorites_characteristics`
--
ALTER TABLE `ebayapi_favorites_characteristics`
  MODIFY `ebayapi_favorites_characteristics_id` int(11) NOT NULL AUTO_INCREMENT;

--
-- AUTO_INCREMENT für Tabelle `ebayapi_favorites_itemconditions`
--
ALTER TABLE `ebayapi_favorites_itemconditions`
  MODIFY `ebayapi_favorites_itemconditions_id` int(11) NOT NULL AUTO_INCREMENT, AUTO_INCREMENT=396;

--
-- AUTO_INCREMENT für Tabelle `ebay_auctions`
--
ALTER TABLE `ebay_auctions`
  MODIFY `id` int(11) NOT NULL AUTO_INCREMENT, AUTO_INCREMENT=238;

--
-- AUTO_INCREMENT für Tabelle `ebay_auctions_characteristics`
--
ALTER TABLE `ebay_auctions_characteristics`
  MODIFY `ebay_auctions_characteristics_id` int(11) NOT NULL AUTO_INCREMENT;

--
-- AUTO_INCREMENT für Tabelle `ebay_auctions_energy_efficiency`
--
ALTER TABLE `ebay_auctions_energy_efficiency`
  MODIFY `ebay_auctions_energy_efficiency_id` int(11) NOT NULL AUTO_INCREMENT;

--
-- AUTO_INCREMENT für Tabelle `ebay_auctions_fees`
--
ALTER TABLE `ebay_auctions_fees`
  MODIFY `ebay_auctions_fees_id` int(11) NOT NULL AUTO_INCREMENT;

--
-- AUTO_INCREMENT für Tabelle `ebay_auctions_itemspecifics`
--
ALTER TABLE `ebay_auctions_itemspecifics`
  MODIFY `ebay_auctions_itemspecifics_id` int(11) NOT NULL AUTO_INCREMENT;

--
-- AUTO_INCREMENT für Tabelle `ebay_auctions_manufacturers`
--
ALTER TABLE `ebay_auctions_manufacturers`
  MODIFY `ebay_auctions_manufacturers_id` int(11) NOT NULL AUTO_INCREMENT;

--
-- AUTO_INCREMENT für Tabelle `ebay_auctions_payments`
--
ALTER TABLE `ebay_auctions_payments`
  MODIFY `ebay_auctions_payments_id` int(11) NOT NULL AUTO_INCREMENT;

--
-- AUTO_INCREMENT für Tabelle `ebay_auctions_price_revise`
--
ALTER TABLE `ebay_auctions_price_revise`
  MODIFY `ebay_auctions_price_revise_id` int(11) NOT NULL AUTO_INCREMENT;

--
-- AUTO_INCREMENT für Tabelle `ebay_auctions_price_revise_auctions`
--
ALTER TABLE `ebay_auctions_price_revise_auctions`
  MODIFY `ebay_auctions_price_revise_auctions_id` int(11) NOT NULL AUTO_INCREMENT;

--
-- AUTO_INCREMENT für Tabelle `ebay_auctions_productsafety`
--
ALTER TABLE `ebay_auctions_productsafety`
  MODIFY `ebay_auctions_productsafety_id` int(11) NOT NULL AUTO_INCREMENT;

--
-- AUTO_INCREMENT für Tabelle `ebay_auctions_properties`
--
ALTER TABLE `ebay_auctions_properties`
  MODIFY `ebay_auctions_properties_id` int(11) NOT NULL AUTO_INCREMENT;

--
-- AUTO_INCREMENT für Tabelle `ebay_auctions_properties_description`
--
ALTER TABLE `ebay_auctions_properties_description`
  MODIFY `ebay_auctions_properties_description_id` int(11) NOT NULL AUTO_INCREMENT;

--
-- AUTO_INCREMENT für Tabelle `ebay_auctions_properties_values`
--
ALTER TABLE `ebay_auctions_properties_values`
  MODIFY `ebay_auctions_properties_values_id` int(11) NOT NULL AUTO_INCREMENT;

--
-- AUTO_INCREMENT für Tabelle `ebay_auctions_properties_values_description`
--
ALTER TABLE `ebay_auctions_properties_values_description`
  MODIFY `ebay_auctions_properties_values_description_id` int(11) NOT NULL AUTO_INCREMENT;

--
-- AUTO_INCREMENT für Tabelle `ebay_auctions_quantity_history`
--
ALTER TABLE `ebay_auctions_quantity_history`
  MODIFY `ebay_auctions_quantity_history_id` int(11) NOT NULL AUTO_INCREMENT, AUTO_INCREMENT=252;

--
-- AUTO_INCREMENT für Tabelle `ebay_auctions_regulatory_documents`
--
ALTER TABLE `ebay_auctions_regulatory_documents`
  MODIFY `ebay_auctions_regulatory_documents_id` int(11) NOT NULL AUTO_INCREMENT;

--
-- AUTO_INCREMENT für Tabelle `ebay_auctions_regulatory_hazmats`
--
ALTER TABLE `ebay_auctions_regulatory_hazmats`
  MODIFY `ebay_auctions_regulatory_hazmats_id` int(11) NOT NULL AUTO_INCREMENT;

--
-- AUTO_INCREMENT für Tabelle `ebay_auctions_responsible_persons`
--
ALTER TABLE `ebay_auctions_responsible_persons`
  MODIFY `ebay_auctions_responsible_persons_id` int(11) NOT NULL AUTO_INCREMENT;

--
-- AUTO_INCREMENT für Tabelle `ebay_auctions_shippings`
--
ALTER TABLE `ebay_auctions_shippings`
  MODIFY `ebay_auctions_shippings_id` int(11) NOT NULL AUTO_INCREMENT;

--
-- AUTO_INCREMENT für Tabelle `ebay_auctions_shippings_locations`
--
ALTER TABLE `ebay_auctions_shippings_locations`
  MODIFY `ebay_auctions_shippings_locations_id` int(11) NOT NULL AUTO_INCREMENT;

--
-- AUTO_INCREMENT für Tabelle `ebay_auctions_variations`
--
ALTER TABLE `ebay_auctions_variations`
  MODIFY `ebay_auctions_variations_id` int(11) NOT NULL AUTO_INCREMENT;

--
-- AUTO_INCREMENT für Tabelle `ebay_auctions_videos`
--
ALTER TABLE `ebay_auctions_videos`
  MODIFY `ebay_auctions_videos_id` int(11) NOT NULL AUTO_INCREMENT;

--
-- AUTO_INCREMENT für Tabelle `ebay_auth`
--
ALTER TABLE `ebay_auth`
  MODIFY `Id` int(6) UNSIGNED NOT NULL AUTO_INCREMENT, AUTO_INCREMENT=5;

--
-- AUTO_INCREMENT für Tabelle `ebay_automatics`
--
ALTER TABLE `ebay_automatics`
  MODIFY `ebay_automatics_id` int(11) NOT NULL AUTO_INCREMENT;

--
-- AUTO_INCREMENT für Tabelle `ebay_automatics_daily`
--
ALTER TABLE `ebay_automatics_daily`
  MODIFY `ebay_automatics_daily_id` int(11) NOT NULL AUTO_INCREMENT;

--
-- AUTO_INCREMENT für Tabelle `ebay_bestoffer_matrix`
--
ALTER TABLE `ebay_bestoffer_matrix`
  MODIFY `ebay_bestoffer_matrix_id` int(11) NOT NULL AUTO_INCREMENT;

--
-- AUTO_INCREMENT für Tabelle `ebay_brand_aliases`
--
ALTER TABLE `ebay_brand_aliases`
  MODIFY `ebay_brand_aliases_id` int(11) NOT NULL AUTO_INCREMENT;

--
-- AUTO_INCREMENT für Tabelle `ebay_calls`
--
ALTER TABLE `ebay_calls`
  MODIFY `id` int(11) NOT NULL AUTO_INCREMENT;

--
-- AUTO_INCREMENT für Tabelle `ebay_customers`
--
ALTER TABLE `ebay_customers`
  MODIFY `id` int(11) NOT NULL AUTO_INCREMENT;

--
-- AUTO_INCREMENT für Tabelle `ebay_default_characteristics`
--
ALTER TABLE `ebay_default_characteristics`
  MODIFY `ebay_default_characteristics_id` int(11) NOT NULL AUTO_INCREMENT;

--
-- AUTO_INCREMENT für Tabelle `ebay_default_itemspecifics`
--
ALTER TABLE `ebay_default_itemspecifics`
  MODIFY `ebay_default_itemspecifics_id` int(11) NOT NULL AUTO_INCREMENT;

--
-- AUTO_INCREMENT für Tabelle `ebay_default_payments`
--
ALTER TABLE `ebay_default_payments`
  MODIFY `ebay_default_payments_id` int(11) NOT NULL AUTO_INCREMENT, AUTO_INCREMENT=2;

--
-- AUTO_INCREMENT für Tabelle `ebay_default_shippings`
--
ALTER TABLE `ebay_default_shippings`
  MODIFY `ebay_default_shippings_id` int(11) NOT NULL AUTO_INCREMENT, AUTO_INCREMENT=2;

--
-- AUTO_INCREMENT für Tabelle `ebay_default_shippings_locations`
--
ALTER TABLE `ebay_default_shippings_locations`
  MODIFY `ebay_default_shippings_locations_id` int(11) NOT NULL AUTO_INCREMENT;

--
-- AUTO_INCREMENT für Tabelle `ebay_disputes`
--
ALTER TABLE `ebay_disputes`
  MODIFY `id` int(11) NOT NULL AUTO_INCREMENT;

--
-- AUTO_INCREMENT für Tabelle `ebay_emails`
--
ALTER TABLE `ebay_emails`
  MODIFY `id` int(11) NOT NULL AUTO_INCREMENT, AUTO_INCREMENT=1347;

--
-- AUTO_INCREMENT für Tabelle `ebay_email_attachments`
--
ALTER TABLE `ebay_email_attachments`
  MODIFY `ebay_email_attachments_id` int(11) NOT NULL AUTO_INCREMENT, AUTO_INCREMENT=326;

--
-- AUTO_INCREMENT für Tabelle `ebay_external_payments`
--
ALTER TABLE `ebay_external_payments`
  MODIFY `ebay_external_payments_id` int(11) NOT NULL AUTO_INCREMENT;

--
-- AUTO_INCREMENT für Tabelle `ebay_feedback`
--
ALTER TABLE `ebay_feedback`
  MODIFY `id` int(11) NOT NULL AUTO_INCREMENT, AUTO_INCREMENT=2;

--
-- AUTO_INCREMENT für Tabelle `ebay_import_variations_images`
--
ALTER TABLE `ebay_import_variations_images`
  MODIFY `ebay_import_variations_images_id` int(11) NOT NULL AUTO_INCREMENT;

--
-- AUTO_INCREMENT für Tabelle `ebay_libri_filters`
--
ALTER TABLE `ebay_libri_filters`
  MODIFY `ebay_libri_filters_id` int(11) NOT NULL AUTO_INCREMENT;

--
-- AUTO_INCREMENT für Tabelle `ebay_media_documents`
--
ALTER TABLE `ebay_media_documents`
  MODIFY `ebay_media_documents_id` int(11) NOT NULL AUTO_INCREMENT;

--
-- AUTO_INCREMENT für Tabelle `ebay_media_videos`
--
ALTER TABLE `ebay_media_videos`
  MODIFY `ebay_media_videos_id` int(11) NOT NULL AUTO_INCREMENT;

--
-- AUTO_INCREMENT für Tabelle `ebay_mpn_aliases`
--
ALTER TABLE `ebay_mpn_aliases`
  MODIFY `ebay_mpn_aliases_id` int(11) NOT NULL AUTO_INCREMENT;

--
-- AUTO_INCREMENT für Tabelle `ebay_multi_edit`
--
ALTER TABLE `ebay_multi_edit`
  MODIFY `ebay_multi_edit_id` int(11) NOT NULL AUTO_INCREMENT;

--
-- AUTO_INCREMENT für Tabelle `ebay_multi_edit_items`
--
ALTER TABLE `ebay_multi_edit_items`
  MODIFY `ebay_multi_edit_items_id` int(11) NOT NULL AUTO_INCREMENT;

--
-- AUTO_INCREMENT für Tabelle `ebay_multi_edit_price_revise`
--
ALTER TABLE `ebay_multi_edit_price_revise`
  MODIFY `ebay_multi_edit_price_revise_id` int(11) NOT NULL AUTO_INCREMENT;

--
-- AUTO_INCREMENT für Tabelle `ebay_mymessage`
--
ALTER TABLE `ebay_mymessage`
  MODIFY `ebay_mymessage_id` int(11) NOT NULL AUTO_INCREMENT;

--
-- AUTO_INCREMENT für Tabelle `ebay_mymessage_reply`
--
ALTER TABLE `ebay_mymessage_reply`
  MODIFY `ebay_mymessage_reply_id` int(11) NOT NULL AUTO_INCREMENT;

--
-- AUTO_INCREMENT für Tabelle `ebay_orders`
--
ALTER TABLE `ebay_orders`
  MODIFY `ebay_orders_id` int(11) NOT NULL AUTO_INCREMENT, AUTO_INCREMENT=234;

--
-- AUTO_INCREMENT für Tabelle `ebay_orders_items`
--
ALTER TABLE `ebay_orders_items`
  MODIFY `ebay_orders_items_id` int(11) NOT NULL AUTO_INCREMENT, AUTO_INCREMENT=116;

--
-- AUTO_INCREMENT für Tabelle `ebay_orders_oos`
--
ALTER TABLE `ebay_orders_oos`
  MODIFY `ebay_orders_oos_id` int(11) NOT NULL AUTO_INCREMENT;

--
-- AUTO_INCREMENT für Tabelle `ebay_payments`
--
ALTER TABLE `ebay_payments`
  MODIFY `ebay_payments_id` int(11) NOT NULL AUTO_INCREMENT;

--
-- AUTO_INCREMENT für Tabelle `ebay_personal_offers`
--
ALTER TABLE `ebay_personal_offers`
  MODIFY `ebay_personal_offers` int(11) NOT NULL AUTO_INCREMENT;

--
-- AUTO_INCREMENT für Tabelle `ebay_products`
--
ALTER TABLE `ebay_products`
  MODIFY `id` int(11) NOT NULL AUTO_INCREMENT, AUTO_INCREMENT=490;

--
-- AUTO_INCREMENT für Tabelle `ebay_products_characteristics`
--
ALTER TABLE `ebay_products_characteristics`
  MODIFY `ebay_products_characteristics_id` int(11) NOT NULL AUTO_INCREMENT;

--
-- AUTO_INCREMENT für Tabelle `ebay_products_energy_efficiency`
--
ALTER TABLE `ebay_products_energy_efficiency`
  MODIFY `ebay_products_energy_efficiency_id` int(11) NOT NULL AUTO_INCREMENT;

--
-- AUTO_INCREMENT für Tabelle `ebay_products_history`
--
ALTER TABLE `ebay_products_history`
  MODIFY `ebay_products_history_id` int(11) NOT NULL AUTO_INCREMENT, AUTO_INCREMENT=1546;

--
-- AUTO_INCREMENT für Tabelle `ebay_products_itemspecifics`
--
ALTER TABLE `ebay_products_itemspecifics`
  MODIFY `ebay_products_itemspecifics_id` int(11) NOT NULL AUTO_INCREMENT, AUTO_INCREMENT=5946;

--
-- AUTO_INCREMENT für Tabelle `ebay_products_itemspecifics_recommendations`
--
ALTER TABLE `ebay_products_itemspecifics_recommendations`
  MODIFY `ebay_products_itemspecifics_recommendations_id` int(11) NOT NULL AUTO_INCREMENT, AUTO_INCREMENT=152;

--
-- AUTO_INCREMENT für Tabelle `ebay_products_manufacturers`
--
ALTER TABLE `ebay_products_manufacturers`
  MODIFY `ebay_products_manufacturers_id` int(11) NOT NULL AUTO_INCREMENT;

--
-- AUTO_INCREMENT für Tabelle `ebay_products_payments`
--
ALTER TABLE `ebay_products_payments`
  MODIFY `ebay_products_payments_id` int(11) NOT NULL AUTO_INCREMENT, AUTO_INCREMENT=118;

--
-- AUTO_INCREMENT für Tabelle `ebay_products_productsafety`
--
ALTER TABLE `ebay_products_productsafety`
  MODIFY `ebay_products_productsafety_id` int(11) NOT NULL AUTO_INCREMENT;

--
-- AUTO_INCREMENT für Tabelle `ebay_products_properties`
--
ALTER TABLE `ebay_products_properties`
  MODIFY `ebay_products_properties_id` int(11) NOT NULL AUTO_INCREMENT;

--
-- AUTO_INCREMENT für Tabelle `ebay_products_properties_description`
--
ALTER TABLE `ebay_products_properties_description`
  MODIFY `ebay_products_properties_description_id` int(11) NOT NULL AUTO_INCREMENT;

--
-- AUTO_INCREMENT für Tabelle `ebay_products_properties_values`
--
ALTER TABLE `ebay_products_properties_values`
  MODIFY `ebay_products_properties_values_id` int(11) NOT NULL AUTO_INCREMENT;

--
-- AUTO_INCREMENT für Tabelle `ebay_products_properties_values_description`
--
ALTER TABLE `ebay_products_properties_values_description`
  MODIFY `ebay_products_properties_values_description_id` int(11) NOT NULL AUTO_INCREMENT;

--
-- AUTO_INCREMENT für Tabelle `ebay_products_regulatory_documents`
--
ALTER TABLE `ebay_products_regulatory_documents`
  MODIFY `ebay_products_regulatory_documents_id` int(11) NOT NULL AUTO_INCREMENT;

--
-- AUTO_INCREMENT für Tabelle `ebay_products_regulatory_hazmats`
--
ALTER TABLE `ebay_products_regulatory_hazmats`
  MODIFY `ebay_products_regulatory_hazmats_id` int(11) NOT NULL AUTO_INCREMENT;

--
-- AUTO_INCREMENT für Tabelle `ebay_products_responsible_persons`
--
ALTER TABLE `ebay_products_responsible_persons`
  MODIFY `ebay_products_responsible_persons_id` int(11) NOT NULL AUTO_INCREMENT;

--
-- AUTO_INCREMENT für Tabelle `ebay_products_shippings`
--
ALTER TABLE `ebay_products_shippings`
  MODIFY `ebay_products_shippings_id` int(11) NOT NULL AUTO_INCREMENT, AUTO_INCREMENT=27;

--
-- AUTO_INCREMENT für Tabelle `ebay_products_shippings_locations`
--
ALTER TABLE `ebay_products_shippings_locations`
  MODIFY `ebay_products_shippings_locations_id` int(11) NOT NULL AUTO_INCREMENT;

--
-- AUTO_INCREMENT für Tabelle `ebay_products_to_categories`
--
ALTER TABLE `ebay_products_to_categories`
  MODIFY `id` int(11) NOT NULL AUTO_INCREMENT;

--
-- AUTO_INCREMENT für Tabelle `ebay_products_variations`
--
ALTER TABLE `ebay_products_variations`
  MODIFY `ebay_products_variations_id` int(11) NOT NULL AUTO_INCREMENT;

--
-- AUTO_INCREMENT für Tabelle `ebay_products_videos`
--
ALTER TABLE `ebay_products_videos`
  MODIFY `ebay_products_videos_id` int(11) NOT NULL AUTO_INCREMENT;

--
-- AUTO_INCREMENT für Tabelle `ebay_sammler`
--
ALTER TABLE `ebay_sammler`
  MODIFY `id` int(11) NOT NULL AUTO_INCREMENT, AUTO_INCREMENT=22;

--
-- AUTO_INCREMENT für Tabelle `ebay_sammler_characteristics`
--
ALTER TABLE `ebay_sammler_characteristics`
  MODIFY `ebay_sammler_characteristics_id` int(11) NOT NULL AUTO_INCREMENT;

--
-- AUTO_INCREMENT für Tabelle `ebay_sammler_copy`
--
ALTER TABLE `ebay_sammler_copy`
  MODIFY `ebay_sammler_copy_id` int(11) NOT NULL AUTO_INCREMENT, AUTO_INCREMENT=63;

--
-- AUTO_INCREMENT für Tabelle `ebay_sammler_itemspecifics`
--
ALTER TABLE `ebay_sammler_itemspecifics`
  MODIFY `ebay_sammler_itemspecifics_id` int(11) NOT NULL AUTO_INCREMENT, AUTO_INCREMENT=8;

--
-- AUTO_INCREMENT für Tabelle `ebay_sammler_itemspecifics_recommendations`
--
ALTER TABLE `ebay_sammler_itemspecifics_recommendations`
  MODIFY `ebay_sammler_itemspecifics_recommendations_id` int(11) NOT NULL AUTO_INCREMENT, AUTO_INCREMENT=273;

--
-- AUTO_INCREMENT für Tabelle `ebay_sammler_payments`
--
ALTER TABLE `ebay_sammler_payments`
  MODIFY `ebay_sammler_payments_id` int(11) NOT NULL AUTO_INCREMENT, AUTO_INCREMENT=63;

--
-- AUTO_INCREMENT für Tabelle `ebay_sammler_shippings`
--
ALTER TABLE `ebay_sammler_shippings`
  MODIFY `ebay_sammler_shippings_id` int(11) NOT NULL AUTO_INCREMENT, AUTO_INCREMENT=4;

--
-- AUTO_INCREMENT für Tabelle `ebay_sammler_shippings_locations`
--
ALTER TABLE `ebay_sammler_shippings_locations`
  MODIFY `ebay_sammler_shippings_locations_id` int(11) NOT NULL AUTO_INCREMENT;

--
-- AUTO_INCREMENT für Tabelle `ebay_seller_profiles`
--
ALTER TABLE `ebay_seller_profiles`
  MODIFY `ebay_seller_profiles_id` int(11) NOT NULL AUTO_INCREMENT, AUTO_INCREMENT=36;

--
-- AUTO_INCREMENT für Tabelle `ebay_sitecodes`
--
ALTER TABLE `ebay_sitecodes`
  MODIFY `ebay_sitecodes_id` int(11) NOT NULL AUTO_INCREMENT, AUTO_INCREMENT=24;

--
-- AUTO_INCREMENT für Tabelle `ebay_template_excludes`
--
ALTER TABLE `ebay_template_excludes`
  MODIFY `id` int(11) NOT NULL AUTO_INCREMENT;

--
-- AUTO_INCREMENT für Tabelle `ebay_textitems`
--
ALTER TABLE `ebay_textitems`
  MODIFY `id` int(11) NOT NULL AUTO_INCREMENT, AUTO_INCREMENT=10;

--
-- AUTO_INCREMENT für Tabelle `ebay_timingdelays`
--
ALTER TABLE `ebay_timingdelays`
  MODIFY `timing_delay_id` int(11) NOT NULL AUTO_INCREMENT, AUTO_INCREMENT=24;

--
-- AUTO_INCREMENT für Tabelle `ebay_transactions`
--
ALTER TABLE `ebay_transactions`
  MODIFY `id` int(11) NOT NULL AUTO_INCREMENT, AUTO_INCREMENT=235;

--
-- AUTO_INCREMENT für Tabelle `ebay_uuid`
--
ALTER TABLE `ebay_uuid`
  MODIFY `UUID` int(11) NOT NULL AUTO_INCREMENT, AUTO_INCREMENT=314;

--
-- AUTO_INCREMENT für Tabelle `ebay_variations`
--
ALTER TABLE `ebay_variations`
  MODIFY `ebay_variations_id` int(11) NOT NULL AUTO_INCREMENT;

--
-- AUTO_INCREMENT für Tabelle `ebay_variationspecificssets`
--
ALTER TABLE `ebay_variationspecificssets`
  MODIFY `ebay_variationspecificssets_id` int(11) NOT NULL AUTO_INCREMENT;

--
-- AUTO_INCREMENT für Tabelle `ebay_variations_pictures`
--
ALTER TABLE `ebay_variations_pictures`
  MODIFY `ebay_variations_pictures_id` int(11) NOT NULL AUTO_INCREMENT;

--
-- AUTO_INCREMENT für Tabelle `ebay_variations_pictures_sets`
--
ALTER TABLE `ebay_variations_pictures_sets`
  MODIFY `ebay_variations_pictures_sets_id` int(11) NOT NULL AUTO_INCREMENT;

--
-- AUTO_INCREMENT für Tabelle `ebay_variations_pictures_sets_urls`
--
ALTER TABLE `ebay_variations_pictures_sets_urls`
  MODIFY `ebay_variations_pictures_sets_urls_id` int(11) NOT NULL AUTO_INCREMENT;

--
-- AUTO_INCREMENT für Tabelle `ebay_variations_sets`
--
ALTER TABLE `ebay_variations_sets`
  MODIFY `ebay_variations_sets_id` int(11) NOT NULL AUTO_INCREMENT;

--
-- AUTO_INCREMENT für Tabelle `ebay_variations_variationspecifics`
--
ALTER TABLE `ebay_variations_variationspecifics`
  MODIFY `ebay_variations_variationspecifics_id` int(11) NOT NULL AUTO_INCREMENT;

--
-- AUTO_INCREMENT für Tabelle `ebay_warning_history`
--
ALTER TABLE `ebay_warning_history`
  MODIFY `id` int(11) NOT NULL AUTO_INCREMENT;

--
-- AUTO_INCREMENT für Tabelle `email_staff_allocation`
--
ALTER TABLE `email_staff_allocation`
  MODIFY `email_staff_allocation_id` int(11) NOT NULL AUTO_INCREMENT;

--
-- AUTO_INCREMENT für Tabelle `email_staff_allocation_history`
--
ALTER TABLE `email_staff_allocation_history`
  MODIFY `email_staff_allocation_history_id` int(11) NOT NULL AUTO_INCREMENT;

--
-- AUTO_INCREMENT für Tabelle `event`
--
ALTER TABLE `event`
  MODIFY `event_id` int(11) NOT NULL AUTO_INCREMENT;

--
-- AUTO_INCREMENT für Tabelle `events_to_event_tickets`
--
ALTER TABLE `events_to_event_tickets`
  MODIFY `events_to_event_tickets_id` int(11) NOT NULL AUTO_INCREMENT;

--
-- AUTO_INCREMENT für Tabelle `event_dates`
--
ALTER TABLE `event_dates`
  MODIFY `event_dates_id` int(11) NOT NULL AUTO_INCREMENT;

--
-- AUTO_INCREMENT für Tabelle `event_dates_timer`
--
ALTER TABLE `event_dates_timer`
  MODIFY `event_dates_timer_id` int(11) NOT NULL AUTO_INCREMENT;

--
-- AUTO_INCREMENT für Tabelle `event_tickets`
--
ALTER TABLE `event_tickets`
  MODIFY `event_tickets_id` int(11) NOT NULL AUTO_INCREMENT;

--
-- AUTO_INCREMENT für Tabelle `event_tickets_description`
--
ALTER TABLE `event_tickets_description`
  MODIFY `event_tickets_description_id` int(11) NOT NULL AUTO_INCREMENT;

--
-- AUTO_INCREMENT für Tabelle `feedback_reminder`
--
ALTER TABLE `feedback_reminder`
  MODIFY `feedback_reminder_id` int(11) NOT NULL AUTO_INCREMENT;

--
-- AUTO_INCREMENT für Tabelle `flashpoint_import_configuration`
--
ALTER TABLE `flashpoint_import_configuration`
  MODIFY `flashpoint_import_configuration_id` int(11) NOT NULL AUTO_INCREMENT;

--
-- AUTO_INCREMENT für Tabelle `geo_zones`
--
ALTER TABLE `geo_zones`
  MODIFY `geo_zone_id` int(11) NOT NULL AUTO_INCREMENT, AUTO_INCREMENT=35;

--
-- AUTO_INCREMENT für Tabelle `groups`
--
ALTER TABLE `groups`
  MODIFY `groups_id` int(11) NOT NULL AUTO_INCREMENT, AUTO_INCREMENT=23;

--
-- AUTO_INCREMENT für Tabelle `groups_tax_rates_allocation`
--
ALTER TABLE `groups_tax_rates_allocation`
  MODIFY `groups_tax_rates_allocation_id` int(11) NOT NULL AUTO_INCREMENT;

--
-- AUTO_INCREMENT für Tabelle `group_history`
--
ALTER TABLE `group_history`
  MODIFY `group_history_id` int(11) NOT NULL AUTO_INCREMENT, AUTO_INCREMENT=10;

--
-- AUTO_INCREMENT für Tabelle `hermes`
--
ALTER TABLE `hermes`
  MODIFY `id` int(11) NOT NULL AUTO_INCREMENT;

--
-- AUTO_INCREMENT für Tabelle `hermes_countries`
--
ALTER TABLE `hermes_countries`
  MODIFY `id` int(11) NOT NULL AUTO_INCREMENT;

--
-- AUTO_INCREMENT für Tabelle `hermes_status_dispos`
--
ALTER TABLE `hermes_status_dispos`
  MODIFY `hermes_status_dispos_id` int(11) NOT NULL AUTO_INCREMENT;

--
-- AUTO_INCREMENT für Tabelle `hermes_status_itemstock`
--
ALTER TABLE `hermes_status_itemstock`
  MODIFY `hermes_status_itemstock_id` int(11) NOT NULL AUTO_INCREMENT;

--
-- AUTO_INCREMENT für Tabelle `hermes_status_orderstat`
--
ALTER TABLE `hermes_status_orderstat`
  MODIFY `hermes_status_orderstat_id` int(11) NOT NULL AUTO_INCREMENT;

--
-- AUTO_INCREMENT für Tabelle `history`
--
ALTER TABLE `history`
  MODIFY `history_id` int(11) NOT NULL AUTO_INCREMENT, AUTO_INCREMENT=132;

--
-- AUTO_INCREMENT für Tabelle `history_bestand`
--
ALTER TABLE `history_bestand`
  MODIFY `id` int(11) NOT NULL AUTO_INCREMENT, AUTO_INCREMENT=544;

--
-- AUTO_INCREMENT für Tabelle `incoming_payments`
--
ALTER TABLE `incoming_payments`
  MODIFY `id` int(11) UNSIGNED NOT NULL AUTO_INCREMENT, AUTO_INCREMENT=72;

--
-- AUTO_INCREMENT für Tabelle `incoming_payment_mask`
--
ALTER TABLE `incoming_payment_mask`
  MODIFY `Id` int(6) UNSIGNED NOT NULL AUTO_INCREMENT;

--
-- AUTO_INCREMENT für Tabelle `kasse`
--
ALTER TABLE `kasse`
  MODIFY `id` int(11) NOT NULL AUTO_INCREMENT, AUTO_INCREMENT=2;

--
-- AUTO_INCREMENT für Tabelle `kasse_payments`
--
ALTER TABLE `kasse_payments`
  MODIFY `kasse_payments_id` int(11) NOT NULL AUTO_INCREMENT, AUTO_INCREMENT=6;

--
-- AUTO_INCREMENT für Tabelle `klarna_orders`
--
ALTER TABLE `klarna_orders`
  MODIFY `klarna_orders_id` int(11) NOT NULL AUTO_INCREMENT;

--
-- AUTO_INCREMENT für Tabelle `languages`
--
ALTER TABLE `languages`
  MODIFY `languages_id` int(11) NOT NULL AUTO_INCREMENT, AUTO_INCREMENT=3;

--
-- AUTO_INCREMENT für Tabelle `lawyer_export`
--
ALTER TABLE `lawyer_export`
  MODIFY `lawyer_export_id` int(1) NOT NULL AUTO_INCREMENT;

--
-- AUTO_INCREMENT für Tabelle `libri_warengruppen`
--
ALTER TABLE `libri_warengruppen`
  MODIFY `libri_warengruppen_id` int(11) NOT NULL AUTO_INCREMENT;

--
-- AUTO_INCREMENT für Tabelle `manufacturers`
--
ALTER TABLE `manufacturers`
  MODIFY `manufacturers_id` int(11) NOT NULL AUTO_INCREMENT, AUTO_INCREMENT=18;

--
-- AUTO_INCREMENT für Tabelle `media_content`
--
ALTER TABLE `media_content`
  MODIFY `file_id` int(11) NOT NULL AUTO_INCREMENT;

--
-- AUTO_INCREMENT für Tabelle `module_newsletter`
--
ALTER TABLE `module_newsletter`
  MODIFY `newsletter_id` int(11) NOT NULL AUTO_INCREMENT;

--
-- AUTO_INCREMENT für Tabelle `module_newsletter_temp_1`
--
ALTER TABLE `module_newsletter_temp_1`
  MODIFY `id` int(11) NOT NULL AUTO_INCREMENT;

--
-- AUTO_INCREMENT für Tabelle `newsletters`
--
ALTER TABLE `newsletters`
  MODIFY `newsletters_id` int(11) NOT NULL AUTO_INCREMENT;

--
-- AUTO_INCREMENT für Tabelle `newsletter_recipients`
--
ALTER TABLE `newsletter_recipients`
  MODIFY `mail_id` int(11) NOT NULL AUTO_INCREMENT;

--
-- AUTO_INCREMENT für Tabelle `nmedia_serien`
--
ALTER TABLE `nmedia_serien`
  MODIFY `nmedia_serien_id` int(11) NOT NULL AUTO_INCREMENT;

--
-- AUTO_INCREMENT für Tabelle `Notice_folders`
--
ALTER TABLE `Notice_folders`
  MODIFY `Notice_folders_id` int(11) NOT NULL AUTO_INCREMENT;

--
-- AUTO_INCREMENT für Tabelle `Notice_notes`
--
ALTER TABLE `Notice_notes`
  MODIFY `id` int(11) NOT NULL AUTO_INCREMENT, AUTO_INCREMENT=60;

--
-- AUTO_INCREMENT für Tabelle `Notice_reminder`
--
ALTER TABLE `Notice_reminder`
  MODIFY `Notice_reminder_id` int(11) NOT NULL AUTO_INCREMENT;

--
-- AUTO_INCREMENT für Tabelle `Notice_rules`
--
ALTER TABLE `Notice_rules`
  MODIFY `Notice_rules_id` int(11) NOT NULL AUTO_INCREMENT;

--
-- AUTO_INCREMENT für Tabelle `orders_costs`
--
ALTER TABLE `orders_costs`
  MODIFY `orders_costs_id` int(11) NOT NULL AUTO_INCREMENT, AUTO_INCREMENT=164;

--
-- AUTO_INCREMENT für Tabelle `orders_dhl_paketsteuerung`
--
ALTER TABLE `orders_dhl_paketsteuerung`
  MODIFY `orders_dhl_paketsteuerung_id` int(11) NOT NULL AUTO_INCREMENT, AUTO_INCREMENT=2;

--
-- AUTO_INCREMENT für Tabelle `orders_fibunumbers`
--
ALTER TABLE `orders_fibunumbers`
  MODIFY `orders_fibunumbers_id` int(11) NOT NULL AUTO_INCREMENT, AUTO_INCREMENT=247;

--
-- AUTO_INCREMENT für Tabelle `orders_pallets`
--
ALTER TABLE `orders_pallets`
  MODIFY `orders_pallets_id` int(11) NOT NULL AUTO_INCREMENT;

--
-- AUTO_INCREMENT für Tabelle `orders_pallets_items`
--
ALTER TABLE `orders_pallets_items`
  MODIFY `orders_pallets_items_id` int(11) NOT NULL AUTO_INCREMENT;

--
-- AUTO_INCREMENT für Tabelle `orders_paymentinstructions`
--
ALTER TABLE `orders_paymentinstructions`
  MODIFY `orders_paymentinstructions_id` int(11) NOT NULL AUTO_INCREMENT, AUTO_INCREMENT=2;

--
-- AUTO_INCREMENT für Tabelle `orders_products`
--
ALTER TABLE `orders_products`
  MODIFY `orders_products_id` int(11) NOT NULL AUTO_INCREMENT, AUTO_INCREMENT=265;

--
-- AUTO_INCREMENT für Tabelle `orders_products_attributes`
--
ALTER TABLE `orders_products_attributes`
  MODIFY `orders_products_attributes_id` int(11) NOT NULL AUTO_INCREMENT;

--
-- AUTO_INCREMENT für Tabelle `orders_products_download`
--
ALTER TABLE `orders_products_download`
  MODIFY `orders_products_download_id` int(11) NOT NULL AUTO_INCREMENT;

--
-- AUTO_INCREMENT für Tabelle `orders_products_price_fixing`
--
ALTER TABLE `orders_products_price_fixing`
  MODIFY `orders_products_price_fixing_id` int(11) NOT NULL AUTO_INCREMENT;

--
-- AUTO_INCREMENT für Tabelle `orders_products_properties`
--
ALTER TABLE `orders_products_properties`
  MODIFY `orders_products_properties_id` int(11) NOT NULL AUTO_INCREMENT;

--
-- AUTO_INCREMENT für Tabelle `orders_products_serials`
--
ALTER TABLE `orders_products_serials`
  MODIFY `orders_products_serials_id` int(11) NOT NULL AUTO_INCREMENT;

--
-- AUTO_INCREMENT für Tabelle `orders_recalculate`
--
ALTER TABLE `orders_recalculate`
  MODIFY `orders_recalculate_id` int(11) NOT NULL AUTO_INCREMENT, AUTO_INCREMENT=36;

--
-- AUTO_INCREMENT für Tabelle `orders_status_history`
--
ALTER TABLE `orders_status_history`
  MODIFY `orders_status_history_id` int(11) NOT NULL AUTO_INCREMENT, AUTO_INCREMENT=1969;

--
-- AUTO_INCREMENT für Tabelle `orders_total`
--
ALTER TABLE `orders_total`
  MODIFY `orders_total_id` int(10) UNSIGNED NOT NULL AUTO_INCREMENT, AUTO_INCREMENT=1064;

--
-- AUTO_INCREMENT für Tabelle `otc`
--
ALTER TABLE `otc`
  MODIFY `otc_id` int(11) NOT NULL AUTO_INCREMENT, AUTO_INCREMENT=2;

--
-- AUTO_INCREMENT für Tabelle `packages_calc`
--
ALTER TABLE `packages_calc`
  MODIFY `id` int(11) NOT NULL AUTO_INCREMENT;

--
-- AUTO_INCREMENT für Tabelle `packages_calc_dpd`
--
ALTER TABLE `packages_calc_dpd`
  MODIFY `packages_calc_dpd` int(11) NOT NULL AUTO_INCREMENT;

--
-- AUTO_INCREMENT für Tabelle `packages_calc_easylog`
--
ALTER TABLE `packages_calc_easylog`
  MODIFY `packages_calc_easylog_id` int(11) NOT NULL AUTO_INCREMENT;

--
-- AUTO_INCREMENT für Tabelle `packages_calc_fix`
--
ALTER TABLE `packages_calc_fix`
  MODIFY `id` int(11) NOT NULL AUTO_INCREMENT;

--
-- AUTO_INCREMENT für Tabelle `packages_calc_hermesweb`
--
ALTER TABLE `packages_calc_hermesweb`
  MODIFY `packages_calc_hermesweb_id` int(11) NOT NULL AUTO_INCREMENT;

--
-- AUTO_INCREMENT für Tabelle `packages_calc_UPS`
--
ALTER TABLE `packages_calc_UPS`
  MODIFY `packages_calc_ups_id` int(11) NOT NULL AUTO_INCREMENT;

--
-- AUTO_INCREMENT für Tabelle `packages_easytosend_calc`
--
ALTER TABLE `packages_easytosend_calc`
  MODIFY `id` int(11) NOT NULL AUTO_INCREMENT;

--
-- AUTO_INCREMENT für Tabelle `packages_postpaket_calc`
--
ALTER TABLE `packages_postpaket_calc`
  MODIFY `id` int(11) NOT NULL AUTO_INCREMENT;

--
-- AUTO_INCREMENT für Tabelle `packagings`
--
ALTER TABLE `packagings`
  MODIFY `packagings_id` int(11) NOT NULL AUTO_INCREMENT;

--
-- AUTO_INCREMENT für Tabelle `pangora`
--
ALTER TABLE `pangora`
  MODIFY `id` int(11) NOT NULL AUTO_INCREMENT;

--
-- AUTO_INCREMENT für Tabelle `payment_orders`
--
ALTER TABLE `payment_orders`
  MODIFY `payment_order_id` int(11) NOT NULL AUTO_INCREMENT;

--
-- AUTO_INCREMENT für Tabelle `paypal_status_history`
--
ALTER TABLE `paypal_status_history`
  MODIFY `payment_status_history_id` int(11) NOT NULL AUTO_INCREMENT;

--
-- AUTO_INCREMENT für Tabelle `personal_offers_by_customers_status_0`
--
ALTER TABLE `personal_offers_by_customers_status_0`
  MODIFY `price_id` int(11) NOT NULL AUTO_INCREMENT;

--
-- AUTO_INCREMENT für Tabelle `personal_offers_by_customers_status_1`
--
ALTER TABLE `personal_offers_by_customers_status_1`
  MODIFY `price_id` int(11) NOT NULL AUTO_INCREMENT, AUTO_INCREMENT=252;

--
-- AUTO_INCREMENT für Tabelle `personal_offers_by_customers_status_2`
--
ALTER TABLE `personal_offers_by_customers_status_2`
  MODIFY `price_id` int(11) NOT NULL AUTO_INCREMENT, AUTO_INCREMENT=227;

--
-- AUTO_INCREMENT für Tabelle `personal_offers_by_customers_status_3`
--
ALTER TABLE `personal_offers_by_customers_status_3`
  MODIFY `price_id` int(11) NOT NULL AUTO_INCREMENT, AUTO_INCREMENT=227;

--
-- AUTO_INCREMENT für Tabelle `personal_offers_by_customers_status_4`
--
ALTER TABLE `personal_offers_by_customers_status_4`
  MODIFY `price_id` int(11) NOT NULL AUTO_INCREMENT, AUTO_INCREMENT=227;

--
-- AUTO_INCREMENT für Tabelle `personal_offers_by_customers_status_5`
--
ALTER TABLE `personal_offers_by_customers_status_5`
  MODIFY `price_id` int(11) NOT NULL AUTO_INCREMENT, AUTO_INCREMENT=227;

--
-- AUTO_INCREMENT für Tabelle `personal_offers_by_customers_status_6`
--
ALTER TABLE `personal_offers_by_customers_status_6`
  MODIFY `price_id` int(11) NOT NULL AUTO_INCREMENT, AUTO_INCREMENT=227;

--
-- AUTO_INCREMENT für Tabelle `personal_offers_by_customers_status_7`
--
ALTER TABLE `personal_offers_by_customers_status_7`
  MODIFY `price_id` int(11) NOT NULL AUTO_INCREMENT, AUTO_INCREMENT=227;

--
-- AUTO_INCREMENT für Tabelle `personal_offers_by_customers_status_8`
--
ALTER TABLE `personal_offers_by_customers_status_8`
  MODIFY `price_id` int(11) NOT NULL AUTO_INCREMENT, AUTO_INCREMENT=227;

--
-- AUTO_INCREMENT für Tabelle `personal_offers_by_customers_status_9`
--
ALTER TABLE `personal_offers_by_customers_status_9`
  MODIFY `price_id` int(11) NOT NULL AUTO_INCREMENT, AUTO_INCREMENT=227;

--
-- AUTO_INCREMENT für Tabelle `products`
--
ALTER TABLE `products`
  MODIFY `products_id` int(11) NOT NULL AUTO_INCREMENT, AUTO_INCREMENT=260;

--
-- AUTO_INCREMENT für Tabelle `products_attributes`
--
ALTER TABLE `products_attributes`
  MODIFY `products_attributes_id` int(11) NOT NULL AUTO_INCREMENT;

--
-- AUTO_INCREMENT für Tabelle `products_characteristic`
--
ALTER TABLE `products_characteristic`
  MODIFY `products_characteristic_id` int(11) NOT NULL AUTO_INCREMENT, AUTO_INCREMENT=235;

--
-- AUTO_INCREMENT für Tabelle `products_characteristic_description`
--
ALTER TABLE `products_characteristic_description`
  MODIFY `products_characteristic_description_id` int(11) NOT NULL AUTO_INCREMENT, AUTO_INCREMENT=235;

--
-- AUTO_INCREMENT für Tabelle `products_characteristic_set`
--
ALTER TABLE `products_characteristic_set`
  MODIFY `products_characteristic_set_id` int(11) NOT NULL AUTO_INCREMENT, AUTO_INCREMENT=344;

--
-- AUTO_INCREMENT für Tabelle `products_characteristic_set_description`
--
ALTER TABLE `products_characteristic_set_description`
  MODIFY `products_characteristic_set_description` int(11) NOT NULL AUTO_INCREMENT, AUTO_INCREMENT=982;

--
-- AUTO_INCREMENT für Tabelle `products_characteristic_text_values`
--
ALTER TABLE `products_characteristic_text_values`
  MODIFY `products_characteristic_text_values_id` int(11) NOT NULL AUTO_INCREMENT, AUTO_INCREMENT=4853;

--
-- AUTO_INCREMENT für Tabelle `products_collies`
--
ALTER TABLE `products_collies`
  MODIFY `products_collies_id` int(11) NOT NULL AUTO_INCREMENT;

--
-- AUTO_INCREMENT für Tabelle `products_conditions`
--
ALTER TABLE `products_conditions`
  MODIFY `products_conditions_id` int(11) NOT NULL AUTO_INCREMENT, AUTO_INCREMENT=2;

--
-- AUTO_INCREMENT für Tabelle `products_conditions_description`
--
ALTER TABLE `products_conditions_description`
  MODIFY `products_conditions_description_id` int(11) NOT NULL AUTO_INCREMENT, AUTO_INCREMENT=2;

--
-- AUTO_INCREMENT für Tabelle `products_content`
--
ALTER TABLE `products_content`
  MODIFY `content_id` int(11) NOT NULL AUTO_INCREMENT;

--
-- AUTO_INCREMENT für Tabelle `products_content_description`
--
ALTER TABLE `products_content_description`
  MODIFY `products_content_description_id` int(11) NOT NULL AUTO_INCREMENT;

--
-- AUTO_INCREMENT für Tabelle `products_default_shipper`
--
ALTER TABLE `products_default_shipper`
  MODIFY `products_default_shipper_id` int(11) NOT NULL AUTO_INCREMENT, AUTO_INCREMENT=20;

--
-- AUTO_INCREMENT für Tabelle `products_description`
--
ALTER TABLE `products_description`
  MODIFY `products_id` int(11) NOT NULL AUTO_INCREMENT, AUTO_INCREMENT=260;

--
-- AUTO_INCREMENT für Tabelle `products_distributors`
--
ALTER TABLE `products_distributors`
  MODIFY `id` int(11) NOT NULL AUTO_INCREMENT, AUTO_INCREMENT=95;

--
-- AUTO_INCREMENT für Tabelle `products_distributors_stock`
--
ALTER TABLE `products_distributors_stock`
  MODIFY `products_distributors_stock_id` int(11) NOT NULL AUTO_INCREMENT;

--
-- AUTO_INCREMENT für Tabelle `products_fake_sets`
--
ALTER TABLE `products_fake_sets`
  MODIFY `products_fake_sets_id` int(11) NOT NULL AUTO_INCREMENT;

--
-- AUTO_INCREMENT für Tabelle `products_google_feed_apparel`
--
ALTER TABLE `products_google_feed_apparel`
  MODIFY `products_google_feed_apparel_id` int(11) NOT NULL AUTO_INCREMENT;

--
-- AUTO_INCREMENT für Tabelle `products_google_feed_data`
--
ALTER TABLE `products_google_feed_data`
  MODIFY `products_google_feed_data_id` int(11) NOT NULL AUTO_INCREMENT;

--
-- AUTO_INCREMENT für Tabelle `products_history`
--
ALTER TABLE `products_history`
  MODIFY `products_history_id` int(11) NOT NULL AUTO_INCREMENT, AUTO_INCREMENT=6505;

--
-- AUTO_INCREMENT für Tabelle `products_images`
--
ALTER TABLE `products_images`
  MODIFY `image_id` int(11) NOT NULL AUTO_INCREMENT, AUTO_INCREMENT=463;

--
-- AUTO_INCREMENT für Tabelle `products_master_keys`
--
ALTER TABLE `products_master_keys`
  MODIFY `products_master_keys_id` int(11) NOT NULL AUTO_INCREMENT;

--
-- AUTO_INCREMENT für Tabelle `products_master_keys_description`
--
ALTER TABLE `products_master_keys_description`
  MODIFY `products_master_keys_description_id` int(11) NOT NULL AUTO_INCREMENT;

--
-- AUTO_INCREMENT für Tabelle `products_meldebestand_customers`
--
ALTER TABLE `products_meldebestand_customers`
  MODIFY `products_meldebestand_customers_id` int(11) NOT NULL AUTO_INCREMENT;

--
-- AUTO_INCREMENT für Tabelle `products_options_values_to_products_options`
--
ALTER TABLE `products_options_values_to_products_options`
  MODIFY `products_options_values_to_products_options_id` int(11) NOT NULL AUTO_INCREMENT;

--
-- AUTO_INCREMENT für Tabelle `products_properties`
--
ALTER TABLE `products_properties`
  MODIFY `products_properties_id` int(11) NOT NULL AUTO_INCREMENT;

--
-- AUTO_INCREMENT für Tabelle `products_properties_description`
--
ALTER TABLE `products_properties_description`
  MODIFY `products_properties_description_id` int(11) NOT NULL AUTO_INCREMENT;

--
-- AUTO_INCREMENT für Tabelle `products_properties_values`
--
ALTER TABLE `products_properties_values`
  MODIFY `products_properties_values_id` int(11) NOT NULL AUTO_INCREMENT;

--
-- AUTO_INCREMENT für Tabelle `products_properties_values_description`
--
ALTER TABLE `products_properties_values_description`
  MODIFY `products_properties_values_description_id` int(11) NOT NULL AUTO_INCREMENT;

--
-- AUTO_INCREMENT für Tabelle `products_questions`
--
ALTER TABLE `products_questions`
  MODIFY `products_questions_id` int(11) NOT NULL AUTO_INCREMENT;

--
-- AUTO_INCREMENT für Tabelle `products_serials`
--
ALTER TABLE `products_serials`
  MODIFY `products_serials_id` int(11) NOT NULL AUTO_INCREMENT;

--
-- AUTO_INCREMENT für Tabelle `products_shipping_extra_charge`
--
ALTER TABLE `products_shipping_extra_charge`
  MODIFY `products_shipping_extra_charge_id` int(11) NOT NULL AUTO_INCREMENT, AUTO_INCREMENT=4;

--
-- AUTO_INCREMENT für Tabelle `products_storages`
--
ALTER TABLE `products_storages`
  MODIFY `id` int(11) NOT NULL AUTO_INCREMENT;

--
-- AUTO_INCREMENT für Tabelle `products_storages_history`
--
ALTER TABLE `products_storages_history`
  MODIFY `id` int(11) NOT NULL AUTO_INCREMENT;

--
-- AUTO_INCREMENT für Tabelle `products_tax_rates_allocation`
--
ALTER TABLE `products_tax_rates_allocation`
  MODIFY `products_tax_rates_allocation_id` int(11) NOT NULL AUTO_INCREMENT, AUTO_INCREMENT=6805;

--
-- AUTO_INCREMENT für Tabelle `products_to_characteristics`
--
ALTER TABLE `products_to_characteristics`
  MODIFY `products_to_characteristics_id` int(11) NOT NULL AUTO_INCREMENT, AUTO_INCREMENT=1681;

--
-- AUTO_INCREMENT für Tabelle `products_xsell`
--
ALTER TABLE `products_xsell`
  MODIFY `ID` int(10) NOT NULL AUTO_INCREMENT, AUTO_INCREMENT=6;

--
-- AUTO_INCREMENT für Tabelle `product_properties_xy_prices`
--
ALTER TABLE `product_properties_xy_prices`
  MODIFY `product_properties_xy_prices_id` int(11) NOT NULL AUTO_INCREMENT;

--
-- AUTO_INCREMENT für Tabelle `product_properties_xy_prices_values`
--
ALTER TABLE `product_properties_xy_prices_values`
  MODIFY `product_properties_xy_prices_values_id` int(11) NOT NULL AUTO_INCREMENT;

--
-- AUTO_INCREMENT für Tabelle `product_properties_xy_prices_values_for_properties`
--
ALTER TABLE `product_properties_xy_prices_values_for_properties`
  MODIFY `product_properties_xy_prices_values_for_properties_id` int(11) NOT NULL AUTO_INCREMENT;

--
-- AUTO_INCREMENT für Tabelle `product_un_classification`
--
ALTER TABLE `product_un_classification`
  MODIFY `product_un_classification_id` int(11) NOT NULL AUTO_INCREMENT;

--
-- AUTO_INCREMENT für Tabelle `push_customer_allocations`
--
ALTER TABLE `push_customer_allocations`
  MODIFY `push_customer_allocations_id` int(11) NOT NULL AUTO_INCREMENT;

--
-- AUTO_INCREMENT für Tabelle `reclamations`
--
ALTER TABLE `reclamations`
  MODIFY `reclamations_id` int(11) NOT NULL AUTO_INCREMENT;

--
-- AUTO_INCREMENT für Tabelle `reclamations_bestandssperre`
--
ALTER TABLE `reclamations_bestandssperre`
  MODIFY `reclamations_bestandssperre_id` int(11) NOT NULL AUTO_INCREMENT;

--
-- AUTO_INCREMENT für Tabelle `reclamations_products`
--
ALTER TABLE `reclamations_products`
  MODIFY `reclamations_products_id` int(11) NOT NULL AUTO_INCREMENT;

--
-- AUTO_INCREMENT für Tabelle `reclamations_products_properties`
--
ALTER TABLE `reclamations_products_properties`
  MODIFY `reclamations_products_properties_id` int(11) NOT NULL AUTO_INCREMENT;

--
-- AUTO_INCREMENT für Tabelle `reclamations_products_serials`
--
ALTER TABLE `reclamations_products_serials`
  MODIFY `reclamations_products_serials_id` int(11) NOT NULL AUTO_INCREMENT;

--
-- AUTO_INCREMENT für Tabelle `reclamations_reasons`
--
ALTER TABLE `reclamations_reasons`
  MODIFY `reclamations_reasons_id` int(11) NOT NULL AUTO_INCREMENT, AUTO_INCREMENT=5;

--
-- AUTO_INCREMENT für Tabelle `reclamations_recalculate`
--
ALTER TABLE `reclamations_recalculate`
  MODIFY `reclamations_recalculate_id` int(11) NOT NULL AUTO_INCREMENT;

--
-- AUTO_INCREMENT für Tabelle `reclamations_status_history`
--
ALTER TABLE `reclamations_status_history`
  MODIFY `reclamations_status_history_id` int(11) NOT NULL AUTO_INCREMENT;

--
-- AUTO_INCREMENT für Tabelle `reclamations_total`
--
ALTER TABLE `reclamations_total`
  MODIFY `reclamations_total_id` int(10) UNSIGNED NOT NULL AUTO_INCREMENT;

--
-- AUTO_INCREMENT für Tabelle `reclamations_types`
--
ALTER TABLE `reclamations_types`
  MODIFY `reclamations_types_id` int(11) NOT NULL AUTO_INCREMENT, AUTO_INCREMENT=7;

--
-- AUTO_INCREMENT für Tabelle `retouren`
--
ALTER TABLE `retouren`
  MODIFY `retoure_id` int(11) NOT NULL AUTO_INCREMENT;

--
-- AUTO_INCREMENT für Tabelle `retoure_products`
--
ALTER TABLE `retoure_products`
  MODIFY `retoure_products_id` int(11) NOT NULL AUTO_INCREMENT;

--
-- AUTO_INCREMENT für Tabelle `retoure_products_properties`
--
ALTER TABLE `retoure_products_properties`
  MODIFY `retoure_products_properties_id` int(11) NOT NULL AUTO_INCREMENT;

--
-- AUTO_INCREMENT für Tabelle `retoure_products_serials`
--
ALTER TABLE `retoure_products_serials`
  MODIFY `retoure_products_serials_id` int(11) NOT NULL AUTO_INCREMENT;

--
-- AUTO_INCREMENT für Tabelle `retoure_status`
--
ALTER TABLE `retoure_status`
  MODIFY `retoure_status_id` int(11) NOT NULL AUTO_INCREMENT, AUTO_INCREMENT=5;

--
-- AUTO_INCREMENT für Tabelle `retoure_status_history`
--
ALTER TABLE `retoure_status_history`
  MODIFY `retoure_status_history_id` int(11) NOT NULL AUTO_INCREMENT, AUTO_INCREMENT=7;

--
-- AUTO_INCREMENT für Tabelle `reviews`
--
ALTER TABLE `reviews`
  MODIFY `reviews_id` int(11) NOT NULL AUTO_INCREMENT;

--
-- AUTO_INCREMENT für Tabelle `rueckerstattungen_status`
--
ALTER TABLE `rueckerstattungen_status`
  MODIFY `rueckerstattungen_status_id` int(11) NOT NULL AUTO_INCREMENT, AUTO_INCREMENT=5;

--
-- AUTO_INCREMENT für Tabelle `rueckerstattungen_status_history`
--
ALTER TABLE `rueckerstattungen_status_history`
  MODIFY `rueckerstattungen_status_history_id` int(11) NOT NULL AUTO_INCREMENT, AUTO_INCREMENT=7;

--
-- AUTO_INCREMENT für Tabelle `rueckerstattungen_types`
--
ALTER TABLE `rueckerstattungen_types`
  MODIFY `rueckerstattungen_type_id` int(11) NOT NULL AUTO_INCREMENT, AUTO_INCREMENT=7;

--
-- AUTO_INCREMENT für Tabelle `secupay_iframe_url`
--
ALTER TABLE `secupay_iframe_url`
  MODIFY `iframe_url_id` int(10) UNSIGNED NOT NULL AUTO_INCREMENT;

--
-- AUTO_INCREMENT für Tabelle `shipper_profiles`
--
ALTER TABLE `shipper_profiles`
  MODIFY `shipper_profiles_id` int(11) NOT NULL AUTO_INCREMENT, AUTO_INCREMENT=6;

--
-- AUTO_INCREMENT für Tabelle `shippings`
--
ALTER TABLE `shippings`
  MODIFY `id` int(11) NOT NULL AUTO_INCREMENT, AUTO_INCREMENT=245;

--
-- AUTO_INCREMENT für Tabelle `shippings_products`
--
ALTER TABLE `shippings_products`
  MODIFY `shippings_products_id` int(11) NOT NULL AUTO_INCREMENT, AUTO_INCREMENT=246;

--
-- AUTO_INCREMENT für Tabelle `shippings_tracking_numbers`
--
ALTER TABLE `shippings_tracking_numbers`
  MODIFY `shippings_tracking_numbers_id` int(11) NOT NULL AUTO_INCREMENT, AUTO_INCREMENT=259;

--
-- AUTO_INCREMENT für Tabelle `shippings_tracking_numbers_temp`
--
ALTER TABLE `shippings_tracking_numbers_temp`
  MODIFY `shippings_tracking_numbers_temp_id` int(11) NOT NULL AUTO_INCREMENT;

--
-- AUTO_INCREMENT für Tabelle `shipping_graduation`
--
ALTER TABLE `shipping_graduation`
  MODIFY `shipping_graduation_id` int(11) NOT NULL AUTO_INCREMENT, AUTO_INCREMENT=9;

--
-- AUTO_INCREMENT für Tabelle `shipping_graduation_countries`
--
ALTER TABLE `shipping_graduation_countries`
  MODIFY `shipping_graduation_countries_id` int(11) NOT NULL AUTO_INCREMENT, AUTO_INCREMENT=236;

--
-- AUTO_INCREMENT für Tabelle `shipping_graduation_groups`
--
ALTER TABLE `shipping_graduation_groups`
  MODIFY `shipping_graduation_groups_id` int(11) NOT NULL AUTO_INCREMENT, AUTO_INCREMENT=1000000;

--
-- AUTO_INCREMENT für Tabelle `shipping_graduation_products`
--
ALTER TABLE `shipping_graduation_products`
  MODIFY `shipping_graduation_products_id` int(11) NOT NULL AUTO_INCREMENT;

--
-- AUTO_INCREMENT für Tabelle `shipping_graduation_weights`
--
ALTER TABLE `shipping_graduation_weights`
  MODIFY `shipping_graduation_weights_id` int(11) NOT NULL AUTO_INCREMENT, AUTO_INCREMENT=12;

--
-- AUTO_INCREMENT für Tabelle `specials`
--
ALTER TABLE `specials`
  MODIFY `specials_id` int(11) NOT NULL AUTO_INCREMENT, AUTO_INCREMENT=67;

--
-- AUTO_INCREMENT für Tabelle `specials_ebay_revise`
--
ALTER TABLE `specials_ebay_revise`
  MODIFY `specials_ebay_revise_id` int(11) NOT NULL AUTO_INCREMENT, AUTO_INCREMENT=2;

--
-- AUTO_INCREMENT für Tabelle `storages`
--
ALTER TABLE `storages`
  MODIFY `id` int(11) NOT NULL AUTO_INCREMENT;

--
-- AUTO_INCREMENT für Tabelle `storage_numbers`
--
ALTER TABLE `storage_numbers`
  MODIFY `id` int(11) NOT NULL AUTO_INCREMENT, AUTO_INCREMENT=5;

--
-- AUTO_INCREMENT für Tabelle `storage_places`
--
ALTER TABLE `storage_places`
  MODIFY `storage_places_id` int(11) NOT NULL AUTO_INCREMENT, AUTO_INCREMENT=8;

--
-- AUTO_INCREMENT für Tabelle `storage_products`
--
ALTER TABLE `storage_products`
  MODIFY `id` int(11) NOT NULL AUTO_INCREMENT, AUTO_INCREMENT=8;

--
-- AUTO_INCREMENT für Tabelle `storage_products_transfer`
--
ALTER TABLE `storage_products_transfer`
  MODIFY `storage_products_transfer_id` int(11) NOT NULL AUTO_INCREMENT, AUTO_INCREMENT=5;

--
-- AUTO_INCREMENT für Tabelle `system_alerts_status`
--
ALTER TABLE `system_alerts_status`
  MODIFY `system_alerts_status_id` int(11) NOT NULL AUTO_INCREMENT, AUTO_INCREMENT=24;

--
-- AUTO_INCREMENT für Tabelle `table_lock`
--
ALTER TABLE `table_lock`
  MODIFY `id` int(11) NOT NULL AUTO_INCREMENT, AUTO_INCREMENT=2;

--
-- AUTO_INCREMENT für Tabelle `tags`
--
ALTER TABLE `tags`
  MODIFY `tags_id` int(11) NOT NULL AUTO_INCREMENT;

--
-- AUTO_INCREMENT für Tabelle `tags_products`
--
ALTER TABLE `tags_products`
  MODIFY `tags_products_id` int(11) NOT NULL AUTO_INCREMENT;

--
-- AUTO_INCREMENT für Tabelle `tax_class`
--
ALTER TABLE `tax_class`
  MODIFY `tax_class_id` int(11) NOT NULL AUTO_INCREMENT, AUTO_INCREMENT=7;

--
-- AUTO_INCREMENT für Tabelle `tax_rates`
--
ALTER TABLE `tax_rates`
  MODIFY `tax_rates_id` int(11) NOT NULL AUTO_INCREMENT, AUTO_INCREMENT=86;

--
-- AUTO_INCREMENT für Tabelle `units`
--
ALTER TABLE `units`
  MODIFY `units_id` int(11) NOT NULL AUTO_INCREMENT, AUTO_INCREMENT=4;

--
-- AUTO_INCREMENT für Tabelle `units_description`
--
ALTER TABLE `units_description`
  MODIFY `units_description_id` int(11) NOT NULL AUTO_INCREMENT, AUTO_INCREMENT=4;

--
-- AUTO_INCREMENT für Tabelle `un_classifications`
--
ALTER TABLE `un_classifications`
  MODIFY `un_classifications_id` int(11) NOT NULL AUTO_INCREMENT;

--
-- AUTO_INCREMENT für Tabelle `wishlist_attributes`
--
ALTER TABLE `wishlist_attributes`
  MODIFY `attributes_id` int(11) NOT NULL AUTO_INCREMENT;

--
-- AUTO_INCREMENT für Tabelle `wishlist_customers`
--
ALTER TABLE `wishlist_customers`
  MODIFY `id` int(11) NOT NULL AUTO_INCREMENT, AUTO_INCREMENT=2;

--
-- AUTO_INCREMENT für Tabelle `wishlist_products`
--
ALTER TABLE `wishlist_products`
  MODIFY `id` int(11) NOT NULL AUTO_INCREMENT;

--
-- AUTO_INCREMENT für Tabelle `wrapping_counter`
--
ALTER TABLE `wrapping_counter`
  MODIFY `wrapping_counter_id` int(11) NOT NULL AUTO_INCREMENT, AUTO_INCREMENT=5;

--
-- AUTO_INCREMENT für Tabelle `yesDSGVO_consents`
--
ALTER TABLE `yesDSGVO_consents`
  MODIFY `yesDSGVO_consents_id` int(11) NOT NULL AUTO_INCREMENT, AUTO_INCREMENT=441;

--
-- AUTO_INCREMENT für Tabelle `yes_amazon_pay_refunds`
--
ALTER TABLE `yes_amazon_pay_refunds`
  MODIFY `yes_amazon_pay_refunds_id` int(11) NOT NULL AUTO_INCREMENT;

--
-- AUTO_INCREMENT für Tabelle `yes_cron_exports`
--
ALTER TABLE `yes_cron_exports`
  MODIFY `yes_cron_exports_id` int(11) NOT NULL AUTO_INCREMENT;

--
-- AUTO_INCREMENT für Tabelle `yes_cron_export_heading_rows`
--
ALTER TABLE `yes_cron_export_heading_rows`
  MODIFY `yes_cron_export_heading_rows_id` int(11) NOT NULL AUTO_INCREMENT;

--
-- AUTO_INCREMENT für Tabelle `yes_help`
--
ALTER TABLE `yes_help`
  MODIFY `help_id` int(11) NOT NULL AUTO_INCREMENT;

--
-- AUTO_INCREMENT für Tabelle `yes_xmlrpc_import_config`
--
ALTER TABLE `yes_xmlrpc_import_config`
  MODIFY `yes_xmlrpc_import_config_id` int(11) NOT NULL AUTO_INCREMENT;

--
-- AUTO_INCREMENT für Tabelle `yes_xmlrpc_products`
--
ALTER TABLE `yes_xmlrpc_products`
  MODIFY `yes_xmlrpc_products_id` int(11) NOT NULL AUTO_INCREMENT;

--
-- AUTO_INCREMENT für Tabelle `zones`
--
ALTER TABLE `zones`
  MODIFY `zone_id` int(11) NOT NULL AUTO_INCREMENT, AUTO_INCREMENT=848;

--
-- AUTO_INCREMENT für Tabelle `zones_to_geo_zones`
--
ALTER TABLE `zones_to_geo_zones`
  MODIFY `association_id` int(11) NOT NULL AUTO_INCREMENT, AUTO_INCREMENT=260;

--
-- Constraints der exportierten Tabellen
--

--
-- Constraints der Tabelle `wishlist_customers`
--
ALTER TABLE `wishlist_customers`
  ADD CONSTRAINT `fk_wishlist_customers_customer` FOREIGN KEY (`customers_id`) REFERENCES `customers` (`customers_id`) ON DELETE CASCADE ON UPDATE CASCADE;

--
-- Constraints der Tabelle `wishlist_products`
--
ALTER TABLE `wishlist_products`
  ADD CONSTRAINT `fk_wishlist_products_customers` FOREIGN KEY (`wishlist_customers_id`) REFERENCES `wishlist_customers` (`id`) ON DELETE CASCADE ON UPDATE CASCADE,
  ADD CONSTRAINT `fk_wishlist_products_products` FOREIGN KEY (`products_id`) REFERENCES `products` (`products_id`) ON DELETE CASCADE ON UPDATE CASCADE;
COMMIT;

