-- https://www.phpmyadmin.net/
--
-- Erstellungszeit: 15. Dez 2025 um 16:43
-- Server-Version: 5.7.44-log
-- PHP-Version: 8.2.29

START TRANSACTION;



--
-- Datenbank: `db310546_84`
--

-- --------------------------------------------------------

--
-- Tabellenstruktur für Tabelle `address_book`
--

CREATE TABLE `address_book` (
  `address_book_id` int(11) NOT NULL,
  `customers_id` int(11) NOT NULL DEFAULT '0',
  `entry_gender` char(1) NOT NULL DEFAULT '',
  `entry_company` varchar(128) DEFAULT NULL,
  `entry_firstname` varchar(64) NOT NULL,
  `entry_lastname` varchar(64) NOT NULL,
  `entry_street_address` varchar(64) NOT NULL DEFAULT '',
  `entry_suburb` varchar(64) DEFAULT NULL,
  `entry_postcode` varchar(10) NOT NULL DEFAULT '',
  `entry_city` varchar(64) NOT NULL,
  `entry_state` varchar(32) DEFAULT NULL,
  `entry_country_id` int(11) NOT NULL DEFAULT '0',
  `entry_zone_id` int(11) NOT NULL DEFAULT '0',
  `address_class` varchar(32) NOT NULL,
  `address_date_added` datetime NOT NULL DEFAULT '0000-00-00 00:00:00',
  `address_last_modified` datetime NOT NULL DEFAULT '0000-00-00 00:00:00'
) ENGINE=MyISAM DEFAULT CHARSET=utf8;

--
-- Daten für Tabelle `address_book`
--

INSERT INTO `address_book` (`address_book_id`, `customers_id`, `entry_gender`, `entry_company`, `entry_firstname`, `entry_lastname`, `entry_street_address`, `entry_suburb`, `entry_postcode`, `entry_city`, `entry_state`, `entry_country_id`, `entry_zone_id`, `address_class`, `address_date_added`, `address_last_modified`) VALUES
(1, 1, '', '', 'YES', 'System', 'Gasstrasse 18', NULL, '22761', 'Hamburg', 'Hamburg', 81, 85, '', '0000-00-00 00:00:00', '0000-00-00 00:00:00'),
(97, 96, 'm', '', 'Kasse', '__KASSE__', 'NICHTRELEVANT', NULL, '22222', 'Hamburg', 'Deutschland', 81, 0, '', '0000-00-00 00:00:00', '0000-00-00 00:00:00'),
(5000, 5000, 'm', 'Yes', 'Chris', 'Wiese', 'Meiendorfer Weg 124b', 'Hamburg', '22359', 'Hamburg', NULL, 81, 0, '', '0000-00-00 00:00:00', '0000-00-00 00:00:00'),
(5001, 5001, 'm', 'Justneo', 'Norbert', 'Szyszlo', 'Stübeheide 59', '', '22337', 'Hamburg', NULL, 81, 0, '', '0000-00-00 00:00:00', '0000-00-00 00:00:00'),
(5002, 5002, 'm', NULL, 'Elena', ' Haas', 'Stübeheide 59', NULL, '22337', 'Hamburg', NULL, 81, 79, '', '0000-00-00 00:00:00', '0000-00-00 00:00:00'),
(5003, 5003, 'm', NULL, 'Patrick', ' Szyszlo', 'Geschwister-Scholl-Str. 64', NULL, '20251', 'Hamburg', NULL, 81, 79, '', '0000-00-00 00:00:00', '0000-00-00 00:00:00'),
(5004, 5004, 'f', '', 'Janine ', 'Hübsch ', 'Mühlenstraße 8', '', '19336', 'Bad Wilsnack ', NULL, 81, 0, '', '0000-00-00 00:00:00', '0000-00-00 00:00:00'),
(5005, 5005, 'm', 'kein', 'hjkl', 'qswdefr', 'biubdciubaö 34', 'Hannover', '23459', 'Qswdefr', NULL, 81, 0, '', '0000-00-00 00:00:00', '0000-00-00 00:00:00'),
(5006, 5006, 'm', '', 'Peter', 'Mustermann', 'Berlin Zimmerstraße 28, Berlin', 'Berlin', '13357', 'Berlin', NULL, 81, 0, '', '0000-00-00 00:00:00', '0000-00-00 00:00:00'),
(5007, 5007, 'f', '', 'tet', 'tester', 'teststr., 1, 1, 1', '1', '12351', 'berlin', NULL, 81, 0, '', '0000-00-00 00:00:00', '0000-00-00 00:00:00'),
(5008, 5008, 'm', NULL, 'Elke', ' Bodendorf', 'SchmalkalderStr. 65a', NULL, '98596', 'Brotterode-Trusetal', NULL, 81, 79, '', '0000-00-00 00:00:00', '0000-00-00 00:00:00'),
(5009, 5009, 'm', NULL, 'Tahir', ' Beydemir', 'Am Seeufer', NULL, '56235', 'Ransbach-Baumbach', NULL, 81, 79, '', '0000-00-00 00:00:00', '0000-00-00 00:00:00'),
(5010, 5010, 'm', NULL, 'Oleg', ' Kehl', 'Gartenstr. 10', NULL, '29633', 'Munster', NULL, 81, 79, '', '0000-00-00 00:00:00', '0000-00-00 00:00:00'),
(5011, 5011, 'm', NULL, 'Michael', ' Warszawski / Sicheristsicher24', 'Moorbirkenkamp 3a', NULL, '22391', 'Hamburg', NULL, 81, 79, '', '0000-00-00 00:00:00', '0000-00-00 00:00:00'),
(5012, 5012, 'm', NULL, 'Michal', ' Zwolinski', 'Ohrnsweg 19', NULL, '21149', 'Hamburg', NULL, 81, 79, '', '0000-00-00 00:00:00', '0000-00-00 00:00:00'),
(5013, 5013, 'm', NULL, 'Krzysztof', ' Wiese', 'Timmweg 24', NULL, '22415', 'Hamburg', NULL, 81, 79, '', '0000-00-00 00:00:00', '0000-00-00 00:00:00'),
(5014, 5014, 'm', NULL, 'Heike', ' Groenert', 'Grafenstr.23', NULL, '77716', 'Haslach', NULL, 81, 79, '', '0000-00-00 00:00:00', '0000-00-00 00:00:00'),
(5015, 5015, 'm', NULL, 'Valentina', '  Wolosnikow', 'Villiperhauptstr. 13', NULL, '53343', 'Wachtberg-villip', NULL, 81, 79, '', '0000-00-00 00:00:00', '0000-00-00 00:00:00'),
(5016, 5016, 'm', NULL, 'Ingo', ' Hartmann', 'Rebenweg 19', NULL, '91623', 'Sachsen b. Ansbach', NULL, 81, 79, '', '0000-00-00 00:00:00', '0000-00-00 00:00:00'),
(5017, 5017, 'm', '', 'Hanito', 'Sancho', 'Stuttgarter Straße 40', '', '12059', 'Berlin', NULL, 81, 0, '', '0000-00-00 00:00:00', '0000-00-00 00:00:00'),
(5018, 5018, 'm', NULL, 'Janine', ' Hübsch', 'Mühlenstr. 8', NULL, '19336', 'Bad Wilsnack', NULL, 81, 79, '', '0000-00-00 00:00:00', '0000-00-00 00:00:00'),
(5019, 5019, 'm', NULL, 'Anastasia', ' Kondratyuk', 'Anton-Zeeh-Str. 11', NULL, '55252', 'Mainz-Kastel', NULL, 81, 79, '', '0000-00-00 00:00:00', '0000-00-00 00:00:00'),
(5020, 5020, 'm', NULL, 'James', ' O Neil', 'Torgauer Strasse 14', NULL, '01127', 'Dresden', NULL, 81, 79, '', '0000-00-00 00:00:00', '0000-00-00 00:00:00'),
(5021, 5021, 'm', 'JUSTNEO', 'Norbert', 'Szyszlo', 'Stübeheide 59', '', '22337', 'Hamburg', NULL, 81, 0, '', '0000-00-00 00:00:00', '0000-00-00 00:00:00'),
(5022, 5022, 'm', NULL, 'Richard', ' Exner', 'Batzenbergstraße 10', NULL, '79238', 'Kirchhofen', NULL, 81, 79, '', '0000-00-00 00:00:00', '0000-00-00 00:00:00'),
(5023, 5023, 'm', NULL, 'Bernhardt', ' Stenke', 'Stetteritzring 117', NULL, '64380', 'Roßdorf', NULL, 81, 79, '', '0000-00-00 00:00:00', '0000-00-00 00:00:00'),
(5024, 5024, 'm', 'JUSTNEO', 'Norbert', 'Szyszlo', 'Stübeheide 59', '', '22337', 'Hamburg', NULL, 81, 0, '', '0000-00-00 00:00:00', '0000-00-00 00:00:00'),
(5025, 5025, 'm', NULL, 'Kai', ' Witschen', 'Im Sande 9', NULL, '49744', 'Geeste', NULL, 81, 79, '', '0000-00-00 00:00:00', '0000-00-00 00:00:00'),
(5026, 5026, 'm', NULL, 'Streck', '', 'Hindboll 3b', NULL, '25718', 'Friedrichskoog', NULL, 81, 79, '', '0000-00-00 00:00:00', '0000-00-00 00:00:00'),
(5027, 5027, 'm', '', 'Max', 'Mustermann', 'Musterstrasse 2', '', '12345', 'berlin', NULL, 81, 0, '', '0000-00-00 00:00:00', '0000-00-00 00:00:00'),
(5028, 5028, 'f', '', 'Mock', 'Mock', 'Neue Schönhauser Str. 2', '', '10178', '10178', NULL, 81, 0, '', '0000-00-00 00:00:00', '0000-00-00 00:00:00'),
(5029, 5029, 'm', NULL, 'Thomas', ' Aurbach', 'Lährer Weg 18', NULL, '92318', 'Neumarkt', NULL, 81, 79, '', '0000-00-00 00:00:00', '0000-00-00 00:00:00'),
(5030, 5030, 'm', NULL, 'Thilo', ' Hengst', 'Mozartweg 1', NULL, '09117', 'Chemnitz', NULL, 81, 79, '', '0000-00-00 00:00:00', '0000-00-00 00:00:00'),
(5031, 5031, 'm', NULL, 'Ideler,', ' Karl-Heinz', 'Marloffsteinerstr.4', NULL, '91080', 'Spardorf', NULL, 81, 79, '', '0000-00-00 00:00:00', '0000-00-00 00:00:00'),
(5032, 5031, 'm', '', 'Ideler,', 'Karl-Heinz', 'Marloffsteiner Str.4', '', '91080', 'Spardorf', '', 81, 0, '', '2025-02-03 14:36:42', '0000-00-00 00:00:00'),
(5033, 5031, 'm', '', '', 'Ideler, Karl-Heinz', 'Marloffsteiner Str.4', '', '91080', 'Spardorf', '', 81, 0, '', '2025-02-03 14:40:14', '0000-00-00 00:00:00'),
(5034, 5031, 'm', '', '', 'Ideler, Karl-Heinz', 'Marloffsteiner Str.4', '', '91080', 'Spardorf', '', 81, 0, 'delivery', '2025-02-03 14:40:40', '0000-00-00 00:00:00'),
(5035, 5032, 'm', NULL, 'Timo', ' Maute', 'Grenzweg 27/83', NULL, '72766', 'Reutlingen', NULL, 81, 79, '', '0000-00-00 00:00:00', '0000-00-00 00:00:00'),
(5036, 5033, 'm', 'JUSTNEO', 'Norbert', 'Szyszlo', 'Stübeheide 59', '', '22337', 'Hamburg', NULL, 81, 0, '', '0000-00-00 00:00:00', '0000-00-00 00:00:00'),
(5037, 5034, 'f', '', 'Petra ', 'Frerichs ', 'Auf dem Bauer 73', '', '50171', 'Kerpen ', NULL, 81, 0, '', '0000-00-00 00:00:00', '0000-00-00 00:00:00'),
(5038, 5035, 'm', NULL, 'Oliver', ' Wolff', '868894794', NULL, '96050', 'Bamberg', NULL, 81, 79, '', '0000-00-00 00:00:00', '0000-00-00 00:00:00'),
(5039, 5036, 'm', NULL, 'Patrick', ' Strauch', 'Bergeshöh 22', NULL, '09128', 'Chemnitz', NULL, 81, 79, '', '0000-00-00 00:00:00', '0000-00-00 00:00:00'),
(5040, 5037, 'm', NULL, 'Manita', ' Naupert', 'Talstrasse 77', NULL, '09618', 'Brand-Erbisdorf', NULL, 81, 79, '', '0000-00-00 00:00:00', '0000-00-00 00:00:00'),
(5041, 5038, 'm', NULL, 'Katja', ' Kärgel', 'Bodenheimer Straße 17', NULL, '28199', 'Bremen', NULL, 81, 79, '', '0000-00-00 00:00:00', '0000-00-00 00:00:00'),
(5042, 5039, 'm', '', 'Hager', 'Nakli', 'Lehnsgrund 76', '', '45149', 'Essen', NULL, 81, 0, '', '0000-00-00 00:00:00', '0000-00-00 00:00:00'),
(5043, 5040, 'm', 'JUSTNEO', 'Norbert', 'Szyszlo', 'Stübeheide 59', '', '22337', 'Hamburg', NULL, 81, 0, '', '0000-00-00 00:00:00', '0000-00-00 00:00:00'),
(5044, 5041, 'm', NULL, 'Martin', ' Munkert', 'Gasswiesenweg', NULL, '90518', 'Altdorf', NULL, 81, 79, '', '0000-00-00 00:00:00', '0000-00-00 00:00:00'),
(5045, 5042, 'm', NULL, 'Tomasz', ' Filipiak', 'Buchenweg 15', NULL, '49453', 'Rehden', NULL, 81, 79, '', '0000-00-00 00:00:00', '0000-00-00 00:00:00'),
(5046, 5043, 'm', NULL, 'christian', ' ruthner', 'Am Babenhorst 7', NULL, '19069', 'Pingelshagen', NULL, 81, 79, '', '0000-00-00 00:00:00', '0000-00-00 00:00:00'),
(5047, 5044, 'm', NULL, 'Rengschburger', ' Herzen', 'Dr.-Gessler-Str. 31', NULL, '93051', 'Regensburg', NULL, 81, 79, '', '0000-00-00 00:00:00', '0000-00-00 00:00:00'),
(5048, 5045, 'm', NULL, 'Jens', ' Schaar', 'Kitzenweg 19', NULL, '73337', 'Bad Ueberkingen', NULL, 81, 79, '', '0000-00-00 00:00:00', '0000-00-00 00:00:00'),
(5049, 5046, 'm', NULL, 'Mark', ' Imhof', 'Theodor-Fontane-Weg 3', NULL, '57319', 'Bad Berleburg', NULL, 81, 79, '', '0000-00-00 00:00:00', '0000-00-00 00:00:00'),
(5050, 5047, 'm', NULL, 'Manuela', ' Böhnke', 'Reichsstr. 31', NULL, '07545', 'Gera', NULL, 81, 79, '', '0000-00-00 00:00:00', '0000-00-00 00:00:00'),
(5051, 5048, 'm', NULL, 'Annabell', ' Pliska', 'Vor den Höfen 10', NULL, '27254', 'Staffhorst', NULL, 81, 79, '', '0000-00-00 00:00:00', '0000-00-00 00:00:00'),
(5052, 5049, 'm', NULL, 'Frank', ' Färber', 'Bunsenstrasse 15', NULL, '51145', 'Köln', NULL, 81, 79, '', '0000-00-00 00:00:00', '0000-00-00 00:00:00'),
(5053, 5050, 'm', NULL, 'hans', ' trommer', 'Schulstraße 22a', NULL, '91341', 'Röttenbach', NULL, 81, 79, '', '0000-00-00 00:00:00', '0000-00-00 00:00:00'),
(5054, 5051, 'm', NULL, 'Silke', ' Bauer', 'Heisenbergstr. 5', NULL, '08066', 'Zwickau', NULL, 81, 79, '', '0000-00-00 00:00:00', '0000-00-00 00:00:00'),
(5055, 5052, 'm', NULL, 'Andre', ' Zerr', 'Fährstraße 19', NULL, '76437', 'Rastatt', NULL, 81, 79, '', '0000-00-00 00:00:00', '0000-00-00 00:00:00'),
(5056, 5053, 'm', NULL, 'Andreas', ' Steguweit', 'Am Sportplatz 8', NULL, '47918', 'Tönisvorst', NULL, 81, 79, '', '0000-00-00 00:00:00', '0000-00-00 00:00:00'),
(5057, 5054, 'm', NULL, 'norbert', ' kloth', 'teichkoppel 18', NULL, '24229', 'daenischenhagen', NULL, 81, 79, '', '0000-00-00 00:00:00', '0000-00-00 00:00:00'),
(5058, 5055, 'm', NULL, 'Timo', ' Nimz', 'Hockenbroicher Str.13', NULL, '53881', 'Euskirchen', NULL, 81, 79, '', '0000-00-00 00:00:00', '0000-00-00 00:00:00'),
(5059, 5055, 'm', '', 'Timo', 'Nimz', 'Hockenbroicher Str. 13', '', '53881', 'Euskirchen', '', 81, 0, 'customer', '2025-03-19 14:34:58', '0000-00-00 00:00:00'),
(5060, 5055, 'm', '', 'Timo', 'Nimz', 'Hockenbroicher Str. 13', '', '53881', 'Euskirchen', '', 81, 0, 'delivery', '2025-03-19 14:35:17', '0000-00-00 00:00:00'),
(5061, 5056, 'm', NULL, 'Moritz', ' Kaulhausen', 'Bleichstr. 43', NULL, '57627', 'Hachenburg', NULL, 81, 79, '', '0000-00-00 00:00:00', '0000-00-00 00:00:00'),
(5062, 5057, 'm', 'Gasthof zum Stern', 'Jürgen', 'Knörr', 'Linden Hauptstr. 60', '', '91459', 'Markt Erlbach', '', 81, 79, '', '0000-00-00 00:00:00', '2025-03-24 12:54:44'),
(5063, 5057, 'm', 'Gasthof zum Stern', 'Jürgen', 'Knörr', ' Linden Hauptstr. 60', '', '91459', 'Markt Erlbach', '', 81, 0, 'customer', '2025-03-24 12:54:25', '0000-00-00 00:00:00'),
(5064, 5058, 'm', NULL, 'Alexander', ' Müller', 'Flugplatzstraße. 9', NULL, '97232', 'Giebelstadt', NULL, 81, 79, '', '0000-00-00 00:00:00', '0000-00-00 00:00:00'),
(5065, 5059, 'm', NULL, 'Svenja', ' Nierstenhöfer', '25986364', NULL, '58093', 'Hagen', NULL, 81, 79, '', '0000-00-00 00:00:00', '0000-00-00 00:00:00'),
(5066, 5060, 'm', NULL, 'R.', ' Amort', 'Kirchweg 6', NULL, '84347', 'Pfarrkirchen', NULL, 81, 79, '', '0000-00-00 00:00:00', '0000-00-00 00:00:00'),
(5067, 5061, 'm', NULL, 'Patrick', ' Müller', 'Zum Vessertal 141', NULL, '98553', 'Schleusingen', NULL, 81, 79, '', '0000-00-00 00:00:00', '0000-00-00 00:00:00'),
(5068, 5062, 'm', NULL, 'Eric', ' Fischoeder', 'Von-Plettenberg-Str. 24', NULL, '52146', 'Würselen', NULL, 81, 79, '', '0000-00-00 00:00:00', '0000-00-00 00:00:00'),
(5069, 5063, 'm', NULL, 'Von', ' Wiltberg, Arnold', 'Bernsteinstraße 40', NULL, '02979', 'Burghammer', NULL, 81, 79, '', '0000-00-00 00:00:00', '0000-00-00 00:00:00'),
(5070, 5063, 'm', '', '', 'Von Wiltberg, Arnold', 'Bernsteinstraße 40', '', '02979', 'Spreetal Burghammer', '', 81, 0, 'delivery', '2025-04-01 11:49:01', '0000-00-00 00:00:00'),
(5071, 5064, 'm', NULL, 'Luka', ' Madzarevic', 'Osterreiner Strae, 3', NULL, '87669', 'Rieden am Forggensee', NULL, 81, 79, '', '0000-00-00 00:00:00', '0000-00-00 00:00:00'),
(5072, 5065, 'm', NULL, 'Mario', ' Sauer', 'Bentieröder Wanne 1', NULL, '37574', 'Einbeck', NULL, 81, 79, '', '0000-00-00 00:00:00', '0000-00-00 00:00:00'),
(5073, 5066, 'm', NULL, 'Andrey', ' Perederiy', 'Mühlenstr. 11', NULL, '49751', 'Sögel', NULL, 81, 79, '', '0000-00-00 00:00:00', '0000-00-00 00:00:00'),
(5074, 5067, 'm', NULL, 'Jürgen', ' Bergmann', 'Liebrechtstr. 13', NULL, '45277', 'Essen', NULL, 81, 79, '', '0000-00-00 00:00:00', '0000-00-00 00:00:00'),
(5075, 5068, 'm', NULL, 'Anne', ' Beuchler', 'Fritz-Schulze- Strasse 11', NULL, '01159', 'Dresden', NULL, 81, 79, '', '0000-00-00 00:00:00', '0000-00-00 00:00:00'),
(5076, 5069, 'm', NULL, 'André', ' Seidel', 'Pomnitz 32', NULL, '06628', 'Lanitz-Hasel-Tal', NULL, 81, 79, '', '0000-00-00 00:00:00', '0000-00-00 00:00:00'),
(5077, 5069, 'm', '', 'André', 'Seidel', 'Pomnitz 32', '', '06628', 'Lanitz-Hassel-Tal', '', 81, 0, 'customer', '2025-04-14 13:00:16', '0000-00-00 00:00:00'),
(5078, 5070, 'm', NULL, 'Ralf', ' Rischewski', 'Postfiliale 620', NULL, '88250', 'Weingarten', NULL, 81, 79, '', '0000-00-00 00:00:00', '0000-00-00 00:00:00'),
(5079, 5071, 'm', NULL, 'semih', ' Sergi', 'Opelstrasse 3', NULL, '78467', 'Konstanz', NULL, 81, 79, '', '0000-00-00 00:00:00', '0000-00-00 00:00:00'),
(5080, 5072, 'm', NULL, 'Nagler', ' josef', 'Am Mühlbach 1', NULL, '85467', 'Neuching', NULL, 81, 79, '', '0000-00-00 00:00:00', '0000-00-00 00:00:00'),
(5081, 5073, 'm', NULL, 'Holger', ' Kimmich', 'Dürrlaustr. 28', NULL, '72584', 'Hülben', NULL, 81, 79, '', '0000-00-00 00:00:00', '0000-00-00 00:00:00'),
(5082, 5074, 'm', NULL, 'Michael', ' Roberts', '20510924', NULL, '89079', 'Ulm', NULL, 81, 79, '', '0000-00-00 00:00:00', '0000-00-00 00:00:00'),
(5083, 5075, 'm', NULL, 'Joseph', ' Ressing', 'Hauptstraße 135', NULL, '26903', 'Surwold', NULL, 81, 79, '', '0000-00-00 00:00:00', '0000-00-00 00:00:00'),
(5084, 5076, 'm', '', 'Beat', 'Bürgi', 'Griesstr. 14', '', '78266', 'Büsingen', NULL, 81, 0, 'customer', '0000-00-00 00:00:00', '0000-00-00 00:00:00'),
(5085, 5077, 'm', '', 'Timm', 'Schröder', 'Neuer Brink 10A', '', '33659', 'Bielefeld', NULL, 81, 0, '', '0000-00-00 00:00:00', '0000-00-00 00:00:00'),
(5086, 5078, 'm', '', 'Timm', 'Schröder', 'Neuer Brink 10A', '', '33659', 'Bielefeld', NULL, 81, 0, '', '0000-00-00 00:00:00', '0000-00-00 00:00:00'),
(5087, 5079, 'm', '', 'Bernd', 'Mengel', 'Dörpstraat 55', '', '25938', 'Oevenum/Föhr', NULL, 81, 0, '', '0000-00-00 00:00:00', '0000-00-00 00:00:00'),
(5088, 5079, 'm', '', '', 'Bernd Mengel', 'Dörpstraat 55', '', '25938', 'Oevenum', '', 81, 0, 'delivery', '2025-04-28 15:32:26', '0000-00-00 00:00:00'),
(5089, 5080, 'm', '', 'Bastian', 'Lutz', 'Hirschweg 19', '', '69412', 'Igel', NULL, 81, 0, '', '0000-00-00 00:00:00', '0000-00-00 00:00:00'),
(5090, 5080, 'm', '', '', 'Bastian Lutz', 'Hirschweg 19', '', '69412', 'Igelsbach', '', 81, 0, 'customer', '2025-04-28 21:23:51', '0000-00-00 00:00:00'),
(5091, 5081, 'f', '', 'Sarah', 'Emmert', 'Warschauer Str 25', '', '10243', 'Berlin', NULL, 81, 0, '', '0000-00-00 00:00:00', '0000-00-00 00:00:00'),
(5092, 5082, 'm', NULL, 'Klaus', ' Zeiger', 'Schubertstr.25', NULL, '66287', 'Quierschied', NULL, 81, 79, '', '0000-00-00 00:00:00', '0000-00-00 00:00:00'),
(5093, 5083, 'm', NULL, 'Frank', ' Rist', 'Holbeinstraße 38/2', NULL, '88212', 'Ravensburg', NULL, 81, 79, '', '0000-00-00 00:00:00', '0000-00-00 00:00:00'),
(5094, 5084, 'm', NULL, 'Bernd', ' Mengel', 'Dörpstraat 55', NULL, '25938', 'Oevenum/Föhr', NULL, 81, 79, '', '0000-00-00 00:00:00', '0000-00-00 00:00:00'),
(5095, 5085, 'm', NULL, 'Bastian', ' Lutz', 'Hirschweg 19', NULL, '69412', 'Igelsbach', NULL, 81, 79, '', '0000-00-00 00:00:00', '0000-00-00 00:00:00'),
(5096, 5086, 'm', NULL, 'Beat', ' Bürgi', 'Griesstr. 14', NULL, '78266', 'Büsingen', NULL, 81, 79, '', '0000-00-00 00:00:00', '0000-00-00 00:00:00'),
(5097, 5087, 'm', '', 'David', 'Berard', 'Krauthausenerstraße 10', '', '52223', 'Stolberg', NULL, 81, 0, '', '0000-00-00 00:00:00', '0000-00-00 00:00:00'),
(5098, 5088, 'm', '', 'David', 'Berard', 'Krauthausener Str 10', '', '52223', 'Stolberg', NULL, 81, 0, '', '0000-00-00 00:00:00', '0000-00-00 00:00:00'),
(5099, 5089, 'm', NULL, 'Stefan', ' Pleyer', 'Gänsackerstr. 5', NULL, '79688', 'Hausen', NULL, 81, 79, '', '0000-00-00 00:00:00', '0000-00-00 00:00:00'),
(5100, 5090, 'm', NULL, 'Björn', ' Lebedies', 'Hagenwerderstr. 18', NULL, '03048', 'Cottbus', NULL, 81, 79, '', '0000-00-00 00:00:00', '0000-00-00 00:00:00'),
(5101, 5091, 'm', NULL, 'Ulrike', ' Brinkmann', 'Radeberger Straße 5', NULL, '01454', 'Radeberg', NULL, 81, 79, '', '0000-00-00 00:00:00', '0000-00-00 00:00:00'),
(5102, 5092, 'm', '', 'Simon', 'Bauer', 'Wiedehopfweg 43', '', '79112 ', 'Freiburg', NULL, 81, 0, '', '0000-00-00 00:00:00', '0000-00-00 00:00:00'),
(5103, 5093, 'm', '', 'Manuel', 'Sutter', 'Nibelungenstraße 9', '', '80639', 'München', NULL, 81, 0, '', '0000-00-00 00:00:00', '0000-00-00 00:00:00'),
(5104, 5094, 'f', '', 'Claudia', 'Schablowski', 'Am Knottenberg 17', '', '45276', 'Essen', NULL, 81, 0, '', '0000-00-00 00:00:00', '0000-00-00 00:00:00'),
(5105, 5095, 'm', NULL, 'Cornelia', ' Hasler', 'Hinterstraße', NULL, '65391', 'Lorch', NULL, 81, 79, '', '0000-00-00 00:00:00', '0000-00-00 00:00:00'),
(5106, 5095, 'm', '', '', 'Cornelia Hasler', 'Hinterstraße 9', '', '65391', 'Lorch', '', 81, 0, 'delivery', '2025-05-06 13:52:46', '0000-00-00 00:00:00'),
(5107, 5096, 'm', NULL, 'Marcus', ' Böttcher', '902881031', NULL, '24235', 'Laboe', NULL, 81, 79, '', '0000-00-00 00:00:00', '0000-00-00 00:00:00'),
(5108, 5096, 'm', '', '', 'Marcus Böttcher', 'Packstation 218', '902881031 ', '24235', 'Laboe', '', 81, 0, 'delivery', '2025-05-09 10:46:34', '0000-00-00 00:00:00'),
(5109, 5097, 'm', NULL, 'Lisa', ' Hoth', 'Hermann-Burmeister-Str 3', NULL, '18435', 'Stralsund', NULL, 81, 79, '', '0000-00-00 00:00:00', '0000-00-00 00:00:00'),
(5110, 5098, 'm', NULL, 'Julian', ' König', 'Bergmannsweg 7', NULL, '31749', 'Auetal', NULL, 81, 79, '', '0000-00-00 00:00:00', '0000-00-00 00:00:00'),
(5111, 5099, 'm', '', 'Caspar-M.', 'Krüger', 'Wulfsteert 3A', '', '24340', 'Eckernförde', NULL, 81, 0, '', '0000-00-00 00:00:00', '0000-00-00 00:00:00'),
(5112, 5100, 'm', NULL, 'Antonio', ' Faust', 'In Den Weingärten 31', NULL, '55283', 'Nierstein', NULL, 81, 79, '', '0000-00-00 00:00:00', '0000-00-00 00:00:00'),
(5113, 5101, 'm', NULL, 'Sven', ' Kaufmann', 'Berglücke 14', NULL, '24943', 'Flensburg', NULL, 81, 79, '', '0000-00-00 00:00:00', '0000-00-00 00:00:00'),
(5114, 5102, 'm', NULL, 'Freya', ' Schomacker', 'Grenzweg 1', NULL, '26655', 'Westerstede', NULL, 81, 79, '', '0000-00-00 00:00:00', '0000-00-00 00:00:00'),
(5115, 5103, 'm', NULL, 'Andreas', ' Lettner', 'Vogelweide 4', NULL, '06188', 'Landsberg', NULL, 81, 79, '', '0000-00-00 00:00:00', '0000-00-00 00:00:00'),
(5116, 5104, 'm', NULL, 'Dragos', ' Terbea', 'Koipainterweg 4', NULL, '94099', 'Ruhstorf  a.d.Rott', NULL, 81, 79, '', '0000-00-00 00:00:00', '0000-00-00 00:00:00'),
(5117, 5105, 'm', NULL, 'Elmar', ' Lieske', 'Habsburgerstrasse 114', NULL, '79104', 'Freiburg', NULL, 81, 79, '', '0000-00-00 00:00:00', '0000-00-00 00:00:00'),
(5118, 5106, 'm', '', 'Jonas', 'Kreß', 'Freiburger Straße 7', '', '7912', 'Freiburg ', NULL, 81, 0, '', '0000-00-00 00:00:00', '0000-00-00 00:00:00'),
(5119, 5107, 'm', NULL, 'Axel', ' Schmidt', 'Euelner Straße 42', NULL, '51580', 'Reichshof', NULL, 81, 79, '', '0000-00-00 00:00:00', '0000-00-00 00:00:00'),
(5120, 5108, 'm', NULL, 'Stefan', ' Schlesinger', 'August-Bebel-Str. 4', NULL, '09618', 'Brand-Erbisdorf', NULL, 81, 79, '', '0000-00-00 00:00:00', '0000-00-00 00:00:00'),
(5121, 5109, 'm', NULL, 'Andy', ' Dee', 'Bexhöveder Str. 21', NULL, '28239', 'Bremen', NULL, 81, 79, '', '0000-00-00 00:00:00', '0000-00-00 00:00:00'),
(5122, 5110, 'm', '', 'Frank', 'Moos', 'Königsberger Str. 18', '', '74915', 'Waibstadt', NULL, 81, 0, '', '0000-00-00 00:00:00', '0000-00-00 00:00:00'),
(5123, 5111, 'm', NULL, 'Michael', ' Post', 'Matthias Claudius Str.6', NULL, '32584', 'Löhne', NULL, 81, 79, '', '0000-00-00 00:00:00', '0000-00-00 00:00:00'),
(5124, 5112, 'm', NULL, 'Andrej', ' Engraf', 'Barkenberger Allee 106', NULL, '46286', 'Dorsten', NULL, 81, 79, '', '0000-00-00 00:00:00', '0000-00-00 00:00:00'),
(5125, 5113, 'm', NULL, 'Martin', ' Rosenbaum', 'Zeppelinstraße 13a', NULL, '97074', 'Würzburg', NULL, 81, 79, '', '0000-00-00 00:00:00', '0000-00-00 00:00:00'),
(5126, 5114, 'm', NULL, 'Steffen', ' Werner', 'Am Hammerweg 36', NULL, '72581', 'Dettingen an der Erms', NULL, 81, 79, '', '0000-00-00 00:00:00', '0000-00-00 00:00:00'),
(5127, 5115, 'm', NULL, 'Marko', ' Bizjak', 'Kreiller strasse 22', NULL, '81673', 'München', NULL, 81, 79, '', '0000-00-00 00:00:00', '0000-00-00 00:00:00'),
(5128, 5116, 'm', NULL, 'Holger', ' Herrmann', 'Betzenweiler Straße 18', NULL, '88525', 'Hailtingen', NULL, 81, 79, '', '0000-00-00 00:00:00', '0000-00-00 00:00:00'),
(5129, 5117, 'm', NULL, 'Mesanovic', '', 'Cäcilienstr. 49a', NULL, '47475', 'Kamp-Lintfort', NULL, 81, 79, '', '0000-00-00 00:00:00', '0000-00-00 00:00:00'),
(5130, 5118, 'm', NULL, 'Reifen', ' Autoservice Pneumaster', 'Daimlerstraße 10', NULL, '71636', 'Ludwigsburg', NULL, 81, 79, '', '0000-00-00 00:00:00', '0000-00-00 00:00:00'),
(5131, 5111, 'm', '', 'Michael', 'Post', 'Matthias-Claudius-Str.6', '', '32584', 'Löhne', '', 81, 0, '', '2025-06-02 09:02:29', '0000-00-00 00:00:00'),
(5132, 5111, 'm', '', 'Michael', 'Post', 'Matthias-Claudius-Straße 6', '', '32584', 'Löhne', '', 81, 0, 'delivery', '2025-06-02 09:05:28', '0000-00-00 00:00:00'),
(5133, 5115, 'm', '', 'Marko', 'Bizjak', 'Kreiller Straße 22', '', '81673', 'München', '', 81, 0, 'delivery', '2025-06-02 09:14:11', '0000-00-00 00:00:00'),
(5134, 5116, 'm', '', 'Holger', 'Herrmann', 'Betzenweiler Straße 18', '', '88525', 'Dürmentingen', '', 81, 0, 'delivery', '2025-06-02 09:24:23', '0000-00-00 00:00:00'),
(5135, 5119, 'm', NULL, 'Thomas', ' Raitmeir', 'Meraner Str. 2', NULL, '85221', 'Dachau', NULL, 81, 79, '', '0000-00-00 00:00:00', '0000-00-00 00:00:00'),
(5136, 5120, 'm', NULL, 'Stefan', ' Klug', 'Am Herrgottseck 3f', NULL, '81669', 'München', NULL, 81, 79, '', '0000-00-00 00:00:00', '0000-00-00 00:00:00'),
(5137, 5121, 'm', NULL, 'Ingrid', ' Linnhoff', 'Augustin-Wibbelt-Str. 10', NULL, '58640', 'Iserlohn', NULL, 81, 79, '', '0000-00-00 00:00:00', '0000-00-00 00:00:00'),
(5138, 5122, 'f', '', '', 'Sabrina Staude', 'Unterer Dezemhieb 27', '', '98701', 'Großbreitenbach', '', 81, 0, '', '0000-00-00 00:00:00', '2025-06-04 11:31:02'),
(5139, 5123, 'm', '', 'Max', 'Babtschenko ', 'Felix-Meindl-Weg 70', '', '84036', 'Landshut', NULL, 81, 0, '', '0000-00-00 00:00:00', '0000-00-00 00:00:00'),
(5140, 5124, 'm', NULL, 'Michael', ' Wagensoner', 'Hebramsdorf 20', NULL, '84088', 'Neufahrn', NULL, 81, 79, '', '0000-00-00 00:00:00', '0000-00-00 00:00:00'),
(5141, 5125, 'm', NULL, 'Jens', ' Ripken', 'Am Ring 3', NULL, '26939', 'Ovelgönne', NULL, 81, 79, '', '0000-00-00 00:00:00', '0000-00-00 00:00:00'),
(5142, 5126, 'm', '', 'Stefan', 'Ruckdäschel', 'Voitsumra 36', '', '95163', 'Weißenstadt', NULL, 81, 0, '', '0000-00-00 00:00:00', '0000-00-00 00:00:00'),
(5143, 5127, 'm', NULL, 'Frank', ' Bauer', 'Fahlenbergstr. 37', NULL, '12589', 'Berlin', NULL, 81, 79, '', '0000-00-00 00:00:00', '0000-00-00 00:00:00'),
(5144, 5128, 'm', NULL, 'Sindy', ' Parschau', 'Teichstraße 10', NULL, '01662', 'Meißen', NULL, 81, 79, '', '0000-00-00 00:00:00', '0000-00-00 00:00:00'),
(5145, 5129, 'm', NULL, 'Amazon', ' Logger Frederick  Logger Schell', 'Grötzinger Str. 57', NULL, '76227', 'Karlsruhe', NULL, 81, 79, '', '0000-00-00 00:00:00', '0000-00-00 00:00:00'),
(5146, 5130, 'm', NULL, 'Krzysztof', ' Szczepkowski', 'Hauptstr. 5', NULL, '21447', 'Handorf', NULL, 81, 79, '', '0000-00-00 00:00:00', '0000-00-00 00:00:00'),
(5147, 5131, 'm', NULL, 'Theater', ' Eukitea', 'Lindenstr 18b', NULL, '86420', 'Diedorf', NULL, 81, 79, '', '0000-00-00 00:00:00', '0000-00-00 00:00:00'),
(5148, 5132, 'm', NULL, 'Vincent', ' Power', 'Glienicker Str. 50', NULL, '14109', 'Berlin', NULL, 81, 79, '', '0000-00-00 00:00:00', '0000-00-00 00:00:00'),
(5149, 5133, 'm', NULL, 'Dieter', ' Friedrich', 'Rahmengasse 32', NULL, '69120', 'Heidelberg', NULL, 81, 79, '', '0000-00-00 00:00:00', '0000-00-00 00:00:00'),
(5150, 5134, 'm', NULL, 'Fabian', ' Hofmann', 'Kneinstr. 32', NULL, '47807', 'Krefeld', NULL, 81, 79, '', '0000-00-00 00:00:00', '0000-00-00 00:00:00'),
(5151, 5135, 'm', NULL, 'Bernd+Andrea', ' Alexander', 'Steindamm 19', NULL, '23847', 'Lasbek-Dorf', NULL, 81, 79, '', '0000-00-00 00:00:00', '0000-00-00 00:00:00'),
(5152, 5135, 'm', '', '', 'Bernd+Andrea Alexander', 'Steindamm 19', '', '23847', 'Lasbek', '', 81, 0, 'delivery', '2025-06-23 10:40:56', '0000-00-00 00:00:00'),
(5153, 5136, 'm', NULL, 'Marco', ' Schmalz', 'Ohligser Str. 56', NULL, '40591', 'Düsseldorf', NULL, 81, 79, '', '0000-00-00 00:00:00', '0000-00-00 00:00:00'),
(5154, 5137, 'f', '', 'Manja', 'Unrath', 'Schützenhausstr.46', '', '69151', 'Neckargemünd', NULL, 81, 0, '', '0000-00-00 00:00:00', '0000-00-00 00:00:00'),
(5155, 5137, 'f', '', '', 'Manja Unrath', 'Schützenhausstr. 46', '', '69151', 'Neckargemünd', '', 81, 0, 'delivery', '2025-06-26 07:47:07', '0000-00-00 00:00:00'),
(5156, 5138, 'm', NULL, 'Albrecht', ' Sondermaschinen/URSU', 'Krümmling 2', NULL, '99734', 'Nordhausen/OT Steinbrücken', NULL, 81, 79, '', '0000-00-00 00:00:00', '0000-00-00 00:00:00'),
(5157, 5139, 'm', NULL, 'Michael', ' Büttner', 'Bahnhofstraße 17', NULL, '22880', 'Wedel', NULL, 81, 79, '', '0000-00-00 00:00:00', '0000-00-00 00:00:00'),
(5158, 5140, 'f', '', 'Hannelore', 'Meyer', 'Marderweg 88', '', '59071', 'Hamm (Westfalen)', NULL, 81, 0, '', '0000-00-00 00:00:00', '0000-00-00 00:00:00'),
(5159, 5141, 'm', NULL, 'Zagefka', ' Immobilien UG', 'Kolpingstr. 1', NULL, '97903', 'Collenberg', NULL, 81, 79, '', '0000-00-00 00:00:00', '0000-00-00 00:00:00'),
(5160, 5142, 'm', NULL, 'Torsten', ' Gahrens', 'Elsterweg 32', NULL, '48268', 'Greven', NULL, 81, 79, '', '0000-00-00 00:00:00', '0000-00-00 00:00:00'),
(5161, 5143, 'm', NULL, 'Blum', '', 'Ringstr. 18', NULL, '63594', 'Hasselroth', NULL, 81, 79, '', '0000-00-00 00:00:00', '0000-00-00 00:00:00'),
(5162, 5144, 'm', NULL, 'thomas', ' zabel', 'am stangenberg 6', NULL, '29499', 'timmeitz', NULL, 81, 79, '', '0000-00-00 00:00:00', '0000-00-00 00:00:00'),
(5163, 5145, 'm', NULL, 'Thomas', ' Lieberenz', 'Flottsteller Str 7', NULL, '14552', 'Michendorf', NULL, 81, 79, '', '0000-00-00 00:00:00', '0000-00-00 00:00:00'),
(5164, 5146, 'm', NULL, 'Sarah', ' Teubner', 'Roonstr. 11', NULL, '45699', 'Herten', NULL, 81, 79, '', '0000-00-00 00:00:00', '0000-00-00 00:00:00'),
(5165, 5144, 'm', '', 'thomas', 'zabel', 'Am Stangenberg 6', '', '29499', 'Zernien', '', 81, 0, '', '2025-06-30 09:07:41', '0000-00-00 00:00:00'),
(5166, 5144, 'm', '', 'thomas', 'zabel', 'Am Stangenberg 6', '', '29499', 'Zernien', '', 81, 0, 'delivery', '2025-06-30 09:07:50', '0000-00-00 00:00:00'),
(5167, 5147, 'm', NULL, 'Michael', ' Köllmann', 'Voltastr. 8', NULL, '30165', 'Hannover', NULL, 81, 79, '', '0000-00-00 00:00:00', '0000-00-00 00:00:00'),
(5168, 5148, 'm', NULL, 'Aaron', ' Steiner', 'Theodor-Hanloser-Str. 7', NULL, '78224', 'Singen  (Hohentwiel)', NULL, 81, 79, '', '0000-00-00 00:00:00', '0000-00-00 00:00:00'),
(5169, 5149, 'm', NULL, 'Mario', ' Retzar', 'Reinsdorfer Str. 42', NULL, '08527', 'Plauen', NULL, 81, 79, '', '0000-00-00 00:00:00', '0000-00-00 00:00:00'),
(5170, 5150, 'm', NULL, 'Thomas', ' Hämmerle', 'Obere Ghaustraße 4', NULL, '88433', 'Alberweiler', NULL, 81, 79, '', '0000-00-00 00:00:00', '0000-00-00 00:00:00'),
(5171, 5150, 'm', '', '', 'Thomas Hämmerle', 'Obere Ghaustraße 4', '', '88433', 'Schemmerhofen-Alberweiler', '', 81, 0, 'delivery', '2025-07-02 07:26:44', '0000-00-00 00:00:00'),
(5172, 5151, 'm', '', 'Hendrik', 'Schmidtpott', 'Astruper Weg 13', 'c/o Gottschlich', '49191', 'Belm', '', 81, 0, '', '2025-07-03 19:28:20', '0000-00-00 00:00:00'),
(5173, 5152, 'm', '', 'Ingo', 'Dewitz', 'Im Bergfeld 23', '', '30966', 'Hemmingen', '', 81, 0, '', '2025-07-04 09:53:44', '0000-00-00 00:00:00'),
(5174, 5153, 'm', '', 'Yasmin', 'Plobner', 'Fleisnitz 15', '', '95236', 'Stammbach', '', 81, 0, '', '2025-07-04 15:10:05', '0000-00-00 00:00:00'),
(5175, 5154, 'm', '', 'Axel', 'Neumeister', 'Axel Neumeister', 'Springbornstr.11', '12487', 'Berlin', '', 81, 0, '', '2025-07-05 13:15:07', '0000-00-00 00:00:00'),
(5176, 5155, 'm', '', 'Andreas', 'Häupl', '923446783', 'Packstation 129', '39619', 'Arendsee (Altmark)', '', 81, 0, '', '2025-07-06 20:30:08', '0000-00-00 00:00:00'),
(5177, 5156, 'm', '', 'Sarah', 'Friedrich', 'Kastanienallee 55', '', '22869', 'Schenefeld', 'Schleswig-Holstein', 81, 0, '', '2025-07-07 09:10:05', '0000-00-00 00:00:00'),
(5178, 5154, 'm', '', '', 'Axel Neumeister', 'Springbornstr.11', '', '12487', 'Berlin', '', 81, 0, 'delivery', '2025-07-07 10:49:40', '0000-00-00 00:00:00'),
(5179, 5154, 'm', '', '', 'Axel Neumeister', 'Springbornstr. 11', '', '12487', 'Berlin', '', 81, 0, 'delivery', '2025-07-07 10:50:29', '0000-00-00 00:00:00'),
(5180, 5155, 'm', '', '', 'Andreas Häupl', 'Packstation 129', '923446783', '39619', 'Arendsee (Altmark)', '', 81, 0, 'delivery', '2025-07-07 10:55:18', '0000-00-00 00:00:00'),
(5181, 5157, 'm', '', 'Roland', 'Bock', 'Lilli-Zapf-Str. 2', '', '72072', 'Tübingen', '', 81, 0, '', '2025-07-07 11:55:04', '0000-00-00 00:00:00'),
(5182, 5158, 'm', '', 'Mathieu', 'Ermuth', 'Eubaer Str. 66b', '', '09577', 'Niederwiesa', '', 81, 0, '', '2025-07-07 20:55:04', '0000-00-00 00:00:00'),
(5183, 5159, 'm', '', 'jens', 'schaefer', 'Rosenstraße 22a', '', '86842', 'Türkheim', '', 81, 0, '', '2025-07-08 08:30:10', '0000-00-00 00:00:00'),
(5184, 5160, 'm', '', 'Mario', 'Linhardt', 'Am Maienschlag 28', '', '97514', 'Oberaurach', '', 81, 0, '', '2025-07-08 14:05:04', '0000-00-00 00:00:00'),
(5185, 5161, 'm', '', 'Marko', 'Tasic', 'Isnyerstr.17', '', '88239', 'Wangen', '', 81, 0, '', '2025-07-09 19:40:05', '0000-00-00 00:00:00'),
(5186, 5162, 'm', '', 'gabriele', 'herzog', 'petristrasse 36', '', '71364', 'winnenden', '', 81, 0, '', '2025-07-09 22:00:14', '0000-00-00 00:00:00'),
(5187, 5161, 'm', '', '', 'Marko Tasic L-Bau GbR', 'Isnyerstr. 17', '', '88239', 'Wangen', '', 81, 0, 'delivery', '2025-07-10 08:57:32', '0000-00-00 00:00:00'),
(5188, 5163, 'm', '', 'Margret', 'Hermann', 'Wilhelmstr. 15', '', '74731', 'Walldürn', 'Baden-Württemberg', 81, 0, '', '2025-07-10 19:50:06', '0000-00-00 00:00:00'),
(5189, 5164, 'm', '', 'Kadhewe', 'Westerholt', 'Eichenwaldstr. 10', '', '91361', 'Pinzberg', '', 81, 0, '', '2025-07-10 21:55:03', '0000-00-00 00:00:00'),
(5190, 5165, 'm', '', 'Doreen', 'Rode', 'Huflattichweg 29', '', '39130', 'Magdeburg', '', 81, 0, '', '2025-07-11 00:00:20', '0000-00-00 00:00:00'),
(5191, 5166, 'm', '', 'frank', 'neumann', 'malagaweg 11', '', '30163', 'hannover', '', 81, 0, '', '2025-07-12 19:05:04', '0000-00-00 00:00:00'),
(5192, 5167, 'm', '', '', 'Stephanie Keßler', 'Hofwiesen6', '', '73491', 'Neuler', '', 81, 0, '', '2025-07-15 13:15:06', '2025-07-15 15:10:50'),
(5193, 5167, 'm', '', '', 'Stephanie Keßler', 'Hofwiesen 6', '', '73491', 'Neuler', '', 81, 0, 'billing', '2025-07-15 15:10:39', '0000-00-00 00:00:00'),
(5194, 5167, 'm', '', '', 'Stephanie Keßler', 'Hofwiesen 6', '', '73491', 'Neuler', '', 81, 0, 'delivery', '2025-07-15 15:11:00', '0000-00-00 00:00:00'),
(5195, 5168, 'm', '', 'Nils', 'Dannecker', 'Schillerstraße 15', '', '16225', 'Eberswalde', '', 81, 0, '', '2025-07-16 13:45:04', '0000-00-00 00:00:00'),
(5196, 5169, 'm', '', 'Sascha', 'Jühlke', 'Zerzabelshofer Hauptstr. 10', '', '90480', 'Nürnberg', '', 81, 0, '', '2025-07-16 14:40:06', '0000-00-00 00:00:00'),
(5197, 5170, 'm', '', 'Katrin', 'Behrendt', '1113694847', 'Packstation 179', '18437', 'Stralsund', '', 81, 0, '', '2025-07-17 06:55:04', '0000-00-00 00:00:00'),
(5198, 5170, 'm', '', '', 'Katrin Behrendt', 'Packstation 179', '1113694847 ', '18437', 'Stralsund', '', 81, 0, 'delivery', '2025-07-17 07:36:55', '0000-00-00 00:00:00'),
(5199, 5171, 'm', '', 'Franziska', 'Obersojer', 'Watzmannstr. 14', '', '84034', 'Landshut', '', 81, 0, '', '2025-07-17 20:00:17', '0000-00-00 00:00:00'),
(5200, 5172, 'm', '', 'Anton', 'Weber', 'Schützenstraße 13', '', '89231', 'Neu-Ulm', '', 81, 0, '', '2025-07-21 17:45:06', '0000-00-00 00:00:00'),
(5201, 5173, 'm', '', 'björn-uwe', 'wendt', 'Ratzeburger Allee 109', 'Gärtnerei Witt', '23562', 'Lübeck', '', 81, 0, '', '2025-07-21 21:40:05', '0000-00-00 00:00:00'),
(5202, 5174, 'm', '', 'Joachim', 'Maier', 'Parkstr 9', '', '82131', 'Gauting', '', 81, 0, '', '2025-07-22 18:55:04', '0000-00-00 00:00:00'),
(5203, 5175, 'm', '', 'Thomas', 'Obersojer', 'Watztmannstrasse 14', '', '84034', 'Landshut', '', 81, 0, '', '2025-07-23 17:25:03', '0000-00-00 00:00:00'),
(5204, 5175, 'm', '', '', 'Franziska Obersojer', 'Watztmannstraße 14', '', '84034', 'Landshut', '', 81, 0, 'delivery', '2025-07-23 17:27:14', '0000-00-00 00:00:00'),
(5205, 5175, 'm', '', '', 'Franziska Obersojer', 'Watzmannstraße 14', '', '84034', 'Landshut', '', 81, 0, 'delivery', '2025-07-23 17:27:42', '0000-00-00 00:00:00'),
(5206, 5176, 'm', '', 'Markus', 'Große-Kalmer', 'Wennigser Ring 42', '', '49326', 'Melle', '', 81, 0, '', '2025-07-23 19:30:07', '0000-00-00 00:00:00'),
(5207, 5177, 'm', '', 'michael', 'marschall', 'Oldenburger Str. 18', '', '04157', 'Leipzig', '', 81, 0, '', '2025-07-24 12:00:17', '0000-00-00 00:00:00'),
(5208, 5178, 'm', '', 'Florian', 'Wägner', 'Merzdorfer Weg 33', '', '03042', 'Cottbus', '', 81, 0, '', '2025-07-24 19:00:13', '0000-00-00 00:00:00'),
(5209, 5179, 'm', '', 'Peter ', 'Kolberg ', 'Lange Strasse 47', '21255', '21255', 'Kakenstorf', NULL, 81, 0, '', '0000-00-00 00:00:00', '0000-00-00 00:00:00'),
(5210, 5180, 'm', '', 'Christian', 'Feldker', 'Adalbert-Stifter-Straße 3', '', '95615', 'Marktredwitz', '', 81, 0, '', '2025-07-31 17:50:04', '0000-00-00 00:00:00'),
(5211, 5181, 'm', '', 'Marius', 'Welk', 'Waldweg 18', '', '06268', 'Querfurt', '', 81, 0, '', '2025-08-01 10:25:04', '0000-00-00 00:00:00'),
(5212, 5182, 'm', '', '', 'Maximilian Martin', 'Keltenweg 4 a', '', '85748', 'Garching bei München', 'Bayern', 81, 0, '', '2025-08-01 16:00:13', '2025-08-01 21:14:27'),
(5213, 5182, 'm', '', '', 'Maximilian Martin', 'Keltenweg 4a', '', '85748', 'Garching bei München', 'Bayern', 81, 0, 'delivery', '2025-08-01 21:15:07', '0000-00-00 00:00:00'),
(5214, 5182, 'm', '', '', 'Maximilian Martin', 'Keltenweg 4a', '', '85748', 'Garching', 'Bayern', 81, 0, 'delivery', '2025-08-01 21:16:11', '0000-00-00 00:00:00'),
(5215, 5183, 'm', '', 'Ingo', 'van de Reydt', 'Brahmsstr. 1b', '', '26506', 'Norden', '', 81, 0, '', '2025-08-03 13:15:04', '0000-00-00 00:00:00'),
(5216, 5184, 'm', '', 'Martin', 'Themann', 'Sperberweg 52', '', '48341', 'Altenberge', '', 81, 0, '', '2025-08-08 23:20:05', '0000-00-00 00:00:00'),
(5217, 5185, 'm', '', 'Bob', 'Baumeister', 'Dorfstr. 3a', '', '94530', 'Auerbach', '', 81, 0, '', '2025-08-15 12:40:06', '0000-00-00 00:00:00'),
(5218, 5186, 'm', '', 'Ulrike', 'Funk', 'Strasse zu den Neubauten 1', '', '19412', 'Zahrensdorf', '', 81, 0, '', '2025-08-17 12:25:05', '0000-00-00 00:00:00'),
(5219, 5186, 'm', '', '', 'Ulrike Funk', 'Strasse zu den Neubauten 1', '', '19412', 'Kloster Tempzin', '', 81, 0, 'delivery', '2025-08-18 08:36:58', '0000-00-00 00:00:00'),
(5220, 5187, 'm', '', 'Marek ', 'Ehrhardt', 'Kleine Feldstr. 6a', '', '98693', 'Ilmenau', 'Thüringen', 81, 0, '', '2025-08-19 20:15:04', '0000-00-00 00:00:00'),
(5221, 5188, 'm', '', 'Tobias', 'Schatz', 'Haydnstraße 5', '', '56220', 'Urmitz', '', 81, 0, '', '2025-08-22 07:15:05', '0000-00-00 00:00:00'),
(5222, 5189, 'm', '', 'Heiko', 'Wenzel', 'Bornstraße 8', '', '36088', 'Hünfeld', '', 81, 0, '', '2025-08-26 07:40:05', '0000-00-00 00:00:00'),
(5223, 5190, 'm', '', 'Peter', 'Ruzic', 'Bunsenstraße 26', '', '71032', 'Böblingen', NULL, 81, 0, '', '0000-00-00 00:00:00', '0000-00-00 00:00:00'),
(5224, 5191, 'm', '', 'Jasper', 'Grosser', '1027221128', 'Packstation 267', '04277', 'Leipzig', '', 81, 0, '', '2025-08-31 19:40:05', '0000-00-00 00:00:00'),
(5225, 5191, 'm', '', '', 'Jasper Grosser', 'Packstation 267', '1027221128', '04277', 'Leipzig', '', 81, 0, 'delivery', '2025-09-01 09:04:30', '0000-00-00 00:00:00'),
(5226, 5192, 'm', '', 'S.', 'Heitzer', 'Lukasstr. 10', 'c/o Götzie', '04315', 'Leipzig', '', 81, 0, '', '2025-09-06 00:50:05', '0000-00-00 00:00:00'),
(5227, 5193, 'm', '', 'Jens', 'Tefett', 'Böttcherstraße', '14', '46244', 'Bottrop', '', 81, 0, '', '2025-09-07 08:35:04', '0000-00-00 00:00:00'),
(5228, 5194, 'm', '', 'Simon', 'Wörrlein', 'Herrgottstal 21', '', '97993', 'Creglingen', NULL, 81, 0, '', '0000-00-00 00:00:00', '0000-00-00 00:00:00'),
(5229, 5193, 'm', '', '', 'Jens Tefett', 'Böttcherstraße 14', '', '46244', 'Bottrop', '', 81, 0, 'delivery', '2025-09-08 07:29:13', '0000-00-00 00:00:00'),
(5230, 5195, 'm', '', 'Manuela', 'Mohmeyer', 'Kieferneck 40', '', '29323', 'Wietze', '', 81, 0, '', '2025-09-08 14:20:06', '0000-00-00 00:00:00'),
(5231, 5196, 'm', '', 'Florian', 'Weber', 'Senefelderstr. 72', '', '90409', 'Nürnberg', '', 81, 0, '', '2025-09-11 10:20:06', '0000-00-00 00:00:00'),
(5232, 5197, 'm', '', 'Dirk', 'Hanusch', 'Neue Str. 7', '', '01983', 'Großräschen', '', 81, 0, '', '2025-09-14 02:20:06', '0000-00-00 00:00:00'),
(5233, 5198, 'm', '', 'Sven', 'Heinzelmann', 'Gartenweg 6b', '', '03096', 'Dissen-striesow', '', 81, 0, '', '2025-09-14 18:30:06', '0000-00-00 00:00:00'),
(5234, 5199, 'm', '', 'Georg', 'Mezlaw', 'Sievekingsallee 166a', '', '22111', 'Hamburg', '', 81, 0, '', '2025-09-15 22:30:10', '0000-00-00 00:00:00'),
(5235, 5200, 'm', '', '', 'Jakob Boillat', 'Marie-Curie-Straße 5', 'c/o Geiger 17922', '79539', 'Lörrach', '', 81, 0, '', '2025-09-17 12:10:06', '2025-09-17 15:07:54'),
(5236, 5201, 'm', '', 'Heike', 'Fischer', 'Hirschbach 3', '', '07957', 'Langenwetzendorf', '', 81, 0, '', '2025-09-18 07:15:04', '0000-00-00 00:00:00'),
(5237, 5202, 'm', '', '', 'Helmut Pfeifer', 'Hopfenweg 4', '', '86687', 'Kaisheim', 'Bayern', 81, 0, '', '2025-09-26 11:55:04', '2025-09-26 12:30:23'),
(5238, 5202, 'm', '', '', 'Helmut Pfeifer', 'Hopfenweg 4', '', '86687 ', 'Kaisheim', 'Bayern', 81, 0, 'delivery', '2025-09-26 12:30:08', '0000-00-00 00:00:00'),
(5239, 5202, 'm', '', '', 'Helmut Pfeifer', 'Hopfenweg 4', '', '86687', 'Kaisheim', 'Bayern', 81, 0, 'delivery', '2025-09-26 12:30:32', '0000-00-00 00:00:00'),
(5240, 5203, 'm', '', 'Marcus', 'Stegmann', 'Grevenbroicherstr.33', '', '50181', 'Bedburg', '', 81, 0, '', '2025-09-27 19:30:08', '0000-00-00 00:00:00'),
(5241, 5203, 'm', '', '', 'Marcus Stegmann', 'Grevenbroicherstr. 33', '', '50181', 'Bedburg', '', 81, 0, 'delivery', '2025-09-29 07:33:50', '0000-00-00 00:00:00'),
(5242, 5204, 'm', '', 'Vitalis', 'Tag', 'Diamantstr. 34', '', '53881', 'Euskirchen-Rheder', '', 81, 0, '', '2025-09-30 11:15:05', '0000-00-00 00:00:00'),
(5243, 5205, 'm', '', 'olaf', 'bartoschik', '50677774', 'Packstation 217', '14169', 'Berlin', '', 81, 0, '', '2025-10-01 10:05:04', '0000-00-00 00:00:00'),
(5244, 5205, 'm', '', '', 'Olaf Bartoschik', 'Packstation 217 ', '50677774', '14169', 'Berlin', '', 81, 0, 'delivery', '2025-10-01 11:14:38', '0000-00-00 00:00:00'),
(5245, 5206, 'm', '', 'Dajana', 'Nobis', 'Kattenbrookstrift', '29', '30539', 'Hannover', '', 81, 0, '', '2025-10-02 12:30:09', '0000-00-00 00:00:00'),
(5246, 5207, 'm', '', 'Elke', 'Driesch-Etscheid', 'Micheler Str. 2a', '', '89312', 'Günzburg', '', 81, 0, '', '2025-10-02 15:30:10', '0000-00-00 00:00:00'),
(5247, 5206, 'm', '', '', 'Dajana Nobis', 'Kattenbrookstrift 29', '', '30539', 'Hannover', '', 81, 0, 'delivery', '2025-10-02 16:02:25', '0000-00-00 00:00:00'),
(5248, 5208, 'm', '', 'Burak', 'Agri', 'Meiendorfer Weg', '', '22359', '124b', NULL, 81, 0, '', '0000-00-00 00:00:00', '0000-00-00 00:00:00'),
(5249, 5209, 'm', '', 'Christian', 'Wagner', 'Schloßstr. 20', '', '06800', 'Raguhn-Jeßnitz', '', 81, 0, '', '2025-10-05 11:45:06', '0000-00-00 00:00:00'),
(5250, 5210, 'm', '', 'Sebastian', 'Glaß', 'Bäumlesäckerweg 3', '', '72574', 'Bad Urach-Sirchingen', '', 81, 0, '', '2025-10-05 21:15:05', '0000-00-00 00:00:00'),
(5251, 5211, 'm', '', 'Diego', 'Gardon', 'Hachenburger Str. 2', '', '51105', 'Köln', '', 81, 0, '', '2025-10-08 02:05:04', '0000-00-00 00:00:00'),
(5252, 5212, 'm', '', '', 'Andrej Weizel', 'An der Jugendherberge 36', '', '53567', 'Asbach', '', 81, 0, '', '2025-10-09 12:15:05', '2025-10-10 11:55:02'),
(5253, 5213, 'm', '', 'Oguzhan', 'Erkmen', 'Uerdinger Str. 64', '', '40474', 'Düsseldorf', '', 81, 0, '', '2025-10-11 16:20:05', '0000-00-00 00:00:00'),
(5254, 5214, 'm', '', 'Waldemar', 'Gajda', 'II.Koppelweg  7', '', '38518', 'Gifhorn', '', 81, 0, '', '2025-10-12 01:10:06', '0000-00-00 00:00:00'),
(5255, 5215, 'm', '', 'Alexander', 'Feige', 'Im Fischergarten 3', '', '88250', 'Weingarten', '', 81, 0, '', '2025-10-12 15:35:03', '0000-00-00 00:00:00'),
(5256, 5216, 'm', '', 'falk', 'lützelberger', 'Heinickeweg 8', '', '13627', 'Berlin', '', 81, 0, '', '2025-10-12 16:20:06', '0000-00-00 00:00:00'),
(5257, 5217, 'm', '', 'edeltraut', 'senss', 'Sansibarstrasse 39', '', '13351', 'Berlin', '', 81, 0, '', '2025-10-12 17:25:04', '0000-00-00 00:00:00'),
(5258, 5218, 'm', '', 'Elmar', 'Kaiser', 'Schürten 16', '', '59302', 'Oelde', '', 81, 0, '', '2025-10-12 18:55:04', '0000-00-00 00:00:00'),
(5259, 5214, 'm', '', '', 'Gajda', 'Koppelweg  7', 'II.Koppelweg  7', '38518', 'Gifhorn', '', 81, 0, 'delivery', '2025-10-13 08:23:32', '0000-00-00 00:00:00'),
(5260, 5214, 'm', '', '', 'Gajda', 'II Koppelweg  7', '', '38518', 'Gifhorn', '', 81, 0, 'delivery', '2025-10-13 08:24:10', '0000-00-00 00:00:00'),
(5261, 5214, 'm', '', '', 'Gajda', '2. Koppelweg  7', 'II.Koppelweg  7', '38518', 'Gifhorn', '', 81, 0, 'delivery', '2025-10-13 08:24:53', '0000-00-00 00:00:00'),
(5262, 5219, 'm', '', 'Robert', 'Klenk', 'Brückenstrasse 37', '', '71384', 'Weinstadt', '', 81, 0, '', '2025-10-14 00:15:06', '0000-00-00 00:00:00'),
(5263, 5220, 'm', '', 'Jens', 'Naujoks', 'Packstation 101', '24014023', '25497', 'Prisdorf', '', 81, 0, '', '2025-10-19 17:35:04', '0000-00-00 00:00:00'),
(5264, 5221, 'm', '', 'Bruno', 'Prekratic', 'Bergstraße 2', '', '8600', 'Bruck an der Mur', NULL, 14, 0, '', '0000-00-00 00:00:00', '0000-00-00 00:00:00'),
(5265, 5222, 'm', '', 'Claus Marian', 'Wohler', 'Charlottenhütte 8', '', '57080', 'Siegen', '', 81, 0, '', '2025-10-25 12:30:10', '0000-00-00 00:00:00'),
(5266, 5223, 'm', '', 'Katrin', 'Tobi', 'Uhlengrund 4', '', '21220', 'Seevetal', '', 81, 0, '', '2025-10-25 17:45:05', '0000-00-00 00:00:00'),
(5267, 5224, 'm', '', 'Peter', 'Abel', 'Magdeburger Str. 32', 'Eingang Alte Straße', '35435', 'Wettenberg', '', 81, 0, '', '2025-10-27 22:35:03', '0000-00-00 00:00:00'),
(5268, 5225, 'm', '', 'Marita', 'Schnell', 'Senatsplatz 7', '', '55286', 'Wörrstadt', '', 81, 0, '', '2025-10-28 18:30:09', '0000-00-00 00:00:00'),
(5269, 5226, 'm', '', 'Dagmar', 'Hossfeld', 'Wassermühlenstr. 11', '', '24376', 'Kappeln', '', 81, 0, '', '2025-10-31 13:25:03', '0000-00-00 00:00:00'),
(5270, 5227, 'm', '', 'Andreas', 'Baumgart', 'Dorfstr.38', 'OT Schwarzholz', '39596', 'Hohenberg-Krusemark', '', 81, 0, '', '2025-10-31 19:30:09', '0000-00-00 00:00:00'),
(5271, 5228, 'm', '', 'Michael', 'Schmidt', 'Reichertstrasse 17', '', '02826', 'Görlitz', '', 81, 0, '', '2025-11-01 10:05:04', '0000-00-00 00:00:00'),
(5272, 5229, 'm', '', 'Klaus', 'Enseroth', 'Bahnhofstr. 42', '', '35708', 'Haiger', '', 81, 0, '', '2025-11-01 19:15:04', '0000-00-00 00:00:00'),
(5273, 5230, 'm', '', 'Ursula', 'Maier', 'Am Lehnstein 14', '', '97337', 'Dettelbach', '', 81, 0, '', '2025-11-02 10:45:05', '0000-00-00 00:00:00'),
(5274, 5231, 'm', '', 'Juliane', 'Sülter', 'Am Bokholt 9', '', '24251', 'Osdorf', '', 81, 0, '', '2025-11-02 20:50:04', '0000-00-00 00:00:00'),
(5275, 5227, 'm', '', '', 'Andreas Baumgart', 'Dorfstr. 38', 'OT Schwarzholz', '39596', 'Hohenberg-Krusemark', '', 81, 0, 'delivery', '2025-11-03 09:14:42', '0000-00-00 00:00:00'),
(5276, 5232, 'm', '', 'Tanja', 'Moritz', 'Meinkenweg 2', '', '27339', 'Riede', '', 81, 0, '', '2025-11-10 08:25:03', '0000-00-00 00:00:00'),
(5277, 5233, 'm', 'privat', 'Jo', 'Herbst', 'Franz-Peter-Seifert-Str. ', '1a', '91126', 'Schwabach ', NULL, 81, 0, '', '0000-00-00 00:00:00', '0000-00-00 00:00:00'),
(5278, 5233, 'm', 'privat', '', 'Jo Herbst', 'Franz-Peter-Seifert-Str. 1a', '', '91126', 'Schwabach', '', 81, 0, 'delivery', '2025-11-12 07:42:00', '0000-00-00 00:00:00'),
(5279, 5234, 'm', '', 'Waltraud', 'Calabrese', 'Am Ring 56', '', '66583', 'Spiesen-Elversberg', '', 81, 0, '', '2025-11-12 16:10:06', '0000-00-00 00:00:00'),
(5280, 5235, 'm', '', 'Ute', 'Adler', 'Nürnberger Str. 52', '', '97076', 'Würzburg', '', 81, 0, '', '2025-11-12 21:30:08', '0000-00-00 00:00:00'),
(5281, 5236, 'm', '', 'Jörg', 'Ostrowski', 'Taklerring 16', '', '18109', 'Rostock', '', 81, 0, '', '2025-11-14 06:10:06', '0000-00-00 00:00:00'),
(5282, 5237, 'm', '', 'Robert', 'Keane', 'Charles-Roß-Ring 118', '', '24106', 'Kiel', '', 81, 0, '', '2025-11-14 12:20:06', '0000-00-00 00:00:00'),
(5283, 5238, 'm', '', 'Katrin', 'Schuricht', 'Auf der Leiten 10', '', '94522', 'Wallersdorf', '', 81, 0, '', '2025-11-16 11:20:06', '0000-00-00 00:00:00'),
(5284, 5239, 'm', '', 'Fornfeist', 'Marc', 'Niederrheinstr. 3', '', '40474', 'Düsseldorf', '', 81, 0, '', '2025-11-16 14:20:07', '0000-00-00 00:00:00'),
(5285, 5240, 'm', '', 'Michael', 'Gohl', 'Mahlower Str 121D', '', '14513', 'Teltow', '', 81, 0, '', '2025-11-16 22:00:10', '0000-00-00 00:00:00'),
(5286, 5241, 'm', '', 'Silke', 'Eberle', 'Gartenstr. 5', '', '75438', 'Knittlingen', '', 81, 0, '', '2025-11-17 16:45:05', '0000-00-00 00:00:00'),
(5287, 5242, 'm', '', 'Barbara', 'Witt', 'Heimgartenstr. 5', '', '72351', 'Geislingen', '', 81, 0, '', '2025-11-17 16:55:04', '0000-00-00 00:00:00'),
(5288, 5243, 'm', '', 'Sonia', 'Duda', 'Buchenweg 8', '', '35625', 'Hüttenberg', '', 81, 0, '', '2025-11-18 10:00:12', '0000-00-00 00:00:00'),
(5289, 5244, 'm', '', 'Thomas', 'Gries', 'Richard-Wagner-Straße 71', '', '65830', 'Kriftel', '', 81, 0, '', '2025-11-18 12:20:07', '0000-00-00 00:00:00'),
(5290, 5245, 'm', '', 'Annegret', 'Zimpel', 'Kastanienweg 23', '', '14641', 'Nauen', '', 81, 0, '', '2025-11-22 20:10:05', '0000-00-00 00:00:00'),
(5291, 5246, 'm', '', 'Bernd', 'Hertle', 'Solitudeallee 4/2', '', '71636', 'Ludwigsburg', '', 81, 0, '', '2025-11-23 12:10:05', '0000-00-00 00:00:00'),
(5292, 5247, 'm', '', 'Jannine', 'Meerkamp', 'Helenenstr.16', '', '46049', 'Oberhausen', '', 81, 0, '', '2025-11-24 19:05:04', '0000-00-00 00:00:00'),
(5293, 5248, 'm', '', 'Sabrina', 'Akgül', 'Tannenbergstr. 1', '', '31848', 'Bad Münder am Deister', '', 81, 0, '', '2025-11-25 08:10:05', '0000-00-00 00:00:00'),
(5294, 5247, 'm', '', '', 'Marc Meerkamp', 'Helenenstr. 16', '', '46049', 'Oberhausen', '', 81, 0, 'delivery', '2025-11-26 08:08:36', '0000-00-00 00:00:00'),
(5295, 5249, 'm', '', 'Angelika', 'Grathwohl', 'Buchenweg 22', '', '84094', 'Elsendorf', '', 81, 0, '', '2025-11-27 09:45:04', '0000-00-00 00:00:00'),
(5296, 5250, 'm', '', 'Arnd-D.', 'zur Horst', 'Georgengasse 10', '', '99734', 'Nordhausen', '', 81, 0, '', '2025-11-29 09:55:03', '0000-00-00 00:00:00'),
(5297, 5251, 'm', '', 'Michael', 'Keller', 'Rhönstr. 52', '', '36341', 'Lauterbach', '', 81, 0, '', '2025-11-29 20:30:07', '0000-00-00 00:00:00'),
(5298, 5252, 'm', '', 'Michaela', 'Dr. Krell', 'Alramstrasse 27b', '', '81371', 'München', '', 81, 0, '', '2025-11-30 09:35:04', '0000-00-00 00:00:00'),
(5299, 5253, 'm', '', 'Mamun', 'Hodali', 'Pröpstinghoff 9', '', '48607', 'Ochtrup', '', 81, 0, '', '2025-11-30 15:50:06', '0000-00-00 00:00:00'),
(5300, 5254, 'm', '', 'Nadine', 'Scharke', 'Einsteinring 15', '', '90453', 'Nürnberg', '', 81, 0, '', '2025-11-30 17:35:04', '0000-00-00 00:00:00'),
(5301, 5255, 'm', '', 'Lezgin', 'Nas', 'Bonifatiusstraße 58', '', '54296', 'Trier', '', 81, 0, '', '2025-12-01 19:15:04', '0000-00-00 00:00:00'),
(5302, 5256, 'm', '', 'Jacqueline', 'Kaufmann', 'Sophienstrasse 6', '', '97645', 'Ostheim vor der Rhön', '', 81, 0, '', '2025-12-02 08:50:07', '0000-00-00 00:00:00'),
(5303, 5256, 'm', '', '', 'Kaufmann Jacqueline', 'Sophienstrasse 6', '', '97645', 'Ostheim', '', 81, 0, 'delivery', '2025-12-02 09:08:39', '0000-00-00 00:00:00'),
(5304, 5257, 'm', '', 'Robin', 'Schmidt', 'Föhrenstr. 13a', '', '82194', 'Gröbenzell', 'Bayern', 81, 0, '', '2025-12-02 11:15:04', '0000-00-00 00:00:00'),
(5305, 5258, 'm', '', 'Martin', 'Saathoff', 'Torfstrasse 7', '', '26759', 'Hinte', '', 81, 0, '', '2025-12-02 12:20:06', '0000-00-00 00:00:00'),
(5306, 5259, 'm', '', 'Viktor', 'Morozov', 'Josef-Lohneis-Str. 2a', '', '90451', 'Nürnberg', '', 81, 0, '', '2025-12-05 14:20:06', '0000-00-00 00:00:00'),
(5307, 5260, 'm', 'Lithmic GmbH', 'Derico', 'Pratama', 'Baierbrunnerstr. 30', 'Lithmic GmbH', '81379', 'Munich', NULL, 81, 0, '', '0000-00-00 00:00:00', '0000-00-00 00:00:00'),
(5308, 5260, 'm', 'Lithmic GmbH', '', 'Derico Pratama', 'Baierbrunnerstr. 30', '', '81379', 'Munich', '', 81, 0, 'delivery', '2025-12-10 08:20:19', '0000-00-00 00:00:00'),
(5309, 5260, 'm', 'Lithmic GmbH', '', 'Derico Pratama', 'Baierbrunner Str. 30', '', '81379', 'München', '', 81, 0, 'delivery', '2025-12-10 08:22:32', '0000-00-00 00:00:00'),
(5310, 5261, 'm', '', 'Barbara', 'Kalinski', 'Weidenweg 58', '', '47059', 'Duisburg', '', 81, 0, '', '2025-12-11 12:55:04', '0000-00-00 00:00:00'),
(5311, 5262, 'm', '', 'Stephanie', 'Woite', 'Gartenstr.2', '', '03058', 'Neuhausen', '', 81, 0, '', '2025-12-12 17:25:04', '0000-00-00 00:00:00'),
(5312, 5262, 'm', '', '', 'Stephanie Woite', 'Gartenstr. 2', '', '03058', 'Neuhausen', '', 81, 0, 'delivery', '2025-12-13 10:43:14', '0000-00-00 00:00:00'),
(5313, 5263, 'm', '', 'Sergej', 'Loban', 'Porzer Str. 117', '', '12524', 'Berlin', '', 81, 0, '', '2025-12-13 15:35:04', '0000-00-00 00:00:00'),
(5314, 5264, 'm', '', 'Anja', 'Lesniak', 'Mommartzstrasse 21', '', '52525', 'Heinsberg Dremmen', '', 81, 0, '', '2025-12-14 17:20:06', '0000-00-00 00:00:00'),
(5315, 5265, 'm', '', 'Waldemar', 'Tyczynski', 'Heckinghauser Str. 142', '', '42289', 'Wuppertal', '', 81, 0, '', '2025-12-14 18:40:05', '0000-00-00 00:00:00'),
(5316, 5266, 'm', '', 'jochen', 'richrath', 'Duventhaler Weg 6', '', '52388', 'Nörvenich', '', 81, 0, '', '2025-12-14 22:45:04', '0000-00-00 00:00:00');

-- --------------------------------------------------------

--
-- Tabellenstruktur für Tabelle `address_format`
--

CREATE TABLE `address_format` (
  `address_format_id` int(11) NOT NULL,
  `address_format` varchar(128) NOT NULL DEFAULT '',
  `address_summary` varchar(48) NOT NULL DEFAULT ''
) ENGINE=MyISAM DEFAULT CHARSET=utf8;

--
-- Daten für Tabelle `address_format`
--

INSERT INTO `address_format` (`address_format_id`, `address_format`, `address_summary`) VALUES
(1, '$firstname $lastname$cr$streets$cr$city, $postcode$cr$statecomma$country', '$city / $country'),
(2, '$firstname $lastname$cr$streets$cr$city, $state    $postcode$cr$country', '$city, $state / $country'),
(3, '$firstname $lastname$cr$streets$cr$city$cr$postcode - $statecomma$country', '$state / $country'),
(4, '$firstname $lastname$cr$streets$cr$city ($postcode)$cr$country', '$postcode / $country'),
(5, '$firstname $lastname$cr$streets$cr$postcode $city$cr$country', '$city / $country');

-- --------------------------------------------------------

--
-- Tabellenstruktur für Tabelle `admin_access`
--

CREATE TABLE `admin_access` (
  `customers_id` varchar(32) NOT NULL DEFAULT '0',
  `feedback` int(1) NOT NULL DEFAULT '0',
  `configuration` int(1) NOT NULL DEFAULT '0',
  `modules` int(1) NOT NULL DEFAULT '0',
  `countries` int(1) NOT NULL DEFAULT '0',
  `currencies` int(1) NOT NULL DEFAULT '0',
  `zones` int(1) NOT NULL DEFAULT '0',
  `geo_zones` int(1) NOT NULL DEFAULT '0',
  `tax_classes` int(1) NOT NULL DEFAULT '0',
  `tax_rates` int(1) NOT NULL DEFAULT '0',
  `accounting` int(1) NOT NULL DEFAULT '0',
  `backup` int(1) NOT NULL DEFAULT '0',
  `cache` int(1) NOT NULL DEFAULT '0',
  `server_info` int(1) NOT NULL DEFAULT '0',
  `whos_online` int(1) NOT NULL DEFAULT '0',
  `languages` int(1) NOT NULL DEFAULT '0',
  `define_language` int(1) NOT NULL DEFAULT '0',
  `orders_status` int(1) NOT NULL DEFAULT '0',
  `shipping_status` int(1) NOT NULL DEFAULT '0',
  `module_export` int(1) NOT NULL DEFAULT '0',
  `customers` int(1) NOT NULL DEFAULT '0',
  `create_account` int(1) NOT NULL DEFAULT '0',
  `customers_status` int(1) NOT NULL DEFAULT '0',
  `orders` int(1) NOT NULL DEFAULT '0',
  `print_packingslip` int(1) NOT NULL DEFAULT '0',
  `print_order` int(1) NOT NULL DEFAULT '0',
  `popup_memo` int(1) NOT NULL DEFAULT '0',
  `coupon_admin` int(1) NOT NULL DEFAULT '0',
  `gv_queue` int(1) NOT NULL DEFAULT '0',
  `gv_mail` int(1) NOT NULL DEFAULT '0',
  `gv_sent` int(1) NOT NULL DEFAULT '0',
  `validproducts` int(1) NOT NULL DEFAULT '0',
  `validcategories` int(1) NOT NULL DEFAULT '0',
  `mail` int(1) NOT NULL DEFAULT '0',
  `categories` int(1) NOT NULL DEFAULT '0',
  `new_attributes` int(1) NOT NULL DEFAULT '0',
  `products_attributes` int(1) NOT NULL DEFAULT '0',
  `manufacturers` int(1) NOT NULL DEFAULT '0',
  `reviews` int(1) NOT NULL DEFAULT '0',
  `specials` int(1) NOT NULL DEFAULT '0',
  `stats_products_expected` int(1) NOT NULL DEFAULT '0',
  `stats_products_viewed` int(1) NOT NULL DEFAULT '0',
  `stats_products_purchased` int(1) NOT NULL DEFAULT '0',
  `stats_customers` int(1) NOT NULL DEFAULT '0',
  `stats_sales_report` int(1) NOT NULL DEFAULT '0',
  `banner_manager` int(1) NOT NULL DEFAULT '0',
  `banner_statistics` int(1) NOT NULL DEFAULT '0',
  `module_newsletter` int(1) NOT NULL DEFAULT '0',
  `xml_export` int(1) NOT NULL DEFAULT '0',
  `start` int(1) NOT NULL DEFAULT '0',
  `content_manager` int(1) NOT NULL DEFAULT '0',
  `content_preview` int(1) NOT NULL DEFAULT '0',
  `credits` int(1) NOT NULL DEFAULT '0',
  `blacklist` int(1) NOT NULL DEFAULT '0',
  `orders_edit` int(1) NOT NULL DEFAULT '0',
  `ebay_mail_frame` int(1) NOT NULL DEFAULT '0',
  `ebay_shopcatshow` int(1) NOT NULL DEFAULT '0',
  `ebay_categoryshow` int(1) NOT NULL DEFAULT '0',
  `ebay_transactions` int(1) NOT NULL DEFAULT '0',
  `ebayapi_filebrowser` int(2) NOT NULL DEFAULT '0',
  `ebayapi_filebrowser_view` int(2) NOT NULL DEFAULT '0',
  `ebayapi_mailgetter` int(2) NOT NULL DEFAULT '0',
  `ebayapi_mailview` int(2) NOT NULL DEFAULT '0',
  `ebayapi_shopcatshow` int(2) NOT NULL DEFAULT '0',
  `ebayapi_categoryshow` int(2) NOT NULL DEFAULT '0',
  `ebayapi_popup_catchoose` int(2) NOT NULL DEFAULT '0',
  `ebayapi_preview` int(2) NOT NULL DEFAULT '0',
  `ebayapi_cart_admin` int(2) NOT NULL DEFAULT '0',
  `xsell_products` int(1) NOT NULL DEFAULT '0',
  `combined_orders` int(2) NOT NULL DEFAULT '0',
  `ebay_mail_main` int(2) NOT NULL DEFAULT '0',
  `ebay_mail_left` int(2) NOT NULL DEFAULT '0',
  `ebaymail` int(2) NOT NULL DEFAULT '0',
  `ebayapi_order_warning` int(1) NOT NULL DEFAULT '0',
  `ebayapi_cart` int(1) NOT NULL DEFAULT '0',
  `ebayapi_getcategorys` int(1) NOT NULL DEFAULT '0',
  `ebayapi_warnings` int(1) DEFAULT '0',
  `ebayapi_textitems` int(1) DEFAULT NULL,
  `ebay_mail_top` int(1) DEFAULT NULL,
  `incoming_payments` int(1) NOT NULL DEFAULT '0',
  `gepard` int(1) NOT NULL DEFAULT '0',
  `easylog` int(1) NOT NULL DEFAULT '0',
  `adma` int(1) NOT NULL DEFAULT '0',
  `ebay_mail_textitems` int(1) NOT NULL DEFAULT '0',
  `distributor` int(1) NOT NULL DEFAULT '0',
  `storage_numbers` int(11) NOT NULL DEFAULT '0',
  `ebayapi_feedback` int(11) NOT NULL DEFAULT '0',
  `storage_admin` int(11) NOT NULL DEFAULT '0',
  `storage` int(1) NOT NULL DEFAULT '0',
  `extern_print_order` int(1) NOT NULL DEFAULT '0',
  `hermes` int(1) NOT NULL DEFAULT '0',
  `hermes_xml` int(1) NOT NULL DEFAULT '0',
  `ebayapi_ebayshop_popup` int(1) NOT NULL DEFAULT '0',
  `kasse` int(1) NOT NULL DEFAULT '0',
  `shipping` int(1) NOT NULL DEFAULT '0',
  `orders_update` int(1) NOT NULL DEFAULT '0',
  `stats_auctions` int(1) NOT NULL DEFAULT '0',
  `stats_kasse` int(1) NOT NULL DEFAULT '0',
  `stats_stock_warning` int(1) NOT NULL DEFAULT '0',
  `ebay_mail_view` int(1) NOT NULL DEFAULT '0',
  `ebay_mail_reply` int(1) NOT NULL DEFAULT '0',
  `ebay_email` int(1) NOT NULL DEFAULT '0',
  `ebay_mail_filter` int(1) NOT NULL DEFAULT '0',
  `ebay_email_work` int(1) NOT NULL DEFAULT '0',
  `ebay_email_finder` int(1) NOT NULL DEFAULT '0',
  `pangora` int(1) NOT NULL DEFAULT '0',
  `hermes_status` int(1) NOT NULL DEFAULT '0',
  `shipping_history` int(1) NOT NULL DEFAULT '0',
  `distributor_contacts` int(1) NOT NULL DEFAULT '0',
  `distributor_products` int(1) NOT NULL DEFAULT '0',
  `orders_storno` int(1) NOT NULL DEFAULT '0',
  `f_customers_edit` int(1) NOT NULL DEFAULT '0',
  `f_customers_crm` int(1) NOT NULL DEFAULT '0',
  `f_customers_editstatus` int(1) NOT NULL DEFAULT '0',
  `f_customers_accounting` int(1) NOT NULL DEFAULT '0',
  `f_customers_iplog` int(1) NOT NULL DEFAULT '0',
  `f_customers_new_order` int(1) NOT NULL DEFAULT '0',
  `f_categories_edit` int(1) NOT NULL DEFAULT '0',
  `f_categories_editspecial` int(1) NOT NULL DEFAULT '0',
  `f_orders_email` int(1) NOT NULL DEFAULT '0',
  `f_orders_delete` int(1) NOT NULL DEFAULT '0',
  `f_orders_delete_cc` int(1) NOT NULL DEFAULT '0',
  `f_orders_view` int(1) NOT NULL DEFAULT '0',
  `f_orders_edit_address` int(1) NOT NULL DEFAULT '0',
  `f_orders_edit_products` int(1) NOT NULL DEFAULT '0',
  `f_orders_edit_shipping` int(1) NOT NULL DEFAULT '0',
  `f_orders_edit_stammdaten` int(1) NOT NULL DEFAULT '0',
  `f_orders_update_status` int(1) NOT NULL DEFAULT '0',
  `print_order_warnings` int(1) NOT NULL DEFAULT '0',
  `f_storage_numbers_edit` int(1) NOT NULL DEFAULT '0',
  `f_storage_numbers_new` int(1) NOT NULL DEFAULT '0',
  `products` int(1) NOT NULL DEFAULT '0',
  `shipping_graduation` int(1) NOT NULL DEFAULT '0',
  `products_extra_text` int(1) NOT NULL DEFAULT '0',
  `products_description` int(1) NOT NULL DEFAULT '0',
  `products_short_description` int(1) NOT NULL DEFAULT '0',
  `ebayapi_favorite_category` int(1) NOT NULL DEFAULT '0',
  `f_products_history` int(1) NOT NULL DEFAULT '0',
  `ebayapi_timerdelays` int(1) NOT NULL DEFAULT '0',
  `reclamations` int(1) NOT NULL DEFAULT '0',
  `print_reclamation` int(1) NOT NULL DEFAULT '0',
  `print_reclamation_packingslip` int(1) NOT NULL DEFAULT '0',
  `retoure_update` int(1) NOT NULL DEFAULT '0',
  `print_retoure` int(1) NOT NULL DEFAULT '0',
  `print_rueckerstattung` int(1) NOT NULL DEFAULT '0',
  `retoure` int(1) NOT NULL DEFAULT '0',
  `retoure_edit` int(1) NOT NULL DEFAULT '0',
  `reclamations_update` int(1) NOT NULL DEFAULT '0',
  `reclamations_edit` int(1) NOT NULL DEFAULT '0',
  `rueckerstattungen` int(1) NOT NULL DEFAULT '0',
  `rueckerstattungen_update` int(1) NOT NULL DEFAULT '0',
  `rueckerstattungen_edit` int(1) NOT NULL DEFAULT '0',
  `ebay_template` int(1) NOT NULL DEFAULT '0',
  `stats_auctionfees` int(1) NOT NULL DEFAULT '0',
  `ebay_mailtemplate` int(1) NOT NULL DEFAULT '0',
  `ebayapi_relist` int(1) NOT NULL DEFAULT '0',
  `f_customers_set_admin` int(1) NOT NULL DEFAULT '0',
  `notiz` int(1) NOT NULL DEFAULT '0',
  `orders_split` int(1) NOT NULL DEFAULT '0',
  `incoming_payments_stats` int(1) NOT NULL DEFAULT '0',
  `product_collies` int(1) NOT NULL DEFAULT '0',
  `f_products_quantity` int(1) NOT NULL DEFAULT '0',
  `lawyer_export` int(1) NOT NULL DEFAULT '0',
  `f_products_distributors_prices` int(1) NOT NULL DEFAULT '0',
  `f_switch_kasse_payment` int(1) NOT NULL DEFAULT '0',
  `f_orders_notax` int(1) NOT NULL DEFAULT '0',
  `f_lawyer_export_delete` int(1) NOT NULL DEFAULT '0',
  `f_change_products_status` int(1) NOT NULL DEFAULT '0',
  `f_change_products_date_available` int(1) NOT NULL DEFAULT '0',
  `f_change_products_price` int(1) NOT NULL DEFAULT '0',
  `f_change_products_size` int(1) NOT NULL DEFAULT '0',
  `f_change_products_sort` int(1) NOT NULL DEFAULT '0',
  `f_change_products_model` int(1) NOT NULL DEFAULT '0',
  `f_change_products_barcode` int(1) NOT NULL DEFAULT '0',
  `f_change_products_manufacturer` int(1) NOT NULL DEFAULT '0',
  `f_change_products_fsk18` int(1) NOT NULL DEFAULT '0',
  `f_change_products_weight` int(1) NOT NULL DEFAULT '0',
  `f_change_products_shippingtime` int(1) NOT NULL DEFAULT '0',
  `f_change_products_infotemplate` int(1) NOT NULL DEFAULT '0',
  `f_change_products_optionstemplate` int(1) NOT NULL DEFAULT '0',
  `f_change_products_ebaytemplate` int(1) NOT NULL DEFAULT '0',
  `f_change_products_defaultstorage` int(1) NOT NULL DEFAULT '0',
  `f_change_products_meta` int(1) NOT NULL DEFAULT '0',
  `f_change_products_title` int(1) NOT NULL DEFAULT '0',
  `f_change_products_ebaytitle` int(1) NOT NULL DEFAULT '0',
  `f_change_products_desc` int(1) NOT NULL DEFAULT '0',
  `f_change_products_pics` int(1) NOT NULL DEFAULT '0',
  `f_change_products_comments` int(1) NOT NULL DEFAULT '0',
  `f_products_stats_abverkaeufe` int(1) NOT NULL DEFAULT '0',
  `f_change_products_serial_numbers` int(1) NOT NULL DEFAULT '0',
  `products_serials` int(1) NOT NULL DEFAULT '0',
  `orders_edit_products_serials` int(1) NOT NULL DEFAULT '0',
  `reclamations_edit_products_serials` int(1) NOT NULL DEFAULT '0',
  `distributor_orders_proposal` int(1) NOT NULL DEFAULT '0',
  `f_reclamations_set_versand` int(1) NOT NULL DEFAULT '0',
  `stats_stock_overview` int(1) NOT NULL DEFAULT '0',
  `f_reclamations_add` int(1) NOT NULL DEFAULT '0',
  `f_reclamations_update_status` int(1) NOT NULL DEFAULT '0',
  `ebayapi_automatic` int(1) NOT NULL DEFAULT '0',
  `ebayapi_automatic_timer` int(1) NOT NULL DEFAULT '0',
  `products_groups` int(1) NOT NULL DEFAULT '0',
  `groups` int(1) NOT NULL DEFAULT '0',
  `groups_allocation` int(1) NOT NULL DEFAULT '0',
  `f_products_ext_shippingcosts` int(1) NOT NULL DEFAULT '0',
  `stats_reclamations` int(1) NOT NULL DEFAULT '0',
  `f_kasse_change_paydate` int(1) NOT NULL DEFAULT '0',
  `f_orders_edit_after_shipping` int(1) NOT NULL DEFAULT '0',
  `ebayapi_highbidder` int(1) NOT NULL DEFAULT '0',
  `ebayapi_membermessages` int(1) NOT NULL DEFAULT '0',
  `ebayapi_bestoffers` int(1) NOT NULL DEFAULT '0',
  `distributor_orders_status` int(1) NOT NULL DEFAULT '0',
  `distributor_orders` int(1) NOT NULL DEFAULT '0',
  `f_distributor_new_order` int(1) NOT NULL DEFAULT '0',
  `f_distributor_orders_delete` int(1) NOT NULL DEFAULT '0',
  `distributor_orders_edit` int(1) NOT NULL DEFAULT '0',
  `distributor_orders_update` int(1) NOT NULL DEFAULT '0',
  `f_distributor_orders_update_status` int(1) NOT NULL DEFAULT '0',
  `distributor_orders_storno` int(1) NOT NULL DEFAULT '0',
  `f_distributor_orders_edit_address` int(1) NOT NULL DEFAULT '0',
  `f_distributor_orders_edit_products` int(1) NOT NULL DEFAULT '0',
  `print_distributor_order` int(1) NOT NULL DEFAULT '0',
  `print_distributor_packingslip` int(1) NOT NULL DEFAULT '0',
  `distributor_orders_rueckbuch` int(1) NOT NULL DEFAULT '0',
  `f_distributor_orders_bestellen` int(1) NOT NULL DEFAULT '0',
  `f_products_distributors` int(1) NOT NULL DEFAULT '0',
  `stats_ebayselling` int(1) NOT NULL DEFAULT '0',
  `advanced_search` int(1) NOT NULL DEFAULT '0',
  `ebayapi_popup_shopchoose` int(1) NOT NULL DEFAULT '0',
  `products_characteristics` int(1) NOT NULL DEFAULT '0',
  `units` int(1) NOT NULL DEFAULT '0',
  `ebayapi_payments` int(1) NOT NULL DEFAULT '0',
  `f_products_meldebestand` int(1) NOT NULL DEFAULT '0',
  `ebayapi_ftpfile` int(1) NOT NULL DEFAULT '0',
  `f_orders_rueckstand` int(1) NOT NULL DEFAULT '0',
  `f_orders_edit_payment` int(1) NOT NULL DEFAULT '0',
  `ebayapi_shippingcosts` int(1) NOT NULL DEFAULT '0',
  `countries_allocation` int(1) NOT NULL DEFAULT '0',
  `f_distributor_new_invoice` int(1) NOT NULL DEFAULT '0',
  `distributor_invoices` int(1) NOT NULL DEFAULT '0',
  `distributor_invoices_edit` int(1) NOT NULL DEFAULT '0',
  `distributor_invoices_reasons` int(1) NOT NULL DEFAULT '0',
  `f_textitems_delete` int(1) NOT NULL DEFAULT '0',
  `ebayapi_shippingmethods` int(1) NOT NULL DEFAULT '0',
  `f_kasse_fibu_switch_paymentmethod_moneyorder` int(1) NOT NULL DEFAULT '0',
  `flashpoint_import_configuration` int(11) NOT NULL DEFAULT '0',
  `popup_group_characteristic_select` int(1) NOT NULL DEFAULT '0',
  `token` int(1) NOT NULL DEFAULT '0',
  `mailaccounts` int(1) NOT NULL DEFAULT '0',
  `f_kasse_start_at_new_order` int(1) NOT NULL DEFAULT '0',
  `yes_backup` int(1) NOT NULL DEFAULT '0',
  `f_change_products_price_fixing` int(1) NOT NULL DEFAULT '0',
  `ajax_order_details` int(1) NOT NULL DEFAULT '1',
  `ajax_notice_header` int(1) NOT NULL DEFAULT '1',
  `amazon_products` int(1) NOT NULL DEFAULT '0',
  `f_change_order_if_status_bezahlt` int(1) NOT NULL DEFAULT '0',
  `branch` int(1) NOT NULL DEFAULT '0',
  `branch_products` int(1) NOT NULL DEFAULT '0',
  `otc` int(1) NOT NULL DEFAULT '0',
  `incoming_payments_paypal` int(1) NOT NULL DEFAULT '0',
  `popup_get_ebay_address` int(1) NOT NULL DEFAULT '0',
  `export_ebay_products` int(1) NOT NULL DEFAULT '0',
  `mailclient` int(1) NOT NULL DEFAULT '0',
  `branches_transfer` int(1) NOT NULL DEFAULT '0',
  `f_branch_delete` int(1) NOT NULL DEFAULT '0',
  `f_accounting_scheme` int(1) NOT NULL DEFAULT '0',
  `f_accounting_change` int(1) NOT NULL DEFAULT '0',
  `f_accounting_system_groups` int(1) NOT NULL DEFAULT '0',
  `rueckerstattungen_types` int(1) NOT NULL DEFAULT '0',
  `kasse_payments` int(1) NOT NULL DEFAULT '0',
  `ajax_reclamation_details` int(1) NOT NULL DEFAULT '1',
  `ajax_retoure_details` int(1) NOT NULL DEFAULT '1',
  `ajax_rueckerstattungen_details` int(1) NOT NULL DEFAULT '1',
  `ajax_customers_details` int(1) NOT NULL DEFAULT '1',
  `ajax_categories_details` int(1) NOT NULL DEFAULT '1',
  `onix` int(1) NOT NULL,
  `history` int(1) NOT NULL,
  `system` int(1) NOT NULL,
  `f_branch_quantity_edit` int(1) NOT NULL,
  `f_branch_transfer_otc` int(1) NOT NULL,
  `f_offers` int(1) NOT NULL,
  `f_order_confirm` int(1) NOT NULL,
  `branches_to_customers` int(1) NOT NULL,
  `f_kasse_change_branch` int(1) NOT NULL,
  `f_branches_mainstorage` int(1) NOT NULL,
  `quick_reclamation` int(1) NOT NULL,
  `umbreit` int(1) NOT NULL,
  `f_orders_fibunumbers` int(1) NOT NULL,
  `bestandsexport` int(1) NOT NULL,
  `nedis` int(1) NOT NULL,
  `f_change_products_slave_title` int(1) NOT NULL,
  `reclamations_reasons` int(1) NOT NULL,
  `f_packingslip_pdf` int(1) NOT NULL,
  `ajax_distributor_invoices_details` int(1) NOT NULL,
  `amazon` tinyint(1) NOT NULL,
  `ts_rating` int(1) NOT NULL DEFAULT '1',
  `paypal` int(1) NOT NULL,
  `module_paypal_install` int(1) NOT NULL,
  `support_ticket_order` int(1) NOT NULL,
  `reminder` int(1) NOT NULL,
  `f_kasse_change_prices` int(1) NOT NULL,
  `stats_ebayuser` int(1) NOT NULL,
  `products_vpe` int(1) NOT NULL,
  `quick_product_add` int(1) NOT NULL,
  `stats_shipping` int(1) NOT NULL,
  `shopgate` int(1) NOT NULL,
  `stats_shopping_carts` int(1) NOT NULL,
  `wishlist` int(1) NOT NULL DEFAULT '1',
  `nmedia` int(1) NOT NULL,
  `amazon_export` int(1) NOT NULL,
  `yes_xmlrpc` int(1) NOT NULL,
  `amz_configuration` int(1) NOT NULL,
  `stats_reclamations_products` int(1) NOT NULL,
  `products_email_notifications` int(1) NOT NULL,
  `coupon_orders` int(1) NOT NULL,
  `products_conditions` int(1) NOT NULL,
  `packagings` int(1) NOT NULL,
  `change_kasse_email` int(1) NOT NULL,
  `f_bestand` int(1) NOT NULL,
  `dhl_print_label` int(1) NOT NULL,
  `event_dates` int(1) NOT NULL,
  `events` int(1) NOT NULL,
  `event_tickets` int(1) NOT NULL,
  `amazon_payments` int(1) NOT NULL,
  `dialog` int(1) NOT NULL DEFAULT '0' COMMENT 'tinymce filemanager',
  `amazon_fba` int(1) NOT NULL,
  `hitmeister` int(1) NOT NULL,
  `rakuten` int(1) NOT NULL,
  `f_distributor_order_allocation` int(1) NOT NULL,
  `ebayapi_sdk_calls` int(1) NOT NULL,
  `ebayapi_sdk_feeds` int(1) NOT NULL,
  `f_categories_clearcache` int(1) NOT NULL,
  `unzer` int(1) NOT NULL,
  `f_export_order_stats` int(1) NOT NULL,
  `secupay` int(1) NOT NULL DEFAULT '0'
) ENGINE=MyISAM DEFAULT CHARSET=utf8;

--
-- Daten für Tabelle `admin_access`
--

INSERT INTO `admin_access` (`customers_id`, `feedback`, `configuration`, `modules`, `countries`, `currencies`, `zones`, `geo_zones`, `tax_classes`, `tax_rates`, `accounting`, `backup`, `cache`, `server_info`, `whos_online`, `languages`, `define_language`, `orders_status`, `shipping_status`, `module_export`, `customers`, `create_account`, `customers_status`, `orders`, `print_packingslip`, `print_order`, `popup_memo`, `coupon_admin`, `gv_queue`, `gv_mail`, `gv_sent`, `validproducts`, `validcategories`, `mail`, `categories`, `new_attributes`, `products_attributes`, `manufacturers`, `reviews`, `specials`, `stats_products_expected`, `stats_products_viewed`, `stats_products_purchased`, `stats_customers`, `stats_sales_report`, `banner_manager`, `banner_statistics`, `module_newsletter`, `xml_export`, `start`, `content_manager`, `content_preview`, `credits`, `blacklist`, `orders_edit`, `ebay_mail_frame`, `ebay_shopcatshow`, `ebay_categoryshow`, `ebay_transactions`, `ebayapi_filebrowser`, `ebayapi_filebrowser_view`, `ebayapi_mailgetter`, `ebayapi_mailview`, `ebayapi_shopcatshow`, `ebayapi_categoryshow`, `ebayapi_popup_catchoose`, `ebayapi_preview`, `ebayapi_cart_admin`, `xsell_products`, `combined_orders`, `ebay_mail_main`, `ebay_mail_left`, `ebaymail`, `ebayapi_order_warning`, `ebayapi_cart`, `ebayapi_getcategorys`, `ebayapi_warnings`, `ebayapi_textitems`, `ebay_mail_top`, `incoming_payments`, `gepard`, `easylog`, `adma`, `ebay_mail_textitems`, `distributor`, `storage_numbers`, `ebayapi_feedback`, `storage_admin`, `storage`, `extern_print_order`, `hermes`, `hermes_xml`, `ebayapi_ebayshop_popup`, `kasse`, `shipping`, `orders_update`, `stats_auctions`, `stats_kasse`, `stats_stock_warning`, `ebay_mail_view`, `ebay_mail_reply`, `ebay_email`, `ebay_mail_filter`, `ebay_email_work`, `ebay_email_finder`, `pangora`, `hermes_status`, `shipping_history`, `distributor_contacts`, `distributor_products`, `orders_storno`, `f_customers_edit`, `f_customers_crm`, `f_customers_editstatus`, `f_customers_accounting`, `f_customers_iplog`, `f_customers_new_order`, `f_categories_edit`, `f_categories_editspecial`, `f_orders_email`, `f_orders_delete`, `f_orders_delete_cc`, `f_orders_view`, `f_orders_edit_address`, `f_orders_edit_products`, `f_orders_edit_shipping`, `f_orders_edit_stammdaten`, `f_orders_update_status`, `print_order_warnings`, `f_storage_numbers_edit`, `f_storage_numbers_new`, `products`, `shipping_graduation`, `products_extra_text`, `products_description`, `products_short_description`, `ebayapi_favorite_category`, `f_products_history`, `ebayapi_timerdelays`, `reclamations`, `print_reclamation`, `print_reclamation_packingslip`, `retoure_update`, `print_retoure`, `print_rueckerstattung`, `retoure`, `retoure_edit`, `reclamations_update`, `reclamations_edit`, `rueckerstattungen`, `rueckerstattungen_update`, `rueckerstattungen_edit`, `ebay_template`, `stats_auctionfees`, `ebay_mailtemplate`, `ebayapi_relist`, `f_customers_set_admin`, `notiz`, `orders_split`, `incoming_payments_stats`, `product_collies`, `f_products_quantity`, `lawyer_export`, `f_products_distributors_prices`, `f_switch_kasse_payment`, `f_orders_notax`, `f_lawyer_export_delete`, `f_change_products_status`, `f_change_products_date_available`, `f_change_products_price`, `f_change_products_size`, `f_change_products_sort`, `f_change_products_model`, `f_change_products_barcode`, `f_change_products_manufacturer`, `f_change_products_fsk18`, `f_change_products_weight`, `f_change_products_shippingtime`, `f_change_products_infotemplate`, `f_change_products_optionstemplate`, `f_change_products_ebaytemplate`, `f_change_products_defaultstorage`, `f_change_products_meta`, `f_change_products_title`, `f_change_products_ebaytitle`, `f_change_products_desc`, `f_change_products_pics`, `f_change_products_comments`, `f_products_stats_abverkaeufe`, `f_change_products_serial_numbers`, `products_serials`, `orders_edit_products_serials`, `reclamations_edit_products_serials`, `distributor_orders_proposal`, `f_reclamations_set_versand`, `stats_stock_overview`, `f_reclamations_add`, `f_reclamations_update_status`, `ebayapi_automatic`, `ebayapi_automatic_timer`, `products_groups`, `groups`, `groups_allocation`, `f_products_ext_shippingcosts`, `stats_reclamations`, `f_kasse_change_paydate`, `f_orders_edit_after_shipping`, `ebayapi_highbidder`, `ebayapi_membermessages`, `ebayapi_bestoffers`, `distributor_orders_status`, `distributor_orders`, `f_distributor_new_order`, `f_distributor_orders_delete`, `distributor_orders_edit`, `distributor_orders_update`, `f_distributor_orders_update_status`, `distributor_orders_storno`, `f_distributor_orders_edit_address`, `f_distributor_orders_edit_products`, `print_distributor_order`, `print_distributor_packingslip`, `distributor_orders_rueckbuch`, `f_distributor_orders_bestellen`, `f_products_distributors`, `stats_ebayselling`, `advanced_search`, `ebayapi_popup_shopchoose`, `products_characteristics`, `units`, `ebayapi_payments`, `f_products_meldebestand`, `ebayapi_ftpfile`, `f_orders_rueckstand`, `f_orders_edit_payment`, `ebayapi_shippingcosts`, `countries_allocation`, `f_distributor_new_invoice`, `distributor_invoices`, `distributor_invoices_edit`, `distributor_invoices_reasons`, `f_textitems_delete`, `ebayapi_shippingmethods`, `f_kasse_fibu_switch_paymentmethod_moneyorder`, `flashpoint_import_configuration`, `popup_group_characteristic_select`, `token`, `mailaccounts`, `f_kasse_start_at_new_order`, `yes_backup`, `f_change_products_price_fixing`, `ajax_order_details`, `ajax_notice_header`, `amazon_products`, `f_change_order_if_status_bezahlt`, `branch`, `branch_products`, `otc`, `incoming_payments_paypal`, `popup_get_ebay_address`, `export_ebay_products`, `mailclient`, `branches_transfer`, `f_branch_delete`, `f_accounting_scheme`, `f_accounting_change`, `f_accounting_system_groups`, `rueckerstattungen_types`, `kasse_payments`, `ajax_reclamation_details`, `ajax_retoure_details`, `ajax_rueckerstattungen_details`, `ajax_customers_details`, `ajax_categories_details`, `onix`, `history`, `system`, `f_branch_quantity_edit`, `f_branch_transfer_otc`, `f_offers`, `f_order_confirm`, `branches_to_customers`, `f_kasse_change_branch`, `f_branches_mainstorage`, `quick_reclamation`, `umbreit`, `f_orders_fibunumbers`, `bestandsexport`, `nedis`, `f_change_products_slave_title`, `reclamations_reasons`, `f_packingslip_pdf`, `ajax_distributor_invoices_details`, `amazon`, `ts_rating`, `paypal`, `module_paypal_install`, `support_ticket_order`, `reminder`, `f_kasse_change_prices`, `stats_ebayuser`, `products_vpe`, `quick_product_add`, `stats_shipping`, `shopgate`, `stats_shopping_carts`, `wishlist`, `nmedia`, `amazon_export`, `yes_xmlrpc`, `amz_configuration`, `stats_reclamations_products`, `products_email_notifications`, `coupon_orders`, `products_conditions`, `packagings`, `change_kasse_email`, `f_bestand`, `dhl_print_label`, `event_dates`, `events`, `event_tickets`, `amazon_payments`, `dialog`, `amazon_fba`, `hitmeister`, `rakuten`, `f_distributor_order_allocation`, `ebayapi_sdk_calls`, `ebayapi_sdk_feeds`, `f_categories_clearcache`, `unzer`, `f_export_order_stats`, `secupay`) VALUES
('1', 1, 1, 1, 1, 1, 1, 1, 1, 1, 1, 1, 1, 1, 1, 1, 1, 1, 1, 1, 1, 1, 1, 1, 1, 1, 1, 1, 1, 1, 1, 1, 1, 1, 1, 1, 1, 1, 1, 1, 1, 1, 1, 1, 1, 1, 1, 1, 1, 1, 1, 1, 1, 1, 1, 1, 1, 1, 1, 1, 1, 1, 1, 1, 1, 1, 1, 1, 1, 1, 1, 1, 1, 1, 1, 1, 1, 1, 1, 1, 1, 1, 1, 1, 1, 1, 1, 1, 1, 1, 1, 1, 1, 1, 1, 1, 1, 1, 1, 1, 1, 1, 1, 1, 1, 1, 1, 1, 1, 1, 1, 1, 1, 1, 1, 1, 1, 1, 1, 1, 1, 1, 1, 1, 1, 1, 1, 1, 1, 1, 1, 1, 1, 1, 1, 1, 1, 1, 1, 1, 1, 1, 1, 1, 1, 1, 1, 1, 1, 1, 1, 1, 1, 1, 1, 1, 1, 1, 1, 1, 1, 1, 1, 1, 1, 1, 1, 1, 1, 1, 1, 1, 1, 1, 1, 1, 1, 1, 1, 1, 1, 1, 1, 1, 1, 1, 1, 1, 1, 1, 1, 1, 1, 1, 1, 1, 1, 1, 1, 1, 1, 1, 1, 1, 1, 1, 1, 1, 1, 1, 1, 1, 1, 1, 1, 1, 1, 1, 1, 1, 1, 1, 1, 1, 1, 1, 1, 1, 1, 1, 1, 1, 1, 1, 1, 1, 1, 1, 1, 1, 1, 1, 1, 1, 1, 1, 1, 1, 0, 1, 1, 1, 1, 1, 1, 1, 1, 1, 1, 1, 1, 1, 1, 1, 1, 1, 1, 1, 1, 1, 1, 1, 1, 1, 1, 1, 1, 1, 1, 1, 1, 1, 1, 1, 1, 1, 1, 1, 1, 1, 1, 1, 1, 1, 1, 1, 1, 0, 1, 1, 1, 1, 1, 1, 1, 1, 1, 1, 1, 1, 1, 1, 1, 1, 1, 1, 1, 1, 1, 1, 1, 1, 1, 1, 1, 1, 1, 1, 1, 1, 1, 1, 1, 1),
('groups', 1, 1, 1, 1, 1, 1, 1, 1, 1, 1, 1, 1, 1, 1, 1, 1, 1, 1, 1, 2, 2, 2, 3, 3, 3, 3, 3, 3, 4, 4, 4, 4, 2, 4, 2, 2, 2, 2, 5, 5, 5, 5, 5, 5, 5, 5, 2, 2, 2, 2, 2, 2, 2, 2, 0, 0, 0, 0, 0, 0, 0, 0, 1, 1, 1, 1, 0, 0, 3, 0, 0, 0, 0, 0, 1, 0, 0, 0, 0, 0, 0, 0, 0, 0, 0, 0, 0, 0, 3, 0, 1, 0, 0, 0, 3, 5, 5, 5, 0, 0, 0, 0, 0, 0, 0, 5, 5, 0, 0, 3, 2, 2, 2, 2, 2, 2, 2, 2, 3, 3, 3, 3, 3, 3, 3, 3, 3, 0, 0, 0, 0, 0, 0, 0, 0, 0, 0, 0, 0, 0, 0, 0, 0, 0, 0, 0, 0, 0, 0, 0, 0, 0, 0, 0, 0, 0, 1, 0, 0, 0, 0, 0, 0, 0, 0, 0, 0, 0, 0, 0, 0, 0, 0, 0, 0, 0, 0, 0, 0, 0, 0, 0, 0, 0, 0, 0, 0, 0, 0, 0, 0, 0, 0, 0, 0, 0, 0, 0, 0, 0, 0, 0, 0, 0, 0, 0, 0, 0, 0, 0, 0, 0, 0, 0, 0, 0, 0, 0, 0, 0, 0, 0, 0, 0, 0, 1, 1, 0, 0, 0, 0, 0, 0, 0, 0, 0, 0, 0, 0, 0, 0, 0, 0, 0, 0, 0, 0, 0, 0, 0, 1, 1, 0, 0, 0, 0, 0, 0, 0, 0, 0, 0, 0, 0, 0, 0, 7, 0, 1, 1, 1, 1, 1, 0, 0, 0, 0, 0, 0, 0, 0, 0, 0, 0, 0, 0, 0, 0, 0, 0, 0, 0, 0, 1, 0, 0, 0, 0, 0, 0, 0, 0, 0, 0, 0, 1, 0, 0, 0, 0, 0, 0, 0, 0, 0, 0, 0, 0, 0, 0, 0, 0, 0, 0, 0, 0, 0, 0, 0, 0, 0, 0, 0),
('98', 1, 0, 0, 0, 0, 0, 0, 0, 0, 0, 0, 0, 0, 0, 0, 0, 0, 0, 0, 1, 0, 0, 1, 0, 0, 0, 0, 0, 0, 0, 0, 0, 0, 1, 0, 0, 0, 0, 0, 0, 0, 0, 0, 0, 0, 0, 0, 0, 1, 0, 0, 0, 0, 1, 1, 0, 0, 0, 0, 0, 0, 0, 0, 0, 0, 0, 0, 0, 0, 0, 0, 0, 0, 0, 0, 0, NULL, NULL, 0, 0, 0, 0, 0, 0, 0, 0, 0, 0, 0, 0, 0, 0, 0, 0, 1, 0, 0, 0, 0, 0, 0, 0, 0, 0, 0, 0, 0, 0, 0, 0, 1, 1, 0, 0, 0, 1, 0, 1, 0, 0, 0, 1, 1, 1, 1, 1, 0, 0, 0, 0, 0, 0, 0, 0, 0, 0, 0, 0, 0, 0, 0, 0, 0, 0, 0, 0, 0, 0, 0, 0, 0, 0, 0, 0, 0, 0, 1, 0, 0, 0, 0, 0, 0, 0, 0, 0, 0, 0, 0, 0, 0, 0, 0, 0, 0, 0, 0, 0, 0, 0, 0, 0, 0, 0, 0, 0, 0, 0, 0, 0, 0, 0, 0, 0, 0, 0, 0, 0, 0, 0, 0, 0, 0, 0, 0, 0, 0, 0, 0, 0, 0, 0, 0, 0, 0, 0, 0, 0, 0, 0, 0, 0, 0, 0, 0, 1, 1, 0, 0, 0, 0, 0, 0, 0, 0, 0, 0, 0, 0, 0, 0, 0, 0, 0, 0, 0, 0, 0, 0, 0, 1, 1, 0, 0, 0, 0, 0, 0, 0, 0, 0, 0, 0, 0, 0, 0, 0, 0, 1, 1, 1, 1, 1, 0, 0, 0, 0, 0, 0, 0, 0, 0, 0, 0, 0, 0, 0, 0, 0, 0, 0, 0, 0, 1, 0, 0, 0, 0, 0, 0, 0, 0, 0, 0, 0, 1, 0, 0, 0, 0, 0, 0, 0, 0, 0, 0, 0, 0, 0, 0, 0, 0, 0, 0, 0, 0, 0, 0, 0, 0, 0, 0, 0),
('5000', 1, 1, 1, 1, 1, 1, 1, 1, 1, 1, 1, 1, 1, 1, 1, 1, 1, 1, 1, 1, 1, 1, 1, 1, 1, 1, 1, 1, 1, 1, 1, 1, 1, 1, 1, 1, 1, 1, 1, 1, 1, 1, 1, 1, 1, 1, 1, 1, 1, 1, 1, 1, 1, 1, 1, 1, 1, 1, 1, 1, 1, 1, 1, 1, 1, 1, 1, 1, 1, 1, 1, 1, 1, 1, 1, 1, 1, 1, 1, 1, 1, 1, 1, 1, 1, 1, 1, 1, 1, 1, 1, 1, 1, 1, 1, 1, 1, 1, 1, 1, 1, 1, 1, 1, 1, 1, 1, 1, 1, 1, 1, 1, 1, 1, 1, 1, 1, 1, 1, 1, 1, 1, 1, 1, 1, 1, 1, 1, 1, 1, 1, 1, 1, 1, 1, 1, 1, 1, 1, 1, 1, 1, 1, 1, 1, 1, 1, 1, 1, 1, 1, 1, 1, 1, 1, 1, 1, 1, 1, 1, 1, 1, 1, 1, 1, 1, 1, 1, 1, 1, 1, 1, 1, 1, 1, 1, 1, 1, 1, 1, 1, 1, 1, 1, 1, 1, 1, 1, 1, 1, 1, 1, 1, 1, 1, 1, 1, 1, 1, 1, 1, 1, 1, 1, 1, 1, 1, 1, 1, 1, 1, 1, 1, 1, 1, 1, 1, 1, 1, 1, 1, 1, 1, 1, 1, 1, 1, 1, 1, 1, 1, 1, 1, 1, 1, 1, 1, 1, 1, 1, 1, 1, 1, 1, 1, 1, 1, 1, 1, 1, 1, 1, 1, 1, 1, 1, 1, 1, 1, 1, 1, 1, 1, 1, 1, 1, 1, 1, 1, 1, 1, 1, 1, 0, 0, 0, 1, 1, 1, 1, 1, 1, 1, 1, 0, 1, 1, 0, 1, 1, 1, 1, 1, 1, 1, 1, 1, 1, 1, 0, 1, 1, 1, 0, 1, 1, 0, 0, 0, 0, 1, 1, 1, 1, 1, 1, 1, 1, 0, 0, 1, 0, 1, 0, 1, 0, 1, 1, 1, 1, 1, 0, 0),
('5001', 1, 1, 1, 1, 1, 1, 1, 1, 1, 1, 1, 1, 1, 1, 1, 1, 1, 1, 1, 1, 1, 1, 1, 1, 1, 1, 1, 1, 1, 1, 1, 1, 1, 1, 1, 1, 1, 1, 1, 1, 1, 1, 1, 1, 1, 1, 1, 1, 1, 1, 1, 1, 1, 1, 1, 1, 1, 1, 1, 1, 1, 1, 1, 1, 1, 1, 1, 1, 1, 1, 1, 1, 1, 1, 1, 1, 1, 1, 1, 1, 1, 1, 1, 1, 1, 1, 1, 1, 1, 1, 1, 1, 1, 1, 1, 1, 1, 1, 1, 1, 1, 1, 1, 1, 1, 1, 1, 1, 1, 1, 1, 1, 1, 1, 1, 1, 1, 1, 1, 1, 1, 1, 1, 1, 1, 1, 1, 1, 1, 1, 1, 1, 1, 1, 1, 1, 1, 1, 1, 1, 1, 1, 1, 1, 1, 1, 1, 1, 1, 1, 1, 1, 1, 1, 1, 1, 1, 1, 1, 1, 1, 1, 1, 1, 1, 1, 1, 1, 1, 1, 1, 1, 1, 1, 1, 1, 1, 1, 1, 1, 1, 1, 1, 1, 1, 1, 1, 1, 1, 1, 1, 1, 1, 1, 1, 1, 1, 1, 1, 1, 1, 1, 1, 1, 1, 1, 1, 1, 1, 1, 1, 1, 1, 1, 1, 1, 1, 1, 1, 1, 1, 1, 1, 1, 1, 1, 1, 1, 1, 1, 1, 1, 1, 1, 1, 1, 1, 1, 1, 1, 1, 1, 1, 1, 1, 1, 1, 1, 1, 1, 1, 1, 1, 1, 1, 1, 1, 1, 1, 1, 1, 1, 1, 1, 1, 1, 1, 1, 1, 1, 1, 1, 1, 0, 0, 0, 1, 1, 1, 1, 1, 1, 1, 1, 0, 1, 1, 0, 1, 1, 1, 1, 1, 1, 1, 1, 1, 1, 1, 0, 1, 1, 1, 0, 1, 1, 0, 0, 0, 0, 1, 1, 1, 1, 1, 1, 1, 1, 0, 0, 1, 1, 1, 0, 1, 0, 1, 1, 1, 1, 1, 1, 0);

-- --------------------------------------------------------

--
-- Tabellenstruktur für Tabelle `admin_access_scheme`
--

CREATE TABLE `admin_access_scheme` (
  `admin_access_scheme_id` int(11) NOT NULL,
  `admin_access_scheme_title` varchar(64) NOT NULL DEFAULT '',
  `date_created` datetime NOT NULL DEFAULT '0000-00-00 00:00:00'
) ENGINE=MyISAM DEFAULT CHARSET=utf8;

--
-- Daten für Tabelle `admin_access_scheme`
--

INSERT INTO `admin_access_scheme` (`admin_access_scheme_id`, `admin_access_scheme_title`, `date_created`) VALUES
(1, 'Kundendienst-Callcenter', '2008-01-14 13:08:28'),
(2, 'Kundendienst-Leitung', '2008-01-15 19:10:56'),
(3, 'Einkauf-Assistent-mit-Filialen', '2008-01-15 19:11:49'),
(4, 'Einkauf-Leitung-mit-Filialen', '2008-01-15 19:12:03'),
(5, 'Lager-Arbeiter', '2008-01-15 19:12:13'),
(6, 'Lager-Leitung-mit-Einkauf-und-Filialen', '2008-01-15 19:12:24'),
(7, 'Lager-Reklamationen (QM)', '2008-01-15 19:12:47'),
(8, 'Ebay-Handel-Assistent', '2008-01-15 19:12:59'),
(9, 'Ebay-Handel-Leitung', '2008-01-15 19:13:37'),
(10, 'Filiale-VerkÃƒÆ’Ã‚Â¤ufer', '2008-01-15 19:13:54'),
(11, 'Filial-Leitung-mit-Einkauf', '2008-01-15 19:14:24'),
(12, 'GeschÃƒÆ’Ã‚Â¤ftsfÃƒÆ’Ã‚Â¼hrung-Ohne-Filialen', '2008-01-15 19:22:29'),
(13, 'Buchhaltung-Leitung', '2008-01-15 19:22:43'),
(14, 'Buchhaltung-Assistent-mit-Einkauf', '2008-01-15 19:22:57'),
(15, 'GeschÃƒÆ’Ã‚Â¤ftsfÃƒÆ’Ã‚Â¼hrung-ALLES', '2008-01-18 13:53:37'),
(16, 'GeschÃƒÆ’Ã‚Â¤ftsfÃƒÆ’Ã‚Â¼hrung-Ohne-Einkauf', '2008-01-18 14:01:09'),
(17, 'GeschÃƒÆ’Ã‚Â¤ftsfÃƒÆ’Ã‚Â¼hrung-Ohne-Einkauf-ohne-Filialen', '2008-01-18 14:09:03'),
(18, 'Lager-Leitung-ohne-Einkauf u. Filialen', '2008-01-18 14:51:53'),
(19, 'Einkauf-Leitung-ohne-Filialen', '2008-01-30 14:04:47'),
(20, 'Einkauf-Assistent-ohne-Filialen', '2008-01-30 14:05:37'),
(21, 'GeschÃƒÆ’Ã‚Â¤ftsfÃƒÆ’Ã‚Â¼hrung-Assistent', '2008-01-30 17:05:17'),
(22, 'System-Admin-mit-scheme-und-change', '2008-01-30 18:18:49'),
(23, 'YES-System', '2008-01-30 18:39:31'),
(24, 'System-Admin-mit-scheme-ohne-change', '2008-01-30 18:46:53'),
(25, 'System-Admin-mit-change-ohne-scheme', '2008-01-30 18:52:10');

-- --------------------------------------------------------

--
-- Tabellenstruktur für Tabelle `admin_access_scheme_values`
--

CREATE TABLE `admin_access_scheme_values` (
  `admin_access_scheme_values_id` int(11) NOT NULL,
  `admin_access_scheme_id` int(11) NOT NULL DEFAULT '0',
  `admin_access_value` varchar(64) NOT NULL DEFAULT ''
) ENGINE=MyISAM DEFAULT CHARSET=utf8;

--
-- Daten für Tabelle `admin_access_scheme_values`
--

INSERT INTO `admin_access_scheme_values` (`admin_access_scheme_values_id`, `admin_access_scheme_id`, `admin_access_value`) VALUES
(282, 1, 'stats_reclamations'),
(281, 1, 'f_reclamations_add'),
(280, 1, 'f_reclamations_set_versand'),
(279, 1, 'mailarchive'),
(278, 1, 'reclamations_edit_products_serials'),
(277, 1, 'orders_edit_products_serials'),
(276, 1, 'f_products_stats_abverkaeufe'),
(275, 1, 'orders_split'),
(274, 1, 'notiz'),
(273, 1, 'print_rueckerstattung'),
(272, 1, 'print_retoure'),
(271, 1, 'rueckerstattungen_edit'),
(270, 1, 'rueckerstattungen_update'),
(269, 1, 'rueckerstattungen'),
(267, 1, 'reclamations_update'),
(268, 1, 'reclamations_edit'),
(266, 1, 'retoure_update'),
(265, 1, 'retoure_edit'),
(264, 1, 'retoure'),
(263, 1, 'print_reclamation_packingslip'),
(262, 1, 'print_reclamation'),
(261, 1, 'reclamations'),
(260, 1, 'f_products_history'),
(259, 1, 'products'),
(258, 1, 'f_orders_update_status'),
(257, 1, 'f_orders_edit_shipping'),
(256, 1, 'f_orders_edit_products'),
(255, 1, 'f_orders_edit_address'),
(254, 1, 'f_orders_view'),
(253, 1, 'f_orders_email'),
(252, 1, 'f_categories_edit'),
(251, 1, 'f_customers_new_order'),
(250, 1, 'f_customers_crm'),
(248, 1, 'orders_storno'),
(249, 1, 'f_customers_edit'),
(247, 1, 'shipping_history'),
(246, 1, 'ebay_email_finder'),
(245, 1, 'ebay_email_work'),
(244, 1, 'ebay_mail_filter'),
(243, 1, 'ebay_email'),
(242, 1, 'ebay_mail_reply'),
(241, 1, 'ebay_mail_view'),
(240, 1, 'orders_update'),
(239, 1, 'ebay_mail_textitems'),
(238, 1, 'ebay_mail_top'),
(237, 1, 'ebayapi_textitems'),
(236, 1, 'ebayapi_warnings'),
(235, 1, 'ebayapi_order_warning'),
(234, 1, 'ebaymail'),
(233, 1, 'ebay_mail_left'),
(232, 1, 'ebay_mail_main'),
(231, 1, 'combined_orders'),
(230, 1, 'ebayapi_mailview'),
(229, 1, 'ebay_mail_frame'),
(228, 1, 'orders_edit'),
(227, 1, 'start'),
(226, 1, 'categories'),
(225, 1, 'mail'),
(224, 1, 'popup_memo'),
(223, 1, 'print_order'),
(222, 1, 'orders'),
(221, 1, 'create_account'),
(220, 1, 'customers'),
(219, 1, 'feedback'),
(283, 1, 'f_reclamations_update_status'),
(284, 1, 'ebayapi_membermessages'),
(285, 1, 'advanced_search'),
(286, 1, 'ebayapi_popup_shopchoose'),
(287, 1, 'ajax_order_details'),
(288, 1, 'ajax_notice_header'),
(289, 1, 'popup_get_ebay_address'),
(290, 2, 'feedback'),
(291, 2, 'customers'),
(292, 2, 'create_account'),
(293, 2, 'orders'),
(294, 2, 'print_order'),
(295, 2, 'popup_memo'),
(296, 2, 'mail'),
(297, 2, 'categories'),
(298, 2, 'stats_products_purchased'),
(299, 2, 'start'),
(300, 2, 'content_manager'),
(301, 2, 'content_preview'),
(302, 2, 'orders_edit'),
(303, 2, 'ebay_mail_frame'),
(304, 2, 'combined_orders'),
(305, 2, 'ebay_mail_main'),
(306, 2, 'ebay_mail_left'),
(307, 2, 'ebaymail'),
(308, 2, 'ebayapi_warnings'),
(309, 2, 'ebayapi_textitems'),
(310, 2, 'ebay_mail_top'),
(311, 2, 'ebay_mail_textitems'),
(312, 2, 'distributor'),
(313, 2, 'orders_update'),
(314, 2, 'ebay_mail_view'),
(315, 2, 'ebay_mail_reply'),
(316, 2, 'ebay_email'),
(317, 2, 'ebay_mail_filter'),
(318, 2, 'ebay_email_work'),
(319, 2, 'ebay_email_finder'),
(320, 2, 'shipping_history'),
(321, 2, 'distributor_products'),
(322, 2, 'orders_storno'),
(323, 2, 'f_customers_edit'),
(324, 2, 'f_customers_crm'),
(325, 2, 'f_customers_editstatus'),
(326, 2, 'f_customers_accounting'),
(327, 2, 'f_customers_new_order'),
(328, 2, 'f_categories_edit'),
(329, 2, 'f_orders_view'),
(330, 2, 'f_orders_edit_address'),
(331, 2, 'f_orders_edit_products'),
(332, 2, 'f_orders_edit_shipping'),
(333, 2, 'products'),
(334, 2, 'f_products_history'),
(335, 2, 'reclamations'),
(336, 2, 'print_reclamation'),
(337, 2, 'print_reclamation_packingslip'),
(338, 2, 'retoure'),
(339, 2, 'retoure_edit'),
(340, 2, 'retoure_update'),
(341, 2, 'reclamations_update'),
(342, 2, 'reclamations_edit'),
(343, 2, 'rueckerstattungen'),
(344, 2, 'rueckerstattungen_update'),
(345, 2, 'rueckerstattungen_edit'),
(346, 2, 'print_retoure'),
(347, 2, 'print_rueckerstattung'),
(348, 2, 'notiz'),
(349, 2, 'orders_split'),
(350, 2, 'f_products_distributors_prices'),
(351, 2, 'f_change_products_status'),
(352, 2, 'f_products_stats_abverkaeufe'),
(353, 2, 'mailarchive'),
(354, 2, 'f_reclamations_set_versand'),
(355, 2, 'f_reclamations_add'),
(356, 2, 'stats_reclamations'),
(357, 2, 'f_reclamations_update_status'),
(358, 2, 'ebayapi_membermessages'),
(359, 2, 'advanced_search'),
(360, 2, 'ebayapi_popup_shopchoose'),
(361, 2, 'f_textitems_delete'),
(362, 2, 'ajax_order_details'),
(363, 2, 'ajax_notice_header'),
(364, 2, 'popup_get_ebay_address'),
(5837, 12, 'incoming_payments_paypal'),
(5836, 12, 'paypal'),
(5835, 12, 'f_change_order_if_status_bezahlt'),
(5834, 12, 'amazon_products'),
(5833, 12, 'ajax_notice_header'),
(5831, 12, 'reminder'),
(5832, 12, 'ajax_order_details'),
(5830, 12, 'yes_backup'),
(5829, 12, 'f_kasse_start_at_new_order'),
(5828, 12, 'f_change_products_price_fixing'),
(5827, 12, 'flashpoint_import'),
(5826, 12, 'popup_group_characteristic_select'),
(5825, 12, 'flashpoint_import_configuration'),
(5824, 12, 'mailaccounts'),
(5823, 12, 'token'),
(5822, 12, 'f_kasse_fibu_switch_paymentmethod_moneyorder'),
(5821, 12, 'ebayapi_shippingmethods'),
(5820, 12, 'f_textitems_delete'),
(5819, 12, 'distributor_invoices_edit_status'),
(5818, 12, 'f_orders_edit_payment'),
(5817, 12, 'distributor_invoices_reasons'),
(5816, 12, 'distributor_invoices_edit'),
(5815, 12, 'distributor_invoices'),
(5814, 12, 'f_distributor_new_invoice'),
(5813, 12, 'countries_allocation'),
(5812, 12, 'f_orders_rueckstand'),
(5811, 12, 'f_products_meldebestand'),
(5810, 12, 'ebayapi_shippingcosts'),
(5809, 12, 'ebayapi_payments'),
(5808, 12, 'units'),
(5807, 12, 'ebayapi_popup_shopchoose'),
(5806, 12, 'products_characteristics'),
(5805, 12, 'stats_ebayselling'),
(5804, 12, 'advanced_search'),
(5803, 12, 'ebayapi_ftpfile'),
(5802, 12, 'ebayapi_highbidder'),
(5801, 12, 'ebayapi_bestoffers'),
(5800, 12, 'ebayapi_membermessages'),
(5799, 12, 'otc'),
(5798, 12, 'f_orders_edit_after_shipping'),
(5797, 12, 'f_kasse_change_paydate'),
(5796, 12, 'f_products_ext_shippingcosts'),
(5795, 12, 'groups_allocation'),
(5794, 12, 'f_reclamations_update_status'),
(5793, 12, 'stats_reclamations'),
(5792, 12, 'f_reclamations_add'),
(5791, 12, 'stats_stock_overview'),
(5790, 12, 'f_reclamations_set_versand'),
(5788, 12, 'groups'),
(5789, 12, 'distributor_orders_proposal'),
(5786, 12, 'mailarchive'),
(5787, 12, 'products_groups'),
(5785, 12, 'reclamations_edit_products_serials'),
(5784, 12, 'orders_edit_products_serials'),
(5783, 12, 'products_serials'),
(5782, 12, 'f_change_products_serial_numbers'),
(5781, 12, 'f_products_stats_abverkaeufe'),
(5780, 12, 'ebayapi_automatic_timer'),
(5779, 12, 'ebayapi_automatic'),
(5778, 12, 'f_change_products_comments'),
(5777, 12, 'f_change_products_pics'),
(5776, 12, 'f_change_products_desc'),
(5775, 12, 'f_change_products_ebaytitle'),
(5774, 12, 'f_change_products_title'),
(5773, 12, 'f_change_products_meta'),
(5772, 12, 'f_change_products_defaultstorage'),
(5771, 12, 'f_change_products_ebaytemplate'),
(5769, 12, 'f_change_products_infotemplate'),
(5770, 12, 'f_change_products_optionstemplate'),
(5768, 12, 'f_change_products_shippingtime'),
(5767, 12, 'f_change_products_weight'),
(5766, 12, 'f_change_products_fsk18'),
(5765, 12, 'f_change_products_manufacturer'),
(5764, 12, 'f_change_products_barcode'),
(5763, 12, 'f_change_products_model'),
(5762, 12, 'f_change_products_sort'),
(5761, 12, 'f_change_products_size'),
(5760, 12, 'f_change_products_price'),
(5759, 12, 'f_change_products_date_available'),
(5758, 12, 'f_change_products_status'),
(5757, 12, 'f_lawyer_export_delete'),
(5756, 12, 'f_orders_notax'),
(5755, 12, 'f_switch_kasse_payment'),
(5754, 12, 'f_products_distributors_prices'),
(5753, 12, 'f_distributor_orders_bestellen'),
(5752, 12, 'distributor_orders_rueckbuch'),
(5751, 12, 'print_distributor_packingslip'),
(5750, 12, 'print_distributor_order'),
(5749, 12, 'f_distributor_orders_edit_products'),
(5748, 12, 'f_distributor_orders_edit_address'),
(5747, 12, 'distributor_orders_storno'),
(5746, 12, 'f_distributor_orders_update_status'),
(5745, 12, 'distributor_orders_update'),
(5744, 12, 'distributor_orders_edit'),
(5743, 12, 'f_distributor_orders_delete'),
(5742, 12, 'f_distributor_new_order'),
(5741, 12, 'distributor_orders'),
(5740, 12, 'distributor_orders_status'),
(5739, 12, 'lawyer_export'),
(5738, 12, 'f_products_quantity'),
(5737, 12, 'incoming_payments_stats'),
(5736, 12, 'product_collies'),
(5735, 12, 'orders_split'),
(5734, 12, 'notiz'),
(5733, 12, 'f_customers_set_admin'),
(5732, 12, 'ebayapi_relist'),
(5731, 12, 'ebay_mailtemplate'),
(5729, 12, 'ebay_template'),
(5730, 12, 'stats_auctionfees'),
(5728, 12, 'print_rueckerstattung'),
(5727, 12, 'print_retoure'),
(5726, 12, 'rueckerstattungen_edit'),
(5725, 12, 'rueckerstattungen_update'),
(5724, 12, 'rueckerstattungen'),
(5723, 12, 'reclamations_edit'),
(5722, 12, 'reclamations_update'),
(5721, 12, 'retoure_update'),
(5720, 12, 'retoure_edit'),
(5719, 12, 'retoure'),
(5718, 12, 'print_reclamation_packingslip'),
(5717, 12, 'print_reclamation'),
(5716, 12, 'ebayapi_timerdelays'),
(5715, 12, 'reclamations'),
(5714, 12, 'f_products_history'),
(5713, 12, 'ebayapi_favorite_category'),
(5712, 12, 'products_short_description'),
(5711, 12, 'products_description'),
(5709, 12, 'shipping_graduation'),
(5710, 12, 'products_extra_text'),
(5706, 12, 'f_storage_numbers_edit'),
(5707, 12, 'f_storage_numbers_new'),
(5708, 12, 'products'),
(5705, 12, 'print_order_warnings'),
(5704, 12, 'f_orders_update_status'),
(5703, 12, 'f_orders_edit_stammdaten'),
(5702, 12, 'f_orders_edit_shipping'),
(5701, 12, 'f_orders_edit_products'),
(5700, 12, 'f_orders_edit_address'),
(5699, 12, 'f_orders_view'),
(5698, 12, 'f_orders_delete_cc'),
(5697, 12, 'f_orders_delete'),
(5696, 12, 'f_orders_email'),
(5695, 12, 'f_categories_editspecial'),
(5694, 12, 'f_categories_edit'),
(5693, 12, 'f_customers_new_order'),
(5692, 12, 'f_customers_iplog'),
(5691, 12, 'f_customers_accounting'),
(5690, 12, 'f_customers_editstatus'),
(5689, 12, 'f_customers_crm'),
(5688, 12, 'f_customers_edit'),
(5687, 12, 'orders_storno'),
(5686, 12, 'distributor_products'),
(5685, 12, 'distributor_contacts'),
(5684, 12, 'shipping_history'),
(5683, 12, 'ebay_email_finder'),
(5682, 12, 'ebay_email_work'),
(5681, 12, 'ebay_mail_filter'),
(5680, 12, 'ebay_email'),
(5679, 12, 'ebay_mail_reply'),
(5678, 12, 'ebay_mail_view'),
(5677, 12, 'stats_stock_warning'),
(5676, 12, 'stats_kasse'),
(5675, 12, 'stats_auctions'),
(5673, 12, 'shipping'),
(5674, 12, 'orders_update'),
(5672, 12, 'kasse'),
(5671, 12, 'ebayapi_ebayshop_popup'),
(5670, 12, 'extern_print_order'),
(5668, 12, 'storage_admin'),
(5669, 12, 'storage'),
(5667, 12, 'ebayapi_feedback'),
(5666, 12, 'storage_numbers'),
(5665, 12, 'distributor'),
(5664, 12, 'ebay_mail_textitems'),
(5663, 12, 'incoming_payments'),
(5662, 12, 'ebay_mail_top'),
(5661, 12, 'ebayapi_textitems'),
(5660, 12, 'ebayapi_warnings'),
(5659, 12, 'ebayapi_getcategorys'),
(5657, 12, 'ebayapi_order_warning'),
(5658, 12, 'ebayapi_cart'),
(5656, 12, 'ebaymail'),
(5654, 12, 'ebay_mail_main'),
(5655, 12, 'ebay_mail_left'),
(5653, 12, 'combined_orders'),
(5652, 12, 'xsell_products'),
(5651, 12, 'ebayapi_cart_admin'),
(5650, 12, 'ebayapi_preview'),
(5649, 12, 'ebayapi_popup_catchoose'),
(5648, 12, 'ebayapi_categoryshow'),
(5647, 12, 'ebayapi_shopcatshow'),
(5646, 12, 'ebayapi_mailview'),
(5645, 12, 'ebayapi_mailgetter'),
(5644, 12, 'ebayapi_filebrowser_view'),
(5643, 12, 'ebayapi_filebrowser'),
(5642, 12, 'ebay_transactions'),
(5156, 15, 'distributor_invoices'),
(5155, 15, 'f_distributor_new_invoice'),
(5154, 15, 'countries_allocation'),
(5152, 15, 'f_products_meldebestand'),
(5153, 15, 'f_orders_rueckstand'),
(5151, 15, 'ebayapi_shippingcosts'),
(5150, 15, 'ebayapi_payments'),
(5149, 15, 'units'),
(5148, 15, 'ebayapi_popup_shopchoose'),
(5147, 15, 'fck_xml'),
(5145, 15, 'stats_ebayselling'),
(5146, 15, 'products_characteristics'),
(5144, 15, 'advanced_search'),
(5143, 15, 'ebayapi_ftpfile'),
(5142, 15, 'ebayapi_highbidder'),
(5141, 15, 'ebayapi_bestoffers'),
(5139, 15, 'otc'),
(5140, 15, 'ebayapi_membermessages'),
(5138, 15, 'branch_products'),
(5137, 15, 'branch'),
(5136, 15, 'f_orders_edit_after_shipping'),
(5135, 15, 'f_kasse_change_paydate'),
(5134, 15, 'f_products_ext_shippingcosts'),
(5133, 15, 'groups_allocation'),
(5132, 15, 'f_reclamations_update_status'),
(5131, 15, 'stats_reclamations'),
(5130, 15, 'f_reclamations_add'),
(5129, 15, 'stats_stock_overview'),
(5128, 15, 'f_reclamations_set_versand'),
(5127, 15, 'distributor_orders_proposal'),
(5126, 15, 'groups'),
(5125, 15, 'products_groups'),
(5124, 15, 'mailarchive'),
(5123, 15, 'reclamations_edit_products_serials'),
(5122, 15, 'orders_edit_products_serials'),
(5121, 15, 'products_serials'),
(5120, 15, 'f_change_products_serial_numbers'),
(5119, 15, 'f_products_stats_abverkaeufe'),
(5117, 15, 'ebayapi_automatic'),
(5118, 15, 'ebayapi_automatic_timer'),
(5116, 15, 'f_change_products_comments'),
(5115, 15, 'f_change_products_pics'),
(5114, 15, 'f_change_products_desc'),
(5113, 15, 'f_change_products_ebaytitle'),
(5112, 15, 'f_change_products_title'),
(5111, 15, 'f_change_products_meta'),
(5110, 15, 'f_change_products_defaultstorage'),
(5109, 15, 'f_change_products_ebaytemplate'),
(5108, 15, 'f_change_products_optionstemplate'),
(5107, 15, 'f_change_products_infotemplate'),
(5106, 15, 'f_change_products_shippingtime'),
(5105, 15, 'f_change_products_weight'),
(5104, 15, 'f_change_products_fsk18'),
(5103, 15, 'f_change_products_manufacturer'),
(5102, 15, 'f_change_products_barcode'),
(5101, 15, 'f_change_products_model'),
(5100, 15, 'f_change_products_sort'),
(5099, 15, 'f_change_products_size'),
(5098, 15, 'f_change_products_price'),
(5097, 15, 'f_change_products_date_available'),
(5096, 15, 'f_change_products_status'),
(5095, 15, 'f_lawyer_export_delete'),
(5094, 15, 'f_orders_notax'),
(5093, 15, 'f_switch_kasse_payment'),
(5092, 15, 'f_products_distributors_prices'),
(5091, 15, 'f_distributor_orders_bestellen'),
(5090, 15, 'distributor_orders_rueckbuch'),
(5089, 15, 'print_distributor_packingslip'),
(5088, 15, 'print_distributor_order'),
(5087, 15, 'f_distributor_orders_edit_products'),
(5086, 15, 'f_distributor_orders_edit_address'),
(5085, 15, 'distributor_orders_storno'),
(5084, 15, 'f_distributor_orders_update_status'),
(5083, 15, 'distributor_orders_update'),
(5082, 15, 'distributor_orders_edit'),
(5081, 15, 'f_distributor_orders_delete'),
(5080, 15, 'f_distributor_new_order'),
(5079, 15, 'distributor_orders'),
(5078, 15, 'distributor_orders_status'),
(5077, 15, 'lawyer_export'),
(5076, 15, 'f_products_quantity'),
(5075, 15, 'incoming_payments_stats'),
(5074, 15, 'product_collies'),
(5073, 15, 'orders_split'),
(5072, 15, 'notiz'),
(5071, 15, 'f_customers_set_admin'),
(5070, 15, 'ebayapi_relist'),
(5069, 15, 'ebay_mailtemplate'),
(5068, 15, 'stats_auctionfees'),
(5067, 15, 'ebay_template'),
(5066, 15, 'print_rueckerstattung'),
(5065, 15, 'print_retoure'),
(5064, 15, 'rueckerstattungen_edit'),
(5063, 15, 'rueckerstattungen_update'),
(5062, 15, 'rueckerstattungen'),
(5061, 15, 'reclamations_edit'),
(5060, 15, 'reclamations_update'),
(5059, 15, 'retoure_update'),
(5058, 15, 'retoure_edit'),
(5057, 15, 'retoure'),
(5056, 15, 'print_reclamation_packingslip'),
(5055, 15, 'print_reclamation'),
(5054, 15, 'ebayapi_timerdelays'),
(5053, 15, 'reclamations'),
(5052, 15, 'f_products_history'),
(5051, 15, 'ebayapi_favorite_category'),
(5050, 15, 'products_short_description'),
(5049, 15, 'products_description'),
(5048, 15, 'products_extra_text'),
(5047, 15, 'shipping_graduation'),
(5046, 15, 'products'),
(5045, 15, 'f_storage_numbers_new'),
(5044, 15, 'f_storage_numbers_edit'),
(5043, 15, 'print_order_warnings'),
(5042, 15, 'f_orders_update_status'),
(5041, 15, 'f_orders_edit_stammdaten'),
(5040, 15, 'f_orders_edit_shipping'),
(5039, 15, 'f_orders_edit_products'),
(5038, 15, 'f_orders_edit_address'),
(5037, 15, 'f_orders_view'),
(5036, 15, 'f_orders_delete_cc'),
(5035, 15, 'f_orders_delete'),
(5034, 15, 'f_orders_email'),
(5032, 15, 'f_categories_edit'),
(5033, 15, 'f_categories_editspecial'),
(5031, 15, 'f_customers_new_order'),
(5030, 15, 'f_customers_iplog'),
(5029, 15, 'f_customers_accounting'),
(5028, 15, 'f_customers_editstatus'),
(5027, 15, 'f_customers_crm'),
(5026, 15, 'f_customers_edit'),
(5025, 15, 'orders_storno'),
(5024, 15, 'distributor_products'),
(5023, 15, 'distributor_contacts'),
(5022, 15, 'shipping_history'),
(5021, 15, 'ebay_email_finder'),
(5020, 15, 'ebay_email_work'),
(5019, 15, 'ebay_mail_filter'),
(5018, 15, 'ebay_email'),
(5017, 15, 'ebay_mail_reply'),
(5016, 15, 'ebay_mail_view'),
(5015, 15, 'stats_stock_warning'),
(5014, 15, 'stats_kasse'),
(5013, 15, 'stats_auctions'),
(5012, 15, 'orders_update'),
(5011, 15, 'shipping'),
(5010, 15, 'kasse'),
(5009, 15, 'ebayapi_ebayshop_popup'),
(5007, 15, 'storage'),
(5008, 15, 'extern_print_order'),
(5006, 15, 'storage_admin'),
(5005, 15, 'ebayapi_feedback'),
(5004, 15, 'storage_numbers'),
(5003, 15, 'distributor'),
(5002, 15, 'ebay_mail_textitems'),
(5001, 15, 'incoming_payments'),
(5000, 15, 'ebay_mail_top'),
(4999, 15, 'ebayapi_textitems'),
(4998, 15, 'ebayapi_warnings'),
(4997, 15, 'ebayapi_getcategorys'),
(4996, 15, 'ebayapi_cart'),
(4995, 15, 'ebayapi_order_warning'),
(4994, 15, 'ebaymail'),
(4993, 15, 'ebay_mail_left'),
(6058, 16, 'f_branch_delete'),
(6057, 16, 'branches_transfer'),
(6056, 16, 'mailclient'),
(6055, 16, 'export_ebay_products'),
(6054, 16, 'export_order_stats'),
(6052, 16, 'incoming_payments_paypal'),
(6053, 16, 'popup_get_ebay_address'),
(6048, 16, 'ajax_notice_header'),
(6049, 16, 'amazon_products'),
(6050, 16, 'f_change_order_if_status_bezahlt'),
(6051, 16, 'paypal'),
(6047, 16, 'ajax_order_details'),
(6046, 16, 'reminder'),
(6045, 16, 'yes_backup'),
(6044, 16, 'f_kasse_start_at_new_order'),
(6043, 16, 'f_change_products_price_fixing'),
(6042, 16, 'flashpoint_import'),
(6041, 16, 'popup_group_characteristic_select'),
(6040, 16, 'flashpoint_import_configuration'),
(6039, 16, 'mailaccounts'),
(6038, 16, 'token'),
(6037, 16, 'f_kasse_fibu_switch_paymentmethod_moneyorder'),
(6036, 16, 'ebayapi_shippingmethods'),
(6035, 16, 'f_textitems_delete'),
(6034, 16, 'f_orders_edit_payment'),
(6033, 16, 'countries_allocation'),
(6032, 16, 'f_orders_rueckstand'),
(6031, 16, 'f_products_meldebestand'),
(6029, 16, 'ebayapi_payments'),
(6030, 16, 'ebayapi_shippingcosts'),
(6028, 16, 'units'),
(6027, 16, 'ebayapi_popup_shopchoose'),
(6026, 16, 'fck_xml'),
(6025, 16, 'products_characteristics'),
(6024, 16, 'stats_ebayselling'),
(6023, 16, 'advanced_search'),
(6022, 16, 'ebayapi_ftpfile'),
(6021, 16, 'ebayapi_highbidder'),
(6020, 16, 'ebayapi_bestoffers'),
(6019, 16, 'ebayapi_membermessages'),
(6017, 16, 'branch_products'),
(6018, 16, 'otc'),
(6016, 16, 'branch'),
(6015, 16, 'f_orders_edit_after_shipping'),
(6014, 16, 'f_kasse_change_paydate'),
(6013, 16, 'f_products_ext_shippingcosts'),
(6010, 16, 'stats_reclamations'),
(6011, 16, 'f_reclamations_update_status'),
(6012, 16, 'groups_allocation'),
(6009, 16, 'f_reclamations_add'),
(6008, 16, 'stats_stock_overview'),
(6007, 16, 'f_reclamations_set_versand'),
(6004, 16, 'mailarchive'),
(6005, 16, 'products_groups'),
(6006, 16, 'groups'),
(6003, 16, 'reclamations_edit_products_serials'),
(6001, 16, 'products_serials'),
(6002, 16, 'orders_edit_products_serials'),
(6000, 16, 'f_change_products_serial_numbers'),
(5999, 16, 'f_products_stats_abverkaeufe'),
(5996, 16, 'f_change_products_comments'),
(5997, 16, 'ebayapi_automatic'),
(5998, 16, 'ebayapi_automatic_timer'),
(5995, 16, 'f_change_products_pics'),
(5994, 16, 'f_change_products_desc'),
(5993, 16, 'f_change_products_ebaytitle'),
(5992, 16, 'f_change_products_title'),
(5991, 16, 'f_change_products_meta'),
(5990, 16, 'f_change_products_defaultstorage'),
(5989, 16, 'f_change_products_ebaytemplate'),
(5988, 16, 'f_change_products_optionstemplate'),
(5987, 16, 'f_change_products_infotemplate'),
(5986, 16, 'f_change_products_shippingtime'),
(5985, 16, 'f_change_products_weight'),
(5984, 16, 'f_change_products_fsk18'),
(5983, 16, 'f_change_products_manufacturer'),
(5982, 16, 'f_change_products_barcode'),
(5981, 16, 'f_change_products_model'),
(5980, 16, 'f_change_products_sort'),
(5979, 16, 'f_change_products_size'),
(5978, 16, 'f_change_products_price'),
(5977, 16, 'f_change_products_date_available'),
(5976, 16, 'f_change_products_status'),
(5975, 16, 'f_lawyer_export_delete'),
(5974, 16, 'f_orders_notax'),
(5973, 16, 'f_switch_kasse_payment'),
(5971, 16, 'f_products_quantity'),
(5972, 16, 'lawyer_export'),
(5970, 16, 'incoming_payments_stats'),
(5968, 16, 'orders_split'),
(5969, 16, 'product_collies'),
(5967, 16, 'notiz'),
(5966, 16, 'f_customers_set_admin'),
(5965, 16, 'ebayapi_relist'),
(5964, 16, 'ebay_mailtemplate'),
(5963, 16, 'stats_auctionfees'),
(5962, 16, 'ebay_template'),
(5961, 16, 'print_rueckerstattung'),
(5960, 16, 'print_retoure'),
(5959, 16, 'rueckerstattungen_edit'),
(5958, 16, 'rueckerstattungen_update'),
(5957, 16, 'rueckerstattungen'),
(5956, 16, 'reclamations_edit'),
(5955, 16, 'reclamations_update'),
(5954, 16, 'retoure_update'),
(5953, 16, 'retoure_edit'),
(5952, 16, 'retoure'),
(5951, 16, 'print_reclamation_packingslip'),
(5950, 16, 'print_reclamation'),
(5948, 16, 'reclamations'),
(5949, 16, 'ebayapi_timerdelays'),
(5947, 16, 'f_products_history'),
(5946, 16, 'ebayapi_favorite_category'),
(5945, 16, 'products_short_description'),
(5944, 16, 'products_description'),
(5943, 16, 'products_extra_text'),
(5942, 16, 'shipping_graduation'),
(5941, 16, 'products'),
(5940, 16, 'f_storage_numbers_new'),
(5939, 16, 'f_storage_numbers_edit'),
(5938, 16, 'print_order_warnings'),
(5936, 16, 'f_orders_edit_stammdaten'),
(5937, 16, 'f_orders_update_status'),
(5935, 16, 'f_orders_edit_shipping'),
(5933, 16, 'f_orders_edit_address'),
(5934, 16, 'f_orders_edit_products'),
(5932, 16, 'f_orders_view'),
(5931, 16, 'f_orders_delete_cc'),
(5930, 16, 'f_orders_delete'),
(5929, 16, 'f_orders_email'),
(5928, 16, 'f_categories_editspecial'),
(5927, 16, 'f_categories_edit'),
(5926, 16, 'f_customers_new_order'),
(5925, 16, 'f_customers_iplog'),
(5924, 16, 'f_customers_accounting'),
(5923, 16, 'f_customers_editstatus'),
(5922, 16, 'f_customers_crm'),
(5921, 16, 'f_customers_edit'),
(5920, 16, 'orders_storno'),
(5919, 16, 'shipping_history'),
(5918, 16, 'ebay_email_finder'),
(5917, 16, 'ebay_email_work'),
(5916, 16, 'ebay_mail_filter'),
(5915, 16, 'ebay_email'),
(5914, 16, 'ebay_mail_reply'),
(5913, 16, 'ebay_mail_view'),
(5912, 16, 'stats_stock_warning'),
(5911, 16, 'stats_kasse'),
(5910, 16, 'stats_auctions'),
(5909, 16, 'orders_update'),
(5908, 16, 'shipping'),
(5907, 16, 'kasse'),
(5906, 16, 'ebayapi_ebayshop_popup'),
(6441, 17, 'incoming_payments_paypal'),
(6440, 17, 'paypal'),
(6439, 17, 'f_change_order_if_status_bezahlt'),
(6438, 17, 'amazon_products'),
(6437, 17, 'ajax_notice_header'),
(6436, 17, 'ajax_order_details'),
(6435, 17, 'reminder'),
(6434, 17, 'yes_backup'),
(6433, 17, 'f_kasse_start_at_new_order'),
(6431, 17, 'flashpoint_import'),
(6432, 17, 'f_change_products_price_fixing'),
(6430, 17, 'popup_group_characteristic_select'),
(6429, 17, 'flashpoint_import_configuration'),
(6428, 17, 'mailaccounts'),
(6427, 17, 'token'),
(6426, 17, 'f_kasse_fibu_switch_paymentmethod_moneyorder'),
(6425, 17, 'ebayapi_shippingmethods'),
(6424, 17, 'f_textitems_delete'),
(6423, 17, 'f_orders_edit_payment'),
(6422, 17, 'countries_allocation'),
(6421, 17, 'f_orders_rueckstand'),
(6420, 17, 'f_products_meldebestand'),
(6419, 17, 'ebayapi_shippingcosts'),
(6418, 17, 'ebayapi_payments'),
(6417, 17, 'units'),
(6416, 17, 'ebayapi_popup_shopchoose'),
(6415, 17, 'fck_xml'),
(6414, 17, 'products_characteristics'),
(6413, 17, 'stats_ebayselling'),
(6412, 17, 'advanced_search'),
(6411, 17, 'ebayapi_ftpfile'),
(6410, 17, 'ebayapi_highbidder'),
(6409, 17, 'ebayapi_bestoffers'),
(6408, 17, 'ebayapi_membermessages'),
(6407, 17, 'otc'),
(6406, 17, 'f_orders_edit_after_shipping'),
(6405, 17, 'f_kasse_change_paydate'),
(6404, 17, 'f_products_ext_shippingcosts'),
(6403, 17, 'groups_allocation'),
(6402, 17, 'f_reclamations_update_status'),
(6401, 17, 'stats_reclamations'),
(6400, 17, 'f_reclamations_add'),
(6399, 17, 'stats_stock_overview'),
(6398, 17, 'f_reclamations_set_versand'),
(6397, 17, 'groups'),
(6396, 17, 'products_groups'),
(6395, 17, 'mailarchive'),
(6394, 17, 'reclamations_edit_products_serials'),
(6393, 17, 'orders_edit_products_serials'),
(6392, 17, 'products_serials'),
(6391, 17, 'f_change_products_serial_numbers'),
(6390, 17, 'f_products_stats_abverkaeufe'),
(6387, 17, 'f_change_products_comments'),
(6388, 17, 'ebayapi_automatic'),
(6389, 17, 'ebayapi_automatic_timer'),
(6386, 17, 'f_change_products_pics'),
(6385, 17, 'f_change_products_desc'),
(6384, 17, 'f_change_products_ebaytitle'),
(6383, 17, 'f_change_products_title'),
(6381, 17, 'f_change_products_defaultstorage'),
(6382, 17, 'f_change_products_meta'),
(6380, 17, 'f_change_products_ebaytemplate'),
(6379, 17, 'f_change_products_optionstemplate'),
(6378, 17, 'f_change_products_infotemplate'),
(6377, 17, 'f_change_products_shippingtime'),
(6376, 17, 'f_change_products_weight'),
(6375, 17, 'f_change_products_fsk18'),
(6374, 17, 'f_change_products_manufacturer'),
(6373, 17, 'f_change_products_barcode'),
(6372, 17, 'f_change_products_model'),
(6371, 17, 'f_change_products_sort'),
(6369, 17, 'f_change_products_price'),
(6370, 17, 'f_change_products_size'),
(6368, 17, 'f_change_products_date_available'),
(6367, 17, 'f_change_products_status'),
(6366, 17, 'f_lawyer_export_delete'),
(6365, 17, 'f_orders_notax'),
(6364, 17, 'f_switch_kasse_payment'),
(6363, 17, 'lawyer_export'),
(6362, 17, 'f_products_quantity'),
(6361, 17, 'incoming_payments_stats'),
(6360, 17, 'product_collies'),
(6359, 17, 'orders_split'),
(6358, 17, 'notiz'),
(6357, 17, 'f_customers_set_admin'),
(6356, 17, 'ebayapi_relist'),
(6355, 17, 'ebay_mailtemplate'),
(6354, 17, 'stats_auctionfees'),
(6353, 17, 'ebay_template'),
(6352, 17, 'print_rueckerstattung'),
(6351, 17, 'print_retoure'),
(6350, 17, 'rueckerstattungen_edit'),
(6349, 17, 'rueckerstattungen_update'),
(6348, 17, 'rueckerstattungen'),
(6347, 17, 'reclamations_edit'),
(6346, 17, 'reclamations_update'),
(6345, 17, 'retoure_update'),
(6344, 17, 'retoure_edit'),
(6343, 17, 'retoure'),
(6342, 17, 'print_reclamation_packingslip'),
(6341, 17, 'print_reclamation'),
(6340, 17, 'ebayapi_timerdelays'),
(6339, 17, 'reclamations'),
(6338, 17, 'f_products_history'),
(6337, 17, 'ebayapi_favorite_category'),
(6336, 17, 'products_short_description'),
(6335, 17, 'products_description'),
(6334, 17, 'products_extra_text'),
(6333, 17, 'shipping_graduation'),
(6332, 17, 'products'),
(6331, 17, 'f_storage_numbers_new'),
(6330, 17, 'f_storage_numbers_edit'),
(6329, 17, 'print_order_warnings'),
(6328, 17, 'f_orders_update_status'),
(6327, 17, 'f_orders_edit_stammdaten'),
(6326, 17, 'f_orders_edit_shipping'),
(6325, 17, 'f_orders_edit_products'),
(6324, 17, 'f_orders_edit_address'),
(6323, 17, 'f_orders_view'),
(6322, 17, 'f_orders_delete_cc'),
(6321, 17, 'f_orders_delete'),
(6319, 17, 'f_categories_editspecial'),
(6320, 17, 'f_orders_email'),
(6318, 17, 'f_categories_edit'),
(6317, 17, 'f_customers_new_order'),
(6316, 17, 'f_customers_iplog'),
(6315, 17, 'f_customers_accounting'),
(6314, 17, 'f_customers_editstatus'),
(6313, 17, 'f_customers_crm'),
(6312, 17, 'f_customers_edit'),
(6311, 17, 'orders_storno'),
(6310, 17, 'shipping_history'),
(6309, 17, 'ebay_email_finder'),
(6308, 17, 'ebay_email_work'),
(6307, 17, 'ebay_mail_filter'),
(6306, 17, 'ebay_email'),
(6305, 17, 'ebay_mail_reply'),
(6304, 17, 'ebay_mail_view'),
(6303, 17, 'stats_stock_warning'),
(6302, 17, 'stats_kasse'),
(6301, 17, 'stats_auctions'),
(6300, 17, 'orders_update'),
(6299, 17, 'shipping'),
(6298, 17, 'kasse'),
(6297, 17, 'ebayapi_ebayshop_popup'),
(6296, 17, 'extern_print_order'),
(6295, 17, 'storage'),
(6294, 17, 'storage_admin'),
(6293, 17, 'ebayapi_feedback'),
(6292, 17, 'storage_numbers'),
(1594, 5, 'feedback'),
(1595, 5, 'customers'),
(1596, 5, 'orders'),
(1597, 5, 'popup_memo'),
(1598, 5, 'categories'),
(1599, 5, 'start'),
(1600, 5, 'storage_admin'),
(1601, 5, 'storage'),
(1602, 5, 'orders_update'),
(1603, 5, 'f_customers_crm'),
(1604, 5, 'f_categories_edit'),
(1605, 5, 'f_orders_view'),
(1606, 5, 'products'),
(1607, 5, 'f_products_history'),
(1608, 5, 'reclamations'),
(1609, 5, 'retoure'),
(1610, 5, 'retoure_update'),
(1611, 5, 'reclamations_update'),
(1612, 5, 'notiz'),
(1613, 5, 'otc'),
(1614, 5, 'advanced_search'),
(1615, 5, 'ebayapi_popup_shopchoose'),
(1616, 5, 'ajax_notice_header'),
(1617, 5, 'amazon_products'),
(5641, 12, 'ebay_categoryshow'),
(5639, 12, 'ebay_mail_frame'),
(5640, 12, 'ebay_shopcatshow'),
(5637, 12, 'content_preview'),
(5638, 12, 'orders_edit'),
(5635, 12, 'start'),
(5636, 12, 'content_manager'),
(5634, 12, 'xml_export'),
(5633, 12, 'module_newsletter'),
(5632, 12, 'stats_sales_report'),
(5631, 12, 'stats_customers'),
(5630, 12, 'stats_products_purchased'),
(5629, 12, 'stats_products_viewed'),
(5628, 12, 'stats_products_expected'),
(5627, 12, 'specials'),
(5626, 12, 'reviews'),
(5625, 12, 'manufacturers'),
(5624, 12, 'categories'),
(5623, 12, 'mail'),
(5622, 12, 'popup_memo'),
(5621, 12, 'print_order'),
(5620, 12, 'print_packingslip'),
(6131, 6, 'branch'),
(6130, 6, 'groups_allocation'),
(6129, 6, 'stats_reclamations'),
(6128, 6, 'stats_stock_overview'),
(6127, 6, 'distributor_orders_proposal'),
(6126, 6, 'groups'),
(6125, 6, 'products_groups'),
(6123, 6, 'products_serials'),
(6124, 6, 'mailarchive'),
(6121, 6, 'f_products_stats_abverkaeufe'),
(6122, 6, 'f_change_products_serial_numbers'),
(6120, 6, 'f_change_products_comments'),
(6119, 6, 'f_change_products_defaultstorage'),
(6118, 6, 'f_change_products_weight'),
(6117, 6, 'f_change_products_manufacturer'),
(6116, 6, 'f_change_products_barcode'),
(6115, 6, 'f_change_products_model'),
(6114, 6, 'f_change_products_size'),
(6113, 6, 'f_change_products_date_available'),
(6112, 6, 'f_change_products_status'),
(6111, 6, 'print_distributor_order'),
(6110, 6, 'distributor_orders_update'),
(6109, 6, 'distributor_orders'),
(6108, 6, 'f_products_quantity'),
(6107, 6, 'product_collies'),
(6106, 6, 'notiz'),
(6105, 6, 'print_retoure'),
(6104, 6, 'reclamations_update'),
(6103, 6, 'retoure'),
(6102, 6, 'print_reclamation'),
(6101, 6, 'reclamations'),
(6100, 6, 'f_products_history'),
(6099, 6, 'products'),
(6098, 6, 'f_storage_numbers_new'),
(6097, 6, 'f_storage_numbers_edit'),
(6096, 6, 'print_order_warnings'),
(6095, 6, 'f_orders_view'),
(6094, 6, 'f_orders_email'),
(6093, 6, 'f_categories_edit'),
(6092, 6, 'f_customers_crm'),
(6091, 6, 'distributor_products'),
(6090, 6, 'distributor_contacts'),
(6089, 6, 'shipping_history'),
(6088, 6, 'ebay_email_finder'),
(6087, 6, 'ebay_email_work'),
(6086, 6, 'ebay_mail_filter'),
(6085, 6, 'ebay_email'),
(6084, 6, 'ebay_mail_reply'),
(6083, 6, 'ebay_mail_view'),
(6082, 6, 'orders_update'),
(6081, 6, 'shipping'),
(6080, 6, 'storage'),
(6079, 6, 'storage_admin'),
(6078, 6, 'storage_numbers'),
(6077, 6, 'distributor'),
(6076, 6, 'ebay_mail_textitems'),
(6075, 6, 'ebay_mail_top'),
(6074, 6, 'ebayapi_textitems'),
(6073, 6, 'ebaymail'),
(6072, 6, 'ebay_mail_left'),
(6071, 6, 'ebay_mail_main'),
(6070, 6, 'ebayapi_preview'),
(6069, 6, 'ebay_mail_frame'),
(6068, 6, 'content_preview'),
(6067, 6, 'content_manager'),
(2320, 18, 'f_change_products_size'),
(2319, 18, 'f_change_products_date_available'),
(2318, 18, 'f_change_products_status'),
(2317, 18, 'f_products_quantity'),
(2316, 18, 'product_collies'),
(2315, 18, 'notiz'),
(2314, 18, 'print_retoure'),
(2313, 18, 'reclamations_update'),
(2312, 18, 'retoure'),
(2311, 18, 'print_reclamation'),
(2310, 18, 'reclamations'),
(2309, 18, 'f_products_history'),
(2308, 18, 'products'),
(2307, 18, 'f_storage_numbers_new'),
(2306, 18, 'f_storage_numbers_edit'),
(2305, 18, 'print_order_warnings'),
(2304, 18, 'f_orders_view'),
(2303, 18, 'f_orders_email'),
(2302, 18, 'f_categories_edit'),
(2301, 18, 'f_customers_crm'),
(2300, 18, 'shipping_history'),
(2299, 18, 'ebay_email_finder'),
(2298, 18, 'ebay_email_work'),
(2297, 18, 'ebay_mail_filter'),
(2296, 18, 'ebay_email'),
(2295, 18, 'ebay_mail_reply'),
(2294, 18, 'ebay_mail_view'),
(2293, 18, 'orders_update'),
(2292, 18, 'shipping'),
(2291, 18, 'storage'),
(2290, 18, 'storage_admin'),
(2289, 18, 'storage_numbers'),
(2288, 18, 'ebay_mail_textitems'),
(2287, 18, 'ebay_mail_top'),
(2286, 18, 'ebayapi_textitems'),
(2285, 18, 'ebaymail'),
(2284, 18, 'ebay_mail_left'),
(2283, 18, 'ebay_mail_main'),
(2282, 18, 'ebayapi_preview'),
(2281, 18, 'ebay_mail_frame'),
(2280, 18, 'content_preview'),
(2279, 18, 'content_manager'),
(2278, 18, 'start'),
(2277, 18, 'stats_products_purchased'),
(2276, 18, 'manufacturers'),
(2275, 18, 'categories'),
(2274, 18, 'mail'),
(2273, 18, 'orders'),
(2272, 18, 'customers'),
(2271, 18, 'feedback'),
(2081, 7, 'feedback'),
(2082, 7, 'customers'),
(2083, 7, 'orders'),
(2084, 7, 'print_packingslip'),
(2085, 7, 'print_order'),
(2086, 7, 'popup_memo'),
(2087, 7, 'mail'),
(2088, 7, 'categories'),
(2089, 7, 'stats_products_purchased'),
(2090, 7, 'start'),
(2091, 7, 'content_preview'),
(2092, 7, 'orders_edit'),
(2093, 7, 'ebay_mail_frame'),
(2094, 7, 'ebayapi_mailgetter'),
(2095, 7, 'ebayapi_mailview'),
(2096, 7, 'ebay_mail_main'),
(2097, 7, 'ebay_mail_left'),
(2098, 7, 'ebaymail'),
(2099, 7, 'ebayapi_textitems'),
(2100, 7, 'ebay_mail_top'),
(2101, 7, 'ebay_mail_textitems'),
(2102, 7, 'storage_admin'),
(2103, 7, 'orders_update'),
(2104, 7, 'ebay_mail_view'),
(2105, 7, 'ebay_mail_reply'),
(2106, 7, 'ebay_email'),
(2107, 7, 'ebay_mail_filter'),
(2108, 7, 'ebay_email_work'),
(2109, 7, 'ebay_email_finder'),
(2110, 7, 'f_customers_crm'),
(2111, 7, 'f_customers_new_order'),
(2112, 7, 'f_categories_edit'),
(2113, 7, 'f_orders_email'),
(2114, 7, 'f_orders_view'),
(2115, 7, 'f_orders_edit_address'),
(2116, 7, 'products'),
(2117, 7, 'f_products_history'),
(2118, 7, 'reclamations'),
(2119, 7, 'print_reclamation'),
(2120, 7, 'retoure_update'),
(2121, 7, 'reclamations_update'),
(2122, 7, 'reclamations_edit'),
(2123, 7, 'print_retoure'),
(2124, 7, 'notiz'),
(2125, 7, 'f_products_stats_abverkaeufe'),
(2126, 7, 'reclamations_edit_products_serials'),
(2127, 7, 'mailarchive'),
(2128, 7, 'stats_reclamations'),
(2129, 7, 'f_reclamations_update_status'),
(2130, 7, 'otc'),
(2131, 7, 'advanced_search'),
(2132, 7, 'ebayapi_popup_shopchoose'),
(2133, 7, 'ajax_order_details'),
(2134, 7, 'ajax_notice_header'),
(2135, 7, 'popup_get_ebay_address'),
(2136, 9, 'feedback'),
(2137, 9, 'whos_online'),
(2138, 9, 'module_export'),
(2139, 9, 'customers'),
(2140, 9, 'create_account'),
(2141, 9, 'orders'),
(2142, 9, 'print_order'),
(2143, 9, 'popup_memo'),
(2144, 9, 'mail'),
(2145, 9, 'categories'),
(2146, 9, 'specials'),
(2147, 9, 'stats_products_expected'),
(2148, 9, 'stats_products_viewed'),
(2149, 9, 'stats_products_purchased'),
(2150, 9, 'stats_sales_report'),
(2151, 9, 'start'),
(2152, 9, 'content_manager'),
(2153, 9, 'content_preview'),
(2154, 9, 'orders_edit'),
(2155, 9, 'ebay_mail_frame'),
(2156, 9, 'ebay_shopcatshow'),
(2157, 9, 'ebay_categoryshow'),
(2158, 9, 'ebay_transactions'),
(2159, 9, 'ebayapi_filebrowser'),
(2160, 9, 'ebayapi_filebrowser_view'),
(2161, 9, 'ebayapi_mailgetter'),
(2162, 9, 'ebayapi_mailview'),
(2163, 9, 'ebayapi_shopcatshow'),
(2164, 9, 'ebayapi_categoryshow'),
(2165, 9, 'ebayapi_popup_catchoose'),
(2166, 9, 'ebayapi_preview'),
(2167, 9, 'ebayapi_cart_admin'),
(2168, 9, 'xsell_products'),
(2169, 9, 'combined_orders'),
(2170, 9, 'ebay_mail_main'),
(2171, 9, 'ebay_mail_left'),
(2172, 9, 'ebaymail'),
(2173, 9, 'ebayapi_order_warning'),
(2174, 9, 'ebayapi_cart'),
(2175, 9, 'ebayapi_getcategorys'),
(2176, 9, 'ebayapi_warnings'),
(2177, 9, 'ebayapi_textitems'),
(2178, 9, 'ebay_mail_top'),
(2179, 9, 'ebay_mail_textitems'),
(2180, 9, 'distributor'),
(2181, 9, 'storage_numbers'),
(2182, 9, 'ebayapi_feedback'),
(2183, 9, 'storage_admin'),
(2184, 9, 'storage'),
(2185, 9, 'orders_update'),
(2186, 9, 'stats_auctions'),
(2187, 9, 'stats_stock_warning'),
(2188, 9, 'ebay_mail_view'),
(2189, 9, 'ebay_mail_reply'),
(2190, 9, 'ebay_email'),
(2191, 9, 'ebay_mail_filter'),
(2192, 9, 'ebay_email_work'),
(2193, 9, 'ebay_email_finder'),
(2194, 9, 'distributor_products'),
(2195, 9, 'orders_storno'),
(2196, 9, 'f_customers_edit'),
(2197, 9, 'f_customers_crm'),
(2198, 9, 'f_customers_editstatus'),
(2199, 9, 'f_customers_accounting'),
(2200, 9, 'f_customers_new_order'),
(2201, 9, 'f_categories_edit'),
(2202, 9, 'f_categories_editspecial'),
(2203, 9, 'f_orders_email'),
(2204, 9, 'f_orders_edit_address'),
(2205, 9, 'f_orders_edit_products'),
(2206, 9, 'f_orders_edit_shipping'),
(2207, 9, 'print_order_warnings'),
(2208, 9, 'f_storage_numbers_edit'),
(2209, 9, 'f_storage_numbers_new'),
(2210, 9, 'products'),
(2211, 9, 'shipping_graduation'),
(2212, 9, 'products_extra_text'),
(2213, 9, 'products_description'),
(2214, 9, 'products_short_description'),
(2215, 9, 'ebayapi_favorite_category'),
(2216, 9, 'f_products_history'),
(2217, 9, 'ebayapi_relist'),
(2218, 9, 'notiz'),
(2219, 9, 'product_collies'),
(2220, 9, 'f_products_quantity'),
(2221, 9, 'f_products_distributors_prices'),
(2222, 9, 'f_change_products_status'),
(2223, 9, 'f_change_products_date_available'),
(2224, 9, 'f_change_products_price'),
(2225, 9, 'f_change_products_size'),
(2226, 9, 'f_change_products_sort'),
(2227, 9, 'f_change_products_model'),
(2228, 9, 'f_change_products_barcode'),
(2229, 9, 'f_change_products_manufacturer'),
(2230, 9, 'f_change_products_fsk18'),
(2231, 9, 'f_change_products_weight'),
(2232, 9, 'f_change_products_shippingtime'),
(2233, 9, 'f_change_products_ebaytemplate'),
(2234, 9, 'f_change_products_defaultstorage'),
(2235, 9, 'f_change_products_meta'),
(2236, 9, 'f_change_products_title'),
(2237, 9, 'f_change_products_ebaytitle'),
(2238, 9, 'f_change_products_desc'),
(2239, 9, 'f_change_products_pics'),
(2240, 9, 'f_change_products_comments'),
(2241, 9, 'ebayapi_automatic'),
(2242, 9, 'ebayapi_automatic_timer'),
(2243, 9, 'f_products_stats_abverkaeufe'),
(2244, 9, 'products_groups'),
(2245, 9, 'groups'),
(2246, 9, 'distributor_orders_proposal'),
(2247, 9, 'stats_stock_overview'),
(2248, 9, 'stats_reclamations'),
(2249, 9, 'groups_allocation'),
(2250, 9, 'f_products_ext_shippingcosts'),
(2251, 9, 'ebayapi_membermessages'),
(2252, 9, 'ebayapi_bestoffers'),
(2253, 9, 'ebayapi_highbidder'),
(2254, 9, 'ebayapi_ftpfile'),
(2255, 9, 'advanced_search'),
(2256, 9, 'stats_ebayselling'),
(2257, 9, 'products_characteristics'),
(2258, 9, 'ebayapi_popup_shopchoose'),
(2259, 9, 'ebayapi_payments'),
(2260, 9, 'ebayapi_shippingcosts'),
(2261, 9, 'f_products_meldebestand'),
(2262, 9, 'f_orders_rueckstand'),
(2263, 9, 'countries_allocation'),
(2264, 9, 'f_textitems_delete'),
(2265, 9, 'ebayapi_shippingmethods'),
(2266, 9, 'ajax_order_details'),
(2267, 9, 'ajax_notice_header'),
(2268, 9, 'paypal'),
(2269, 9, 'popup_get_ebay_address'),
(2270, 9, 'export_ebay_products'),
(2321, 18, 'f_change_products_model'),
(2322, 18, 'f_change_products_barcode'),
(2323, 18, 'f_change_products_manufacturer'),
(2324, 18, 'f_change_products_weight'),
(2325, 18, 'f_change_products_defaultstorage'),
(2326, 18, 'f_change_products_serial_numbers'),
(2327, 18, 'products_serials'),
(2328, 18, 'orders_edit_products_serials'),
(2329, 18, 'products_groups'),
(2330, 18, 'groups'),
(2331, 18, 'stats_stock_overview'),
(2332, 18, 'stats_reclamations'),
(2333, 18, 'groups_allocation'),
(2334, 18, 'otc'),
(2335, 18, 'advanced_search'),
(2336, 18, 'products_characteristics'),
(2337, 18, 'ebayapi_popup_shopchoose'),
(2338, 18, 'f_orders_rueckstand'),
(2339, 18, 'ajax_order_details'),
(2340, 18, 'ajax_notice_header'),
(4162, 11, 'otc'),
(4161, 11, 'branch_products'),
(4160, 11, 'branch'),
(4159, 11, 'f_reclamations_add'),
(4158, 11, 'reclamations_edit_products_serials'),
(4157, 11, 'orders_edit_products_serials'),
(4156, 11, 'f_products_stats_abverkaeufe'),
(4155, 11, 'f_change_products_comments'),
(4154, 11, 'f_change_products_title'),
(4153, 11, 'f_change_products_barcode'),
(4152, 11, 'f_change_products_model'),
(4151, 11, 'f_change_products_price'),
(4150, 11, 'f_switch_kasse_payment'),
(4149, 11, 'f_products_distributors_prices'),
(4148, 11, 'distributor_orders'),
(4146, 11, 'notiz'),
(4147, 11, 'orders_split'),
(4145, 11, 'reclamations_update'),
(4144, 11, 'print_reclamation'),
(4143, 11, 'reclamations'),
(4142, 11, 'f_products_history'),
(4141, 11, 'products'),
(4140, 11, 'f_orders_edit_shipping'),
(4139, 11, 'f_orders_edit_products'),
(4138, 11, 'f_orders_edit_address'),
(4137, 11, 'f_orders_view'),
(4136, 11, 'f_orders_email'),
(4135, 11, 'f_categories_edit'),
(4134, 11, 'f_customers_new_order'),
(4133, 11, 'f_customers_crm'),
(4132, 11, 'f_customers_edit'),
(4131, 11, 'distributor_products'),
(4130, 11, 'distributor_contacts'),
(4129, 11, 'shipping_history'),
(4128, 11, 'ebay_email_work'),
(4127, 11, 'ebay_email'),
(4126, 11, 'ebay_mail_reply'),
(4125, 11, 'ebay_mail_view'),
(4124, 11, 'stats_kasse'),
(4123, 11, 'orders_update'),
(4122, 11, 'kasse'),
(4121, 11, 'distributor'),
(4120, 11, 'ebay_mail_textitems'),
(4119, 11, 'ebay_mail_top'),
(4118, 11, 'ebayapi_warnings'),
(4117, 11, 'ebayapi_order_warning'),
(4116, 11, 'ebaymail'),
(4115, 11, 'ebay_mail_left'),
(4114, 11, 'ebay_mail_main'),
(4113, 11, 'combined_orders'),
(4112, 11, 'ebay_mail_frame'),
(4111, 11, 'orders_edit'),
(4110, 11, 'start'),
(4109, 11, 'categories'),
(4108, 11, 'mail'),
(4107, 11, 'popup_memo'),
(4106, 11, 'print_order'),
(4105, 11, 'print_packingslip'),
(4104, 11, 'orders'),
(4103, 11, 'create_account'),
(4102, 11, 'customers'),
(4101, 11, 'feedback'),
(6132, 6, 'branch_products'),
(6066, 6, 'start'),
(6065, 6, 'stats_products_purchased'),
(6064, 6, 'manufacturers'),
(6063, 6, 'categories'),
(6062, 6, 'mail'),
(6061, 6, 'orders'),
(6060, 6, 'customers'),
(6059, 6, 'feedback'),
(4547, 13, 'f_kasse_fibu_switch_paymentmethod_moneyorder'),
(4546, 13, 'f_orders_edit_payment'),
(4545, 13, 'distributor_invoices_reasons'),
(4543, 13, 'distributor_invoices'),
(4544, 13, 'distributor_invoices_edit'),
(4542, 13, 'f_distributor_new_invoice'),
(4541, 13, 'ebayapi_popup_shopchoose'),
(4540, 13, 'advanced_search'),
(4539, 13, 'otc'),
(4538, 13, 'f_orders_edit_after_shipping'),
(4537, 13, 'f_kasse_change_paydate'),
(4536, 13, 'f_reclamations_add'),
(4535, 13, 'distributor_orders_proposal'),
(4534, 13, 'mailarchive'),
(4533, 13, 'f_products_stats_abverkaeufe'),
(4532, 13, 'f_orders_notax'),
(4531, 13, 'f_switch_kasse_payment'),
(4530, 13, 'f_products_distributors_prices'),
(4529, 13, 'print_distributor_order'),
(4528, 13, 'f_distributor_orders_edit_products'),
(4527, 13, 'f_distributor_orders_edit_address'),
(4526, 13, 'distributor_orders_storno'),
(4525, 13, 'f_distributor_orders_update_status'),
(4524, 13, 'distributor_orders_update'),
(4523, 13, 'distributor_orders_edit'),
(4522, 13, 'f_distributor_orders_delete'),
(4521, 13, 'f_distributor_new_order'),
(4520, 13, 'distributor_orders'),
(4519, 13, 'distributor_orders_status'),
(4517, 13, 'notiz'),
(4518, 13, 'incoming_payments_stats'),
(4516, 13, 'print_rueckerstattung'),
(4515, 13, 'print_retoure'),
(4514, 13, 'rueckerstattungen_edit'),
(4513, 13, 'rueckerstattungen_update'),
(4512, 13, 'rueckerstattungen'),
(4511, 13, 'reclamations_edit'),
(4510, 13, 'reclamations_update'),
(4509, 13, 'retoure_update'),
(4508, 13, 'retoure_edit'),
(4507, 13, 'retoure'),
(4506, 13, 'print_reclamation_packingslip'),
(4505, 13, 'print_reclamation'),
(4504, 13, 'reclamations'),
(4503, 13, 'f_products_history'),
(4502, 13, 'products'),
(4501, 13, 'print_order_warnings'),
(4500, 13, 'f_orders_update_status'),
(4499, 13, 'f_orders_edit_shipping'),
(4498, 13, 'f_orders_edit_products'),
(4497, 13, 'f_orders_edit_address'),
(4496, 13, 'f_orders_view'),
(4495, 13, 'f_orders_email'),
(4494, 13, 'f_categories_edit'),
(4493, 13, 'f_customers_new_order'),
(4492, 13, 'f_customers_editstatus'),
(4491, 13, 'f_customers_crm'),
(4490, 13, 'f_customers_edit'),
(4489, 13, 'orders_storno'),
(4488, 13, 'distributor_products'),
(4487, 13, 'distributor_contacts'),
(4486, 13, 'shipping_history'),
(4485, 13, 'ebay_email_finder'),
(4484, 13, 'ebay_email_work'),
(4483, 13, 'ebay_mail_filter'),
(4482, 13, 'ebay_email'),
(4481, 13, 'ebay_mail_reply'),
(4480, 13, 'ebay_mail_view'),
(6291, 17, 'ebay_mail_textitems'),
(6290, 17, 'incoming_payments'),
(6289, 17, 'ebay_mail_top'),
(6288, 17, 'ebayapi_textitems'),
(6287, 17, 'ebayapi_warnings'),
(6286, 17, 'ebayapi_getcategorys'),
(6285, 17, 'ebayapi_cart'),
(6284, 17, 'ebayapi_order_warning'),
(6283, 17, 'ebaymail'),
(6282, 17, 'ebay_mail_left'),
(6281, 17, 'ebay_mail_main'),
(6280, 17, 'combined_orders'),
(6279, 17, 'xsell_products'),
(6278, 17, 'ebayapi_cart_admin'),
(6276, 17, 'ebayapi_popup_catchoose'),
(6277, 17, 'ebayapi_preview'),
(6275, 17, 'ebayapi_categoryshow'),
(6274, 17, 'ebayapi_shopcatshow'),
(6273, 17, 'ebayapi_mailview'),
(6272, 17, 'ebayapi_mailgetter'),
(6271, 17, 'ebayapi_filebrowser_view'),
(6269, 17, 'ebay_transactions'),
(6270, 17, 'ebayapi_filebrowser'),
(6268, 17, 'ebay_categoryshow'),
(6267, 17, 'ebay_shopcatshow'),
(6266, 17, 'ebay_mail_frame'),
(6265, 17, 'orders_edit'),
(6264, 17, 'content_preview'),
(6263, 17, 'content_manager'),
(6262, 17, 'start'),
(6261, 17, 'module_newsletter'),
(6260, 17, 'stats_sales_report'),
(6259, 17, 'stats_customers'),
(6258, 17, 'stats_products_purchased'),
(6257, 17, 'stats_products_viewed'),
(5619, 12, 'orders'),
(5618, 12, 'customers_status'),
(5617, 12, 'create_account'),
(5616, 12, 'customers'),
(5615, 12, 'module_export'),
(5614, 12, 'whos_online'),
(5613, 12, 'modules'),
(5612, 12, 'configuration'),
(5611, 12, 'feedback'),
(5904, 16, 'storage'),
(5905, 16, 'extern_print_order'),
(5903, 16, 'storage_admin'),
(5902, 16, 'ebayapi_feedback'),
(5901, 16, 'storage_numbers'),
(5900, 16, 'ebay_mail_textitems'),
(5899, 16, 'incoming_payments'),
(5898, 16, 'ebay_mail_top'),
(5897, 16, 'ebayapi_textitems'),
(5896, 16, 'ebayapi_warnings'),
(5895, 16, 'ebayapi_getcategorys'),
(5894, 16, 'ebayapi_cart'),
(5893, 16, 'ebayapi_order_warning'),
(5892, 16, 'ebaymail'),
(5891, 16, 'ebay_mail_left'),
(5890, 16, 'ebay_mail_main'),
(5889, 16, 'combined_orders'),
(5888, 16, 'xsell_products'),
(5887, 16, 'ebayapi_cart_admin'),
(5886, 16, 'ebayapi_preview'),
(5885, 16, 'ebayapi_popup_catchoose'),
(5884, 16, 'ebayapi_categoryshow'),
(5883, 16, 'ebayapi_shopcatshow'),
(5882, 16, 'ebayapi_mailview'),
(5881, 16, 'ebayapi_mailgetter'),
(5880, 16, 'ebayapi_filebrowser_view'),
(5879, 16, 'ebayapi_filebrowser'),
(5878, 16, 'ebay_transactions'),
(5877, 16, 'ebay_categoryshow'),
(5876, 16, 'ebay_shopcatshow'),
(5875, 16, 'ebay_mail_frame'),
(5874, 16, 'orders_edit'),
(5873, 16, 'blacklist'),
(5872, 16, 'credits'),
(5871, 16, 'content_preview'),
(5870, 16, 'content_manager'),
(4992, 15, 'ebay_mail_main'),
(4991, 15, 'combined_orders'),
(4990, 15, 'xsell_products'),
(4989, 15, 'ebayapi_cart_admin'),
(4988, 15, 'ebayapi_preview'),
(4987, 15, 'ebayapi_popup_catchoose'),
(4986, 15, 'ebayapi_categoryshow'),
(4985, 15, 'ebayapi_shopcatshow'),
(4984, 15, 'ebayapi_mailview'),
(4983, 15, 'ebayapi_mailgetter'),
(4982, 15, 'ebayapi_filebrowser_view'),
(4981, 15, 'ebayapi_filebrowser'),
(4980, 15, 'ebay_transactions'),
(4979, 15, 'ebay_categoryshow'),
(4978, 15, 'ebay_shopcatshow'),
(4977, 15, 'ebay_mail_frame'),
(4976, 15, 'orders_edit'),
(4975, 15, 'blacklist'),
(4974, 15, 'credits'),
(4973, 15, 'content_preview'),
(4972, 15, 'content_manager'),
(4971, 15, 'start'),
(4970, 15, 'xml_export'),
(4969, 15, 'module_newsletter'),
(4968, 15, 'stats_sales_report'),
(4967, 15, 'stats_customers'),
(4966, 15, 'stats_products_purchased'),
(4965, 15, 'stats_products_viewed'),
(4964, 15, 'stats_products_expected'),
(4963, 15, 'specials'),
(4962, 15, 'reviews'),
(4961, 15, 'manufacturers'),
(4960, 15, 'categories'),
(4959, 15, 'mail'),
(4958, 15, 'popup_memo'),
(4957, 15, 'print_order'),
(4956, 15, 'print_packingslip'),
(4955, 15, 'orders'),
(4954, 15, 'customers_status'),
(4953, 15, 'create_account'),
(4952, 15, 'customers'),
(4951, 15, 'module_export'),
(4950, 15, 'shipping_status'),
(4949, 15, 'orders_status'),
(4948, 15, 'whos_online'),
(4947, 15, 'modules'),
(4946, 15, 'configuration'),
(4945, 15, 'feedback'),
(6255, 17, 'specials'),
(6256, 17, 'stats_products_expected'),
(6254, 17, 'reviews'),
(6253, 17, 'manufacturers'),
(6252, 17, 'categories'),
(6251, 17, 'mail'),
(6250, 17, 'popup_memo'),
(6249, 17, 'print_order'),
(6248, 17, 'print_packingslip'),
(6247, 17, 'orders'),
(6246, 17, 'customers_status'),
(6245, 17, 'create_account'),
(6244, 17, 'customers'),
(6243, 17, 'module_export'),
(6242, 17, 'shipping_status'),
(6241, 17, 'orders_status'),
(5869, 16, 'start'),
(5868, 16, 'xml_export'),
(5867, 16, 'module_newsletter'),
(5866, 16, 'stats_sales_report'),
(5865, 16, 'stats_customers'),
(5864, 16, 'stats_products_purchased'),
(5863, 16, 'stats_products_viewed'),
(5862, 16, 'stats_products_expected'),
(5861, 16, 'specials'),
(5860, 16, 'reviews'),
(5859, 16, 'manufacturers'),
(5858, 16, 'new_attributes'),
(5857, 16, 'categories'),
(5856, 16, 'mail'),
(5855, 16, 'popup_memo'),
(4056, 10, 'feedback'),
(4057, 10, 'customers'),
(4058, 10, 'create_account'),
(4059, 10, 'orders'),
(4060, 10, 'print_packingslip'),
(4061, 10, 'print_order'),
(4062, 10, 'popup_memo'),
(4063, 10, 'mail'),
(4064, 10, 'categories'),
(4065, 10, 'start'),
(4066, 10, 'orders_edit'),
(4067, 10, 'ebay_mail_frame'),
(4068, 10, 'ebay_mail_main'),
(4069, 10, 'ebay_mail_left'),
(4070, 10, 'ebaymail'),
(4071, 10, 'ebayapi_warnings'),
(4072, 10, 'ebay_mail_top'),
(4073, 10, 'ebay_mail_textitems'),
(4074, 10, 'kasse'),
(4075, 10, 'orders_update'),
(4076, 10, 'ebay_mail_view'),
(4077, 10, 'ebay_mail_reply'),
(4078, 10, 'ebay_email'),
(4079, 10, 'ebay_email_work'),
(4080, 10, 'shipping_history'),
(4081, 10, 'f_customers_edit'),
(4082, 10, 'f_customers_crm'),
(4083, 10, 'f_customers_new_order'),
(4084, 10, 'f_categories_edit'),
(4085, 10, 'f_orders_email'),
(4086, 10, 'f_orders_view'),
(4087, 10, 'f_orders_edit_address'),
(4088, 10, 'f_orders_edit_products'),
(4089, 10, 'f_orders_edit_shipping'),
(4090, 10, 'products'),
(4091, 10, 'f_products_history'),
(4092, 10, 'notiz'),
(4093, 10, 'f_switch_kasse_payment'),
(4094, 10, 'otc'),
(4095, 10, 'advanced_search'),
(4096, 10, 'ebayapi_popup_shopchoose'),
(4097, 10, 'f_kasse_start_at_new_order'),
(4098, 10, 'ajax_order_details'),
(4099, 10, 'ajax_notice_header'),
(4100, 10, 'popup_get_ebay_address'),
(4163, 11, 'advanced_search'),
(4164, 11, 'ebayapi_popup_shopchoose'),
(4165, 11, 'f_kasse_start_at_new_order'),
(4166, 11, 'ajax_order_details'),
(4167, 11, 'ajax_notice_header'),
(4168, 11, 'popup_get_ebay_address'),
(4169, 11, 'branches_transfer'),
(4320, 14, 'distributor_orders'),
(4319, 14, 'distributor_orders_status'),
(4318, 14, 'incoming_payments_stats'),
(4317, 14, 'orders_split'),
(4316, 14, 'notiz'),
(4315, 14, 'print_rueckerstattung'),
(4314, 14, 'print_retoure'),
(4313, 14, 'rueckerstattungen_edit'),
(4312, 14, 'rueckerstattungen_update'),
(4311, 14, 'rueckerstattungen'),
(4310, 14, 'reclamations_edit'),
(4309, 14, 'reclamations_update'),
(4308, 14, 'retoure_update'),
(4307, 14, 'retoure_edit'),
(4306, 14, 'retoure'),
(4305, 14, 'print_reclamation_packingslip'),
(4304, 14, 'print_reclamation'),
(4303, 14, 'reclamations'),
(4302, 14, 'f_products_history'),
(4301, 14, 'products'),
(4300, 14, 'print_order_warnings'),
(4299, 14, 'f_orders_update_status'),
(4298, 14, 'f_orders_edit_shipping'),
(4297, 14, 'f_orders_edit_products'),
(4296, 14, 'f_orders_edit_address'),
(4295, 14, 'f_orders_view'),
(4294, 14, 'f_orders_email'),
(4293, 14, 'f_categories_edit'),
(4292, 14, 'f_customers_new_order'),
(4291, 14, 'f_customers_editstatus'),
(4290, 14, 'f_customers_crm'),
(4289, 14, 'f_customers_edit'),
(4288, 14, 'orders_storno'),
(4287, 14, 'distributor_products'),
(4286, 14, 'distributor_contacts'),
(4285, 14, 'shipping_history'),
(4284, 14, 'ebay_email_finder'),
(4283, 14, 'ebay_email_work'),
(4282, 14, 'ebay_mail_filter'),
(4281, 14, 'ebay_email'),
(4280, 14, 'ebay_mail_reply'),
(4279, 14, 'ebay_mail_view'),
(4278, 14, 'orders_update'),
(4277, 14, 'shipping'),
(4276, 14, 'kasse'),
(4275, 14, 'distributor'),
(4274, 14, 'ebay_mail_textitems'),
(4273, 14, 'ebay_mail_top'),
(4272, 14, 'ebayapi_textitems'),
(4271, 14, 'ebayapi_warnings'),
(4270, 14, 'ebayapi_order_warning'),
(4269, 14, 'ebaymail'),
(4268, 14, 'ebay_mail_left'),
(4267, 14, 'ebay_mail_main'),
(4266, 14, 'ebay_mail_frame'),
(4265, 14, 'orders_edit'),
(4264, 14, 'content_preview'),
(4263, 14, 'start'),
(4262, 14, 'categories'),
(4261, 14, 'mail'),
(4260, 14, 'popup_memo'),
(4259, 14, 'print_order'),
(4258, 14, 'orders'),
(4257, 14, 'customers'),
(4256, 14, 'feedback'),
(4321, 14, 'f_distributor_new_order'),
(4322, 14, 'distributor_orders_edit'),
(4323, 14, 'distributor_orders_update'),
(4324, 14, 'f_distributor_orders_update_status'),
(4325, 14, 'f_distributor_orders_edit_address'),
(4326, 14, 'f_distributor_orders_edit_products'),
(4327, 14, 'print_distributor_order');
INSERT INTO `admin_access_scheme_values` (`admin_access_scheme_values_id`, `admin_access_scheme_id`, `admin_access_value`) VALUES
(4328, 14, 'f_orders_notax'),
(4329, 14, 'mailarchive'),
(4330, 14, 'distributor_orders_proposal'),
(4331, 14, 'f_reclamations_add'),
(4332, 14, 'advanced_search'),
(4333, 14, 'ebayapi_popup_shopchoose'),
(4334, 14, 'f_distributor_new_invoice'),
(4335, 14, 'distributor_invoices'),
(4336, 14, 'distributor_invoices_edit'),
(4337, 14, 'distributor_invoices_reasons'),
(4338, 14, 'f_kasse_fibu_switch_paymentmethod_moneyorder'),
(4339, 14, 'ajax_order_details'),
(4340, 14, 'ajax_notice_header'),
(4341, 14, 'popup_get_ebay_address'),
(4548, 13, 'f_kasse_start_at_new_order'),
(4479, 13, 'stats_kasse'),
(4478, 13, 'orders_update'),
(4477, 13, 'shipping'),
(4476, 13, 'kasse'),
(4475, 13, 'distributor'),
(4474, 13, 'ebay_mail_textitems'),
(4473, 13, 'ebay_mail_top'),
(4472, 13, 'ebayapi_textitems'),
(4471, 13, 'ebayapi_warnings'),
(4470, 13, 'ebayapi_order_warning'),
(4469, 13, 'ebaymail'),
(4468, 13, 'ebay_mail_left'),
(4467, 13, 'ebay_mail_main'),
(4466, 13, 'ebay_mail_frame'),
(4465, 13, 'orders_edit'),
(4464, 13, 'content_preview'),
(4463, 13, 'start'),
(4462, 13, 'stats_sales_report'),
(4461, 13, 'categories'),
(4460, 13, 'mail'),
(4459, 13, 'popup_memo'),
(4458, 13, 'print_order'),
(4457, 13, 'print_packingslip'),
(4456, 13, 'orders'),
(4455, 13, 'customers_status'),
(4454, 13, 'create_account'),
(4453, 13, 'customers'),
(4452, 13, 'feedback'),
(4549, 13, 'ajax_order_details'),
(4550, 13, 'ajax_notice_header'),
(4551, 13, 'f_change_order_if_status_bezahlt'),
(4552, 13, 'paypal'),
(4553, 13, 'incoming_payments_paypal'),
(4554, 13, 'popup_get_ebay_address'),
(4555, 13, 'export_order_stats'),
(4556, 4, 'feedback'),
(4557, 4, 'whos_online'),
(4558, 4, 'customers'),
(4559, 4, 'create_account'),
(4560, 4, 'orders'),
(4561, 4, 'popup_memo'),
(4562, 4, 'mail'),
(4563, 4, 'categories'),
(4564, 4, 'manufacturers'),
(4565, 4, 'specials'),
(4566, 4, 'stats_products_expected'),
(4567, 4, 'stats_products_viewed'),
(4568, 4, 'stats_products_purchased'),
(4569, 4, 'stats_customers'),
(4570, 4, 'start'),
(4571, 4, 'content_manager'),
(4572, 4, 'content_preview'),
(4573, 4, 'orders_edit'),
(4574, 4, 'ebay_mail_frame'),
(4575, 4, 'ebay_shopcatshow'),
(4576, 4, 'ebay_categoryshow'),
(4577, 4, 'ebay_transactions'),
(4578, 4, 'ebayapi_filebrowser'),
(4579, 4, 'ebayapi_filebrowser_view'),
(4580, 4, 'ebayapi_mailgetter'),
(4581, 4, 'ebayapi_mailview'),
(4582, 4, 'ebayapi_shopcatshow'),
(4583, 4, 'ebayapi_categoryshow'),
(4584, 4, 'ebayapi_preview'),
(4585, 4, 'ebayapi_cart_admin'),
(4586, 4, 'xsell_products'),
(4587, 4, 'ebay_mail_left'),
(4588, 4, 'ebaymail'),
(4589, 4, 'ebayapi_order_warning'),
(4590, 4, 'ebayapi_cart'),
(4591, 4, 'ebayapi_getcategorys'),
(4592, 4, 'ebayapi_warnings'),
(4593, 4, 'ebayapi_textitems'),
(4594, 4, 'ebay_mail_top'),
(4595, 4, 'ebay_mail_textitems'),
(4596, 4, 'distributor'),
(4597, 4, 'storage_numbers'),
(4598, 4, 'ebayapi_feedback'),
(4599, 4, 'storage_admin'),
(4600, 4, 'storage'),
(4601, 4, 'extern_print_order'),
(4602, 4, 'ebayapi_ebayshop_popup'),
(4603, 4, 'shipping'),
(4604, 4, 'orders_update'),
(4605, 4, 'stats_auctions'),
(4606, 4, 'stats_stock_warning'),
(4607, 4, 'ebay_mail_view'),
(4608, 4, 'ebay_mail_reply'),
(4609, 4, 'ebay_email'),
(4610, 4, 'ebay_mail_filter'),
(4611, 4, 'ebay_email_work'),
(4612, 4, 'ebay_email_finder'),
(4613, 4, 'shipping_history'),
(4614, 4, 'distributor_contacts'),
(4615, 4, 'distributor_products'),
(4616, 4, 'f_customers_edit'),
(4617, 4, 'f_customers_crm'),
(4618, 4, 'f_customers_new_order'),
(4619, 4, 'f_categories_edit'),
(4620, 4, 'f_categories_editspecial'),
(4621, 4, 'f_orders_email'),
(4622, 4, 'f_orders_view'),
(4623, 4, 'print_order_warnings'),
(4624, 4, 'f_storage_numbers_edit'),
(4625, 4, 'f_storage_numbers_new'),
(4626, 4, 'products'),
(4627, 4, 'products_extra_text'),
(4628, 4, 'products_description'),
(4629, 4, 'products_short_description'),
(4630, 4, 'reclamations'),
(4631, 4, 'retoure'),
(4632, 4, 'rueckerstattungen'),
(4633, 4, 'notiz'),
(4634, 4, 'product_collies'),
(4635, 4, 'f_products_quantity'),
(4636, 4, 'distributor_orders_status'),
(4637, 4, 'distributor_orders'),
(4638, 4, 'f_distributor_new_order'),
(4639, 4, 'f_distributor_orders_delete'),
(4640, 4, 'distributor_orders_edit'),
(4641, 4, 'distributor_orders_update'),
(4642, 4, 'f_distributor_orders_update_status'),
(4643, 4, 'distributor_orders_storno'),
(4644, 4, 'f_distributor_orders_edit_address'),
(4645, 4, 'f_distributor_orders_edit_products'),
(4646, 4, 'print_distributor_order'),
(4647, 4, 'print_distributor_packingslip'),
(4648, 4, 'distributor_orders_rueckbuch'),
(4649, 4, 'f_distributor_orders_bestellen'),
(4650, 4, 'f_products_distributors_prices'),
(4651, 4, 'f_change_products_status'),
(4652, 4, 'f_change_products_date_available'),
(4653, 4, 'f_change_products_price'),
(4654, 4, 'f_change_products_size'),
(4655, 4, 'f_change_products_sort'),
(4656, 4, 'f_change_products_model'),
(4657, 4, 'f_change_products_barcode'),
(4658, 4, 'f_change_products_manufacturer'),
(4659, 4, 'f_change_products_fsk18'),
(4660, 4, 'f_change_products_weight'),
(4661, 4, 'f_change_products_shippingtime'),
(4662, 4, 'f_change_products_ebaytemplate'),
(4663, 4, 'f_change_products_defaultstorage'),
(4664, 4, 'f_change_products_meta'),
(4665, 4, 'f_change_products_title'),
(4666, 4, 'f_change_products_ebaytitle'),
(4667, 4, 'f_change_products_desc'),
(4668, 4, 'f_change_products_pics'),
(4669, 4, 'f_change_products_comments'),
(4670, 4, 'f_products_stats_abverkaeufe'),
(4671, 4, 'f_change_products_serial_numbers'),
(4672, 4, 'products_serials'),
(4673, 4, 'orders_edit_products_serials'),
(4674, 4, 'mailarchive'),
(4675, 4, 'products_groups'),
(4676, 4, 'groups'),
(4677, 4, 'distributor_orders_proposal'),
(4678, 4, 'stats_stock_overview'),
(4679, 4, 'stats_reclamations'),
(4680, 4, 'groups_allocation'),
(4681, 4, 'f_products_ext_shippingcosts'),
(4682, 4, 'branch'),
(4683, 4, 'branch_products'),
(4684, 4, 'otc'),
(4685, 4, 'advanced_search'),
(4686, 4, 'stats_ebayselling'),
(4687, 4, 'products_characteristics'),
(4688, 4, 'ebayapi_popup_shopchoose'),
(4689, 4, 'f_products_meldebestand'),
(4690, 4, 'f_orders_rueckstand'),
(4691, 4, 'f_distributor_new_invoice'),
(4692, 4, 'distributor_invoices'),
(4693, 4, 'distributor_invoices_edit'),
(4694, 4, 'distributor_invoices_reasons'),
(4695, 4, 'distributor_invoices_edit_status'),
(4696, 4, 'popup_group_characteristic_select'),
(4697, 4, 'ajax_order_details'),
(4698, 4, 'ajax_notice_header'),
(4699, 4, 'branches_transfer'),
(4700, 3, 'feedback'),
(4701, 3, 'customers'),
(4702, 3, 'orders'),
(4703, 3, 'print_order'),
(4704, 3, 'popup_memo'),
(4705, 3, 'categories'),
(4706, 3, 'stats_products_expected'),
(4707, 3, 'stats_products_purchased'),
(4708, 3, 'start'),
(4709, 3, 'orders_edit'),
(4710, 3, 'ebay_mail_frame'),
(4711, 3, 'ebay_mail_main'),
(4712, 3, 'ebay_mail_left'),
(4713, 3, 'ebaymail'),
(4714, 3, 'ebayapi_order_warning'),
(4715, 3, 'ebayapi_warnings'),
(4716, 3, 'ebayapi_textitems'),
(4717, 3, 'ebay_mail_top'),
(4718, 3, 'ebay_mail_textitems'),
(4719, 3, 'distributor'),
(4720, 3, 'storage_numbers'),
(4721, 3, 'storage_admin'),
(4722, 3, 'storage'),
(4723, 3, 'orders_update'),
(4724, 3, 'stats_auctions'),
(4725, 3, 'ebay_mail_view'),
(4726, 3, 'ebay_mail_reply'),
(4727, 3, 'ebay_email'),
(4728, 3, 'ebay_mail_filter'),
(4729, 3, 'ebay_email_work'),
(4730, 3, 'ebay_email_finder'),
(4731, 3, 'shipping_history'),
(4732, 3, 'distributor_contacts'),
(4733, 3, 'distributor_products'),
(4734, 3, 'f_customers_crm'),
(4735, 3, 'f_categories_edit'),
(4736, 3, 'f_orders_email'),
(4737, 3, 'f_orders_view'),
(4738, 3, 'f_storage_numbers_edit'),
(4739, 3, 'f_storage_numbers_new'),
(4740, 3, 'products'),
(4741, 3, 'products_extra_text'),
(4742, 3, 'products_description'),
(4743, 3, 'f_products_history'),
(4744, 3, 'reclamations'),
(4745, 3, 'retoure'),
(4746, 3, 'rueckerstattungen'),
(4747, 3, 'notiz'),
(4748, 3, 'product_collies'),
(4749, 3, 'f_products_quantity'),
(4750, 3, 'distributor_orders_status'),
(4751, 3, 'distributor_orders'),
(4752, 3, 'f_distributor_new_order'),
(4753, 3, 'distributor_orders_edit'),
(4754, 3, 'distributor_orders_update'),
(4755, 3, 'f_distributor_orders_update_status'),
(4756, 3, 'f_distributor_orders_edit_address'),
(4757, 3, 'f_distributor_orders_edit_products'),
(4758, 3, 'print_distributor_order'),
(4759, 3, 'print_distributor_packingslip'),
(4760, 3, 'distributor_orders_rueckbuch'),
(4761, 3, 'f_distributor_orders_bestellen'),
(4762, 3, 'f_products_distributors_prices'),
(4763, 3, 'f_change_products_status'),
(4764, 3, 'f_change_products_date_available'),
(4765, 3, 'f_change_products_price'),
(4766, 3, 'f_change_products_size'),
(4767, 3, 'f_change_products_sort'),
(4768, 3, 'f_change_products_model'),
(4769, 3, 'f_change_products_barcode'),
(4770, 3, 'f_change_products_manufacturer'),
(4771, 3, 'f_change_products_fsk18'),
(4772, 3, 'f_change_products_weight'),
(4773, 3, 'f_change_products_shippingtime'),
(4774, 3, 'f_change_products_infotemplate'),
(4775, 3, 'f_change_products_optionstemplate'),
(4776, 3, 'f_change_products_defaultstorage'),
(4777, 3, 'f_change_products_meta'),
(4778, 3, 'f_change_products_title'),
(4779, 3, 'f_change_products_desc'),
(4780, 3, 'f_change_products_pics'),
(4781, 3, 'f_change_products_comments'),
(4782, 3, 'f_products_stats_abverkaeufe'),
(4783, 3, 'f_change_products_serial_numbers'),
(4784, 3, 'products_serials'),
(4785, 3, 'orders_edit_products_serials'),
(4786, 3, 'reclamations_edit_products_serials'),
(4787, 3, 'mailarchive'),
(4788, 3, 'products_groups'),
(4789, 3, 'groups'),
(4790, 3, 'distributor_orders_proposal'),
(4791, 3, 'stats_stock_overview'),
(4792, 3, 'groups_allocation'),
(4793, 3, 'branch'),
(4794, 3, 'branch_products'),
(4795, 3, 'advanced_search'),
(4796, 3, 'stats_ebayselling'),
(4797, 3, 'products_characteristics'),
(4798, 3, 'ebayapi_popup_shopchoose'),
(4799, 3, 'distributor_invoices'),
(4800, 3, 'distributor_invoices_edit'),
(4801, 3, 'distributor_invoices_reasons'),
(4802, 3, 'popup_group_characteristic_select'),
(4803, 3, 'branches_transfer'),
(4943, 8, 'ajax_order_details'),
(4942, 8, 'ebayapi_popup_shopchoose'),
(4941, 8, 'f_change_products_comments'),
(4940, 8, 'f_change_products_ebaytitle'),
(4939, 8, 'f_change_products_ebaytemplate'),
(4938, 8, 'f_change_products_weight'),
(4937, 8, 'f_change_products_sort'),
(4936, 8, 'f_change_products_size'),
(4935, 8, 'ebay_template'),
(4934, 8, 'products_description'),
(4933, 8, 'products_extra_text'),
(4932, 8, 'products'),
(4931, 8, 'f_categories_edit'),
(4930, 8, 'ebayapi_ebayshop_popup'),
(4929, 8, 'ebayapi_getcategorys'),
(4928, 8, 'ebayapi_cart'),
(4927, 8, 'ebayapi_preview'),
(4926, 8, 'ebayapi_popup_catchoose'),
(4925, 8, 'ebayapi_categoryshow'),
(4924, 8, 'ebayapi_shopcatshow'),
(4923, 8, 'ebayapi_filebrowser_view'),
(4922, 8, 'ebayapi_filebrowser'),
(4921, 8, 'ebay_transactions'),
(4920, 8, 'ebay_categoryshow'),
(4919, 8, 'ebay_shopcatshow'),
(4918, 8, 'start'),
(4917, 8, 'categories'),
(4916, 8, 'feedback'),
(4944, 8, 'ajax_notice_header'),
(5157, 15, 'distributor_invoices_edit'),
(5158, 15, 'distributor_invoices_reasons'),
(5159, 15, 'f_orders_edit_payment'),
(5160, 15, 'distributor_invoices_edit_status'),
(5161, 15, 'f_textitems_delete'),
(5162, 15, 'ebayapi_shippingmethods'),
(5163, 15, 'f_kasse_fibu_switch_paymentmethod_moneyorder'),
(5164, 15, 'token'),
(5165, 15, 'mailaccounts'),
(5166, 15, 'flashpoint_import_configuration'),
(5167, 15, 'popup_group_characteristic_select'),
(5168, 15, 'flashpoint_import'),
(5169, 15, 'f_change_products_price_fixing'),
(5170, 15, 'f_kasse_start_at_new_order'),
(5171, 15, 'yes_backup'),
(5172, 15, 'reminder'),
(5173, 15, 'ajax_order_details'),
(5174, 15, 'ajax_notice_header'),
(5175, 15, 'amazon_products'),
(5176, 15, 'f_change_order_if_status_bezahlt'),
(5177, 15, 'paypal'),
(5178, 15, 'incoming_payments_paypal'),
(5179, 15, 'popup_get_ebay_address'),
(5180, 15, 'export_order_stats'),
(5181, 15, 'export_ebay_products'),
(5182, 15, 'mailclient'),
(5183, 15, 'branches_transfer'),
(5184, 15, 'f_branch_delete'),
(5854, 16, 'print_order'),
(5853, 16, 'print_packingslip'),
(5852, 16, 'orders'),
(5851, 16, 'customers_status'),
(5850, 16, 'create_account'),
(5849, 16, 'customers'),
(5848, 16, 'module_export'),
(5847, 16, 'shipping_status'),
(5846, 16, 'orders_status'),
(5845, 16, 'whos_online'),
(5844, 16, 'modules'),
(5843, 16, 'configuration'),
(5842, 16, 'feedback'),
(6240, 17, 'whos_online'),
(6239, 17, 'modules'),
(6238, 17, 'configuration'),
(6237, 17, 'feedback'),
(5838, 12, 'popup_get_ebay_address'),
(5839, 12, 'export_order_stats'),
(5840, 12, 'export_ebay_products'),
(5841, 12, 'mailclient'),
(6133, 6, 'otc'),
(6134, 6, 'products_characteristics'),
(6135, 6, 'ebayapi_popup_shopchoose'),
(6136, 6, 'units'),
(6137, 6, 'f_orders_rueckstand'),
(6138, 6, 'ajax_order_details'),
(6139, 6, 'ajax_notice_header'),
(6140, 6, 'branches_transfer'),
(6141, 21, 'feedback'),
(6142, 21, 'customers'),
(6143, 21, 'create_account'),
(6144, 21, 'orders'),
(6145, 21, 'print_packingslip'),
(6146, 21, 'print_order'),
(6147, 21, 'popup_memo'),
(6148, 21, 'mail'),
(6149, 21, 'categories'),
(6150, 21, 'stats_products_expected'),
(6151, 21, 'stats_products_viewed'),
(6152, 21, 'stats_products_purchased'),
(6153, 21, 'stats_customers'),
(6154, 21, 'stats_sales_report'),
(6155, 21, 'start'),
(6156, 21, 'content_preview'),
(6157, 21, 'orders_edit'),
(6158, 21, 'ebay_mail_frame'),
(6159, 21, 'combined_orders'),
(6160, 21, 'ebay_mail_main'),
(6161, 21, 'ebay_mail_left'),
(6162, 21, 'ebaymail'),
(6163, 21, 'ebayapi_warnings'),
(6164, 21, 'ebayapi_textitems'),
(6165, 21, 'ebay_mail_top'),
(6166, 21, 'ebay_mail_textitems'),
(6167, 21, 'distributor'),
(6168, 21, 'storage_numbers'),
(6169, 21, 'storage_admin'),
(6170, 21, 'storage'),
(6171, 21, 'kasse'),
(6172, 21, 'shipping'),
(6173, 21, 'orders_update'),
(6174, 21, 'stats_kasse'),
(6175, 21, 'ebay_mail_view'),
(6176, 21, 'ebay_mail_reply'),
(6177, 21, 'ebay_email'),
(6178, 21, 'ebay_mail_filter'),
(6179, 21, 'ebay_email_work'),
(6180, 21, 'ebay_email_finder'),
(6181, 21, 'f_customers_edit'),
(6182, 21, 'f_customers_crm'),
(6183, 21, 'f_customers_editstatus'),
(6184, 21, 'f_customers_accounting'),
(6185, 21, 'f_customers_new_order'),
(6186, 21, 'f_categories_edit'),
(6187, 21, 'f_orders_email'),
(6188, 21, 'f_orders_view'),
(6189, 21, 'f_orders_edit_address'),
(6190, 21, 'f_orders_edit_products'),
(6191, 21, 'f_orders_edit_shipping'),
(6192, 21, 'f_orders_update_status'),
(6193, 21, 'print_order_warnings'),
(6194, 21, 'f_storage_numbers_edit'),
(6195, 21, 'f_storage_numbers_new'),
(6196, 21, 'products'),
(6197, 21, 'shipping_graduation'),
(6198, 21, 'f_products_history'),
(6199, 21, 'reclamations'),
(6200, 21, 'print_reclamation'),
(6201, 21, 'print_reclamation_packingslip'),
(6202, 21, 'retoure'),
(6203, 21, 'retoure_edit'),
(6204, 21, 'retoure_update'),
(6205, 21, 'reclamations_update'),
(6206, 21, 'reclamations_edit'),
(6207, 21, 'rueckerstattungen'),
(6208, 21, 'rueckerstattungen_edit'),
(6209, 21, 'print_retoure'),
(6210, 21, 'print_rueckerstattung'),
(6211, 21, 'notiz'),
(6212, 21, 'orders_split'),
(6213, 21, 'incoming_payments_stats'),
(6214, 21, 'f_switch_kasse_payment'),
(6215, 21, 'f_orders_notax'),
(6216, 21, 'f_change_products_defaultstorage'),
(6217, 21, 'f_change_products_comments'),
(6218, 21, 'f_products_stats_abverkaeufe'),
(6219, 21, 'mailarchive'),
(6220, 21, 'f_reclamations_set_versand'),
(6221, 21, 'f_reclamations_add'),
(6222, 21, 'stats_reclamations'),
(6223, 21, 'f_reclamations_update_status'),
(6224, 21, 'f_products_ext_shippingcosts'),
(6225, 21, 'f_kasse_change_paydate'),
(6226, 21, 'f_orders_edit_after_shipping'),
(6227, 21, 'otc'),
(6228, 21, 'advanced_search'),
(6229, 21, 'ebayapi_popup_shopchoose'),
(6230, 21, 'ebayapi_shippingcosts'),
(6231, 21, 'f_orders_rueckstand'),
(6232, 21, 'f_orders_edit_payment'),
(6233, 21, 'ajax_order_details'),
(6234, 21, 'ajax_notice_header'),
(6235, 21, 'f_change_order_if_status_bezahlt'),
(6236, 21, 'popup_get_ebay_address'),
(6442, 17, 'popup_get_ebay_address'),
(6443, 17, 'export_order_stats'),
(6444, 17, 'export_ebay_products'),
(6445, 17, 'mailclient'),
(8604, 23, 'currencies'),
(8605, 23, 'zones'),
(8602, 23, 'modules'),
(8603, 23, 'countries'),
(8600, 23, 'feedback'),
(8601, 23, 'configuration'),
(9409, 22, 'f_accounting_scheme'),
(9408, 22, 'branches_transfer'),
(9407, 22, 'mailclient'),
(9406, 22, 'export_ebay_products'),
(9405, 22, 'export_order_stats'),
(9403, 22, 'incoming_payments_paypal'),
(9404, 22, 'popup_get_ebay_address'),
(9402, 22, 'paypal'),
(9401, 22, 'f_change_order_if_status_bezahlt'),
(9400, 22, 'amazon_products'),
(9399, 22, 'ajax_notice_header'),
(9398, 22, 'ajax_order_details'),
(9397, 22, 'reminder'),
(9396, 22, 'yes_backup'),
(9395, 22, 'f_kasse_start_at_new_order'),
(9394, 22, 'f_change_products_price_fixing'),
(9393, 22, 'flashpoint_import'),
(9392, 22, 'popup_group_characteristic_select'),
(9391, 22, 'flashpoint_import_configuration'),
(9390, 22, 'mailaccounts'),
(9389, 22, 'token'),
(9388, 22, 'f_kasse_fibu_switch_paymentmethod_moneyorder'),
(9387, 22, 'ebayapi_shippingmethods'),
(9385, 22, 'distributor_invoices_edit_status'),
(9386, 22, 'f_textitems_delete'),
(9384, 22, 'f_orders_edit_payment'),
(9383, 22, 'distributor_invoices_reasons'),
(9382, 22, 'distributor_invoices_edit'),
(9381, 22, 'distributor_invoices'),
(9380, 22, 'f_distributor_new_invoice'),
(9379, 22, 'countries_allocation'),
(9378, 22, 'f_orders_rueckstand'),
(9377, 22, 'f_products_meldebestand'),
(9376, 22, 'ebayapi_shippingcosts'),
(9375, 22, 'ebayapi_payments'),
(9374, 22, 'units'),
(9373, 22, 'ebayapi_popup_shopchoose'),
(9372, 22, 'fck_xml'),
(9371, 22, 'products_characteristics'),
(9370, 22, 'stats_ebayselling'),
(9369, 22, 'advanced_search'),
(9368, 22, 'ebayapi_ftpfile'),
(9367, 22, 'ebayapi_highbidder'),
(9366, 22, 'ebayapi_bestoffers'),
(9365, 22, 'ebayapi_membermessages'),
(9364, 22, 'otc'),
(9363, 22, 'branch_products'),
(9362, 22, 'branch'),
(9361, 22, 'f_orders_edit_after_shipping'),
(9360, 22, 'f_kasse_change_paydate'),
(9359, 22, 'f_products_ext_shippingcosts'),
(9358, 22, 'groups_allocation'),
(9357, 22, 'f_reclamations_update_status'),
(9356, 22, 'stats_reclamations'),
(9355, 22, 'f_reclamations_add'),
(9354, 22, 'stats_stock_overview'),
(9353, 22, 'f_reclamations_set_versand'),
(9352, 22, 'distributor_orders_proposal'),
(9351, 22, 'groups'),
(9350, 22, 'products_groups'),
(9349, 22, 'mailarchive'),
(9348, 22, 'reclamations_edit_products_serials'),
(9347, 22, 'orders_edit_products_serials'),
(9346, 22, 'products_serials'),
(9345, 22, 'f_change_products_serial_numbers'),
(9343, 22, 'ebayapi_automatic_timer'),
(9344, 22, 'f_products_stats_abverkaeufe'),
(9342, 22, 'ebayapi_automatic'),
(9341, 22, 'f_change_products_comments'),
(9340, 22, 'f_change_products_pics'),
(9339, 22, 'f_change_products_desc'),
(9338, 22, 'f_change_products_ebaytitle'),
(9337, 22, 'f_change_products_title'),
(9330, 22, 'f_change_products_weight'),
(9331, 22, 'f_change_products_shippingtime'),
(9332, 22, 'f_change_products_infotemplate'),
(9333, 22, 'f_change_products_optionstemplate'),
(9334, 22, 'f_change_products_ebaytemplate'),
(9336, 22, 'f_change_products_meta'),
(9335, 22, 'f_change_products_defaultstorage'),
(9329, 22, 'f_change_products_fsk18'),
(9328, 22, 'f_change_products_manufacturer'),
(9327, 22, 'f_change_products_barcode'),
(9326, 22, 'f_change_products_model'),
(9325, 22, 'f_change_products_sort'),
(9324, 22, 'f_change_products_size'),
(9323, 22, 'f_change_products_price'),
(9322, 22, 'f_change_products_date_available'),
(9321, 22, 'f_change_products_status'),
(9320, 22, 'f_lawyer_export_delete'),
(9319, 22, 'f_orders_notax'),
(9318, 22, 'f_switch_kasse_payment'),
(9317, 22, 'f_products_distributors_prices'),
(9316, 22, 'f_distributor_orders_bestellen'),
(9315, 22, 'distributor_orders_rueckbuch'),
(9314, 22, 'print_distributor_packingslip'),
(9313, 22, 'print_distributor_order'),
(9312, 22, 'f_distributor_orders_edit_products'),
(9311, 22, 'f_distributor_orders_edit_address'),
(9310, 22, 'distributor_orders_storno'),
(9309, 22, 'f_distributor_orders_update_status'),
(9308, 22, 'distributor_orders_update'),
(9307, 22, 'distributor_orders_edit'),
(9306, 22, 'f_distributor_orders_delete'),
(9305, 22, 'f_distributor_new_order'),
(9304, 22, 'distributor_orders'),
(9303, 22, 'distributor_orders_status'),
(9302, 22, 'lawyer_export'),
(9301, 22, 'f_products_quantity'),
(9300, 22, 'incoming_payments_stats'),
(9299, 22, 'product_collies'),
(9298, 22, 'orders_split'),
(9297, 22, 'notiz'),
(9296, 22, 'f_customers_set_admin'),
(9295, 22, 'ebayapi_relist'),
(9294, 22, 'ebay_mailtemplate'),
(9293, 22, 'stats_auctionfees'),
(9292, 22, 'ebay_template'),
(9291, 22, 'print_rueckerstattung'),
(9290, 22, 'print_retoure'),
(9289, 22, 'rueckerstattungen_edit'),
(9288, 22, 'rueckerstattungen_update'),
(9287, 22, 'rueckerstattungen'),
(9286, 22, 'reclamations_edit'),
(9285, 22, 'reclamations_update'),
(9284, 22, 'retoure_update'),
(9283, 22, 'retoure_edit'),
(9282, 22, 'retoure'),
(9281, 22, 'print_reclamation_packingslip'),
(9280, 22, 'print_reclamation'),
(9279, 22, 'ebayapi_timerdelays'),
(9278, 22, 'reclamations'),
(9277, 22, 'f_products_history'),
(9276, 22, 'ebayapi_favorite_category'),
(9275, 22, 'products_short_description'),
(9274, 22, 'products_description'),
(9273, 22, 'products_extra_text'),
(9272, 22, 'shipping_graduation'),
(9271, 22, 'products'),
(9270, 22, 'f_storage_numbers_new'),
(9269, 22, 'f_storage_numbers_edit'),
(9268, 22, 'print_order_warnings'),
(9267, 22, 'f_orders_update_status'),
(9266, 22, 'f_orders_edit_stammdaten'),
(9265, 22, 'f_orders_edit_shipping'),
(9264, 22, 'f_orders_edit_products'),
(9263, 22, 'f_orders_edit_address'),
(9262, 22, 'f_orders_view'),
(9261, 22, 'f_orders_delete_cc'),
(9260, 22, 'f_orders_delete'),
(9259, 22, 'f_orders_email'),
(9258, 22, 'f_categories_editspecial'),
(9256, 22, 'f_customers_new_order'),
(9257, 22, 'f_categories_edit'),
(9255, 22, 'f_customers_iplog'),
(9254, 22, 'f_customers_accounting'),
(9253, 22, 'f_customers_editstatus'),
(9252, 22, 'f_customers_crm'),
(9251, 22, 'f_customers_edit'),
(9250, 22, 'orders_storno'),
(9249, 22, 'distributor_products'),
(9248, 22, 'distributor_contacts'),
(9247, 22, 'shipping_history'),
(9246, 22, 'hermes_status'),
(9245, 22, 'pangora'),
(9244, 22, 'ebay_email_finder'),
(9243, 22, 'ebay_email_work'),
(9242, 22, 'ebay_mail_filter'),
(9241, 22, 'ebay_email'),
(9240, 22, 'ebay_mail_reply'),
(9239, 22, 'stats_stock_warning'),
(9238, 22, 'stats_kasse'),
(9237, 22, 'stats_auctions'),
(9236, 22, 'orders_update'),
(9235, 22, 'shipping'),
(9234, 22, 'kasse'),
(9233, 22, 'ebayapi_ebayshop_popup'),
(9232, 22, 'hermes_xml'),
(9231, 22, 'hermes'),
(9230, 22, 'extern_print_order'),
(9229, 22, 'storage'),
(9228, 22, 'storage_admin'),
(9227, 22, 'ebayapi_feedback'),
(9226, 22, 'storage_numbers'),
(9225, 22, 'distributor'),
(9224, 22, 'ebay_mail_textitems'),
(9223, 22, 'adma'),
(9222, 22, 'easylog'),
(9221, 22, 'gepard'),
(9220, 22, 'incoming_payments'),
(9219, 22, 'ebay_mail_top'),
(9218, 22, 'ebayapi_textitems'),
(9217, 22, 'ebayapi_warnings'),
(9216, 22, 'ebayapi_getcategorys'),
(9215, 22, 'ebayapi_cart'),
(9214, 22, 'ebayapi_order_warning'),
(9213, 22, 'ebaymail'),
(9212, 22, 'ebay_mail_left'),
(9211, 22, 'ebay_mail_main'),
(9210, 22, 'combined_orders'),
(9209, 22, 'xsell_products'),
(9208, 22, 'ebayapi_cart_admin'),
(9207, 22, 'ebayapi_preview'),
(9206, 22, 'ebayapi_popup_catchoose'),
(9205, 22, 'ebayapi_categoryshow'),
(9204, 22, 'ebayapi_shopcatshow'),
(9203, 22, 'ebayapi_mailview'),
(9202, 22, 'ebayapi_mailgetter'),
(9201, 22, 'ebayapi_filebrowser_view'),
(9200, 22, 'ebayapi_filebrowser'),
(9199, 22, 'ebay_transactions'),
(9198, 22, 'ebay_categoryshow'),
(9197, 22, 'ebay_shopcatshow'),
(9196, 22, 'ebay_mail_frame'),
(9195, 22, 'orders_edit'),
(9194, 22, 'blacklist'),
(9193, 22, 'credits'),
(9192, 22, 'content_preview'),
(9191, 22, 'content_manager'),
(9190, 22, 'start'),
(9189, 22, 'xml_export'),
(9188, 22, 'module_newsletter'),
(9187, 22, 'banner_statistics'),
(9186, 22, 'banner_manager'),
(9185, 22, 'stats_sales_report'),
(9184, 22, 'stats_customers'),
(9183, 22, 'stats_products_purchased'),
(9182, 22, 'stats_products_viewed'),
(9181, 22, 'stats_products_expected'),
(9180, 22, 'specials'),
(9179, 22, 'reviews'),
(9178, 22, 'manufacturers'),
(9177, 22, 'products_attributes'),
(9176, 22, 'new_attributes'),
(9175, 22, 'categories'),
(9174, 22, 'mail'),
(9173, 22, 'validcategories'),
(9172, 22, 'validproducts'),
(9171, 22, 'gv_sent'),
(9170, 22, 'gv_mail'),
(9169, 22, 'gv_queue'),
(9168, 22, 'coupon_admin'),
(9167, 22, 'popup_memo'),
(9166, 22, 'print_order'),
(9165, 22, 'print_packingslip'),
(9164, 22, 'orders'),
(9163, 22, 'customers_status'),
(9162, 22, 'create_account'),
(9161, 22, 'customers'),
(9160, 22, 'module_export'),
(9159, 22, 'shipping_status'),
(9158, 22, 'orders_status'),
(9157, 22, 'define_language'),
(9156, 22, 'languages'),
(9155, 22, 'whos_online'),
(9154, 22, 'server_info'),
(9153, 22, 'cache'),
(9152, 22, 'backup'),
(9151, 22, 'accounting'),
(9150, 22, 'tax_rates'),
(9149, 22, 'tax_classes'),
(9148, 22, 'geo_zones'),
(9147, 22, 'zones'),
(9146, 22, 'currencies'),
(9145, 22, 'countries'),
(9144, 22, 'modules'),
(9143, 22, 'configuration'),
(9142, 22, 'feedback'),
(8606, 23, 'geo_zones'),
(8607, 23, 'tax_classes'),
(8608, 23, 'tax_rates'),
(8609, 23, 'accounting'),
(8610, 23, 'backup'),
(8611, 23, 'cache'),
(8612, 23, 'server_info'),
(8613, 23, 'whos_online'),
(8614, 23, 'languages'),
(8615, 23, 'define_language'),
(8616, 23, 'orders_status'),
(8617, 23, 'shipping_status'),
(8618, 23, 'module_export'),
(8619, 23, 'customers'),
(8620, 23, 'create_account'),
(8621, 23, 'customers_status'),
(8622, 23, 'orders'),
(8623, 23, 'print_packingslip'),
(8624, 23, 'print_order'),
(8625, 23, 'popup_memo'),
(8626, 23, 'coupon_admin'),
(8627, 23, 'gv_queue'),
(8628, 23, 'gv_mail'),
(8629, 23, 'gv_sent'),
(8630, 23, 'validproducts'),
(8631, 23, 'validcategories'),
(8632, 23, 'mail'),
(8633, 23, 'categories'),
(8634, 23, 'new_attributes'),
(8635, 23, 'products_attributes'),
(8636, 23, 'manufacturers'),
(8637, 23, 'reviews'),
(8638, 23, 'specials'),
(8639, 23, 'stats_products_expected'),
(8640, 23, 'stats_products_viewed'),
(8641, 23, 'stats_products_purchased'),
(8642, 23, 'stats_customers'),
(8643, 23, 'stats_sales_report'),
(8644, 23, 'banner_manager'),
(8645, 23, 'banner_statistics'),
(8646, 23, 'module_newsletter'),
(8647, 23, 'xml_export'),
(8648, 23, 'start'),
(8649, 23, 'content_manager'),
(8650, 23, 'content_preview'),
(8651, 23, 'credits'),
(8652, 23, 'blacklist'),
(8653, 23, 'orders_edit'),
(8654, 23, 'ebay_mail_frame'),
(8655, 23, 'ebay_shopcatshow'),
(8656, 23, 'ebay_categoryshow'),
(8657, 23, 'ebay_transactions'),
(8658, 23, 'ebayapi_filebrowser'),
(8659, 23, 'ebayapi_filebrowser_view'),
(8660, 23, 'ebayapi_mailgetter'),
(8661, 23, 'ebayapi_mailview'),
(8662, 23, 'ebayapi_shopcatshow'),
(8663, 23, 'ebayapi_categoryshow'),
(8664, 23, 'ebayapi_popup_catchoose'),
(8665, 23, 'ebayapi_preview'),
(8666, 23, 'ebayapi_cart_admin'),
(8667, 23, 'xsell_products'),
(8668, 23, 'combined_orders'),
(8669, 23, 'ebay_mail_main'),
(8670, 23, 'ebay_mail_left'),
(8671, 23, 'ebaymail'),
(8672, 23, 'ebayapi_order_warning'),
(8673, 23, 'ebayapi_cart'),
(8674, 23, 'ebayapi_getcategorys'),
(8675, 23, 'ebayapi_warnings'),
(8676, 23, 'ebayapi_textitems'),
(8677, 23, 'ebay_mail_top'),
(8678, 23, 'incoming_payments'),
(8679, 23, 'gepard'),
(8680, 23, 'easylog'),
(8681, 23, 'adma'),
(8682, 23, 'ebay_mail_textitems'),
(8683, 23, 'distributor'),
(8684, 23, 'storage_numbers'),
(8685, 23, 'ebayapi_feedback'),
(8686, 23, 'storage_admin'),
(8687, 23, 'storage'),
(8688, 23, 'extern_print_order'),
(8689, 23, 'hermes'),
(8690, 23, 'hermes_xml'),
(8691, 23, 'ebayapi_ebayshop_popup'),
(8692, 23, 'kasse'),
(8693, 23, 'shipping'),
(8694, 23, 'orders_update'),
(8695, 23, 'stats_auctions'),
(8696, 23, 'stats_kasse'),
(8697, 23, 'stats_stock_warning'),
(8698, 23, 'ebay_mail_view'),
(8699, 23, 'ebay_mail_reply'),
(8700, 23, 'ebay_email'),
(8701, 23, 'ebay_mail_filter'),
(8702, 23, 'ebay_email_work'),
(8703, 23, 'ebay_email_finder'),
(8704, 23, 'pangora'),
(8705, 23, 'hermes_status'),
(8706, 23, 'shipping_history'),
(8707, 23, 'distributor_contacts'),
(8708, 23, 'distributor_products'),
(8709, 23, 'orders_storno'),
(8710, 23, 'f_customers_edit'),
(8711, 23, 'f_customers_crm'),
(8712, 23, 'f_customers_editstatus'),
(8713, 23, 'f_customers_accounting'),
(8714, 23, 'f_customers_iplog'),
(8715, 23, 'f_customers_new_order'),
(8716, 23, 'f_categories_edit'),
(8717, 23, 'f_categories_editspecial'),
(8718, 23, 'f_orders_email'),
(8719, 23, 'f_orders_delete'),
(8720, 23, 'f_orders_delete_cc'),
(8721, 23, 'f_orders_view'),
(8722, 23, 'f_orders_edit_address'),
(8723, 23, 'f_orders_edit_products'),
(8724, 23, 'f_orders_edit_shipping'),
(8725, 23, 'f_orders_edit_stammdaten'),
(8726, 23, 'f_orders_update_status'),
(8727, 23, 'print_order_warnings'),
(8728, 23, 'f_storage_numbers_edit'),
(8729, 23, 'f_storage_numbers_new'),
(8730, 23, 'products'),
(8731, 23, 'shipping_graduation'),
(8732, 23, 'products_extra_text'),
(8733, 23, 'products_description'),
(8734, 23, 'products_short_description'),
(8735, 23, 'ebayapi_favorite_category'),
(8736, 23, 'f_products_history'),
(8737, 23, 'reclamations'),
(8738, 23, 'ebayapi_timerdelays'),
(8739, 23, 'print_reclamation'),
(8740, 23, 'print_reclamation_packingslip'),
(8741, 23, 'retoure'),
(8742, 23, 'retoure_edit'),
(8743, 23, 'retoure_update'),
(8744, 23, 'reclamations_update'),
(8745, 23, 'reclamations_edit'),
(8746, 23, 'rueckerstattungen'),
(8747, 23, 'rueckerstattungen_update'),
(8748, 23, 'rueckerstattungen_edit'),
(8749, 23, 'print_retoure'),
(8750, 23, 'print_rueckerstattung'),
(8751, 23, 'ebay_template'),
(8752, 23, 'stats_auctionfees'),
(8753, 23, 'ebay_mailtemplate'),
(8754, 23, 'ebayapi_relist'),
(8755, 23, 'f_customers_set_admin'),
(8756, 23, 'notiz'),
(8757, 23, 'orders_split'),
(8758, 23, 'product_collies'),
(8759, 23, 'incoming_payments_stats'),
(8760, 23, 'f_products_quantity'),
(8761, 23, 'lawyer_export'),
(8762, 23, 'distributor_orders_status'),
(8763, 23, 'distributor_orders'),
(8764, 23, 'f_distributor_new_order'),
(8765, 23, 'f_distributor_orders_delete'),
(8766, 23, 'distributor_orders_edit'),
(8767, 23, 'distributor_orders_update'),
(8768, 23, 'f_distributor_orders_update_status'),
(8769, 23, 'distributor_orders_storno'),
(8770, 23, 'f_distributor_orders_edit_address'),
(8771, 23, 'f_distributor_orders_edit_products'),
(8772, 23, 'print_distributor_order'),
(8773, 23, 'print_distributor_packingslip'),
(8774, 23, 'distributor_orders_rueckbuch'),
(8775, 23, 'f_distributor_orders_bestellen'),
(8776, 23, 'f_products_distributors_prices'),
(8777, 23, 'f_switch_kasse_payment'),
(8778, 23, 'f_orders_notax'),
(8779, 23, 'f_lawyer_export_delete'),
(8780, 23, 'f_change_products_status'),
(8781, 23, 'f_change_products_date_available'),
(8782, 23, 'f_change_products_price'),
(8783, 23, 'f_change_products_size'),
(8784, 23, 'f_change_products_sort'),
(8785, 23, 'f_change_products_model'),
(8786, 23, 'f_change_products_barcode'),
(8787, 23, 'f_change_products_manufacturer'),
(8788, 23, 'f_change_products_fsk18'),
(8789, 23, 'f_change_products_weight'),
(8790, 23, 'f_change_products_shippingtime'),
(8791, 23, 'f_change_products_infotemplate'),
(8792, 23, 'f_change_products_optionstemplate'),
(8793, 23, 'f_change_products_ebaytemplate'),
(8794, 23, 'f_change_products_defaultstorage'),
(8795, 23, 'f_change_products_meta'),
(8796, 23, 'f_change_products_title'),
(8797, 23, 'f_change_products_ebaytitle'),
(8798, 23, 'f_change_products_desc'),
(8799, 23, 'f_change_products_pics'),
(8800, 23, 'f_change_products_comments'),
(8801, 23, 'ebayapi_automatic'),
(8802, 23, 'ebayapi_automatic_timer'),
(8803, 23, 'f_products_stats_abverkaeufe'),
(8804, 23, 'f_change_products_serial_numbers'),
(8805, 23, 'products_serials'),
(8806, 23, 'orders_edit_products_serials'),
(8807, 23, 'reclamations_edit_products_serials'),
(8808, 23, 'mailarchive'),
(8809, 23, 'products_groups'),
(8810, 23, 'groups'),
(8811, 23, 'distributor_orders_proposal'),
(8812, 23, 'f_reclamations_set_versand'),
(8813, 23, 'stats_stock_overview'),
(8814, 23, 'f_reclamations_add'),
(8815, 23, 'stats_reclamations'),
(8816, 23, 'f_reclamations_update_status'),
(8817, 23, 'groups_allocation'),
(8818, 23, 'f_products_ext_shippingcosts'),
(8819, 23, 'f_kasse_change_paydate'),
(8820, 23, 'f_orders_edit_after_shipping'),
(8821, 23, 'branch'),
(8822, 23, 'branch_products'),
(8823, 23, 'otc'),
(8824, 23, 'ebayapi_membermessages'),
(8825, 23, 'ebayapi_bestoffers'),
(8826, 23, 'ebayapi_highbidder'),
(8827, 23, 'ebayapi_ftpfile'),
(8828, 23, 'advanced_search'),
(8829, 23, 'stats_ebayselling'),
(8830, 23, 'products_characteristics'),
(8831, 23, 'fck_xml'),
(8832, 23, 'ebayapi_popup_shopchoose'),
(8833, 23, 'units'),
(8834, 23, 'ebayapi_payments'),
(8835, 23, 'ebayapi_shippingcosts'),
(8836, 23, 'f_products_meldebestand'),
(8837, 23, 'f_orders_rueckstand'),
(8838, 23, 'countries_allocation'),
(8839, 23, 'f_distributor_new_invoice'),
(8840, 23, 'distributor_invoices'),
(8841, 23, 'distributor_invoices_edit'),
(8842, 23, 'distributor_invoices_reasons'),
(8843, 23, 'f_orders_edit_payment'),
(8844, 23, 'distributor_invoices_edit_status'),
(8845, 23, 'f_textitems_delete'),
(8846, 23, 'ebayapi_shippingmethods'),
(8847, 23, 'f_kasse_fibu_switch_paymentmethod_moneyorder'),
(8848, 23, 'token'),
(8849, 23, 'mailaccounts'),
(8850, 23, 'flashpoint_import_configuration'),
(8851, 23, 'popup_group_characteristic_select'),
(8852, 23, 'flashpoint_import'),
(8853, 23, 'f_change_products_price_fixing'),
(8854, 23, 'f_kasse_start_at_new_order'),
(8855, 23, 'yes_backup'),
(8856, 23, 'reminder'),
(8857, 23, 'ajax_order_details'),
(8858, 23, 'ajax_notice_header'),
(8859, 23, 'amazon_products'),
(8860, 23, 'f_change_order_if_status_bezahlt'),
(8861, 23, 'paypal'),
(8862, 23, 'incoming_payments_paypal'),
(8863, 23, 'popup_get_ebay_address'),
(8864, 23, 'export_order_stats'),
(8865, 23, 'export_ebay_products'),
(8866, 23, 'mailclient'),
(8867, 23, 'branches_transfer'),
(8868, 23, 'f_accounting_scheme'),
(8869, 23, 'f_accounting_change'),
(8870, 23, 'f_accounting_system_groups'),
(8871, 23, 'f_branch_delete'),
(9410, 22, 'f_accounting_change'),
(9411, 22, 'f_branch_delete'),
(9412, 24, 'feedback'),
(9413, 24, 'configuration'),
(9414, 24, 'modules'),
(9415, 24, 'countries'),
(9416, 24, 'currencies'),
(9417, 24, 'zones'),
(9418, 24, 'geo_zones'),
(9419, 24, 'tax_classes'),
(9420, 24, 'tax_rates'),
(9421, 24, 'accounting'),
(9422, 24, 'backup'),
(9423, 24, 'cache'),
(9424, 24, 'server_info'),
(9425, 24, 'whos_online'),
(9426, 24, 'languages'),
(9427, 24, 'define_language'),
(9428, 24, 'orders_status'),
(9429, 24, 'shipping_status'),
(9430, 24, 'module_export'),
(9431, 24, 'customers'),
(9432, 24, 'create_account'),
(9433, 24, 'customers_status'),
(9434, 24, 'orders'),
(9435, 24, 'print_packingslip'),
(9436, 24, 'print_order'),
(9437, 24, 'popup_memo'),
(9438, 24, 'coupon_admin'),
(9439, 24, 'gv_queue'),
(9440, 24, 'gv_mail'),
(9441, 24, 'gv_sent'),
(9442, 24, 'validproducts'),
(9443, 24, 'validcategories'),
(9444, 24, 'mail'),
(9445, 24, 'categories'),
(9446, 24, 'new_attributes'),
(9447, 24, 'products_attributes'),
(9448, 24, 'manufacturers'),
(9449, 24, 'reviews'),
(9450, 24, 'specials'),
(9451, 24, 'stats_products_expected'),
(9452, 24, 'stats_products_viewed'),
(9453, 24, 'stats_products_purchased'),
(9454, 24, 'stats_customers'),
(9455, 24, 'stats_sales_report'),
(9456, 24, 'banner_manager'),
(9457, 24, 'banner_statistics'),
(9458, 24, 'module_newsletter'),
(9459, 24, 'xml_export'),
(9460, 24, 'start'),
(9461, 24, 'content_manager'),
(9462, 24, 'content_preview'),
(9463, 24, 'credits'),
(9464, 24, 'blacklist'),
(9465, 24, 'orders_edit'),
(9466, 24, 'ebay_mail_frame'),
(9467, 24, 'ebay_shopcatshow'),
(9468, 24, 'ebay_categoryshow'),
(9469, 24, 'ebay_transactions'),
(9470, 24, 'ebayapi_filebrowser'),
(9471, 24, 'ebayapi_filebrowser_view'),
(9472, 24, 'ebayapi_mailgetter'),
(9473, 24, 'ebayapi_mailview'),
(9474, 24, 'ebayapi_shopcatshow'),
(9475, 24, 'ebayapi_categoryshow'),
(9476, 24, 'ebayapi_popup_catchoose'),
(9477, 24, 'ebayapi_preview'),
(9478, 24, 'ebayapi_cart_admin'),
(9479, 24, 'xsell_products'),
(9480, 24, 'combined_orders'),
(9481, 24, 'ebay_mail_main'),
(9482, 24, 'ebay_mail_left'),
(9483, 24, 'ebaymail'),
(9484, 24, 'ebayapi_order_warning'),
(9485, 24, 'ebayapi_cart'),
(9486, 24, 'ebayapi_getcategorys'),
(9487, 24, 'ebayapi_warnings'),
(9488, 24, 'ebayapi_textitems'),
(9489, 24, 'ebay_mail_top'),
(9490, 24, 'incoming_payments'),
(9491, 24, 'gepard'),
(9492, 24, 'easylog'),
(9493, 24, 'adma'),
(9494, 24, 'ebay_mail_textitems'),
(9495, 24, 'distributor'),
(9496, 24, 'storage_numbers'),
(9497, 24, 'ebayapi_feedback'),
(9498, 24, 'storage_admin'),
(9499, 24, 'storage'),
(9500, 24, 'extern_print_order'),
(9501, 24, 'hermes'),
(9502, 24, 'hermes_xml'),
(9503, 24, 'ebayapi_ebayshop_popup'),
(9504, 24, 'kasse'),
(9505, 24, 'shipping'),
(9506, 24, 'orders_update'),
(9507, 24, 'stats_auctions'),
(9508, 24, 'stats_kasse'),
(9509, 24, 'stats_stock_warning'),
(9510, 24, 'ebay_mail_view'),
(9511, 24, 'ebay_mail_reply'),
(9512, 24, 'ebay_email'),
(9513, 24, 'ebay_mail_filter'),
(9514, 24, 'ebay_email_work'),
(9515, 24, 'ebay_email_finder'),
(9516, 24, 'pangora'),
(9517, 24, 'hermes_status'),
(9518, 24, 'shipping_history'),
(9519, 24, 'distributor_contacts'),
(9520, 24, 'distributor_products'),
(9521, 24, 'orders_storno'),
(9522, 24, 'f_customers_edit'),
(9523, 24, 'f_customers_crm'),
(9524, 24, 'f_customers_editstatus'),
(9525, 24, 'f_customers_accounting'),
(9526, 24, 'f_customers_iplog'),
(9527, 24, 'f_customers_new_order'),
(9528, 24, 'f_categories_edit'),
(9529, 24, 'f_categories_editspecial'),
(9530, 24, 'f_orders_email'),
(9531, 24, 'f_orders_delete'),
(9532, 24, 'f_orders_delete_cc'),
(9533, 24, 'f_orders_view'),
(9534, 24, 'f_orders_edit_address'),
(9535, 24, 'f_orders_edit_products'),
(9536, 24, 'f_orders_edit_shipping'),
(9537, 24, 'f_orders_edit_stammdaten'),
(9538, 24, 'f_orders_update_status'),
(9539, 24, 'print_order_warnings'),
(9540, 24, 'f_storage_numbers_edit'),
(9541, 24, 'f_storage_numbers_new'),
(9542, 24, 'products'),
(9543, 24, 'shipping_graduation'),
(9544, 24, 'products_extra_text'),
(9545, 24, 'products_description'),
(9546, 24, 'products_short_description'),
(9547, 24, 'ebayapi_favorite_category'),
(9548, 24, 'f_products_history'),
(9549, 24, 'reclamations'),
(9550, 24, 'ebayapi_timerdelays'),
(9551, 24, 'print_reclamation'),
(9552, 24, 'print_reclamation_packingslip'),
(9553, 24, 'retoure'),
(9554, 24, 'retoure_edit'),
(9555, 24, 'retoure_update'),
(9556, 24, 'reclamations_update'),
(9557, 24, 'reclamations_edit'),
(9558, 24, 'rueckerstattungen'),
(9559, 24, 'rueckerstattungen_update'),
(9560, 24, 'rueckerstattungen_edit'),
(9561, 24, 'print_retoure'),
(9562, 24, 'print_rueckerstattung'),
(9563, 24, 'ebay_template'),
(9564, 24, 'stats_auctionfees'),
(9565, 24, 'ebay_mailtemplate'),
(9566, 24, 'ebayapi_relist'),
(9567, 24, 'f_customers_set_admin'),
(9568, 24, 'notiz'),
(9569, 24, 'orders_split'),
(9570, 24, 'product_collies'),
(9571, 24, 'incoming_payments_stats'),
(9572, 24, 'f_products_quantity'),
(9573, 24, 'lawyer_export'),
(9574, 24, 'distributor_orders_status'),
(9575, 24, 'distributor_orders'),
(9576, 24, 'f_distributor_new_order'),
(9577, 24, 'f_distributor_orders_delete'),
(9578, 24, 'distributor_orders_edit'),
(9579, 24, 'distributor_orders_update'),
(9580, 24, 'f_distributor_orders_update_status'),
(9581, 24, 'distributor_orders_storno'),
(9582, 24, 'f_distributor_orders_edit_address'),
(9583, 24, 'f_distributor_orders_edit_products'),
(9584, 24, 'print_distributor_order'),
(9585, 24, 'print_distributor_packingslip'),
(9586, 24, 'distributor_orders_rueckbuch'),
(9587, 24, 'f_distributor_orders_bestellen'),
(9588, 24, 'f_products_distributors_prices'),
(9589, 24, 'f_switch_kasse_payment'),
(9590, 24, 'f_orders_notax'),
(9591, 24, 'f_lawyer_export_delete'),
(9592, 24, 'f_change_products_status'),
(9593, 24, 'f_change_products_date_available'),
(9594, 24, 'f_change_products_price'),
(9595, 24, 'f_change_products_size'),
(9596, 24, 'f_change_products_sort'),
(9597, 24, 'f_change_products_model'),
(9598, 24, 'f_change_products_barcode'),
(9599, 24, 'f_change_products_manufacturer'),
(9600, 24, 'f_change_products_fsk18'),
(9601, 24, 'f_change_products_weight'),
(9602, 24, 'f_change_products_shippingtime'),
(9603, 24, 'f_change_products_infotemplate'),
(9604, 24, 'f_change_products_optionstemplate'),
(9605, 24, 'f_change_products_ebaytemplate'),
(9606, 24, 'f_change_products_defaultstorage'),
(9607, 24, 'f_change_products_meta'),
(9608, 24, 'f_change_products_title'),
(9609, 24, 'f_change_products_ebaytitle'),
(9610, 24, 'f_change_products_desc'),
(9611, 24, 'f_change_products_pics'),
(9612, 24, 'f_change_products_comments'),
(9613, 24, 'ebayapi_automatic'),
(9614, 24, 'ebayapi_automatic_timer'),
(9615, 24, 'f_products_stats_abverkaeufe'),
(9616, 24, 'f_change_products_serial_numbers'),
(9617, 24, 'products_serials'),
(9618, 24, 'orders_edit_products_serials'),
(9619, 24, 'reclamations_edit_products_serials'),
(9620, 24, 'mailarchive'),
(9621, 24, 'products_groups'),
(9622, 24, 'groups'),
(9623, 24, 'distributor_orders_proposal'),
(9624, 24, 'f_reclamations_set_versand'),
(9625, 24, 'stats_stock_overview'),
(9626, 24, 'f_reclamations_add'),
(9627, 24, 'stats_reclamations'),
(9628, 24, 'f_reclamations_update_status'),
(9629, 24, 'groups_allocation'),
(9630, 24, 'f_products_ext_shippingcosts'),
(9631, 24, 'f_kasse_change_paydate'),
(9632, 24, 'f_orders_edit_after_shipping'),
(9633, 24, 'branch'),
(9634, 24, 'branch_products'),
(9635, 24, 'otc'),
(9636, 24, 'ebayapi_membermessages'),
(9637, 24, 'ebayapi_bestoffers'),
(9638, 24, 'ebayapi_highbidder'),
(9639, 24, 'ebayapi_ftpfile'),
(9640, 24, 'advanced_search'),
(9641, 24, 'stats_ebayselling'),
(9642, 24, 'products_characteristics'),
(9643, 24, 'fck_xml'),
(9644, 24, 'ebayapi_popup_shopchoose'),
(9645, 24, 'units'),
(9646, 24, 'ebayapi_payments'),
(9647, 24, 'ebayapi_shippingcosts'),
(9648, 24, 'f_products_meldebestand'),
(9649, 24, 'f_orders_rueckstand'),
(9650, 24, 'countries_allocation'),
(9651, 24, 'f_distributor_new_invoice'),
(9652, 24, 'distributor_invoices'),
(9653, 24, 'distributor_invoices_edit'),
(9654, 24, 'distributor_invoices_reasons'),
(9655, 24, 'f_orders_edit_payment'),
(9656, 24, 'distributor_invoices_edit_status'),
(9657, 24, 'f_textitems_delete'),
(9658, 24, 'ebayapi_shippingmethods'),
(9659, 24, 'f_kasse_fibu_switch_paymentmethod_moneyorder'),
(9660, 24, 'token'),
(9661, 24, 'mailaccounts'),
(9662, 24, 'flashpoint_import_configuration'),
(9663, 24, 'popup_group_characteristic_select'),
(9664, 24, 'flashpoint_import'),
(9665, 24, 'f_change_products_price_fixing'),
(9666, 24, 'f_kasse_start_at_new_order'),
(9667, 24, 'yes_backup'),
(9668, 24, 'reminder'),
(9669, 24, 'ajax_order_details'),
(9670, 24, 'ajax_notice_header'),
(9671, 24, 'amazon_products'),
(9672, 24, 'f_change_order_if_status_bezahlt'),
(9673, 24, 'paypal'),
(9674, 24, 'incoming_payments_paypal'),
(9675, 24, 'popup_get_ebay_address'),
(9676, 24, 'export_order_stats'),
(9677, 24, 'export_ebay_products'),
(9678, 24, 'mailclient'),
(9679, 24, 'branches_transfer'),
(9680, 24, 'f_accounting_scheme'),
(9681, 24, 'f_branch_delete'),
(9682, 25, 'feedback'),
(9683, 25, 'configuration'),
(9684, 25, 'modules'),
(9685, 25, 'countries'),
(9686, 25, 'currencies'),
(9687, 25, 'zones'),
(9688, 25, 'geo_zones'),
(9689, 25, 'tax_classes'),
(9690, 25, 'tax_rates'),
(9691, 25, 'accounting'),
(9692, 25, 'backup'),
(9693, 25, 'cache'),
(9694, 25, 'server_info'),
(9695, 25, 'whos_online'),
(9696, 25, 'languages'),
(9697, 25, 'define_language'),
(9698, 25, 'orders_status'),
(9699, 25, 'shipping_status'),
(9700, 25, 'module_export'),
(9701, 25, 'customers'),
(9702, 25, 'create_account'),
(9703, 25, 'customers_status'),
(9704, 25, 'orders'),
(9705, 25, 'print_packingslip'),
(9706, 25, 'print_order'),
(9707, 25, 'popup_memo'),
(9708, 25, 'coupon_admin'),
(9709, 25, 'gv_queue'),
(9710, 25, 'gv_mail'),
(9711, 25, 'gv_sent'),
(9712, 25, 'validproducts'),
(9713, 25, 'validcategories'),
(9714, 25, 'mail'),
(9715, 25, 'categories'),
(9716, 25, 'new_attributes'),
(9717, 25, 'products_attributes'),
(9718, 25, 'manufacturers'),
(9719, 25, 'reviews'),
(9720, 25, 'specials'),
(9721, 25, 'stats_products_expected'),
(9722, 25, 'stats_products_viewed'),
(9723, 25, 'stats_products_purchased'),
(9724, 25, 'stats_customers'),
(9725, 25, 'stats_sales_report'),
(9726, 25, 'banner_manager'),
(9727, 25, 'banner_statistics'),
(9728, 25, 'module_newsletter'),
(9729, 25, 'xml_export'),
(9730, 25, 'start'),
(9731, 25, 'content_manager'),
(9732, 25, 'content_preview'),
(9733, 25, 'credits'),
(9734, 25, 'blacklist'),
(9735, 25, 'orders_edit'),
(9736, 25, 'ebay_mail_frame'),
(9737, 25, 'ebay_shopcatshow'),
(9738, 25, 'ebay_categoryshow'),
(9739, 25, 'ebay_transactions'),
(9740, 25, 'ebayapi_filebrowser'),
(9741, 25, 'ebayapi_filebrowser_view'),
(9742, 25, 'ebayapi_mailgetter'),
(9743, 25, 'ebayapi_mailview'),
(9744, 25, 'ebayapi_shopcatshow'),
(9745, 25, 'ebayapi_categoryshow'),
(9746, 25, 'ebayapi_popup_catchoose'),
(9747, 25, 'ebayapi_preview'),
(9748, 25, 'ebayapi_cart_admin'),
(9749, 25, 'xsell_products'),
(9750, 25, 'combined_orders'),
(9751, 25, 'ebay_mail_main'),
(9752, 25, 'ebay_mail_left'),
(9753, 25, 'ebaymail'),
(9754, 25, 'ebayapi_order_warning'),
(9755, 25, 'ebayapi_cart'),
(9756, 25, 'ebayapi_getcategorys'),
(9757, 25, 'ebayapi_warnings'),
(9758, 25, 'ebayapi_textitems'),
(9759, 25, 'ebay_mail_top'),
(9760, 25, 'incoming_payments'),
(9761, 25, 'gepard'),
(9762, 25, 'easylog'),
(9763, 25, 'adma'),
(9764, 25, 'ebay_mail_textitems'),
(9765, 25, 'distributor'),
(9766, 25, 'storage_numbers'),
(9767, 25, 'ebayapi_feedback'),
(9768, 25, 'storage_admin'),
(9769, 25, 'storage'),
(9770, 25, 'extern_print_order'),
(9771, 25, 'hermes'),
(9772, 25, 'hermes_xml'),
(9773, 25, 'ebayapi_ebayshop_popup'),
(9774, 25, 'kasse'),
(9775, 25, 'shipping'),
(9776, 25, 'orders_update'),
(9777, 25, 'stats_auctions'),
(9778, 25, 'stats_kasse'),
(9779, 25, 'stats_stock_warning'),
(9780, 25, 'ebay_mail_view'),
(9781, 25, 'ebay_mail_reply'),
(9782, 25, 'ebay_email'),
(9783, 25, 'ebay_mail_filter'),
(9784, 25, 'ebay_email_work'),
(9785, 25, 'ebay_email_finder'),
(9786, 25, 'pangora'),
(9787, 25, 'hermes_status'),
(9788, 25, 'shipping_history'),
(9789, 25, 'distributor_contacts'),
(9790, 25, 'distributor_products'),
(9791, 25, 'orders_storno'),
(9792, 25, 'f_customers_edit'),
(9793, 25, 'f_customers_crm'),
(9794, 25, 'f_customers_editstatus'),
(9795, 25, 'f_customers_accounting'),
(9796, 25, 'f_customers_iplog'),
(9797, 25, 'f_customers_new_order'),
(9798, 25, 'f_categories_edit'),
(9799, 25, 'f_categories_editspecial'),
(9800, 25, 'f_orders_email'),
(9801, 25, 'f_orders_delete'),
(9802, 25, 'f_orders_delete_cc'),
(9803, 25, 'f_orders_view'),
(9804, 25, 'f_orders_edit_address'),
(9805, 25, 'f_orders_edit_products'),
(9806, 25, 'f_orders_edit_shipping'),
(9807, 25, 'f_orders_edit_stammdaten'),
(9808, 25, 'f_orders_update_status'),
(9809, 25, 'print_order_warnings'),
(9810, 25, 'f_storage_numbers_edit'),
(9811, 25, 'f_storage_numbers_new'),
(9812, 25, 'products'),
(9813, 25, 'shipping_graduation'),
(9814, 25, 'products_extra_text'),
(9815, 25, 'products_description'),
(9816, 25, 'products_short_description'),
(9817, 25, 'ebayapi_favorite_category'),
(9818, 25, 'f_products_history'),
(9819, 25, 'reclamations'),
(9820, 25, 'ebayapi_timerdelays'),
(9821, 25, 'print_reclamation'),
(9822, 25, 'print_reclamation_packingslip'),
(9823, 25, 'retoure'),
(9824, 25, 'retoure_edit'),
(9825, 25, 'retoure_update'),
(9826, 25, 'reclamations_update'),
(9827, 25, 'reclamations_edit'),
(9828, 25, 'rueckerstattungen'),
(9829, 25, 'rueckerstattungen_update'),
(9830, 25, 'rueckerstattungen_edit'),
(9831, 25, 'print_retoure'),
(9832, 25, 'print_rueckerstattung'),
(9833, 25, 'ebay_template'),
(9834, 25, 'stats_auctionfees'),
(9835, 25, 'ebay_mailtemplate'),
(9836, 25, 'ebayapi_relist'),
(9837, 25, 'f_customers_set_admin'),
(9838, 25, 'notiz'),
(9839, 25, 'orders_split'),
(9840, 25, 'product_collies'),
(9841, 25, 'incoming_payments_stats'),
(9842, 25, 'f_products_quantity'),
(9843, 25, 'lawyer_export'),
(9844, 25, 'distributor_orders_status'),
(9845, 25, 'distributor_orders'),
(9846, 25, 'f_distributor_new_order'),
(9847, 25, 'f_distributor_orders_delete'),
(9848, 25, 'distributor_orders_edit'),
(9849, 25, 'distributor_orders_update'),
(9850, 25, 'f_distributor_orders_update_status'),
(9851, 25, 'distributor_orders_storno'),
(9852, 25, 'f_distributor_orders_edit_address'),
(9853, 25, 'f_distributor_orders_edit_products'),
(9854, 25, 'print_distributor_order'),
(9855, 25, 'print_distributor_packingslip'),
(9856, 25, 'distributor_orders_rueckbuch'),
(9857, 25, 'f_distributor_orders_bestellen'),
(9858, 25, 'f_products_distributors_prices'),
(9859, 25, 'f_switch_kasse_payment'),
(9860, 25, 'f_orders_notax'),
(9861, 25, 'f_lawyer_export_delete'),
(9862, 25, 'f_change_products_status'),
(9863, 25, 'f_change_products_date_available'),
(9864, 25, 'f_change_products_price'),
(9865, 25, 'f_change_products_size'),
(9866, 25, 'f_change_products_sort'),
(9867, 25, 'f_change_products_model'),
(9868, 25, 'f_change_products_barcode'),
(9869, 25, 'f_change_products_manufacturer'),
(9870, 25, 'f_change_products_fsk18'),
(9871, 25, 'f_change_products_weight'),
(9872, 25, 'f_change_products_shippingtime'),
(9873, 25, 'f_change_products_infotemplate'),
(9874, 25, 'f_change_products_optionstemplate'),
(9875, 25, 'f_change_products_ebaytemplate'),
(9876, 25, 'f_change_products_defaultstorage'),
(9877, 25, 'f_change_products_meta'),
(9878, 25, 'f_change_products_title'),
(9879, 25, 'f_change_products_ebaytitle'),
(9880, 25, 'f_change_products_desc'),
(9881, 25, 'f_change_products_pics'),
(9882, 25, 'f_change_products_comments'),
(9883, 25, 'ebayapi_automatic'),
(9884, 25, 'ebayapi_automatic_timer'),
(9885, 25, 'f_products_stats_abverkaeufe'),
(9886, 25, 'f_change_products_serial_numbers'),
(9887, 25, 'products_serials'),
(9888, 25, 'orders_edit_products_serials'),
(9889, 25, 'reclamations_edit_products_serials'),
(9890, 25, 'mailarchive'),
(9891, 25, 'products_groups'),
(9892, 25, 'groups'),
(9893, 25, 'distributor_orders_proposal'),
(9894, 25, 'f_reclamations_set_versand'),
(9895, 25, 'stats_stock_overview'),
(9896, 25, 'f_reclamations_add'),
(9897, 25, 'stats_reclamations'),
(9898, 25, 'f_reclamations_update_status'),
(9899, 25, 'groups_allocation'),
(9900, 25, 'f_products_ext_shippingcosts'),
(9901, 25, 'f_kasse_change_paydate'),
(9902, 25, 'f_orders_edit_after_shipping'),
(9903, 25, 'branch'),
(9904, 25, 'branch_products'),
(9905, 25, 'otc'),
(9906, 25, 'ebayapi_membermessages'),
(9907, 25, 'ebayapi_bestoffers'),
(9908, 25, 'ebayapi_highbidder'),
(9909, 25, 'ebayapi_ftpfile'),
(9910, 25, 'advanced_search'),
(9911, 25, 'stats_ebayselling'),
(9912, 25, 'products_characteristics'),
(9913, 25, 'fck_xml'),
(9914, 25, 'ebayapi_popup_shopchoose'),
(9915, 25, 'units'),
(9916, 25, 'ebayapi_payments'),
(9917, 25, 'ebayapi_shippingcosts'),
(9918, 25, 'f_products_meldebestand'),
(9919, 25, 'f_orders_rueckstand'),
(9920, 25, 'countries_allocation'),
(9921, 25, 'f_distributor_new_invoice'),
(9922, 25, 'distributor_invoices'),
(9923, 25, 'distributor_invoices_edit'),
(9924, 25, 'distributor_invoices_reasons'),
(9925, 25, 'f_orders_edit_payment'),
(9926, 25, 'distributor_invoices_edit_status'),
(9927, 25, 'f_textitems_delete'),
(9928, 25, 'ebayapi_shippingmethods'),
(9929, 25, 'f_kasse_fibu_switch_paymentmethod_moneyorder'),
(9930, 25, 'token'),
(9931, 25, 'mailaccounts'),
(9932, 25, 'flashpoint_import_configuration'),
(9933, 25, 'popup_group_characteristic_select'),
(9934, 25, 'flashpoint_import'),
(9935, 25, 'f_change_products_price_fixing'),
(9936, 25, 'f_kasse_start_at_new_order'),
(9937, 25, 'yes_backup'),
(9938, 25, 'reminder'),
(9939, 25, 'ajax_order_details'),
(9940, 25, 'ajax_notice_header'),
(9941, 25, 'amazon_products'),
(9942, 25, 'f_change_order_if_status_bezahlt'),
(9943, 25, 'paypal'),
(9944, 25, 'incoming_payments_paypal'),
(9945, 25, 'popup_get_ebay_address'),
(9946, 25, 'export_order_stats'),
(9947, 25, 'export_ebay_products'),
(9948, 25, 'mailclient'),
(9949, 25, 'branches_transfer'),
(9950, 25, 'f_accounting_change'),
(9951, 25, 'f_branch_delete');

-- --------------------------------------------------------

--
-- Tabellenstruktur für Tabelle `after_shipping_payment_orders`
--

CREATE TABLE `after_shipping_payment_orders` (
  `after_shipping_payment_orders_id` int(11) NOT NULL,
  `orders_id` int(11) NOT NULL DEFAULT '0'
) ENGINE=MyISAM DEFAULT CHARSET=utf8;

-- --------------------------------------------------------

--
-- Tabellenstruktur für Tabelle `amazon_feeds`
--

CREATE TABLE `amazon_feeds` (
  `amazon_feeds_id` int(11) NOT NULL,
  `feed_submission_id` varchar(16) NOT NULL,
  `feed_type` varchar(64) NOT NULL,
  `feed_processing_status` varchar(32) NOT NULL,
  `submitted_date` datetime NOT NULL,
  `completed_processing_date` datetime NOT NULL,
  `processed` tinyint(1) NOT NULL,
  `merchant_id` varchar(32) NOT NULL,
  `selling_partner_id` varchar(16) NOT NULL
) ENGINE=MyISAM DEFAULT CHARSET=utf8;

-- --------------------------------------------------------

--
-- Tabellenstruktur für Tabelle `amazon_feeds_order_fulfillments`
--

CREATE TABLE `amazon_feeds_order_fulfillments` (
  `amazon_feeds_order_fulfillments_id` int(11) NOT NULL,
  `amazon_feeds_id` int(11) NOT NULL,
  `amazon_order_item_code` varchar(16) NOT NULL,
  `qty` int(11) NOT NULL,
  `processed` tinyint(1) NOT NULL
) ENGINE=MyISAM DEFAULT CHARSET=utf8;

-- --------------------------------------------------------

--
-- Tabellenstruktur für Tabelle `amazon_feeds_price_items`
--

CREATE TABLE `amazon_feeds_price_items` (
  `amazon_feeds_price_items_id` int(11) NOT NULL,
  `amazon_feeds_id` int(11) NOT NULL,
  `price` float NOT NULL,
  `sku` varchar(40) NOT NULL,
  `processed` tinyint(1) NOT NULL
) ENGINE=MyISAM DEFAULT CHARSET=utf8;

-- --------------------------------------------------------

--
-- Tabellenstruktur für Tabelle `amazon_feeds_product_listing`
--

CREATE TABLE `amazon_feeds_product_listing` (
  `amazon_feeds_product_listing_id` int(11) NOT NULL,
  `amazon_feeds_id` int(11) NOT NULL,
  `products_id` int(11) NOT NULL,
  `date_saved` datetime NOT NULL
) ENGINE=MyISAM DEFAULT CHARSET=utf8;

-- --------------------------------------------------------

--
-- Tabellenstruktur für Tabelle `amazon_feeds_quantity_items`
--

CREATE TABLE `amazon_feeds_quantity_items` (
  `amazon_feeds_quantity_items_id` int(11) NOT NULL,
  `amazon_feeds_id` int(11) NOT NULL,
  `qty` int(11) NOT NULL,
  `sku` varchar(40) NOT NULL,
  `processed` tinyint(1) NOT NULL,
  `fulfillment_latency` int(1) NOT NULL
) ENGINE=MyISAM DEFAULT CHARSET=utf8;

-- --------------------------------------------------------

--
-- Tabellenstruktur für Tabelle `amazon_feeds_upload_vat_invoice`
--

CREATE TABLE `amazon_feeds_upload_vat_invoice` (
  `amazon_feeds_upload_vat_invoice_id` int(11) NOT NULL,
  `amazon_order_id` varchar(64) NOT NULL,
  `processed` int(1) NOT NULL,
  `date_added` datetime NOT NULL,
  `amazon_feeds_id` int(11) NOT NULL
) ENGINE=MyISAM DEFAULT CHARSET=utf8;

-- --------------------------------------------------------

--
-- Tabellenstruktur für Tabelle `amazon_feed_collector`
--

CREATE TABLE `amazon_feed_collector` (
  `amazon_feed_collector_id` int(11) NOT NULL,
  `selling_partner_id` varchar(32) NOT NULL,
  `sku` varchar(255) NOT NULL,
  `date_added` datetime NOT NULL,
  `feed_type` varchar(64) NOT NULL,
  `feed_value` varchar(8) NOT NULL,
  `fulfillment_latency` int(2) NOT NULL,
  `from_cron` int(1) NOT NULL
) ENGINE=InnoDB DEFAULT CHARSET=utf8;

-- --------------------------------------------------------

--
-- Tabellenstruktur für Tabelle `amazon_orders`
--

CREATE TABLE `amazon_orders` (
  `amazon_orders_id` int(11) NOT NULL,
  `orig_amazon_orders_id` varchar(32) NOT NULL,
  `orders_id` int(11) NOT NULL,
  `customers_id` int(11) NOT NULL,
  `date_created` datetime NOT NULL,
  `buyer_name` varchar(64) NOT NULL,
  `buyer_email_address` varchar(64) NOT NULL,
  `buyer_telephone_number` varchar(32) NOT NULL,
  `shipping_method` varchar(32) NOT NULL,
  `shipping_method_service_level` varchar(32) NOT NULL,
  `merchant_id` varchar(32) NOT NULL,
  `invoice_upload` int(1) NOT NULL,
  `selling_partner_id` varchar(16) NOT NULL
) ENGINE=MyISAM DEFAULT CHARSET=utf8;

-- --------------------------------------------------------

--
-- Tabellenstruktur für Tabelle `amazon_orders_fba`
--

CREATE TABLE `amazon_orders_fba` (
  `amazon_orders_fba_id` int(11) NOT NULL,
  `orders_id` int(11) NOT NULL,
  `amazon_order_id` varchar(32) NOT NULL,
  `shipment_id` varchar(32) NOT NULL,
  `shipment_item_id` varchar(32) NOT NULL,
  `amazon_order_item_id` varchar(32) NOT NULL,
  `purchase_date` datetime NOT NULL,
  `payments_date` datetime NOT NULL,
  `shipment_date` datetime NOT NULL,
  `reporting_date` datetime NOT NULL,
  `ship_service_level` varchar(16) NOT NULL,
  `carrier` varchar(16) NOT NULL,
  `tracking_number` varchar(16) NOT NULL,
  `estimated_arrival_date` datetime NOT NULL,
  `fulfillment_center_id` varchar(16) NOT NULL,
  `fulfillment_channel` varchar(8) NOT NULL,
  `merchant_id` varchar(64) NOT NULL,
  `buyer_phone_number` varchar(128) NOT NULL,
  `sku` varchar(128) NOT NULL,
  `product_name` varchar(255) NOT NULL,
  `quantity_shipped` int(11) NOT NULL,
  `currency` varchar(8) NOT NULL,
  `item_price` decimal(15,4) NOT NULL,
  `item_tax` decimal(15,4) NOT NULL,
  `shipping_price` decimal(15,4) NOT NULL,
  `shipping_tax` decimal(15,4) NOT NULL,
  `gift_wrap_price` decimal(15,4) NOT NULL,
  `gift_wrap_tax` decimal(15,4) NOT NULL,
  `recipient_name` varchar(128) NOT NULL,
  `ship_address_1` varchar(128) NOT NULL,
  `ship_address_2` varchar(128) NOT NULL,
  `ship_address_3` varchar(128) NOT NULL,
  `ship_city` varchar(128) NOT NULL,
  `ship_state` varchar(128) NOT NULL,
  `ship_postal_code` varchar(8) NOT NULL,
  `ship_country` varchar(2) NOT NULL,
  `ship_phone_number` varchar(128) NOT NULL,
  `bill_address_1` varchar(128) NOT NULL,
  `bill_address_2` varchar(128) NOT NULL,
  `bill_address_3` varchar(128) NOT NULL,
  `bill_city` varchar(128) NOT NULL,
  `bill_state` varchar(128) NOT NULL,
  `bill_postal_code` varchar(8) NOT NULL,
  `bill_country` varchar(2) NOT NULL,
  `item_promotion_discount` decimal(15,4) NOT NULL,
  `ship_promotion_discount` decimal(15,4) NOT NULL,
  `sales_channel;` varchar(16) NOT NULL,
  `merchant_order_item_id` int(11) NOT NULL,
  `buyer_email` varchar(128) NOT NULL,
  `buyer_name` varchar(128) NOT NULL,
  `sales_channel` varchar(128) NOT NULL,
  `products_id` int(11) NOT NULL
) ENGINE=MyISAM DEFAULT CHARSET=utf8;

-- --------------------------------------------------------

--
-- Tabellenstruktur für Tabelle `amazon_orders_products`
--

CREATE TABLE `amazon_orders_products` (
  `amazon_orders_products_id` int(11) NOT NULL,
  `amazon_orders_id` int(11) NOT NULL,
  `amazon_order_item_code` varchar(16) NOT NULL,
  `sku` varchar(32) NOT NULL,
  `title` varchar(64) NOT NULL,
  `quantity` tinyint(2) NOT NULL,
  `product_tax_code` varchar(32) NOT NULL,
  `promotion_claim_code` varchar(32) NOT NULL,
  `merchant_promotion_id` int(11) NOT NULL,
  `item_fees` float NOT NULL,
  `price_principal` float NOT NULL,
  `price_shipping` float NOT NULL,
  `price_tax` float NOT NULL,
  `price_shipping_tax` float NOT NULL,
  `yes_shipping_status` tinyint(1) NOT NULL,
  `order_fulfillment_send` tinyint(1) NOT NULL,
  `order_fulfillment_send_date` datetime NOT NULL,
  `carrier_code` varchar(16) NOT NULL,
  `shipping_method` varchar(16) NOT NULL,
  `carrier_name` varchar(32) NOT NULL,
  `shipper_tracking_number` varchar(32) NOT NULL,
  `shippings_id` int(11) NOT NULL
) ENGINE=MyISAM DEFAULT CHARSET=utf8;

-- --------------------------------------------------------

--
-- Tabellenstruktur für Tabelle `amazon_products`
--

CREATE TABLE `amazon_products` (
  `amazon_products_id` int(11) NOT NULL,
  `products_id` int(11) NOT NULL,
  `sku` varchar(40) NOT NULL,
  `asin` varchar(16) NOT NULL,
  `price` float NOT NULL,
  `quantity` int(11) NOT NULL,
  `last_quantity_feed` datetime NOT NULL,
  `last_price_feed` datetime NOT NULL,
  `merchant_id` varchar(32) NOT NULL,
  `selling_partner_id` varchar(16) NOT NULL
) ENGINE=MyISAM DEFAULT CHARSET=utf8;

-- --------------------------------------------------------

--
-- Tabellenstruktur für Tabelle `amazon_products_fba`
--

CREATE TABLE `amazon_products_fba` (
  `amazon_products_fba_id` int(11) NOT NULL,
  `products_id` int(11) NOT NULL,
  `seller_sku` varchar(32) NOT NULL,
  `asin` varchar(32) NOT NULL,
  `amazon_condition` varchar(16) NOT NULL,
  `condition_code` varchar(16) NOT NULL,
  `available` int(11) NOT NULL,
  `merchant_id` varchar(64) NOT NULL
) ENGINE=MyISAM DEFAULT CHARSET=utf8;

-- --------------------------------------------------------

--
-- Tabellenstruktur für Tabelle `amazon_settlements`
--

CREATE TABLE `amazon_settlements` (
  `amazon_settlements_id` int(11) NOT NULL,
  `settlement_id` varchar(32) NOT NULL DEFAULT '',
  `settlement_start_date` datetime NOT NULL DEFAULT '0000-00-00 00:00:00',
  `settlement_end_date` datetime NOT NULL DEFAULT '0000-00-00 00:00:00',
  `deposit_date` datetime NOT NULL DEFAULT '0000-00-00 00:00:00',
  `total_amount` decimal(15,4) NOT NULL DEFAULT '0.0000',
  `currency` varchar(8) NOT NULL DEFAULT '',
  `transaction_type` varchar(32) NOT NULL DEFAULT '',
  `order_id` varchar(64) NOT NULL DEFAULT '',
  `merchant_order_id` varchar(64) NOT NULL DEFAULT '',
  `adjustment_id` varchar(32) NOT NULL DEFAULT '',
  `shipment_id` varchar(16) NOT NULL DEFAULT '',
  `marketplace_name` varchar(32) NOT NULL DEFAULT '',
  `shipment_fee_type` varchar(32) NOT NULL DEFAULT '',
  `shipment_fee_amount` decimal(15,4) NOT NULL DEFAULT '0.0000',
  `order_fee_type` varchar(32) NOT NULL DEFAULT '',
  `order_fee_amount` decimal(15,4) NOT NULL DEFAULT '0.0000',
  `fulfillment_id` varchar(32) NOT NULL DEFAULT '',
  `posted_date` datetime NOT NULL DEFAULT '0000-00-00 00:00:00',
  `order_item_code` varchar(32) NOT NULL DEFAULT '',
  `merchant_order_item_id` varchar(32) NOT NULL DEFAULT '',
  `merchant_adjustment_item_id` varchar(64) NOT NULL DEFAULT '',
  `sku` varchar(64) NOT NULL DEFAULT '',
  `quantity_purchased` tinyint(4) NOT NULL DEFAULT '0',
  `price_type` varchar(32) NOT NULL DEFAULT '',
  `price_amount` decimal(15,4) NOT NULL DEFAULT '0.0000',
  `item_related_fee_type` varchar(32) NOT NULL DEFAULT '',
  `item_related_fee_amount` decimal(15,4) NOT NULL DEFAULT '0.0000',
  `misc_fee_amount` decimal(15,4) NOT NULL DEFAULT '0.0000',
  `other_fee_amount` decimal(15,4) NOT NULL DEFAULT '0.0000',
  `other_fee_reason_description` varchar(32) NOT NULL DEFAULT '',
  `direct_payment_type` varchar(16) NOT NULL DEFAULT '',
  `direct_payment_amount` decimal(15,4) NOT NULL DEFAULT '0.0000',
  `other_amount` decimal(15,4) NOT NULL DEFAULT '0.0000',
  `merchant_id` varchar(32) NOT NULL
) ENGINE=MyISAM DEFAULT CHARSET=utf8;

-- --------------------------------------------------------

--
-- Tabellenstruktur für Tabelle `amz_products_excluded`
--

CREATE TABLE `amz_products_excluded` (
  `amz_products_excluded_id` int(11) NOT NULL,
  `products_id` int(11) NOT NULL
) ENGINE=MyISAM DEFAULT CHARSET=utf8;

-- --------------------------------------------------------

--
-- Tabellenstruktur für Tabelle `amz_transactions`
--

CREATE TABLE `amz_transactions` (
  `amz_tx_id` int(11) NOT NULL,
  `amz_tx_order_reference` varchar(255) NOT NULL,
  `amz_tx_type` varchar(16) NOT NULL,
  `amz_tx_time` int(11) NOT NULL,
  `amz_tx_expiration` int(11) NOT NULL,
  `amz_tx_amount` float NOT NULL,
  `amz_tx_amount_refunded` float NOT NULL,
  `amz_tx_status` varchar(32) NOT NULL,
  `amz_tx_reference` varchar(64) NOT NULL,
  `amz_tx_amz_id` varchar(255) NOT NULL,
  `amz_tx_last_change` int(11) NOT NULL,
  `amz_tx_last_update` int(11) NOT NULL,
  `amz_tx_order` int(11) NOT NULL,
  `amz_tx_customer_informed` tinyint(1) NOT NULL,
  `amz_tx_merchant_id` varchar(64) NOT NULL
) ENGINE=MyISAM DEFAULT CHARSET=utf8;

-- --------------------------------------------------------

--
-- Tabellenstruktur für Tabelle `banktransfer`
--

CREATE TABLE `banktransfer` (
  `orders_id` int(11) NOT NULL DEFAULT '0',
  `banktransfer_owner` varchar(64) DEFAULT NULL,
  `banktransfer_number` varchar(24) DEFAULT NULL,
  `banktransfer_bankname` varchar(255) DEFAULT NULL,
  `banktransfer_blz` varchar(8) DEFAULT NULL,
  `banktransfer_status` int(11) DEFAULT NULL,
  `banktransfer_prz` char(2) DEFAULT NULL,
  `banktransfer_fax` char(2) DEFAULT NULL
) ENGINE=MyISAM DEFAULT CHARSET=utf8;

-- --------------------------------------------------------

--
-- Tabellenstruktur für Tabelle `banners`
--

CREATE TABLE `banners` (
  `banners_id` int(11) NOT NULL,
  `banners_title` varchar(64) NOT NULL DEFAULT '',
  `banners_url` varchar(255) NOT NULL DEFAULT '',
  `banners_image` varchar(64) NOT NULL DEFAULT '',
  `banners_group` varchar(10) NOT NULL DEFAULT '',
  `banners_html_text` text,
  `expires_impressions` int(7) DEFAULT '0',
  `expires_date` datetime DEFAULT NULL,
  `date_scheduled` datetime DEFAULT NULL,
  `date_added` datetime NOT NULL DEFAULT '0000-00-00 00:00:00',
  `date_status_change` datetime DEFAULT NULL,
  `status` int(1) NOT NULL DEFAULT '1'
) ENGINE=MyISAM DEFAULT CHARSET=utf8;

-- --------------------------------------------------------

--
-- Tabellenstruktur für Tabelle `banners_history`
--

CREATE TABLE `banners_history` (
  `banners_history_id` int(11) NOT NULL,
  `banners_id` int(11) NOT NULL DEFAULT '0',
  `banners_shown` int(5) NOT NULL DEFAULT '0',
  `banners_clicked` int(5) NOT NULL DEFAULT '0',
  `banners_history_date` datetime NOT NULL DEFAULT '0000-00-00 00:00:00'
) ENGINE=MyISAM DEFAULT CHARSET=utf8;

-- --------------------------------------------------------

--
-- Tabellenstruktur für Tabelle `billsafe_orders_paymentinstructions`
--

CREATE TABLE `billsafe_orders_paymentinstructions` (
  `billsafe_orders_paymentinstructions_id` int(11) NOT NULL,
  `orders_id` int(11) NOT NULL,
  `bankCode` varchar(64) NOT NULL,
  `accountNumber` varchar(64) NOT NULL,
  `recipient` varchar(64) NOT NULL,
  `bankName` varchar(64) NOT NULL,
  `bic` varchar(64) NOT NULL,
  `iban` varchar(64) NOT NULL,
  `reference` varchar(64) NOT NULL,
  `amount` float NOT NULL,
  `currencyCode` varchar(8) NOT NULL,
  `shopURL` varchar(128) NOT NULL,
  `note` text NOT NULL,
  `legalNote` text NOT NULL
) ENGINE=MyISAM DEFAULT CHARSET=utf8;

-- --------------------------------------------------------

--
-- Tabellenstruktur für Tabelle `branches`
--

CREATE TABLE `branches` (
  `branches_id` int(11) NOT NULL,
  `title` varchar(128) NOT NULL DEFAULT '',
  `stammlager` int(1) NOT NULL DEFAULT '0',
  `storekeeper_id` int(11) NOT NULL DEFAULT '0',
  `template_filename` varchar(64) NOT NULL,
  `fibunumber_prefix` varchar(16) NOT NULL,
  `fibunumber_length` tinyint(1) NOT NULL,
  `fibunumber_status` tinyint(1) NOT NULL,
  `fibunumber_automatic` tinyint(1) NOT NULL,
  `fibunumber_start` int(11) NOT NULL,
  `branch_company` varchar(64) NOT NULL,
  `branch_suburb` varchar(64) NOT NULL,
  `branch_name` varchar(64) NOT NULL,
  `branch_street_address` varchar(64) NOT NULL,
  `branch_city` varchar(32) NOT NULL,
  `branch_postcode` varchar(10) NOT NULL,
  `branch_country` tinyint(4) NOT NULL,
  `branch_telephone` varchar(32) NOT NULL
) ENGINE=MyISAM DEFAULT CHARSET=utf8;

-- --------------------------------------------------------

--
-- Tabellenstruktur für Tabelle `branches_history`
--

CREATE TABLE `branches_history` (
  `branches_history_id` int(11) NOT NULL,
  `branches_id` int(11) NOT NULL DEFAULT '0',
  `date_created` datetime NOT NULL DEFAULT '0000-00-00 00:00:00',
  `comments` text NOT NULL,
  `editor_id` int(11) NOT NULL DEFAULT '0'
) ENGINE=MyISAM DEFAULT CHARSET=utf8;

--
-- Daten für Tabelle `branches_history`
--

INSERT INTO `branches_history` (`branches_history_id`, `branches_id`, `date_created`, `comments`, `editor_id`) VALUES
(1, 1, '2010-03-15 14:39:30', 'Filiale Testfiliale1 wurde angelegt. Stammlager ', 4987),
(2, 0, '2010-03-15 16:28:33', 'Filialtransfer-Auftrag in Filiale Testfiliale1 wurde angelegt.', 4987),
(3, 1, '2010-03-15 16:28:33', 'Filialtransfer-Auftrag aus Filiale  wurde angelegt.', 4987),
(4, 0, '2010-03-15 16:30:39', 'Filialtransfer-Auftrag in Filiale Testfiliale1 wurde angelegt.', 4987),
(5, 2, '2010-03-15 16:30:39', 'Filialtransfer-Auftrag aus Filiale  wurde angelegt.', 4987);

-- --------------------------------------------------------

--
-- Tabellenstruktur für Tabelle `branches_orders_fibunumbers`
--

CREATE TABLE `branches_orders_fibunumbers` (
  `branches_orders_fibunumbers` int(11) NOT NULL,
  `orders_id` int(11) NOT NULL,
  `branches_id` int(11) NOT NULL,
  `fibunumber` varchar(32) NOT NULL,
  `fibunumber_branches_counter` int(11) NOT NULL,
  `date_added` datetime NOT NULL
) ENGINE=MyISAM DEFAULT CHARSET=utf8;

-- --------------------------------------------------------

--
-- Tabellenstruktur für Tabelle `branches_products`
--

CREATE TABLE `branches_products` (
  `branches_products_id` int(11) NOT NULL,
  `branches_id` int(11) NOT NULL DEFAULT '0',
  `products_id` int(11) NOT NULL DEFAULT '0',
  `products_quantity` int(11) NOT NULL DEFAULT '0'
) ENGINE=MyISAM DEFAULT CHARSET=utf8;

-- --------------------------------------------------------

--
-- Tabellenstruktur für Tabelle `branches_products_serials`
--

CREATE TABLE `branches_products_serials` (
  `branches_products_serials_id` int(11) NOT NULL,
  `branches_products_id` int(11) NOT NULL DEFAULT '0',
  `products_id` int(11) NOT NULL DEFAULT '0',
  `serial_number` varchar(128) NOT NULL DEFAULT ''
) ENGINE=MyISAM DEFAULT CHARSET=utf8;

-- --------------------------------------------------------

--
-- Tabellenstruktur für Tabelle `branches_to_customers`
--

CREATE TABLE `branches_to_customers` (
  `branches_to_customers_id` int(11) NOT NULL,
  `branches_id` int(11) NOT NULL,
  `customers_id` int(11) NOT NULL,
  `date_added` datetime NOT NULL
) ENGINE=MyISAM DEFAULT CHARSET=utf8;

-- --------------------------------------------------------

--
-- Tabellenstruktur für Tabelle `branches_transfer`
--

CREATE TABLE `branches_transfer` (
  `branches_transfer_id` int(11) NOT NULL,
  `branches_id` int(11) NOT NULL DEFAULT '0',
  `target_branches_id` int(11) NOT NULL DEFAULT '0',
  `transfer_status` int(1) NOT NULL DEFAULT '0',
  `date_created` datetime NOT NULL DEFAULT '0000-00-00 00:00:00',
  `date_finished` datetime NOT NULL DEFAULT '0000-00-00 00:00:00',
  `last_modified` datetime NOT NULL DEFAULT '0000-00-00 00:00:00',
  `editor_id` int(11) NOT NULL DEFAULT '0'
) ENGINE=MyISAM DEFAULT CHARSET=utf8;

-- --------------------------------------------------------

--
-- Tabellenstruktur für Tabelle `branches_transfer_products`
--

CREATE TABLE `branches_transfer_products` (
  `branches_transfer_products_id` int(11) NOT NULL,
  `branches_transfer_id` int(11) NOT NULL DEFAULT '0',
  `products_id` int(11) NOT NULL DEFAULT '0',
  `products_model` varchar(128) NOT NULL DEFAULT '',
  `products_name` varchar(128) NOT NULL DEFAULT '',
  `products_quantity` int(11) NOT NULL DEFAULT '0',
  `quantity_transfer` int(11) NOT NULL DEFAULT '0',
  `stuecklistenartikel` int(1) NOT NULL DEFAULT '0',
  `stuecklisten_id` int(11) NOT NULL DEFAULT '0',
  `collie_qty` int(11) NOT NULL DEFAULT '0'
) ENGINE=MyISAM DEFAULT CHARSET=utf8;

-- --------------------------------------------------------

--
-- Tabellenstruktur für Tabelle `branches_transfer_status`
--

CREATE TABLE `branches_transfer_status` (
  `branches_transfer_status_id` int(11) NOT NULL,
  `branches_transfer_status_title` varchar(128) NOT NULL DEFAULT '',
  `language_id` int(1) NOT NULL DEFAULT '0'
) ENGINE=MyISAM DEFAULT CHARSET=utf8;

--
-- Daten für Tabelle `branches_transfer_status`
--

INSERT INTO `branches_transfer_status` (`branches_transfer_status_id`, `branches_transfer_status_title`, `language_id`) VALUES
(1, 'Bestellt', 2),
(2, 'Storniert', 2),
(3, 'Offen', 2),
(4, 'Versendet', 2);

-- --------------------------------------------------------

--
-- Tabellenstruktur für Tabelle `branches_transfer_status_history`
--

CREATE TABLE `branches_transfer_status_history` (
  `branches_transfer_status_history_id` int(11) NOT NULL,
  `branches_transfer_id` int(11) NOT NULL DEFAULT '0',
  `branches_transfer_status_id` int(5) NOT NULL DEFAULT '0',
  `date_added` datetime NOT NULL DEFAULT '0000-00-00 00:00:00',
  `comments` text,
  `editor_id` int(11) NOT NULL DEFAULT '0'
) ENGINE=MyISAM DEFAULT CHARSET=utf8;

--
-- Daten für Tabelle `branches_transfer_status_history`
--

INSERT INTO `branches_transfer_status_history` (`branches_transfer_status_history_id`, `branches_transfer_id`, `branches_transfer_status_id`, `date_added`, `comments`, `editor_id`) VALUES
(1, 1, 3, '2010-03-15 16:28:33', 'Filialtransfer wurde angelegt.', 4987),
(2, 2, 3, '2010-03-15 16:30:39', 'Filialtransfer wurde angelegt.', 4987),
(3, 2, 1, '2010-03-15 16:32:43', 'Filialentransfer wurde auf den Status Bestellt gesetzt. Produktbearbeitung abgeschlossen.', 4987),
(4, 2, 4, '2010-03-15 16:40:58', 'Filialentransfer wurde auf den Status Versendet gesetzt. Gezählt und im LKW', 4987),
(5, 1, 1, '2010-03-18 19:28:34', 'Filialentransfer wurde auf den Status Bestellt gesetzt. Produktbearbeitung abgeschlossen.', 4988),
(6, 2, 4, '2010-03-18 19:29:13', 'Empfangen und vollständig', 4988);

-- --------------------------------------------------------

--
-- Tabellenstruktur für Tabelle `cancel_auctions`
--

CREATE TABLE `cancel_auctions` (
  `cancel_auctions_id` int(11) NOT NULL,
  `products_id` int(11) NOT NULL,
  `quantity` int(11) NOT NULL
) ENGINE=MyISAM DEFAULT CHARSET=utf8;

-- --------------------------------------------------------

--
-- Tabellenstruktur für Tabelle `card_blacklist`
--

CREATE TABLE `card_blacklist` (
  `blacklist_id` int(5) NOT NULL,
  `blacklist_card_number` varchar(20) NOT NULL DEFAULT '',
  `date_added` datetime DEFAULT NULL,
  `last_modified` datetime DEFAULT NULL
) ENGINE=MyISAM DEFAULT CHARSET=utf8;

-- --------------------------------------------------------

--
-- Tabellenstruktur für Tabelle `categories`
--

CREATE TABLE `categories` (
  `categories_id` int(11) NOT NULL,
  `categories_image` varchar(64) DEFAULT NULL,
  `parent_id` int(11) NOT NULL DEFAULT '0',
  `categories_status` tinyint(1) NOT NULL,
  `categories_template` varchar(64) DEFAULT NULL,
  `group_ids` text,
  `listing_template` varchar(64) DEFAULT NULL,
  `sort_order` int(3) DEFAULT NULL,
  `products_sorting` varchar(32) DEFAULT NULL,
  `products_sorting2` varchar(32) DEFAULT NULL,
  `date_added` datetime DEFAULT NULL,
  `last_modified` datetime DEFAULT NULL,
  `ebayapi_cart` tinyint(1) NOT NULL,
  `link_id` int(11) NOT NULL DEFAULT '0',
  `shopgate_block` int(1) NOT NULL,
  `categories_additional_image` varchar(64) NOT NULL,
  `ebay_category_id` varchar(16) NOT NULL
) ENGINE=MyISAM DEFAULT CHARSET=utf8;

--
-- Daten für Tabelle `categories`
--

INSERT INTO `categories` (`categories_id`, `categories_image`, `parent_id`, `categories_status`, `categories_template`, `group_ids`, `listing_template`, `sort_order`, `products_sorting`, `products_sorting2`, `date_added`, `last_modified`, `ebayapi_cart`, `link_id`, `shopgate_block`, `categories_additional_image`, `ebay_category_id`) VALUES
(1, NULL, 0, 0, '', '', '', 5000, '', '', '2006-09-11 16:14:38', NULL, 0, 0, 0, '', ''),
(30, NULL, 1, 0, 'default', '', 'default', 0, 'p.products_price', 'ASC', '2020-03-09 15:44:40', NULL, 0, 0, 0, '', ''),
(64, NULL, 0, 0, 'default', '', 'default', 9000, 'p.products_price', 'ASC', '2024-11-15 13:01:25', '2024-11-15 13:01:25', 0, 0, 0, '', ''),
(46, NULL, 0, 1, 'default', '', 'default', 3, 'p.products_price', 'ASC', '2024-09-30 08:53:57', '2025-04-15 14:04:39', 0, 0, 0, '', ''),
(47, NULL, 46, 1, 'default', '', 'default', 0, 'p.products_price', 'ASC', '2024-09-30 08:55:28', '2025-04-15 14:09:53', 0, 0, 0, '', ''),
(48, NULL, 0, 1, 'default', '', 'default', 1, 'p.products_price', 'ASC', '2024-10-04 11:52:43', '2025-04-15 14:04:00', 0, 0, 0, '', ''),
(49, NULL, 46, 1, 'default', '', 'default', 5, 'p.products_price', 'ASC', '2024-10-04 11:56:13', '2025-04-15 14:12:03', 0, 0, 0, '', ''),
(50, NULL, 0, 1, 'default', '', 'default', 4, 'p.products_price', 'ASC', '2024-10-04 11:56:57', '2025-04-15 14:04:53', 0, 0, 0, '', ''),
(51, NULL, 48, 1, 'default', '', 'default', 0, 'p.products_price', 'ASC', '2024-10-04 12:15:26', '2025-04-15 14:04:00', 0, 0, 0, '', ''),
(52, NULL, 48, 1, 'default', '', 'default', 0, 'p.products_price', 'ASC', '2024-10-04 13:59:51', '2025-04-15 14:04:00', 0, 0, 0, '', ''),
(54, NULL, 48, 1, 'default', '', 'default', 2, 'p.products_price', 'ASC', '2024-10-04 14:02:26', '2025-12-15 07:57:02', 0, 0, 0, '', ''),
(55, NULL, 46, 1, 'default', '', 'default', 0, 'p.products_price', 'ASC', '2024-10-09 12:06:13', '2025-04-15 14:04:39', 0, 0, 0, '', ''),
(67, NULL, 0, 1, 'default', '', 'default', 7, 'p.products_price', 'ASC', '2025-09-21 18:21:11', '2025-09-24 16:08:40', 0, 0, 0, '', ''),
(60, NULL, 46, 1, 'default', '', 'default', 0, 'p.products_price', 'ASC', '2024-10-11 10:22:03', '2025-04-15 14:10:14', 0, 0, 0, '', ''),
(65, NULL, 46, 1, 'default', '', 'default', 0, 'p.products_price', 'ASC', '2024-11-22 09:18:29', '2025-04-15 14:04:39', 0, 0, 0, '', ''),
(62, NULL, 50, 1, 'default', '', 'default', 0, 'p.products_price', 'ASC', '2024-10-14 10:49:49', '2025-04-15 14:04:53', 0, 0, 0, '', ''),
(63, NULL, 50, 1, 'default', '', 'default', 0, 'p.products_price', 'ASC', '2024-10-14 13:38:04', '2025-04-15 14:04:53', 0, 0, 0, '', '');

-- --------------------------------------------------------

--
-- Tabellenstruktur für Tabelle `categories_description`
--

CREATE TABLE `categories_description` (
  `categories_id` int(11) NOT NULL DEFAULT '0',
  `language_id` int(11) NOT NULL DEFAULT '1',
  `categories_name` varchar(64) DEFAULT NULL,
  `categories_heading_title` varchar(255) NOT NULL DEFAULT '',
  `categories_description` text NOT NULL,
  `categories_meta_title` varchar(100) NOT NULL DEFAULT '',
  `categories_meta_description` varchar(255) NOT NULL DEFAULT '',
  `categories_meta_keywords` varchar(255) NOT NULL DEFAULT '',
  `google_product_feed_category` varchar(255) NOT NULL,
  `amazon_flatfile` varchar(64) NOT NULL,
  `amazon_browse_node_id` varchar(16) NOT NULL
) ENGINE=MyISAM DEFAULT CHARSET=utf8;

--
-- Daten für Tabelle `categories_description`
--

INSERT INTO `categories_description` (`categories_id`, `language_id`, `categories_name`, `categories_heading_title`, `categories_description`, `categories_meta_title`, `categories_meta_description`, `categories_meta_keywords`, `google_product_feed_category`, `amazon_flatfile`, `amazon_browse_node_id`) VALUES
(1, 2, 'RETOURE', '', '', '', '', '', '', '', ''),
(30, 2, 'SYSTEMARTIKEL - NICHT LÖSCHEN', 'SYSTEMARTIKEL - NICHT LÖSCHEN', '', '', '', '', '', '', ''),
(64, 2, 'MÜLL', '', '', '', '', '', '', '', ''),
(46, 2, 'Freizeit', 'Freizeit', 'Spiel Spa&#223; Hobby', '', '', '', '', '', ''),
(47, 2, 'Hobby & Spass', 'Hobby & Spass', '', '', '', '', '', '', ''),
(48, 2, 'Camping', 'Camping', '', '', '', '', '', '', ''),
(55, 2, 'Angeln', 'Angeln', '', '', '', '', '', '', ''),
(49, 2, 'Deko & Basteln', 'Deko & Basteln', '', '', '', '', '', '', ''),
(50, 2, 'Haushalt', 'Haushalt', '', '', '', '', '', '', ''),
(51, 2, 'Campingzelte', 'Campingzelte', '', '', '', '', '', '', ''),
(52, 2, 'Campingausrüstung', 'Campingausrüstung', '', '', '', '', '', '', ''),
(54, 2, 'Survival & Outdoor', 'Survival & Outdoor', '', '', '', '', '', '', ''),
(67, 2, 'Festival Zubehör', '', '', '', '', '', '', '', ''),
(60, 2, 'Sport & Fitness', 'Sport & Fitness', '', '', '', '', '', '', ''),
(65, 2, 'Gesundheit', '', '', '', '', '', '', '', ''),
(62, 2, 'Werkzeuge', 'Werkzeuge', '', '', '', '', '', '', ''),
(63, 2, 'Küchenzubehör', '', '', '', '', '', '', '', '');

-- --------------------------------------------------------

--
-- Tabellenstruktur für Tabelle `categories_exclude`
--

CREATE TABLE `categories_exclude` (
  `categories_exclude_id` int(1) NOT NULL,
  `categories_id` int(11) NOT NULL DEFAULT '0',
  `customers_id` int(11) NOT NULL DEFAULT '0'
) ENGINE=MyISAM DEFAULT CHARSET=utf8;

-- --------------------------------------------------------

--
-- Tabellenstruktur für Tabelle `categories_to_groups`
--

CREATE TABLE `categories_to_groups` (
  `categories_to_groups_id` int(11) NOT NULL,
  `categories_id` int(11) NOT NULL,
  `groups_id` int(11) NOT NULL
) ENGINE=MyISAM DEFAULT CHARSET=utf8;

-- --------------------------------------------------------

--
-- Tabellenstruktur für Tabelle `categories_to_groups_characteristics`
--

CREATE TABLE `categories_to_groups_characteristics` (
  `categories_to_groups_characteristics_id` int(11) NOT NULL,
  `categories_to_groups_id` int(11) NOT NULL,
  `characteristics_id` int(11) NOT NULL
) ENGINE=MyISAM DEFAULT CHARSET=utf8;

-- --------------------------------------------------------

--
-- Tabellenstruktur für Tabelle `change_status`
--

CREATE TABLE `change_status` (
  `id` int(11) NOT NULL,
  `key` varchar(16) NOT NULL DEFAULT '',
  `text` varchar(64) NOT NULL DEFAULT ''
) ENGINE=MyISAM DEFAULT CHARSET=utf8;

-- --------------------------------------------------------

--
-- Tabellenstruktur für Tabelle `change_status_history`
--

CREATE TABLE `change_status_history` (
  `id` int(11) NOT NULL,
  `change_status_id` int(11) NOT NULL DEFAULT '0',
  `date_added` datetime NOT NULL DEFAULT '0000-00-00 00:00:00',
  `products_id` int(11) NOT NULL DEFAULT '0',
  `quantity` int(11) NOT NULL DEFAULT '0',
  `orders_id` int(11) NOT NULL DEFAULT '0',
  `distributor_id` int(11) NOT NULL DEFAULT '0',
  `storage_id` int(11) NOT NULL DEFAULT '0'
) ENGINE=MyISAM DEFAULT CHARSET=utf8;

-- --------------------------------------------------------

--
-- Tabellenstruktur für Tabelle `cm_file_flags`
--

CREATE TABLE `cm_file_flags` (
  `file_flag` int(11) NOT NULL DEFAULT '0',
  `file_flag_name` varchar(32) NOT NULL DEFAULT ''
) ENGINE=MyISAM DEFAULT CHARSET=utf8;

--
-- Daten für Tabelle `cm_file_flags`
--

INSERT INTO `cm_file_flags` (`file_flag`, `file_flag_name`) VALUES
(0, 'information'),
(1, 'content');

-- --------------------------------------------------------

--
-- Tabellenstruktur für Tabelle `configuration`
--

CREATE TABLE `configuration` (
  `configuration_id` int(11) NOT NULL,
  `configuration_key` varchar(64) NOT NULL DEFAULT '',
  `configuration_value` text NOT NULL,
  `configuration_group_id` int(11) NOT NULL DEFAULT '0',
  `sort_order` int(5) DEFAULT NULL,
  `last_modified` datetime DEFAULT NULL,
  `date_added` datetime NOT NULL DEFAULT '0000-00-00 00:00:00',
  `use_function` varchar(255) DEFAULT NULL,
  `set_function` varchar(255) DEFAULT NULL
) ENGINE=MyISAM DEFAULT CHARSET=utf8;

--
-- Daten für Tabelle `configuration`
--

INSERT INTO `configuration` (`configuration_id`, `configuration_key`, `configuration_value`, `configuration_group_id`, `sort_order`, `last_modified`, `date_added`, `use_function`, `set_function`) VALUES
(1, 'STORE_NAME', 'Justneo Shop - Abenteuer, Kreativität und Fun', 110, 1, '2025-07-12 07:54:08', '0000-00-00 00:00:00', NULL, NULL),
(2, 'STORE_OWNER', 'Justneo', 1, 2, '2024-10-02 09:42:02', '0000-00-00 00:00:00', NULL, NULL),
(3, 'STORE_OWNER_EMAIL_ADDRESS', 'info@justneo.de', 110, 3, '2024-09-30 12:22:46', '0000-00-00 00:00:00', NULL, NULL),
(4, 'EMAIL_FROM', 'Justneo', 1, 4, '2024-10-02 09:42:09', '0000-00-00 00:00:00', NULL, NULL),
(5, 'STORE_COUNTRY', '81', 110, 6, '2005-05-26 14:19:45', '0000-00-00 00:00:00', 'xtc_get_country_name', 'xtc_cfg_pull_down_country_list('),
(6, 'STORE_ZONE', '85', 110, 7, '2006-01-18 18:02:44', '0000-00-00 00:00:00', 'xtc_cfg_get_zone_name', 'xtc_cfg_pull_down_zone_list('),
(7, 'EXPECTED_PRODUCTS_SORT', 'desc', 1, 8, NULL, '0000-00-00 00:00:00', NULL, 'xtc_cfg_select_option(array(\'asc\', \'desc\'),'),
(8, 'EXPECTED_PRODUCTS_FIELD', 'date_expected', 1, 9, NULL, '0000-00-00 00:00:00', NULL, 'xtc_cfg_select_option(array(\'products_name\', \'date_expected\'),'),
(9, 'USE_DEFAULT_LANGUAGE_CURRENCY', 'true', 102, 10, '2004-10-21 12:28:54', '0000-00-00 00:00:00', NULL, 'xtc_cfg_select_option(array(\'true\', \'false\'),'),
(10, 'SEARCH_ENGINE_FRIENDLY_URLS', 'true', 102, 12, '2019-04-23 12:55:17', '0000-00-00 00:00:00', NULL, 'xtc_cfg_select_option(array(\'true\', \'false\'),'),
(11, 'DISPLAY_CART', 'false', 1, 13, '2024-09-29 11:42:20', '0000-00-00 00:00:00', NULL, 'xtc_cfg_select_option(array(\'true\', \'false\'),'),
(12, 'ALLOW_GUEST_TO_TELL_A_FRIEND', 'false', 102, 14, NULL, '0000-00-00 00:00:00', NULL, 'xtc_cfg_select_option(array(\'true\', \'false\'),'),
(13, 'ADVANCED_SEARCH_DEFAULT_OPERATOR', 'and', 1, 15, NULL, '0000-00-00 00:00:00', NULL, 'xtc_cfg_select_option(array(\'and\', \'or\'),'),
(14, 'STORE_NAME_ADDRESS', '<b>Justneo</b><br>Inhaber: Norbert Szyszlo<br>Stübeheide 59<br>22337 Hamburg (Germany)<br>Tel: 040 239 68 251<br>E-Mail: info@justneo.de<br>Umsatzsteuer-ID: DE365237066', 110, 16, '2025-02-06 09:23:10', '0000-00-00 00:00:00', NULL, 'xtc_cfg_textarea('),
(15, 'SHOW_COUNTS', 'false', 102, 17, '2005-12-22 14:17:10', '0000-00-00 00:00:00', NULL, 'xtc_cfg_select_option(array(\'true\', \'false\'),'),
(16, 'DEFAULT_CUSTOMERS_STATUS_ID_ADMIN', '0', 102, 20, NULL, '0000-00-00 00:00:00', 'xtc_get_customers_status_name', 'xtc_cfg_pull_down_customers_status_list('),
(17, 'DEFAULT_CUSTOMERS_STATUS_ID_GUEST', '1', 1, 21, NULL, '0000-00-00 00:00:00', 'xtc_get_customers_status_name', 'xtc_cfg_pull_down_customers_status_list('),
(18, 'DEFAULT_CUSTOMERS_STATUS_ID', '2', 1, 23, NULL, '0000-00-00 00:00:00', 'xtc_get_customers_status_name', 'xtc_cfg_pull_down_customers_status_list('),
(19, 'ALLOW_ADD_TO_CART', 'true', 1, 24, '2009-08-03 16:42:51', '0000-00-00 00:00:00', NULL, 'xtc_cfg_select_option(array(\'true\', \'false\'),'),
(20, 'ALLOW_CATEGORY_DESCRIPTIONS', 'true', 1, 25, NULL, '0000-00-00 00:00:00', NULL, 'xtc_cfg_select_option(array(\'true\', \'false\'),'),
(21, 'CURRENT_TEMPLATE', 'yes-system', 102, 26, '2019-04-23 11:30:33', '0000-00-00 00:00:00', NULL, 'xtc_cfg_pull_down_template_sets('),
(22, 'PRICE_IS_BRUTTO', 'true', 1, 27, '2004-10-12 00:03:50', '0000-00-00 00:00:00', NULL, 'xtc_cfg_select_option(array(\'true\', \'false\'),'),
(23, 'PRICE_PRECISION', '4', 1, 28, '2013-12-05 20:03:01', '0000-00-00 00:00:00', NULL, ''),
(24, 'ENTRY_FIRST_NAME_MIN_LENGTH', '2', 2, 1, NULL, '0000-00-00 00:00:00', NULL, NULL),
(25, 'ENTRY_LAST_NAME_MIN_LENGTH', '2', 2, 2, NULL, '0000-00-00 00:00:00', NULL, NULL),
(26, 'ENTRY_DOB_MIN_LENGTH', '0', 2, 3, '2020-03-06 21:54:20', '0000-00-00 00:00:00', NULL, NULL),
(27, 'ENTRY_EMAIL_ADDRESS_MIN_LENGTH', '6', 2, 4, NULL, '0000-00-00 00:00:00', NULL, NULL),
(28, 'ENTRY_STREET_ADDRESS_MIN_LENGTH', '5', 2, 5, NULL, '0000-00-00 00:00:00', NULL, NULL),
(29, 'ENTRY_COMPANY_MIN_LENGTH', '0', 2, 6, '2020-03-06 21:54:44', '0000-00-00 00:00:00', NULL, NULL),
(30, 'ENTRY_POSTCODE_MIN_LENGTH', '4', 2, 7, NULL, '0000-00-00 00:00:00', NULL, NULL),
(31, 'ENTRY_CITY_MIN_LENGTH', '3', 2, 8, NULL, '0000-00-00 00:00:00', NULL, NULL),
(32, 'ENTRY_STATE_MIN_LENGTH', '2', 102, 9, NULL, '0000-00-00 00:00:00', NULL, NULL),
(33, 'ENTRY_TELEPHONE_MIN_LENGTH', '0', 2, 10, '2020-03-06 21:54:37', '0000-00-00 00:00:00', NULL, NULL),
(34, 'ENTRY_PASSWORD_MIN_LENGTH', '8', 2, 11, '2020-03-06 21:54:57', '0000-00-00 00:00:00', NULL, NULL),
(35, 'CC_OWNER_MIN_LENGTH', '3', 102, 12, NULL, '0000-00-00 00:00:00', NULL, NULL),
(36, 'CC_NUMBER_MIN_LENGTH', '10', 102, 13, NULL, '0000-00-00 00:00:00', NULL, NULL),
(37, 'REVIEW_TEXT_MIN_LENGTH', '50', 102, 14, NULL, '0000-00-00 00:00:00', NULL, NULL),
(38, 'MIN_DISPLAY_BESTSELLERS', '1', 2, 15, NULL, '0000-00-00 00:00:00', NULL, NULL),
(39, 'MIN_DISPLAY_ALSO_PURCHASED', '1', 2, 16, NULL, '0000-00-00 00:00:00', NULL, NULL),
(40, 'MAX_ADDRESS_BOOK_ENTRIES', '20', 3, 1, '2007-01-22 13:31:31', '0000-00-00 00:00:00', NULL, NULL),
(41, 'MAX_DISPLAY_SEARCH_RESULTS', '30', 3, 2, '2005-11-30 18:28:59', '0000-00-00 00:00:00', NULL, NULL),
(42, 'MAX_DISPLAY_PAGE_LINKS', '5', 102, 3, NULL, '0000-00-00 00:00:00', NULL, NULL),
(43, 'MAX_DISPLAY_SPECIAL_PRODUCTS', '9', 3, 4, NULL, '0000-00-00 00:00:00', NULL, NULL),
(44, 'MAX_DISPLAY_NEW_PRODUCTS', '9', 102, 5, NULL, '0000-00-00 00:00:00', NULL, NULL),
(45, 'MAX_DISPLAY_UPCOMING_PRODUCTS', '10', 3, 6, NULL, '0000-00-00 00:00:00', NULL, NULL),
(46, 'MAX_DISPLAY_MANUFACTURERS_IN_A_LIST', '3', 3, 7, '2011-05-11 11:04:49', '0000-00-00 00:00:00', NULL, NULL),
(47, 'MAX_MANUFACTURERS_LIST', '1', 3, 7, NULL, '0000-00-00 00:00:00', NULL, NULL),
(48, 'MAX_DISPLAY_MANUFACTURER_NAME_LEN', '15', 3, 8, NULL, '0000-00-00 00:00:00', NULL, NULL),
(49, 'MAX_DISPLAY_NEW_REVIEWS', '6', 102, 9, NULL, '0000-00-00 00:00:00', NULL, NULL),
(50, 'MAX_RANDOM_SELECT_REVIEWS', '10', 102, 10, NULL, '0000-00-00 00:00:00', NULL, NULL),
(51, 'MAX_RANDOM_SELECT_NEW', '10', 102, 11, NULL, '0000-00-00 00:00:00', NULL, NULL),
(52, 'MAX_RANDOM_SELECT_SPECIALS', '10', 102, 12, NULL, '0000-00-00 00:00:00', NULL, NULL),
(53, 'MAX_DISPLAY_CATEGORIES_PER_ROW', '3', 102, 13, NULL, '0000-00-00 00:00:00', NULL, NULL),
(54, 'MAX_DISPLAY_PRODUCTS_NEW', '10', 3, 14, NULL, '0000-00-00 00:00:00', NULL, NULL),
(55, 'MAX_DISPLAY_BESTSELLERS', '10', 3, 15, NULL, '0000-00-00 00:00:00', NULL, NULL),
(56, 'MAX_DISPLAY_ALSO_PURCHASED', '6', 3, 16, NULL, '0000-00-00 00:00:00', NULL, NULL),
(57, 'MAX_DISPLAY_PRODUCTS_IN_ORDER_HISTORY_BOX', '6', 3, 17, NULL, '0000-00-00 00:00:00', NULL, NULL),
(58, 'MAX_DISPLAY_ORDER_HISTORY', '10', 3, 18, NULL, '0000-00-00 00:00:00', NULL, NULL),
(59, 'PRODUCT_REVIEWS_VIEW', '0', 102, 19, '2010-03-29 23:26:23', '0000-00-00 00:00:00', NULL, NULL),
(60, 'MAX_PRODUCTS_QTY', '10000', 102, 21, '2020-03-06 22:00:06', '0000-00-00 00:00:00', NULL, NULL),
(61, 'MAX_DISPLAY_NEW_PRODUCTS_DAYS', '100', 3, 22, '2020-03-06 21:55:13', '0000-00-00 00:00:00', NULL, NULL),
(62, 'CONFIG_CALCULATE_IMAGE_SIZE', 'true', 102, 1, '2009-05-30 17:13:05', '0000-00-00 00:00:00', NULL, 'xtc_cfg_select_option(array(\'true\', \'false\'),'),
(63, 'IMAGE_QUALITY', '80', 4, 2, '2024-09-24 12:50:06', '0000-00-00 00:00:00', NULL, NULL),
(64, 'PRODUCT_IMAGE_THUMBNAIL_WIDTH', '300', 4, 7, '2024-09-24 12:44:19', '0000-00-00 00:00:00', NULL, NULL),
(65, 'PRODUCT_IMAGE_THUMBNAIL_HEIGHT', '300', 4, 8, '2024-09-24 12:44:24', '0000-00-00 00:00:00', NULL, NULL),
(66, 'PRODUCT_IMAGE_INFO_WIDTH', '600', 4, 9, '2024-09-24 12:44:31', '0000-00-00 00:00:00', NULL, NULL),
(67, 'PRODUCT_IMAGE_INFO_HEIGHT', '600', 4, 10, '2024-09-24 12:44:36', '0000-00-00 00:00:00', NULL, NULL),
(68, 'PRODUCT_IMAGE_POPUP_WIDTH', '1200', 4, 11, '2024-09-24 12:44:43', '0000-00-00 00:00:00', NULL, NULL),
(69, 'PRODUCT_IMAGE_POPUP_HEIGHT', '1200', 4, 12, '2024-09-24 12:44:49', '0000-00-00 00:00:00', NULL, NULL),
(70, 'PRODUCT_IMAGE_THUMBNAIL_BEVEL', '', 4, 13, '2003-12-15 13:14:39', '0000-00-00 00:00:00', '', ''),
(71, 'PRODUCT_IMAGE_THUMBNAIL_GREYSCALE', '', 4, 14, '2003-12-15 13:13:37', '0000-00-00 00:00:00', NULL, NULL),
(72, 'PRODUCT_IMAGE_THUMBNAIL_ELLIPSE', '', 4, 15, '2003-12-15 13:14:57', '0000-00-00 00:00:00', NULL, NULL),
(73, 'PRODUCT_IMAGE_THUMBNAIL_ROUND_EDGES', '', 4, 16, '2003-12-15 13:19:45', '0000-00-00 00:00:00', NULL, NULL),
(74, 'PRODUCT_IMAGE_THUMBNAIL_MERGE', '', 4, 17, '2003-12-15 12:01:43', '0000-00-00 00:00:00', NULL, NULL),
(75, 'PRODUCT_IMAGE_THUMBNAIL_FRAME', '', 4, 18, '2005-06-20 15:04:53', '0000-00-00 00:00:00', NULL, NULL),
(76, 'PRODUCT_IMAGE_THUMBNAIL_DROP_SHADDOW', '', 4, 19, '2003-12-15 13:15:14', '0000-00-00 00:00:00', NULL, NULL),
(77, 'PRODUCT_IMAGE_THUMBNAIL_MOTION_BLUR', '', 4, 20, '2004-10-19 20:07:52', '0000-00-00 00:00:00', NULL, NULL),
(78, 'PRODUCT_IMAGE_INFO_BEVEL', '', 4, 21, '2003-12-15 13:42:09', '0000-00-00 00:00:00', NULL, NULL),
(79, 'PRODUCT_IMAGE_INFO_GREYSCALE', '', 4, 22, '2003-12-15 13:18:00', '0000-00-00 00:00:00', NULL, NULL),
(80, 'PRODUCT_IMAGE_INFO_ELLIPSE', '', 4, 23, '2003-12-15 13:41:53', '0000-00-00 00:00:00', NULL, NULL),
(81, 'PRODUCT_IMAGE_INFO_ROUND_EDGES', '', 4, 24, '2003-12-15 13:21:55', '0000-00-00 00:00:00', NULL, NULL),
(82, 'PRODUCT_IMAGE_INFO_MERGE', '', 4, 25, '2004-10-21 12:46:55', '0000-00-00 00:00:00', NULL, NULL),
(83, 'PRODUCT_IMAGE_INFO_FRAME', '', 4, 26, '2005-06-20 15:04:57', '0000-00-00 00:00:00', NULL, NULL),
(84, 'PRODUCT_IMAGE_INFO_DROP_SHADDOW', '', 4, 27, '2005-06-20 15:05:02', '0000-00-00 00:00:00', NULL, NULL),
(85, 'PRODUCT_IMAGE_INFO_MOTION_BLUR', '', 4, 28, '2003-12-15 13:21:18', '0000-00-00 00:00:00', NULL, NULL),
(86, 'PRODUCT_IMAGE_POPUP_BEVEL', '', 4, 29, '2004-10-19 20:07:10', '0000-00-00 00:00:00', NULL, NULL),
(87, 'PRODUCT_IMAGE_POPUP_GREYSCALE', '', 4, 30, '2003-12-15 13:22:58', '0000-00-00 00:00:00', NULL, NULL),
(88, 'PRODUCT_IMAGE_POPUP_ELLIPSE', '', 4, 31, '2003-12-15 13:22:51', '0000-00-00 00:00:00', NULL, NULL),
(89, 'PRODUCT_IMAGE_POPUP_ROUND_EDGES', '', 4, 32, '2003-12-15 13:23:17', '0000-00-00 00:00:00', NULL, NULL),
(90, 'PRODUCT_IMAGE_POPUP_MERGE', '', 4, 33, '2004-10-21 12:47:23', '0000-00-00 00:00:00', NULL, NULL),
(91, 'PRODUCT_IMAGE_POPUP_FRAME', '', 4, 34, '2003-12-15 13:22:43', '0000-00-00 00:00:00', NULL, NULL),
(92, 'PRODUCT_IMAGE_POPUP_DROP_SHADDOW', '', 4, 35, '2003-12-15 13:22:26', '0000-00-00 00:00:00', NULL, NULL),
(93, 'PRODUCT_IMAGE_POPUP_MOTION_BLUR', '', 4, 36, '2003-12-15 13:22:32', '0000-00-00 00:00:00', NULL, NULL),
(94, 'MO_PICS', '5', 4, 3, '2011-04-14 17:46:05', '0000-00-00 00:00:00', NULL, NULL),
(95, 'IMAGE_MANIPULATOR', 'image_manipulator_GD2.php', 102, 3, '0000-00-00 00:00:00', '0000-00-00 00:00:00', NULL, 'xtc_cfg_select_option(array(\'image_manipulator_GD2.php\', \'image_manipulator_GD1.php\'),'),
(96, 'ACCOUNT_GENDER', 'true', 5, 1, NULL, '0000-00-00 00:00:00', NULL, 'xtc_cfg_select_option(array(\'true\', \'false\'),'),
(97, 'ACCOUNT_DOB', 'false', 5, 2, '2004-09-15 10:35:00', '0000-00-00 00:00:00', NULL, 'xtc_cfg_select_option(array(\'true\', \'false\'),'),
(98, 'ACCOUNT_COMPANY', 'true', 5, 3, NULL, '0000-00-00 00:00:00', NULL, 'xtc_cfg_select_option(array(\'true\', \'false\'),'),
(99, 'ACCOUNT_SUBURB', 'true', 102, 4, '2004-09-15 10:35:06', '0000-00-00 00:00:00', NULL, 'xtc_cfg_select_option(array(\'true\', \'false\'),'),
(100, 'ACCOUNT_STATE', 'false', 102, 5, '2004-09-15 10:35:23', '0000-00-00 00:00:00', NULL, 'xtc_cfg_select_option(array(\'true\', \'false\'),'),
(101, 'ACCOUNT_OPTIONS', 'account', 102, 6, NULL, '0000-00-00 00:00:00', NULL, 'xtc_cfg_select_option(array(\'account\', \'guest\', \'both\'),'),
(102, 'DELETE_GUEST_ACCOUNT', 'false', 102, 7, '2011-05-11 11:10:13', '0000-00-00 00:00:00', NULL, 'xtc_cfg_select_option(array(\'true\', \'false\'),'),
(103, 'MODULE_PAYMENT_INSTALLED', 'invoice.php;klarna_yes_pay_later.php;moneyorder.php;secupay_inv_xtc.php;secupay_kk_xtc.php;secupay_ls_xtc.php;yes_ppp.php;yes_secupay.php', 102, 0, '2025-07-04 09:54:37', '0000-00-00 00:00:00', NULL, NULL),
(104, 'MODULE_ORDER_TOTAL_INSTALLED', 'ot_subtotal.php;ot_subtotal_no_tax.php;ot_discount.php;ot_shipping.php;ot_cod_fee.php;ot_payment_fee.php;ot_tax.php;ot_coupon.php;ot_total.php', 102, 0, '2014-03-06 20:18:42', '0000-00-00 00:00:00', NULL, NULL),
(105, 'MODULE_SHIPPING_INSTALLED', 'dhlgkapi.php;freeamount.php;yes.php', 102, 0, '2024-12-18 12:30:23', '0000-00-00 00:00:00', NULL, NULL),
(106, 'DEFAULT_CURRENCY', 'EUR', 102, 0, NULL, '0000-00-00 00:00:00', NULL, NULL),
(107, 'DEFAULT_LANGUAGE', 'de', 102, 0, NULL, '0000-00-00 00:00:00', NULL, NULL),
(108, 'DEFAULT_ORDERS_STATUS_ID', '1', 102, 0, NULL, '0000-00-00 00:00:00', NULL, NULL),
(109, 'DEFAULT_SHIPPING_STATUS_ID', '1', 102, 0, NULL, '0000-00-00 00:00:00', NULL, NULL),
(110, 'MODULE_ORDER_TOTAL_SHIPPING_STATUS', 'true', 102, 1, '2024-11-15 10:26:09', '0000-00-00 00:00:00', NULL, 'xtc_cfg_select_option(array(\'true\', \'false\'),'),
(111, 'MODULE_ORDER_TOTAL_SHIPPING_SORT_ORDER', '30', 102, 2, '2024-11-15 10:26:09', '0000-00-00 00:00:00', NULL, NULL),
(112, 'MODULE_ORDER_TOTAL_SHIPPING_FREE_SHIPPING', 'true', 102, 3, '2024-11-15 10:26:09', '0000-00-00 00:00:00', NULL, 'xtc_cfg_select_option(array(\'true\', \'false\'),'),
(113, 'MODULE_ORDER_TOTAL_SHIPPING_FREE_SHIPPING_OVER', '19.90', 102, 4, '2024-11-15 10:26:09', '0000-00-00 00:00:00', 'currencies->format', NULL),
(114, 'MODULE_ORDER_TOTAL_SHIPPING_DESTINATION', 'national', 102, 5, '2024-11-15 10:26:09', '0000-00-00 00:00:00', NULL, 'xtc_cfg_select_option(array(\'national\', \'international\', \'both\'),'),
(605, 'MODULE_ORDER_TOTAL_SUBTOTAL_SORT_ORDER', '10', 102, 2, NULL, '2009-11-13 11:43:11', NULL, NULL),
(117, 'MODULE_ORDER_TOTAL_TAX_STATUS', 'true', 102, 1, NULL, '0000-00-00 00:00:00', NULL, 'xtc_cfg_select_option(array(\'true\', \'false\'),'),
(118, 'MODULE_ORDER_TOTAL_TAX_SORT_ORDER', '50', 102, 2, NULL, '0000-00-00 00:00:00', NULL, NULL),
(119, 'MODULE_ORDER_TOTAL_TOTAL_STATUS', 'true', 102, 1, NULL, '0000-00-00 00:00:00', NULL, 'xtc_cfg_select_option(array(\'true\', \'false\'),'),
(120, 'MODULE_ORDER_TOTAL_TOTAL_SORT_ORDER', '99', 102, 2, NULL, '0000-00-00 00:00:00', NULL, NULL),
(121, 'MODULE_ORDER_TOTAL_DISCOUNT_STATUS', 'true', 102, 1, NULL, '0000-00-00 00:00:00', NULL, 'xtc_cfg_select_option(array(\'true\', \'false\'),'),
(122, 'MODULE_ORDER_TOTAL_DISCOUNT_SORT_ORDER', '20', 102, 2, NULL, '0000-00-00 00:00:00', NULL, NULL),
(603, 'MODULE_ORDER_TOTAL_SUBTOTAL_NO_TAX_SORT_ORDER', '11', 102, 2, NULL, '2009-11-13 11:42:59', NULL, NULL),
(602, 'MODULE_ORDER_TOTAL_SUBTOTAL_NO_TAX_STATUS', 'true', 102, 1, NULL, '2009-11-13 11:42:59', NULL, 'xtc_cfg_select_option(array(\'true\', \'false\'), '),
(125, 'SHIPPING_ORIGIN_COUNTRY', '81', 7, 1, NULL, '0000-00-00 00:00:00', 'xtc_get_country_name', 'xtc_cfg_pull_down_country_list('),
(126, 'SHIPPING_ORIGIN_ZIP', '', 102, 2, '2007-01-22 13:37:26', '0000-00-00 00:00:00', NULL, NULL),
(127, 'SHIPPING_MAX_WEIGHT', '50', 7, 3, '2005-07-26 17:00:37', '0000-00-00 00:00:00', NULL, NULL),
(128, 'SHIPPING_BOX_WEIGHT', '0', 7, 4, NULL, '0000-00-00 00:00:00', NULL, NULL),
(129, 'SHIPPING_BOX_PADDING', '0', 7, 5, '2019-04-23 11:40:19', '0000-00-00 00:00:00', NULL, NULL),
(130, 'PRODUCT_LIST_FILTER', '1', 102, 1, '2011-05-11 11:38:17', '0000-00-00 00:00:00', NULL, NULL),
(131, 'STOCK_CHECK', 'true', 9, 1, '2004-12-29 15:44:39', '0000-00-00 00:00:00', NULL, 'xtc_cfg_select_option(array(\'true\', \'false\'),'),
(132, 'ATTRIBUTE_STOCK_CHECK', 'true', 102, 2, '2004-12-12 16:20:23', '0000-00-00 00:00:00', NULL, 'xtc_cfg_select_option(array(\'true\', \'false\'),'),
(133, 'STOCK_LIMITED', 'true', 9, 3, NULL, '0000-00-00 00:00:00', NULL, 'xtc_cfg_select_option(array(\'true\', \'false\'),'),
(134, 'STOCK_ALLOW_CHECKOUT', 'true', 9, 4, '2009-08-04 10:29:24', '0000-00-00 00:00:00', NULL, 'xtc_cfg_select_option(array(\'true\', \'false\'),'),
(135, 'STOCK_MARK_PRODUCT_OUT_OF_STOCK', 'vergriffen', 9, 5, '2019-05-29 17:49:33', '0000-00-00 00:00:00', NULL, NULL),
(136, 'STOCK_REORDER_LEVEL', '5', 102, 6, NULL, '0000-00-00 00:00:00', NULL, NULL),
(137, 'STORE_PAGE_PARSE_TIME', 'false', 102, 1, NULL, '0000-00-00 00:00:00', NULL, 'xtc_cfg_select_option(array(\'true\', \'false\'),'),
(138, 'STORE_PAGE_PARSE_TIME_LOG', '0', 102, 2, NULL, '0000-00-00 00:00:00', NULL, NULL),
(139, 'STORE_PARSE_DATE_TIME_FORMAT', '%d/%m/%Y %H:%M:%S', 102, 3, NULL, '0000-00-00 00:00:00', NULL, NULL),
(140, 'DISPLAY_PAGE_PARSE_TIME', 'true', 102, 4, NULL, '0000-00-00 00:00:00', NULL, 'xtc_cfg_select_option(array(\'true\', \'false\'),'),
(141, 'STORE_DB_TRANSACTIONS', 'false', 102, 5, NULL, '0000-00-00 00:00:00', NULL, 'xtc_cfg_select_option(array(\'true\', \'false\'),'),
(142, 'USE_CACHE', 'false', 102, 1, NULL, '0000-00-00 00:00:00', NULL, 'xtc_cfg_select_option(array(\'true\', \'false\'),'),
(143, 'DIR_FS_CACHE', 'cache', 102, 2, NULL, '0000-00-00 00:00:00', NULL, NULL),
(144, 'CACHE_LIFETIME', '1800', 102, 3, '2010-03-29 23:25:48', '0000-00-00 00:00:00', NULL, NULL),
(145, 'CACHE_CHECK', 'true', 102, 4, NULL, '0000-00-00 00:00:00', NULL, 'xtc_cfg_select_option(array(\'true\', \'false\'),'),
(146, 'DB_CACHE', 'false', 102, 5, NULL, '0000-00-00 00:00:00', NULL, 'xtc_cfg_select_option(array(\'true\', \'false\'),'),
(147, 'DB_CACHE_EXPIRE', '1800', 102, 6, '2010-03-29 23:26:04', '0000-00-00 00:00:00', NULL, NULL),
(148, 'EMAIL_TRANSPORT', 'smtp', 102, 1, '2015-06-03 16:55:33', '0000-00-00 00:00:00', NULL, 'xtc_cfg_select_option(array(\'sendmail\', \'smtp\', \'mail\'),'),
(149, 'SENDMAIL_PATH', '/usr/sbin/sendmail', 102, 2, NULL, '0000-00-00 00:00:00', NULL, NULL),
(150, 'SMTP_MAIN_SERVER', 'sslout.df.eu', 12, 3, '2024-09-30 12:19:32', '0000-00-00 00:00:00', NULL, NULL),
(151, 'SMTP_Backup_Server', '', 12, 4, '2004-10-21 15:57:38', '0000-00-00 00:00:00', NULL, NULL),
(152, 'SMTP_PORT', '465', 12, 5, '2023-07-14 17:04:37', '0000-00-00 00:00:00', NULL, NULL),
(153, 'SMTP_USERNAME', 'info@justneo.de', 12, 6, '2024-09-30 12:19:54', '0000-00-00 00:00:00', NULL, NULL),
(154, 'SMTP_PASSWORD', 'Gb/kH-d&7u5-T!9aY4', 12, 7, '2024-09-30 19:42:12', '0000-00-00 00:00:00', NULL, NULL),
(155, 'SMTP_AUTH', 'true', 12, 8, '2025-05-12 13:44:58', '0000-00-00 00:00:00', NULL, 'xtc_cfg_select_option(array(\'true\', \'false\'),'),
(156, 'EMAIL_LINEFEED', 'LF', 102, 9, NULL, '0000-00-00 00:00:00', NULL, 'xtc_cfg_select_option(array(\'LF\', \'CRLF\'),'),
(157, 'EMAIL_USE_HTML', 'true', 102, 10, NULL, '0000-00-00 00:00:00', NULL, 'xtc_cfg_select_option(array(\'true\', \'false\'),'),
(158, 'ENTRY_EMAIL_ADDRESS_CHECK', 'false', 102, 11, NULL, '0000-00-00 00:00:00', NULL, 'xtc_cfg_select_option(array(\'true\', \'false\'),'),
(159, 'SEND_EMAILS', 'true', 12, 12, NULL, '0000-00-00 00:00:00', NULL, 'xtc_cfg_select_option(array(\'true\', \'false\'),'),
(160, 'CONTACT_US_EMAIL_ADDRESS', 'info@justneo.de', 12, 20, '2024-09-30 12:19:59', '0000-00-00 00:00:00', NULL, NULL),
(161, 'CONTACT_US_NAME', 'Justneo Shop', 12, 21, '2024-09-30 12:21:22', '0000-00-00 00:00:00', NULL, NULL),
(162, 'CONTACT_US_REPLY_ADDRESS', 'info@justneo.de', 12, 22, '2024-09-30 12:20:04', '0000-00-00 00:00:00', NULL, NULL),
(163, 'CONTACT_US_REPLY_ADDRESS_NAME', 'Justneo Shop', 12, 23, '2024-09-30 12:21:30', '0000-00-00 00:00:00', NULL, NULL),
(164, 'CONTACT_US_EMAIL_SUBJECT', 'Ihre Anfrage bei \"Justneo\"', 12, 24, '2024-09-30 12:21:40', '0000-00-00 00:00:00', NULL, NULL),
(165, 'CONTACT_US_FORWARDING_STRING', 'info@justneo.de', 12, 25, '2024-09-30 12:20:09', '0000-00-00 00:00:00', NULL, NULL),
(166, 'EMAIL_SUPPORT_ADDRESS', 'info@justneo.de', 12, 26, '2024-09-30 12:20:14', '0000-00-00 00:00:00', NULL, NULL),
(167, 'EMAIL_SUPPORT_NAME', 'info@justneo.de', 12, 27, '2024-09-30 12:20:18', '0000-00-00 00:00:00', NULL, NULL),
(168, 'EMAIL_SUPPORT_REPLY_ADDRESS', 'info@justneo.de', 12, 28, '2024-09-30 12:20:22', '0000-00-00 00:00:00', NULL, NULL),
(169, 'EMAIL_SUPPORT_REPLY_ADDRESS_NAME', 'Justneo Shop', 12, 29, '2024-09-30 12:22:19', '0000-00-00 00:00:00', NULL, NULL),
(170, 'EMAIL_SUPPORT_SUBJECT', 'Herzlich Willkomen bei \"Justneo\"', 12, 30, '2024-09-30 12:22:12', '0000-00-00 00:00:00', NULL, NULL),
(171, 'EMAIL_SUPPORT_FORWARDING_STRING', 'info@justneo.de', 12, 31, '2024-09-30 12:20:26', '0000-00-00 00:00:00', NULL, NULL),
(172, 'EMAIL_BILLING_ADDRESS', 'info@justneo.de', 12, 32, '2024-09-30 12:20:31', '0000-00-00 00:00:00', NULL, NULL),
(173, 'EMAIL_BILLING_NAME', 'Justneo Shop', 12, 33, '2024-09-30 12:21:05', '0000-00-00 00:00:00', NULL, NULL),
(174, 'EMAIL_BILLING_REPLY_ADDRESS', 'info@justneo.de', 12, 34, '2024-09-30 12:20:36', '0000-00-00 00:00:00', NULL, NULL),
(175, 'EMAIL_BILLING_REPLY_ADDRESS_NAME', 'Justneo Shop', 12, 35, '2024-09-30 12:21:14', '0000-00-00 00:00:00', NULL, NULL),
(176, 'EMAIL_BILLING_SUBJECT', 'Ihr Auftrag bei \"Justneo\"', 12, 36, '2024-09-30 12:20:50', '0000-00-00 00:00:00', NULL, NULL),
(177, 'EMAIL_BILLING_FORWARDING_STRING', 'info@justneo.de', 12, 37, '2024-09-30 12:21:59', '0000-00-00 00:00:00', NULL, NULL),
(178, 'EMAIL_BILLING_SUBJECT_ORDER', 'Ihre Bestellung Nr:{$nr} / {$date}', 12, 38, '2020-12-18 12:31:53', '0000-00-00 00:00:00', NULL, NULL),
(179, 'DOWNLOAD_ENABLED', 'false', 102, 1, NULL, '0000-00-00 00:00:00', NULL, 'xtc_cfg_select_option(array(\'true\', \'false\'),'),
(180, 'DOWNLOAD_BY_REDIRECT', 'false', 102, 2, NULL, '0000-00-00 00:00:00', NULL, 'xtc_cfg_select_option(array(\'true\', \'false\'),'),
(181, 'DOWNLOAD_UNALLOWED_PAYMENT', 'banktransfer,cod,invoice,moneyorder', 102, 5, NULL, '0000-00-00 00:00:00', NULL, NULL),
(182, 'DOWNLOAD_MIN_ORDERS_STATUS', '1', 102, 5, NULL, '0000-00-00 00:00:00', NULL, NULL),
(183, 'GZIP_COMPRESSION', 'true', 102, 1, '2011-05-11 11:53:16', '0000-00-00 00:00:00', NULL, 'xtc_cfg_select_option(array(\'true\', \'false\'),'),
(184, 'GZIP_LEVEL', '5', 102, 2, NULL, '0000-00-00 00:00:00', NULL, NULL),
(185, 'SESSION_WRITE_DIRECTORY', '/tmp', 102, 1, NULL, '0000-00-00 00:00:00', NULL, NULL),
(186, 'SESSION_FORCE_COOKIE_USE', 'False', 102, 2, '2007-11-27 12:13:01', '0000-00-00 00:00:00', NULL, 'xtc_cfg_select_option(array(\'True\', \'False\'),'),
(187, 'SESSION_CHECK_SSL_SESSION_ID', 'False', 102, 3, NULL, '0000-00-00 00:00:00', NULL, 'xtc_cfg_select_option(array(\'True\', \'False\'),'),
(188, 'SESSION_CHECK_USER_AGENT', 'False', 102, 4, NULL, '0000-00-00 00:00:00', NULL, 'xtc_cfg_select_option(array(\'True\', \'False\'),'),
(189, 'SESSION_RECREATE', 'True', 102, 7, '2011-05-11 11:54:42', '0000-00-00 00:00:00', NULL, 'xtc_cfg_select_option(array(\'True\', \'False\'),'),
(190, 'META_MIN_KEYWORD_LENGTH', '6', 16, 2, NULL, '0000-00-00 00:00:00', NULL, NULL),
(191, 'META_KEYWORDS_NUMBER', '5', 16, 3, NULL, '0000-00-00 00:00:00', NULL, NULL),
(192, 'META_AUTHOR', 'justneo.de Stübeheide 59 22337 Hamburg', 16, 4, '2024-11-17 19:35:08', '0000-00-00 00:00:00', NULL, NULL),
(193, 'META_PUBLISHER', 'justneo.de Stübeheide 59 22337 Hamburg', 16, 5, '2024-11-17 19:35:13', '0000-00-00 00:00:00', NULL, NULL),
(194, 'META_COMPANY', 'justneo.de Stübeheide 59 22337 Hamburg', 16, 6, '2024-11-17 19:35:19', '0000-00-00 00:00:00', NULL, NULL),
(195, 'META_TOPIC', 'shopping', 16, 7, NULL, '0000-00-00 00:00:00', NULL, NULL),
(196, 'META_REPLY_TO', 'info@justneo.de', 16, 8, '2024-11-17 19:35:30', '0000-00-00 00:00:00', NULL, NULL),
(197, 'META_REVISIT_AFTER', '14', 16, 9, NULL, '0000-00-00 00:00:00', NULL, NULL),
(198, 'META_ROBOTS', 'index,follow', 16, 10, NULL, '0000-00-00 00:00:00', NULL, NULL),
(199, 'META_DESCRIPTION', 'Willkommen bei JustNeo – deinem Shop für mehr Abenteuer, Kreativität und smarte Alltagslösungen.', 16, 11, '2025-07-12 07:55:17', '0000-00-00 00:00:00', NULL, NULL),
(200, 'META_KEYWORDS', 'Abenteuer, Campin. Survival, Outdoor, Freizeit, Haushalt', 16, 12, '2025-07-12 07:56:02', '0000-00-00 00:00:00', NULL, NULL),
(201, 'CHECK_CLIENT_AGENT', 'true', 102, 13, '2011-03-11 19:31:15', '0000-00-00 00:00:00', NULL, 'xtc_cfg_select_option(array(\'true\', \'false\'),'),
(202, 'USE_SPAW', 'true', 102, 1, NULL, '0000-00-00 00:00:00', NULL, 'xtc_cfg_select_option(array(\'true\', \'false\'),'),
(203, 'ACTIVATE_GIFT_SYSTEM', 'true', 102, 2, '2023-07-14 17:03:47', '0000-00-00 00:00:00', NULL, 'xtc_cfg_select_option(array(\'true\', \'false\'),'),
(204, 'SECURITY_CODE_LENGTH', '10', 102, 3, NULL, '2003-12-05 05:01:41', NULL, NULL),
(205, 'NEW_SIGNUP_GIFT_VOUCHER_AMOUNT', '0', 102, 4, '2005-07-25 15:40:48', '2003-12-05 05:01:41', NULL, NULL),
(206, 'NEW_SIGNUP_DISCOUNT_COUPON', '', 102, 5, NULL, '2003-12-05 05:01:41', NULL, NULL),
(207, 'ACTIVATE_SHIPPING_STATUS', 'true', 102, 6, NULL, '0000-00-00 00:00:00', NULL, 'xtc_cfg_select_option(array(\'true\', \'false\'),'),
(208, 'DISPLAY_CONDITIONS_ON_CHECKOUT', 'false', 102, 7, NULL, '0000-00-00 00:00:00', NULL, 'xtc_cfg_select_option(array(\'true\', \'false\'),'),
(209, 'SHOW_IP_LOG', 'true', 102, 8, '2011-05-11 15:43:25', '0000-00-00 00:00:00', NULL, 'xtc_cfg_select_option(array(\'true\', \'false\'),'),
(210, 'GROUP_CHECK', 'false', 102, 9, '2017-10-09 12:41:33', '0000-00-00 00:00:00', NULL, 'xtc_cfg_select_option(array(\'true\', \'false\'),'),
(211, 'ACTIVATE_NAVIGATOR', 'false', 102, 10, NULL, '0000-00-00 00:00:00', NULL, 'xtc_cfg_select_option(array(\'true\', \'false\'),'),
(212, 'QUICKLINK_ACTIVATED', 'false', 102, 11, '2011-05-11 15:43:11', '0000-00-00 00:00:00', NULL, 'xtc_cfg_select_option(array(\'true\', \'false\'),'),
(213, 'ACCOUNT_COMPANY_VAT_CHECK', 'false', 102, 4, '2010-10-18 14:55:08', '0000-00-00 00:00:00', NULL, 'xtc_cfg_select_option(array(\'true\', \'false\'),'),
(214, 'STORE_OWNER_VAT_ID', 'DE365237066', 110, 3, '2024-10-01 13:23:11', '0000-00-00 00:00:00', NULL, NULL),
(215, 'DEFAULT_CUSTOMERS_VAT_STATUS_ID', '1', 102, 23, '0000-00-00 00:00:00', '0000-00-00 00:00:00', 'xtc_get_customers_status_name', 'xtc_cfg_pull_down_customers_status_list('),
(216, 'ACCOUNT_COMPANY_VAT_LIVE_CHECK', 'false', 102, 4, '2010-10-18 14:55:14', '0000-00-00 00:00:00', NULL, 'xtc_cfg_select_option(array(\'true\', \'false\'),'),
(217, 'ACCOUNT_COMPANY_VAT_GROUP', 'false', 102, 4, '2010-10-18 14:55:18', '0000-00-00 00:00:00', NULL, 'xtc_cfg_select_option(array(\'true\', \'false\'),'),
(218, 'ACCOUNT_VAT_BLOCK_ERROR', 'false', 102, 4, '2010-10-18 14:55:22', '0000-00-00 00:00:00', NULL, 'xtc_cfg_select_option(array(\'true\', \'false\'),'),
(219, 'GOOGLE_CONVERSION_ID', '', 16, 204, NULL, '0000-00-00 00:00:00', NULL, NULL),
(220, 'GOOGLE_LANG', 'de', 16, 205, NULL, '0000-00-00 00:00:00', NULL, NULL),
(221, 'GOOGLE_CONVERSION', 'false', 16, 203, NULL, '0000-00-00 00:00:00', NULL, 'xtc_cfg_select_option(array(\'true\', \'false\'),'),
(490, 'MODULE_SHIPPING_YES_ALLOWED', '', 102, 0, NULL, '2006-10-30 17:25:41', NULL, NULL),
(489, 'MODULE_SHIPPING_YES_SORT_ORDER', '0', 102, 0, NULL, '2006-10-30 17:25:41', NULL, NULL),
(488, 'MODULE_SHIPPING_YES_TAX_CLASS', '1', 102, 0, NULL, '2006-10-30 17:25:41', 'xtc_get_tax_class_title', 'xtc_cfg_pull_down_tax_classes('),
(487, 'MODULE_SHIPPING_YES_HANDLING', '0', 102, 0, NULL, '2006-10-30 17:25:41', NULL, NULL),
(486, 'MODULE_SHIPPING_YES_STATUS', 'True', 102, 0, NULL, '2006-10-30 17:25:41', NULL, 'xtc_cfg_select_option(array(\'True\', \'False\'),'),
(233, 'MODULE_EXPORT_INSTALLED', 'bestand.php;customers_status_prices.php;export_order_stats.php;google_xml_sitemap.php;yatego.php;yes2.php', 102, 0, '2025-12-03 16:20:16', '2004-09-15 10:18:40', NULL, NULL),
(502, 'PDF_RECLAMATION_EXPORT_AT_SHIPPING_ACTION', 'True', 7, 52, '2011-04-14 17:49:32', '2007-05-21 00:00:00', NULL, 'xtc_cfg_select_option(array(\'True\', \'False\'),'),
(501, 'PDF_PACKINGSLIP_EXPORT_AT_SHIPPING_ACTION', 'False', 7, 51, '2024-12-16 13:09:48', '2007-05-21 00:00:00', NULL, 'xtc_cfg_select_option(array(\'True\', \'False\'),'),
(325, 'ABS_PATH_TO_PHPAPI', '/www/310546_20097/isar/ebayapi/', 102, 4, '2004-12-26 15:28:56', '2004-08-21 15:51:24', NULL, NULL),
(331, 'EBAY_CURRENCY', '7', 102, 0, '2004-10-11 09:43:57', '2004-08-21 16:51:14', 'xtc_get_ebay_currency_name', 'xtc_cfg_pull_down_ebay_currencies('),
(500, 'PDF_ORDER_EXPORT_AT_SHIPPING_ACTION', 'True', 7, 50, '2011-04-14 17:49:11', '2007-05-21 00:00:00', NULL, 'xtc_cfg_select_option(array(\'True\', \'False\'),'),
(333, 'EBAY_SELLER_COUNTRY', 'de', 101, 2, '2004-11-15 21:44:53', '2004-08-21 20:34:15', 'xtc_get_ebay_country_name', 'xtc_cfg_pull_down_ebay_countries('),
(483, 'SHOP_COMPANY_SUBURB', '', 110, 62, '2024-10-01 13:20:10', '2006-09-28 00:00:00', NULL, NULL),
(481, 'SHOP_COMPANY_NAME', 'Norbert Szyszlo', 110, 60, '2024-10-01 13:19:25', '2006-09-28 00:00:00', NULL, NULL),
(482, 'SHOP_COMPANY_STREET', 'Stübeheide 59', 110, 61, '2024-10-01 13:19:58', '2006-09-28 00:00:00', NULL, NULL),
(340, 'EBAY_LOCATION', 'Hamburg', 101, 10, '2006-02-15 10:15:14', '2004-08-21 23:07:06', NULL, NULL),
(494, 'EBAY_CATEGORY2', '', 101, 19, '2007-04-05 09:56:42', '2007-04-05 00:00:00', NULL, NULL),
(344, 'EBAY_PICPATH_WEBSERVER', 'https://justneo.de/images/product_images/popup_images/', 102, 25, '2010-03-25 19:25:39', '2004-08-20 00:00:00', NULL, NULL),
(346, 'EBAY_PAYPAL_EMAIL', '', 101, 9, NULL, '0000-00-00 00:00:00', NULL, NULL),
(347, 'EBAY_CHECKOUT_INSTRUCTIONS', 'Vielen Dank für Ihre Bestellung. Sollten Sie Fragen zu Ihrem Auftrag oder auch uns haben, so kommen Sie bitte direkt auf uns zu.', 101, 22, '2020-03-06 21:49:12', '0000-00-00 00:00:00', NULL, NULL),
(351, 'EBAY_GALLERYFEATURED', '0', 101, 8, NULL, '0000-00-00 00:00:00', NULL, NULL),
(352, 'EBAY_GALLERY', '1', 101, 12, '2004-10-11 21:16:47', '0000-00-00 00:00:00', NULL, NULL),
(495, 'EBAY_QUANTITY', '0', 101, 20, '2007-04-05 09:57:36', '2007-04-05 00:00:00', NULL, NULL),
(358, 'EBAY_AUCTIONTYPE', 'Chinese', 101, 1, '2004-10-11 09:54:55', '0000-00-00 00:00:00', 'xtc_get_ebay_auctiontype_name', 'xtc_cfg_pull_down_ebay_auctiontypes('),
(359, 'EBAY_DURATION', '5', 101, 1, '2006-06-13 16:41:19', '0000-00-00 00:00:00', 'xtc_get_ebay_duration_name', 'xtc_cfg_pull_down_ebay_durations('),
(391, 'EBAY_SHOW_TAX', '1', 100, 6, '2005-08-17 13:21:26', '2005-08-17 00:00:00', NULL, NULL),
(392, 'EBAY_USERLOGINURL', 'https://justneo.de/ebay_account_edit.php', 102, 21, '2010-03-25 19:24:15', '0000-00-00 00:00:00', NULL, NULL),
(393, 'MODULE_PAYMENT_MONEYORDER_STATUS', 'True', 102, 1, NULL, '2004-09-23 21:00:36', NULL, 'xtc_cfg_select_option(array(\'True\', \'False\'),'),
(394, 'MODULE_PAYMENT_MONEYORDER_ALLOWED', '', 102, 0, NULL, '2004-09-23 21:00:36', NULL, NULL),
(395, 'MODULE_PAYMENT_MONEYORDER_PAYTO', 'Kontoinhaber: Norbert Szyszlo<br>Bankname: Holvi Payment Services Oy Zweigniederlassung Deutschland<br>IBAN: DE30100179970082988976<br>SWIFT/BIC: HOLVDEB1', 110, 1, '2024-10-01 13:55:34', '2004-09-23 21:00:36', NULL, NULL),
(396, 'MODULE_PAYMENT_MONEYORDER_SORT_ORDER', '0', 102, 0, NULL, '2004-09-23 21:00:36', NULL, NULL),
(397, 'MODULE_PAYMENT_MONEYORDER_ZONE', '0', 102, 2, NULL, '2004-09-23 21:00:36', 'xtc_get_zone_class_title', 'xtc_cfg_pull_down_zone_classes('),
(398, 'MODULE_PAYMENT_MONEYORDER_ORDER_STATUS_ID', '1', 102, 0, NULL, '2004-09-23 21:00:36', 'xtc_get_order_status_name', 'xtc_cfg_pull_down_order_statuses('),
(403, 'EBAY_XSELL_DAYSPAN', '3', 100, 3, '2010-03-29 23:24:26', '0000-00-00 00:00:00', NULL, NULL),
(405, 'EBAY_COUNTER', 'RetroStyle', 101, 20, '2007-01-26 14:38:23', '2004-11-11 00:00:00', 'xtc_get_ebay_counter_name', 'xtc_cfg_pull_down_ebay_counter('),
(406, 'EBAY_GELDZURUECK', '1', 101, 20, '2009-01-24 10:53:46', '0000-00-00 00:00:00', NULL, NULL),
(407, 'EBAY_VATAUCTION', '1', 101, 20, '2009-01-24 10:53:57', '0000-00-00 00:00:00', NULL, NULL),
(408, 'SESSION_TIMEOUT_CUSTOMER', '144000', 102, 8, '2024-12-03 10:28:46', '0000-00-00 00:00:00', NULL, NULL),
(409, 'SESSION_TIMEOUT_ADMIN', '144000', 102, 9, '2024-12-03 10:28:58', '0000-00-00 00:00:00', NULL, NULL),
(410, 'EBAY_SOFORTNEU', '0', 101, 20, '2005-05-26 13:21:46', '2004-01-10 00:00:00', NULL, NULL),
(412, 'EXT_POPUP_WIDTH', '1000', 3, 70, '2006-02-06 23:29:22', '2005-02-18 12:00:00', NULL, NULL),
(413, 'EXT_POPUP_HEIGHT', '700', 3, 71, '2006-02-06 23:32:11', '2005-02-18 12:00:00', '', NULL),
(414, 'MAILMASTER_REPLYBOX_WIDTH', '300', 12, 70, '2017-05-17 23:07:08', '2005-02-18 12:00:00', NULL, NULL),
(415, 'MAILMASTER_REPLYBOX_HEIGHT', '100', 12, 71, '2017-05-17 23:07:20', '2005-02-18 12:00:00', NULL, NULL),
(416, 'MAILMASTER_REPLY_PREFIX', 'RE: ', 12, 72, '2005-02-18 12:00:00', '2005-02-18 12:00:00', NULL, NULL),
(417, 'MAILMASTER_NEWMAIL_SUBJECT', 'Rückfrage', 12, 73, '2020-03-06 21:58:13', '2005-02-18 12:00:00', NULL, NULL),
(418, 'EXTERN_EBAYPICTURE_SERVER', '0', 102, 1, '2005-05-07 19:49:15', '2005-03-09 14:00:00', NULL, NULL),
(419, 'EXTERN_EBAYPICTURE_SERVER_HOST', '', 102, 2, '2005-05-07 19:49:21', '2005-03-09 14:00:00', NULL, NULL),
(420, 'EXTERN_EBAYPICTURE_SERVER_USERNAME', '', 102, 3, '2005-03-09 21:44:32', '0000-00-00 00:00:00', NULL, NULL),
(421, 'EXTERN_EBAYPICTURE_SERVER_PASSWORD', '', 102, 4, '2005-05-07 19:49:26', '2005-03-09 12:00:00', NULL, NULL),
(422, 'EXTERN_EBAYPICTURE_SERVER_PICURL', '', 102, 5, '2005-05-07 19:49:48', '2005-03-11 09:00:00', NULL, NULL),
(423, 'CRONJOB_EMAILS', '1', 102, 4, '2013-11-05 20:49:05', '2005-04-02 12:00:00', NULL, NULL),
(424, 'EBAYCART_LISTING_IMAGE', '1', 101, 20, '2005-04-14 19:28:20', '2005-04-14 12:00:00', NULL, NULL),
(425, 'PAYMENTFILTER_ALLOCATE_CHECKED', '0', 100, 20, '2005-04-15 12:12:02', '2005-04-15 12:00:00', NULL, NULL),
(426, 'EBAY_SHOPUSERNAME', 'justneo', 101, 1, '2024-10-01 16:53:46', '2021-04-22 12:00:00', NULL, NULL),
(427, 'SHIPPING_DEFAULT_VERSENDER', '1', 7, 66, '2025-10-05 09:19:35', '2005-04-25 12:00:00', NULL, NULL),
(428, 'SHIPPING_DEFAULT_VERSENDER_VALUE', 'DHL-Paket-National', 7, 66, '2025-10-05 09:19:45', '2005-04-25 12:00:00', '', 'xtc_cfg_pull_down_versender_list('),
(429, 'SHIPPING_GRADUATION', '1', 102, 20, '2005-07-26 17:02:41', '2005-05-02 12:00:00', NULL, NULL),
(430, 'EBAY_CATEGORY', '', 101, 19, '2005-05-19 12:16:43', '2005-05-11 12:00:00', '', NULL),
(431, 'EBAY_SHOPCATEGORY', '', 101, 19, '2005-05-20 18:22:32', '2005-05-20 12:00:00', 'xtc_get_ebayshop_category_name', 'xtc_cfg_pull_down_ebay_shopcategory('),
(433, 'EBAY_ALLCARTPRODUCTS', '0', 100, 20, '2005-05-30 12:00:00', '2005-05-30 12:00:00', NULL, NULL),
(434, 'EBAY_DESCRIPTION_SOURCE', '0', 100, 50, '2010-03-18 17:30:07', '2005-06-30 19:33:15', NULL, NULL),
(435, 'NO_STORAGENUMBER_WARNING', '1', 100, 60, '2005-10-24 20:23:45', '2005-07-03 00:00:00', NULL, NULL),
(436, 'MAX_SHOP_SHIPPINGCOSTS', '100000000000000', 102, 50, '2005-07-27 21:30:50', '2005-07-22 00:00:00', NULL, NULL),
(437, 'SHOP_NOSHIPPINGCOSTS_VALUE', '50000000000000', 102, 51, '2005-07-27 21:34:43', '2005-07-22 00:00:00', NULL, NULL),
(438, 'SHOP_ONLYMAX_SHIPPINGCOSTS', '0', 102, 52, '2005-09-02 13:08:39', '2005-07-22 00:00:00', NULL, NULL),
(439, 'COLLI_ACTIVE', '1', 102, 20, '2006-01-30 14:33:37', '2005-07-20 00:00:00', NULL, NULL),
(440, 'WARNING_DAYSPAN_LEVEL_1', '4', 100, 11, '2020-03-06 21:51:31', '2005-08-17 00:00:00', NULL, NULL),
(441, 'WARNING_DAYSPAN_LEVEL_2', '10', 100, 12, '2019-05-29 18:54:55', '2005-08-17 00:00:00', NULL, NULL),
(442, 'WARNING_DAYSPAN_LEVEL_3', '15', 100, 13, '2019-05-29 18:55:00', '2005-08-17 00:00:00', NULL, NULL),
(443, 'WARNING_DAYSPAN_LEVEL_4', '20', 100, 14, '2019-05-29 18:55:07', '2005-08-17 00:00:00', NULL, NULL),
(444, 'WARNING_AUTOMATIC', '0', 100, 10, '2011-04-14 18:39:18', '2005-08-17 00:00:00', NULL, NULL),
(445, 'WARNING_ENTGANGENER_GEWINN_PROZENT', '0', 100, 17, '2019-05-29 18:55:15', '2005-08-17 00:00:00', NULL, NULL),
(446, 'WARNING_ENTGANGENER_GEWINN_ACTIVE', '0', 100, 16, '2005-08-23 15:22:46', '2005-08-17 00:00:00', NULL, NULL),
(447, 'WARNING_ENTGANGENER_GEWINN_MINIMUM', '0', 100, 18, '2019-05-29 18:55:24', '2005-08-17 00:00:00', NULL, NULL),
(448, 'WARNING_RECHNUNGSBETRAG_MINIMUM', '0', 100, 19, '2019-05-29 18:55:29', '2005-08-17 00:00:00', NULL, NULL),
(449, 'WARNING_LAWYER_EMAIL', '', 100, 9, '2005-08-23 12:41:09', '2005-08-23 00:00:00', NULL, NULL),
(450, 'NO_SHIPPING_EMAIL', '0', 7, 70, '2024-01-26 14:42:14', '2005-08-29 00:00:00', NULL, NULL),
(451, 'PRODUCT_IMAGE_EBAYCATEGORY_WIDTH', '', 4, 100, '2019-04-23 11:35:46', '2005-09-05 00:00:00', NULL, NULL),
(452, 'PRODUCT_IMAGE_EBAYCATEGORY_HEIGHT', '', 4, 101, '2019-04-23 11:35:55', '2005-09-05 00:00:00', NULL, NULL),
(453, 'PRODUCT_IMAGE_EBAYCATEGORY_BEVEL', '', 4, 102, '2013-04-30 17:44:17', '2005-09-05 00:00:00', NULL, NULL),
(454, 'PRODUCT_IMAGE_EBAYCATEGORY_GREYSCALE', '', 4, 103, '2005-09-05 21:32:41', '2005-09-05 00:00:00', NULL, NULL),
(455, 'PRODUCT_IMAGE_EBAYCATEGORY_ELLIPSE', '', 4, 104, '2005-09-05 21:32:41', '2005-09-05 00:00:00', NULL, NULL),
(456, 'PRODUCT_IMAGE_EBAYCATEGORY_ROUND_EDGES', '', 4, 105, '2005-09-05 21:32:41', '2005-09-05 00:00:00', NULL, NULL),
(457, 'PRODUCT_IMAGE_EBAYCATEGORY_MERGE', '', 4, 106, '2005-09-05 21:32:41', '2005-09-05 00:00:00', NULL, NULL),
(458, 'PRODUCT_IMAGE_EBAYCATEGORY_FRAME', '', 4, 107, '2005-09-05 21:32:41', '2005-09-05 00:00:00', NULL, NULL),
(459, 'PRODUCT_IMAGE_EBAYCATEGORY_DROP_SHADOW', '', 4, 108, '2005-09-05 21:32:41', '2005-09-05 00:00:00', NULL, NULL),
(460, 'PRODUCT_IMAGE_EBAYCATEGORY_MOTION_BLUR', '', 4, 109, '2005-09-05 21:32:41', '2005-09-05 00:00:00', NULL, NULL),
(461, 'BANK_WRAP', '<p>Kontoinhaber: Norbert Szyszlo<br>Bankname: Holvi Payment Services Oy Zweigniederlassung Deutschland<br>IBAN: DE30100179970082988976<br>SWIFT/BIC: HOLVDEB1</p>', 110, 10, '2024-10-01 13:55:43', '2005-09-12 00:00:00', NULL, NULL),
(462, 'STORE_WRAP', 'Norbert Szyszlo - Justneo | Stübeheide 59 - 22337 Hamburg', 110, 9, '2024-10-01 13:22:54', '2005-09-12 00:00:00', NULL, NULL),
(466, 'ADMINMAIL_AT_SHOPORDER', '1', 12, 40, '2013-04-30 17:45:31', '2006-03-10 00:00:00', NULL, NULL),
(464, 'SHIPPING_LIST_SIZE', '50', 102, 60, '2006-01-31 08:43:13', '2006-01-31 00:00:00', 'yes_get_shipping_list_size', 'yes_set_shipping_list_size('),
(465, 'PRODUCTSGROUPS_ACTIVE', '1', 102, 40, '2006-06-13 16:49:13', '2005-10-30 00:00:00', NULL, NULL),
(467, 'EBAY_PRODUCTS_HISTORY', '1', 100, 80, '2006-04-24 21:08:39', '2006-04-24 00:00:00', NULL, NULL),
(472, 'DEFAULT_DISTRIBUTOR_ORDERS_STATUS_ID', '1', 102, 1, '2005-08-23 11:38:28', '2005-08-23 00:00:00', NULL, NULL),
(473, 'SHOW_STARTPAGE_CONTENT', '0', 1, 100, '2009-12-21 10:39:30', '2006-06-13 00:00:00', NULL, NULL),
(474, 'SHOW_STARTPAGE_CONTENT_MATRIX_COLS', '2', 1, 101, '2024-09-26 10:06:55', '2006-06-13 00:00:00', NULL, NULL),
(475, 'SHOW_STARTPAGE_CONTENT_MATRIX_ROWS', '4', 1, 102, '2009-11-17 22:30:15', '2006-06-13 00:00:00', NULL, NULL),
(476, 'EBAY_SITE_ID', 'Germany', 100, 10, '2006-06-19 09:43:11', '2006-06-19 00:00:00', 'xtc_get_ebay_site_id_name', 'xtc_cfg_pull_down_ebay_site_id_list('),
(477, 'EBAY_SHOW_AUCTION_TAX', 'true', 101, 20, '2006-08-25 18:49:15', '2006-06-27 00:00:00', NULL, 'xtc_cfg_select_option(array(\'true\', \'false\'),'),
(478, 'INTRASHIP_ID', '', 7, 80, '2006-08-01 11:55:08', '2006-08-01 00:00:00', NULL, NULL),
(479, 'EBAYAPI_HIGHBIDDER_DURATION', '5', 101, 50, '2010-11-24 22:39:54', '2006-09-05 00:00:00', NULL, NULL),
(480, 'EBAY_PAYMENTS', '', 101, 40, '2006-08-31 10:52:24', '2006-08-31 00:00:00', 'xtc_get_ebay_payments', 'xtc_cfg_pull_down_ebay_payments('),
(484, 'SHOP_COMPANY_POSTCODE', '22337', 110, 63, '2024-10-01 13:20:42', '2006-09-28 00:00:00', NULL, NULL),
(485, 'SHOP_COMPANY_CITY', 'Hamburg (Germany)', 110, 64, '2024-10-01 13:20:37', '2006-09-28 00:00:00', NULL, NULL),
(491, 'MODULE_SHIPPING_YES_COST', '', 102, 0, NULL, '2006-10-30 17:25:41', NULL, NULL),
(492, 'EBAY_SHIPPINGMETHODS', '', 101, 50, NULL, '0000-00-00 00:00:00', 'xtc_get_ebay_shippingmethods', 'xtc_cfg_pull_down_ebay_shippingmethods('),
(496, 'EBAY_BESTOFFER', 'false', 101, 20, '2007-04-05 10:05:16', '2007-04-05 00:00:00', NULL, 'xtc_cfg_select_option(array(\'True\', \'False\'),'),
(497, 'EBAY_BESTOFFER_PRICE', '0', 101, 20, '2007-04-05 10:05:56', '2007-04-05 00:00:00', NULL, ''),
(498, 'EBAY_SUBTITLETEXT', '', 101, 21, '2007-04-05 10:29:46', '2007-04-05 00:00:00', NULL, NULL),
(499, 'EBAY_USER', 'justneo', 101, 0, '2024-10-01 16:53:32', '2021-04-16 00:00:00', '', 'xtc_cfg_pull_down_ebay_user('),
(503, 'PDF_PRODUCTS_EXPORT_AT_SHIPPING_ACTION', 'True', 7, 53, '2011-04-14 17:49:40', '2007-05-21 00:00:00', NULL, 'xtc_cfg_select_option(array(\'True\', \'False\'),'),
(504, 'PDF_EMAILS', 'True', 1, 50, '2009-08-03 16:43:33', '2007-05-21 00:00:00', NULL, 'xtc_cfg_select_option(array(\'True\', \'False\'),'),
(505, 'EBAY_PREFERRED_PAYMENTMETHOD', 'MoneyXferAccepted', 101, 41, '2009-01-24 10:53:18', '2007-07-28 00:00:00', NULL, 'xtc_cfg_pull_down_ebay_preferred_payments('),
(506, 'BARCODE_PACKINGSLIP_ACTIVE', 'True', 1, 120, '2011-05-03 13:52:18', '2007-08-17 00:00:00', NULL, 'xtc_cfg_select_option(array(\'True\', \'False\'),'),
(507, 'KAUFABWICKLUNG_COMBINED_SHIPPINGCOSTS_MODE', 'calculator', 101, 41, '2007-09-26 13:31:02', '2007-09-26 00:00:00', NULL, 'xtc_cfg_select_option(array(\'calculator\', \'addition\'),'),
(508, 'KAUFABWICKLUNG_COMBINED_SHIPPINGCOSTS_VALUE', '50', 101, 42, '2007-09-26 13:32:04', '2007-09-26 00:00:00', NULL, NULL),
(509, 'KAUFABWICKLUNG_COMBINED_SHIPPINGCOSTS_ABROAD_MODE', 'calculator', 101, 43, '2007-09-26 13:31:02', '2007-09-26 00:00:00', NULL, 'xtc_cfg_select_option(array(\'calculator\', \'addition\'),'),
(510, 'KAUFABWICKLUNG_COMBINED_SHIPPINGCOSTS_ABROAD_VALUE', '80', 101, 44, '2007-09-26 13:32:04', '2007-09-26 00:00:00', NULL, NULL),
(511, 'KAUFABWICKLUNG_COMBINE_ACTIVE', 'True', 101, 40, '2010-11-24 22:39:35', '2007-09-26 00:00:00', NULL, 'xtc_cfg_select_option(array(\'True\', \'False\'),'),
(687, 'PAYPAL_ERROR_DEBUG', 'false', 25, 24, NULL, '2011-04-14 23:52:24', '', 'xtc_cfg_select_option(array(\"true\", \"false\"),'),
(685, 'PAYPAL_API_CO_BACK', '', 25, 22, NULL, '2011-04-14 23:52:24', '', ''),
(686, 'PAYPAL_API_CO_BORD', '', 25, 23, NULL, '2011-04-14 23:52:24', '', ''),
(684, 'PAYPAL_API_IMAGE', 'https://justneo.de/templates/yes-system/img/logo.png', 25, 21, '2024-11-15 12:48:58', '2011-04-14 23:52:24', '', ''),
(681, 'PAYPAL_EXPRESS_ADDRESS_CHANGE', 'true', 25, 17, NULL, '2011-04-14 23:52:24', '', 'xtc_cfg_select_option(array(\"true\", \"false\"),'),
(682, 'PAYPAL_EXPRESS_ADDRESS_OVERRIDE', 'true', 25, 18, NULL, '2011-04-14 23:52:24', '', 'xtc_cfg_select_option(array(\"true\", \"false\"),'),
(683, 'PAYPAL_API_VERSION', '57.0', 25, 20, NULL, '2011-04-14 23:52:24', '', ''),
(676, 'PAYPAL_ORDER_STATUS_TMP_ID', '1', 25, 9, '2024-11-15 12:48:10', '2011-04-14 23:52:24', 'xtc_get_order_status_name', 'xtc_cfg_pull_down_order_statuses('),
(680, 'PAYPAL_COUNTRY_MODE', 'de', 25, 16, NULL, '2011-04-14 23:52:24', '', 'xtc_cfg_select_option(array(\"de\", \"uk\"),'),
(679, 'PAYPAL_ORDER_STATUS_REJECTED_ID', '1', 25, 12, '2024-11-15 12:48:30', '2011-04-14 23:52:24', 'xtc_get_order_status_name', 'xtc_cfg_pull_down_order_statuses('),
(678, 'PAYPAL_ORDER_STATUS_PENDING_ID', '1', 25, 11, '2024-11-15 12:48:24', '2011-04-14 23:52:24', 'xtc_get_order_status_name', 'xtc_cfg_pull_down_order_statuses('),
(677, 'PAYPAL_ORDER_STATUS_SUCCESS_ID', '6', 25, 10, '2024-11-15 12:48:17', '2011-04-14 23:52:24', 'xtc_get_order_status_name', 'xtc_cfg_pull_down_order_statuses('),
(529, 'WARNING_EXCLUDE_PAYMENTMETHODS', '', 100, 25, '2007-10-23 11:08:28', '2007-10-23 00:00:00', NULL, NULL),
(530, 'LIGHTBOX_ACTIVE', 'False', 4, 200, '2013-11-05 20:27:18', '2007-10-25 00:00:00', '', 'xtc_cfg_select_option(array(\'True\', \'False\'),'),
(531, 'MODULE_TESTEO_DOWNLOADLINK', '', 102, 50, '2007-11-21 10:54:18', '2007-11-21 00:00:00', NULL, NULL),
(532, 'SHIPPING_POSTCODES_GERMANY_SPECIAL', '18565,25845,25846,25847,25849,25859,25863,25869,25929,25930,25931,25932,25933,25938,25939,25940,25941,25942,25946,25947,25948,25949,25952,25953,25954,25955,25961,25962,25963,25964,25965,25966,25967,25968,25969,25970,25980,25985,25986,25988,25989,25990,25992,25993,25994,25996,25997,25998,25999,26465,26474,26486,26584,26571,26579,26757,27498,83209,83256', 7, 110, '2007-11-22 12:35:22', '2007-11-22 00:00:00', NULL, 'xtc_cfg_textarea('),
(533, 'EBAY_AUTOMATIC_FEEDBACK', 'true', 101, 100, '2020-03-06 21:50:34', '2008-01-29 00:00:00', NULL, 'xtc_cfg_select_option(array(\'true\', \'false\'),'),
(534, 'MAX_DISPLAY_SEARCH_RESULTS_ADMIN', '100', 3, 2, '2009-06-07 23:07:43', '2008-02-13 00:00:00', NULL, NULL),
(535, 'PAGE_AFTER_REGISTRATION', '0', 102, 130, '2008-02-21 09:44:51', '2008-02-21 00:00:00', NULL, NULL),
(536, 'GOOGLE_ANALYTICS', 'false', 16, 200, '2008-02-17 10:58:32', '2008-02-17 00:00:00', NULL, 'xtc_cfg_select_option(array(\'true\', \'false\'),'),
(537, 'GOOGLE_ANALYTICS_ID', '', 16, 201, '2009-11-17 22:22:21', '2008-02-17 00:00:00', NULL, NULL),
(538, 'GOOGLE_ANALYTICS_ECOM', 'true', 16, 202, '2009-05-29 16:55:53', '2008-02-17 00:00:00', NULL, 'xtc_cfg_select_option(array(\'true\', \'false\'),'),
(611, 'EBAY_AUTOMATIC_FEEDBACK_BY_PAYMENTALLOCATION', 'true', 100, 70, '2013-11-05 20:28:09', '2010-05-19 00:00:00', NULL, 'xtc_cfg_select_option(array(\'true\', \'false\'),'),
(542, 'EBAY_BESTOFFERAUTOACCEPTPRICE', '0', 101, 20, '2008-03-12 10:07:03', '2008-03-12 00:00:00', NULL, NULL),
(543, 'FEEDBACK_REMINDER_ACTIVE', 'True', 101, 101, '2013-11-05 20:30:00', '2008-03-28 00:00:00', NULL, 'xtc_cfg_select_option(array(\'True\', \'False\'),'),
(544, 'FEEDBACK_REMINDER_DAYS_AFTER_SHIPPING', '5', 101, 102, '2008-03-28 11:29:02', '2008-03-28 00:00:00', NULL, NULL),
(545, 'FEEDBACK_REMINDER_INTERVAL', '5', 101, 103, '2008-03-28 11:40:15', '2008-03-28 00:00:00', NULL, NULL),
(546, 'FEEDBACK_REMINDER_MAX_COUNTER', '2', 101, 104, '2013-11-05 20:30:33', '2008-03-28 00:00:00', NULL, NULL),
(571, 'MODULE_ORDER_TOTAL_COD_FEE_TABLE', 'AT:3.00,DE:3.58,00:9.99', 102, 0, NULL, '2009-01-24 10:43:54', NULL, NULL),
(570, 'MODULE_ORDER_TOTAL_COD_FEE_ITEM', 'AT:3.00,DE:3.58,00:9.99', 102, 0, NULL, '2009-01-24 10:43:54', NULL, NULL),
(569, 'MODULE_ORDER_TOTAL_COD_FEE_FLAT', 'AT:3.00,DE:3.58,00:9.99', 102, 0, NULL, '2009-01-24 10:43:54', NULL, NULL),
(568, 'MODULE_ORDER_TOTAL_COD_SORT_ORDER', '35', 102, 0, NULL, '2009-01-24 10:43:54', NULL, NULL),
(567, 'MODULE_ORDER_TOTAL_COD_STATUS', 'true', 102, 0, NULL, '2009-01-24 10:43:54', NULL, 'xtc_cfg_select_option(array(\'true\', \'false\'), '),
(552, 'MODULE_PAYMENT_INVOICE_STATUS', 'False', 102, 1, NULL, '2008-05-23 17:54:02', NULL, 'xtc_cfg_select_option(array(\'True\', \'False\'),'),
(553, 'MODULE_PAYMENT_INVOICE_ALLOWED', '', 102, 0, NULL, '2008-05-23 17:54:02', NULL, NULL),
(554, 'MODULE_PAYMENT_INVOICE_ZONE', '0', 102, 2, NULL, '2008-05-23 17:54:02', 'xtc_get_zone_class_title', 'xtc_cfg_pull_down_zone_classes('),
(555, 'MODULE_PAYMENT_INVOICE_SORT_ORDER', '0', 102, 0, NULL, '2008-05-23 17:54:02', NULL, NULL),
(556, 'MODULE_PAYMENT_INVOICE_MIN_ORDER', '0', 102, 0, NULL, '2008-05-23 17:54:02', NULL, NULL),
(557, 'MODULE_PAYMENT_INVOICE_ORDER_STATUS_ID', '0', 102, 0, NULL, '2008-05-23 17:54:02', 'xtc_get_order_status_name', 'xtc_cfg_pull_down_order_statuses('),
(558, 'SHOW_PRODUCTS_IN_ACCOUNT_HISTORY_INFO', 'True', 1, 110, '2010-12-16 15:58:01', '2008-05-28 00:00:00', NULL, 'xtc_cfg_select_option(array(\'True\', \'False\'),'),
(559, 'EBAY_SHIPTOLOCATIONS', 'EuropeanUnion', 101, 100, '2013-11-05 20:29:19', '2008-08-11 00:00:00', 'xtc_get_ebay_shiptolocations_name', 'xtc_cfg_pull_down_ebay_shiptolocations_list('),
(560, 'KASSE_USER', '96', 102, 50, '2008-09-26 13:24:14', '2008-09-26 13:24:14', NULL, NULL),
(561, 'EBAY_GALLERYFEATUREDDURATION', '0', 101, 6, '2008-09-27 12:41:39', '2008-09-27 00:00:00', NULL, NULL),
(562, 'EBAY_REVISE_AUTOMATIC', 'to_qty', 101, 80, '2009-08-03 17:37:09', '2008-10-13 00:00:00', 'xtc_get_ebay_revise_automatic_name', 'xtc_cfg_pull_down_ebay_revise_automatic('),
(563, 'EBAY_REVISE_AUTOMATIC_OPTION', '0', 101, 81, '2008-10-13 16:59:52', '2008-10-13 00:00:00', NULL, NULL),
(564, 'PRINT_PACKINGSLIP_AFTER_PAYMENT', 'false', 7, 11, '2008-10-29 07:54:49', '2008-10-29 00:00:00', NULL, 'xtc_cfg_select_option(array(\'true\', \'false\'),'),
(565, 'SHOW_GROUPS_IN_ADVANCED_SEARCH', 'True', 1, 91, '2011-05-11 10:23:00', '2008-12-15 00:00:00', NULL, 'xtc_cfg_select_option(array(\'True\', \'False\'),'),
(566, 'EBAY_ITEMSPECIFICS', '', 101, 66, '2008-12-24 11:38:33', '2008-12-24 00:00:00', 'xtc_get_ebay_itemspecifics', 'xtc_cfg_pull_down_ebay_itemspecifics('),
(572, 'MODULE_ORDER_TOTAL_COD_FEE_ZONES', 'CA:4.50,US:3.00,00:9.99', 102, 0, NULL, '2009-01-24 10:43:54', NULL, NULL),
(573, 'MODULE_ORDER_TOTAL_COD_FEE_AP', 'AT:3.63,00:9.99', 102, 0, NULL, '2009-01-24 10:43:54', NULL, NULL),
(574, 'MODULE_ORDER_TOTAL_COD_FEE_DP', 'DE:4.00,00:9.99', 102, 0, NULL, '2009-01-24 10:43:54', NULL, NULL),
(575, 'MODULE_ORDER_TOTAL_COD_FEE_CHP', 'CH:4.00,00:9.99', 102, 0, NULL, '2009-01-24 10:43:54', NULL, NULL),
(576, 'MODULE_ORDER_TOTAL_COD_FEE_CHRONOPOST', 'FR:4.00,00:9.99', 102, 0, NULL, '2009-01-24 10:43:54', NULL, NULL),
(577, 'MODULE_ORDER_TOTAL_COD_FEE_DHL', 'AT:3.00,DE:3.58,00:9.99', 102, 0, NULL, '2009-01-24 10:43:54', NULL, NULL),
(578, 'MODULE_ORDER_TOTAL_COD_FEE_FREE', 'AT:3.00,DE:3.58,00:9.99', 102, 0, NULL, '2009-01-24 10:43:54', NULL, NULL),
(579, 'MODULE_ORDER_TOTAL_COD_TAX_CLASS', '0', 102, 0, NULL, '2009-01-24 10:43:54', 'xtc_get_tax_class_title', 'xtc_cfg_pull_down_tax_classes('),
(580, 'MODULE_ORDER_TOTAL_PAYMENT_STATUS', 'true', 102, 1, NULL, '2009-01-24 10:44:18', NULL, 'xtc_cfg_select_option(array(\'true\', \'false\'), '),
(581, 'MODULE_ORDER_TOTAL_PAYMENT_SHOW_RATE', 'true', 102, 1, NULL, '2009-01-24 10:44:18', NULL, 'xtc_cfg_select_option(array(\'true\', \'false\'), '),
(582, 'MODULE_ORDER_TOTAL_PAYMENT_SORT_ORDER', '41', 102, 2, NULL, '2009-01-24 10:44:18', NULL, NULL),
(583, 'MODULE_ORDER_TOTAL_PAYMENT_DEFINE', '', 102, 3, NULL, '2009-01-24 10:44:18', NULL, NULL),
(688, 'PAYPAL_API_KEY', '120,116,99,111,109,109,101,114,99,101,95,83,104,111,112,112,105,110,103,67,97,114,116,95', 102, 5, NULL, '2011-04-14 23:52:24', '', ''),
(584, 'AUTOMATIC_DETECT_BROWSER_LANGUAGE', 'false', 102, 55, '2009-02-03 09:59:57', '2009-02-03 00:00:00', NULL, 'xtc_cfg_select_option(array(\'true\', \'false\'),'),
(585, 'EBAY_AUTOMATIC_ISBN', 'false', 101, 101, '2009-02-06 10:14:26', '2009-02-06 00:00:00', NULL, 'xtc_cfg_select_option(array(\'true\', \'false\'),'),
(586, 'EBAY_POSTALCODE', '20537', 101, 30, '2020-03-06 21:49:25', '2009-02-21 00:00:00', NULL, NULL),
(587, 'MODULE_GOOGLE_XML_SITEMAP_FILE', 'sitemap.xml', 102, 1, '2024-12-02 14:17:06', '2009-03-02 01:15:21', NULL, ''),
(588, 'MODULE_GOOGLE_XML_SITEMAP_STATUS', 'True', 102, 1, '2024-12-02 14:17:06', '2009-03-02 01:15:21', NULL, 'xtc_cfg_select_option(array(\'True\', \'False\'), '),
(589, 'EBAYID_FILTER_MONTH', '3', 102, 10, '2011-05-11 12:09:46', '2009-03-17 00:00:00', NULL, NULL),
(590, 'SHIPPING_ACTION_EASYLOG_ABS_REFNR', '', 7, 80, '2009-03-18 14:42:15', '2009-03-18 00:00:00', NULL, NULL);
INSERT INTO `configuration` (`configuration_id`, `configuration_key`, `configuration_value`, `configuration_group_id`, `sort_order`, `last_modified`, `date_added`, `use_function`, `set_function`) VALUES
(591, 'SHIPPING_ACTION_EASYLOG_VERFAHREN', '1', 7, 81, '2009-03-18 14:50:48', '2009-03-18 00:00:00', NULL, NULL),
(592, 'SHIPPING_ACTION_EASYLOG_RUECKSCHEIN', 'false', 7, 81, '2011-04-14 17:49:54', '2009-03-18 00:00:00', NULL, 'xtc_cfg_select_option(array(\'true\', \'false\'),'),
(593, 'SHIPPING_ACTION_EASYLOG_FIXED_WEIGHT', '0', 7, 81, '2009-03-19 12:05:59', '2009-03-19 00:00:00', NULL, NULL),
(594, 'XTPRICE_HIDE_SPECIALPRICE', 'False', 102, 50, '2009-05-07 11:32:22', '2009-05-07 00:00:00', NULL, 'xtc_cfg_select_option(array(\'True\', \'False\'),'),
(595, 'MODULE_YES_FILE', 'yes_produkte_export.csv', 102, 1, NULL, '2009-06-07 21:38:49', NULL, ''),
(596, 'MODULE_YES_STATUS', 'True', 102, 1, NULL, '2009-06-07 21:38:49', NULL, 'xtc_cfg_select_option(array(\'True\', \'False\'), '),
(597, 'EBAY_DISPATCHTIMEMAX', '0', 101, 60, '2009-06-03 21:29:34', '2009-06-03 00:00:00', NULL, NULL),
(598, 'MODULE_OTHER_INSTALLED', 'fibunumbers.php;meta_opengraph.php;turnstile.php;yesDSGVO_admin.php', 102, 0, '2025-10-02 08:36:03', '2009-09-18 00:14:10', NULL, NULL),
(936, 'MODULE_PAYMENT_YES_SECUPAY_STATUS', 'True', 6, 1, '2025-07-04 09:55:23', '2025-07-04 09:54:37', NULL, 'xtc_cfg_select_option(array(\'True\', \'False\'), '),
(601, 'UPS_CUSTOMER_ID', 'ABCDE', 7, 60, '2009-10-19 23:06:06', '2009-10-19 00:00:00', NULL, NULL),
(604, 'MODULE_ORDER_TOTAL_SUBTOTAL_STATUS', 'true', 102, 1, NULL, '2009-11-13 11:43:11', NULL, 'xtc_cfg_select_option(array(\'true\', \'false\'), '),
(606, 'CATEGORY_LISTING_IMAGES', 'true', 1, 100, '2010-02-16 09:51:04', '2010-02-16 00:00:00', NULL, 'xtc_cfg_select_option(array(\'true\', \'false\'),'),
(607, 'USE_XSELL', 'false', 1, 100, '2019-05-29 18:57:22', '2010-03-17 00:00:00', NULL, 'xtc_cfg_select_option(array(\'true\', \'false\'),'),
(608, 'EBAY_LIST_ONLY_ACTIVE_PRODUCTS', 'false', 100, 100, '2010-03-19 17:51:33', '2010-03-19 00:00:00', NULL, 'xtc_cfg_select_option(array(\'true\', \'false\'),'),
(609, 'ORDERS_EDIT_PRODUCTS_PRESELECT_PID', 'false', 1, 60, '2011-04-14 17:43:34', '2010-05-06 00:00:00', NULL, 'xtc_cfg_select_option(array(\'true\', \'false\'),'),
(610, 'EBAY_AUTOMATIC_LIST_NO_SELL', 'false', 101, 40, '2010-05-08 15:33:25', '2010-05-08 00:00:00', NULL, 'xtc_cfg_select_option(array(\'true\', \'false\'),'),
(612, 'EBAY_ITEMCONDITION', '', 101, 30, '2010-07-05 19:45:04', '2010-07-05 00:00:00', 'yes_get_ebay_itemcondition_name', 'yes_cfg_pull_down_ebay_itemcondition_list('),
(613, 'PDF_TEASER_IN_ORDERS', 'true', 12, 50, '2011-04-14 17:50:58', '2010-07-28 00:00:00', NULL, 'xtc_cfg_select_option(array(\'true\', \'false\'),'),
(614, 'PDF_TEASER_IN_OC', 'true', 12, 51, '2011-04-14 17:51:04', '2010-07-28 00:00:00', NULL, 'xtc_cfg_select_option(array(\'true\', \'false\'),'),
(615, 'PDF_TEASER_IN_OFFERS', 'true', 12, 52, '2011-04-14 17:51:11', '2010-07-28 00:00:00', NULL, 'xtc_cfg_select_option(array(\'true\', \'false\'),'),
(616, 'EBAY_DEFAULT_DUMMY_PRODUCTS_ID', '111', 100, 40, '2013-09-03 13:10:28', '2010-12-16 00:00:00', NULL, NULL),
(617, 'EBAY_END_AUCTION_AT_SHOPORDER', 'True', 102, 45, '2020-12-18 12:30:21', '2010-12-20 00:00:00', NULL, 'xtc_cfg_select_option(array(\'True\', \'False\'),'),
(673, 'PAYPAL_API_SANDBOX_USER', '', 25, 5, NULL, '2011-04-14 23:52:24', '', ''),
(674, 'PAYPAL_API_SANDBOX_PWD', '', 25, 6, NULL, '2011-04-14 23:52:24', '', ''),
(675, 'PAYPAL_API_SANDBOX_SIGNATURE', '', 25, 7, NULL, '2011-04-14 23:52:24', '', ''),
(670, 'PAYPAL_API_USER', 'info_api1.nordiancamp.de', 25, 2, '2024-11-15 12:47:35', '2011-04-14 23:52:24', '', ''),
(671, 'PAYPAL_API_PWD', 'ZE4JJMJMJMJBKQSC', 25, 3, '2024-11-15 12:47:43', '2011-04-14 23:52:24', '', ''),
(672, 'PAYPAL_API_SIGNATURE', 'AK8OrZtqmkb0x4J46Oecq.OmkeVwA9eL-eE45Ap1.5LesE9syK7egbzW', 25, 4, '2024-11-15 12:47:53', '2011-04-14 23:52:24', '', ''),
(645, 'MODULE_PAYMENT_PAYPAL_ZONE', '0', 102, 2, NULL, '2011-04-14 23:52:14', 'xtc_get_zone_class_title', 'xtc_cfg_pull_down_zone_classes('),
(644, 'MODULE_PAYMENT_PAYPAL_ALLOWED', '', 102, 0, NULL, '2011-04-14 23:52:14', '', ''),
(643, 'MODULE_PAYMENT_PAYPAL_SORT_ORDER', '0', 102, 0, NULL, '2011-04-14 23:52:14', '', ''),
(642, 'MODULE_PAYMENT_PAYPAL_STATUS', 'False', 102, 3, NULL, '2011-04-14 23:52:14', '', 'xtc_cfg_select_option(array(\'True\', \'False\'),'),
(669, 'PAYPAL_MODE', 'live', 25, 1, NULL, '2011-04-14 23:52:24', '', 'xtc_cfg_select_option(array(\"live\", \"sandbox\"),'),
(666, 'MODULE_PAYMENT_PAYPALEXPRESS_STATUS', 'False', 102, 3, NULL, '2011-04-14 23:52:24', '', 'xtc_cfg_select_option(array(\'True\', \'False\'),'),
(667, 'MODULE_PAYMENT_PAYPALEXPRESS_SORT_ORDER', '0', 102, 0, NULL, '2011-04-14 23:52:24', '', ''),
(668, 'MODULE_PAYMENT_PAYPALEXPRESS_ALLOWED', '', 102, 0, NULL, '2011-04-14 23:52:24', '', ''),
(689, 'MAX_SIZE_EBAY_TITLE', '80', 102, NULL, NULL, '0000-00-00 00:00:00', NULL, NULL),
(690, 'RESERVE_STOCK_FOR_OFFERS', 'false', 9, 50, '2011-09-07 10:57:58', '2011-09-07 00:00:00', NULL, 'xtc_cfg_select_option(array(\'true\', \'false\'),'),
(691, 'STOCK_CHECK_AVAILABLE_METHOD', 'True', 102, 50, '2011-09-14 22:34:49', '2011-09-14 00:00:00', NULL, 'xtc_cfg_select_option(array(\'True\', \'False\'),'),
(692, 'EBAY_CHECKOUT_SEND_EMAIL', 'False', 101, 45, '2012-09-17 09:50:10', '2011-09-14 00:00:00', NULL, 'xtc_cfg_select_option(array(\'True\', \'False\'),'),
(693, 'EBAY_LIST_ONLY_UNIQUE_PRODUCTS', 'False', 100, 45, '2011-09-14 22:34:49', '2011-09-14 00:00:00', NULL, 'xtc_cfg_select_option(array(\'True\', \'False\'),'),
(694, 'EBAY_SHIPPINGDISCOUNTPROFILEID', '', 101, 62, '2011-09-29 13:11:07', '2011-09-29 00:00:00', NULL, NULL),
(695, 'EBAY_INTERNATIONALSHIPPINGDISCOUNTPROFILEID', '', 101, 63, '2011-09-29 13:11:07', '2011-09-29 00:00:00', NULL, NULL),
(696, 'EBAY_RESERVEPRICE', '', 101, 50, '2011-10-23 16:51:51', '2011-10-23 00:00:00', NULL, NULL),
(697, 'CHECK_PRODUCTS_PRICE_AT_STATUS_CHANGE', 'true', 1, 110, '2012-07-16 18:27:04', '2012-01-03 00:00:00', NULL, 'xtc_cfg_select_option(array(\'true\', \'false\'),'),
(698, 'EBAY_GALLERYPLUS', '0', 101, 13, '2012-02-21 00:00:00', '2012-02-21 00:00:00', NULL, NULL),
(699, 'REMINDER_WEEKS', '1', 1, 100, '2008-04-18 17:16:53', '2007-06-21 00:00:00', NULL, NULL),
(700, 'EBAY_ADDTIMER_ERROR_NOTICE', 'True', 101, 20, '2012-03-08 00:00:00', '2012-03-08 00:00:00', NULL, 'xtc_cfg_select_option(array(\'True\', \'False\'),'),
(701, 'EASYLOG_NORMALVERSAND_PRODUKTNUMMER_NATIONAL', '127', 7, 20, '2012-03-19 22:06:23', '2012-03-19 22:06:23', NULL, NULL),
(702, 'EASYLOG_NORMALVERSAND_VERFAHREN_NATIONAL', '1', 7, 21, '2012-03-19 22:06:23', '2012-03-19 22:06:23', NULL, NULL),
(703, 'EASYLOG_NORMALVERSAND_PRODUKTNUMMER_INTERNATIONAL', '5301', 7, 22, '2012-03-19 22:06:23', '2012-03-19 22:06:23', NULL, NULL),
(704, 'EASYLOG_NORMALVERSAND_VERFAHREN_INTERNATIONAL', '53', 7, 23, '2012-03-19 22:06:23', '2012-03-19 22:06:23', NULL, NULL),
(705, 'EASYLOG_RUECKSCHEIN_PRODUKTNUMMER_NATIONAL', '127', 7, 24, '2012-03-19 22:06:23', '2012-03-19 22:06:23', NULL, NULL),
(706, 'EASYLOG_RUECKSCHEIN_PRODUKTNUMMER_INTERNATIONAL', '5301', 7, 25, '2012-03-19 22:06:23', '2012-03-19 22:06:23', NULL, NULL),
(707, 'EASYLOG_NACHNAHME_PRODUKTNUMMER_NATIONAL', '127', 7, 26, '2012-03-19 22:06:23', '2012-03-19 22:06:23', NULL, NULL),
(708, 'EASYLOG_NACHNAHME_PRODUKTNUMMER_INTERNATIONAL', '5311', 7, 27, '2012-03-19 22:06:23', '2012-03-19 22:06:23', NULL, NULL),
(709, 'EASYLOG_TEILNEHMERNUMMER', '01', 7, 28, '2012-03-19 22:06:23', '2012-03-19 22:06:23', NULL, NULL),
(710, 'DISPLAY_WIDERRUF_ON_CHECKOUT', 'false', 17, 7, '2012-03-19 22:06:23', '2012-03-19 22:06:23', NULL, 'xtc_cfg_select_option(array(\'true\', \'false\'),'),
(711, 'EASYLOG_NORMALVERSAND_PRODUKTNUMMER_AT', '127', 7, 20, '2012-05-02 21:08:44', '2012-05-02 21:08:44', NULL, NULL),
(712, 'PAYMENT_CONFIRMATION_EMAIL_ACTIVE', 'true', 12, 20, '2012-12-20 11:43:13', '2012-05-02 21:08:44', NULL, 'xtc_cfg_select_option(array(\'true\', \'false\'),'),
(713, 'SEND_FEEDBACK_MAIL_DURATION_WEEKS', '0', 12, 50, '2012-04-16 00:00:00', '2012-04-16 00:00:00', NULL, NULL),
(714, 'SUMA_USE_SHOP_NAME_IN_PRODUCTS_DETAILS_PAGE', 'True', 16, 20, '2013-04-30 17:46:19', '2012-06-05 00:00:00', NULL, 'xtc_cfg_select_option(array(\'True\', \'False\'),'),
(715, 'SUMA_USE_PRODUCTS_NAME_AND_PRODUCTS_META_TITLE_FOR_META', 'All', 16, 25, '2013-11-05 20:27:40', '2012-06-05 00:00:00', NULL, 'xtc_cfg_select_option(array(\'False\',\'Title\', \'Meta\',\'All\'),'),
(716, 'BOX_MARKETING', '1,8:163,205,206,165,188,194,207,210', 1, 60, '2025-04-15 16:33:59', '2012-06-05 00:00:00', NULL, 'yes_get_marketing_box_select('),
(717, 'USE_NO_ORIGINAL_IMAGES', 'False', 102, 30, NULL, '0000-00-00 00:00:00', NULL, NULL),
(718, 'SUMA_USE_SHOP_NAME_IN_CATEGORIES', 'True', 16, 20, '2012-08-23 00:00:00', '2012-08-23 00:00:00', NULL, 'xtc_cfg_select_option(array(\'True\', \'False\'),'),
(719, 'EBAY_MAX_TIMER_ITEMS', '500', 102, 50, '2012-11-19 00:00:00', '2012-11-19 00:00:00', NULL, NULL),
(720, 'EBAY_RETURNPOLICY_DESCRIPTION', '', 100, 50, '2012-11-19 00:00:00', '2012-11-19 00:00:00', NULL, NULL),
(721, 'BOX_SPECIAL_PRODUCT_ID', '', 1, 300, NULL, '0000-00-00 00:00:00', NULL, NULL),
(722, 'MODULE_ORDER_TOTAL_COUPON_STATUS', 'true', 6, 1, NULL, '2013-01-30 19:25:13', NULL, 'xtc_cfg_select_option(array(\'true\', \'false\'), '),
(723, 'MODULE_ORDER_TOTAL_COUPON_SORT_ORDER', '70', 6, 2, NULL, '2013-01-30 19:25:13', NULL, NULL),
(724, 'MODULE_ORDER_TOTAL_COUPON_INC_SHIPPING', 'true', 6, 5, NULL, '2013-01-30 19:25:13', NULL, 'xtc_cfg_select_option(array(\'true\', \'false\'), '),
(725, 'MODULE_ORDER_TOTAL_COUPON_INC_TAX', 'true', 6, 6, NULL, '2013-01-30 19:25:13', NULL, 'xtc_cfg_select_option(array(\'true\', \'false\'), '),
(726, 'MODULE_ORDER_TOTAL_COUPON_CALC_TAX', 'None', 6, 7, NULL, '2013-01-30 19:25:13', NULL, 'xtc_cfg_select_option(array(\'None\', \'Standard\', \'Credit Note\'), '),
(727, 'MODULE_ORDER_TOTAL_COUPON_TAX_CLASS', '0', 6, 0, NULL, '2013-01-30 19:25:13', 'xtc_get_tax_class_title', 'xtc_cfg_pull_down_tax_classes('),
(728, 'SCANNERKASSE_ONLY_SEARCHRESULTS_WITH_V1_QUANTITY', 'True', 9, 20, '2020-03-06 21:56:43', '2013-02-03 00:00:00', NULL, 'xtc_cfg_select_option(array(\'True\', \'False\'),'),
(729, 'EXPORT_PRE_SHIPPING_PDF_AT_SHIPPING_ACTION_WRITE', 'False', 7, 50, '2013-04-12 00:00:00', '2013-04-12 00:00:00', NULL, 'xtc_cfg_select_option(array(\'True\', \'False\'),'),
(730, 'EBAY_SET_ORDERS_STATUS_BEZAHLT_BY_PAYPAL_PAYMENT', 'True', 101, 100, '2013-04-12 00:00:00', '2013-04-12 00:00:00', NULL, 'xtc_cfg_select_option(array(\'True\', \'False\'),'),
(731, 'EASYLOG2_PARTICLE_UPLOAD', 'False', 7, 21, '2013-08-01 00:00:00', '2013-08-21 00:00:00', NULL, 'xtc_cfg_select_option(array(\'True\', \'False\'),'),
(732, 'SHIPPING_ACTION_GESAMTLISTE_SAVE_IN_TEMPLATE_DIRECTORY', 'False', 7, 100, '2013-08-01 00:00:00', '2013-08-21 00:00:00', NULL, 'xtc_cfg_select_option(array(\'True\', \'False\'),'),
(733, 'EBAY_RETURNSWITHINCODE', 'Days_14', 101, 60, '2020-03-06 21:50:46', '2013-09-03 08:43:13', 'yes_get_ebay_returnswithincode_name', 'yes_cfg_pull_down_ebay_returnswithincodes('),
(734, 'EBAY_SHIPPINGCOSTPAIDBY', 'EUBuyer_CancelRightsUnder40', 101, 60, '2013-11-05 20:28:50', '2013-09-03 08:43:13', 'yes_get_ebay_shippingcostpaidby_name', 'yes_cfg_pull_down_ebay_shippingcostpaidbycodes('),
(735, 'SHIPPING_EXPORT_SHIPPER_PDF', 'False', 102, NULL, '2013-09-24 19:24:36', '2013-09-24 00:00:00', NULL, 'xtc_cfg_select_option(array(\'True\', \'False\'),'),
(739, 'ALLOW_COMBINE_ORDERS_WITH_FIBU_NUMBER', 'False', 1, 100, '2013-12-04 00:00:00', '2013-12-04 00:00:00', NULL, 'xtc_cfg_select_option(array(\'True\', \'False\'),'),
(740, 'DOMPDF_ORDER_LANDSCAPE', 'False', 1, 130, '2013-11-24 00:00:00', '2013-11-24 00:00:00', NULL, 'xtc_cfg_select_option(array(\'True\', \'False\'),'),
(738, 'EASYLOG2_PARTICLE_UPLOAD_FTP_ACCOUNT', '', 7, 22, '2013-11-21 00:00:00', '2013-11-21 00:00:00', NULL, NULL),
(741, 'SHOW_EDIT_ADRESS', 'true', 1, 17, '2014-04-09 11:37:14', '0000-00-00 00:00:00', NULL, 'xtc_cfg_select_option(array(\'true\',\'false\'),'),
(742, 'SHOW_ORDER_LIST', 'true', 1, 18, '2014-04-09 11:36:39', '0000-00-00 00:00:00', NULL, 'xtc_cfg_select_option(array(\'true\',\'false\'),'),
(743, 'WISHLIST_AUTO', 'true', 17, 99, NULL, '0000-00-00 00:00:00', NULL, 'xtc_cfg_select_option(array(\'true\', \'false\'),'),
(744, 'NAVTRAIL_PRODUCTS_TITLE', 'products_model', 1, 100, '2015-06-03 15:29:37', '2014-05-12 00:00:00', 'xtc_get_navtrail_product_title_type', 'xtc_cfg_pull_down_navtrail_product_title_types('),
(745, 'MAX_ITEMS_SHIPPING_ACTION', '50', 3, 99, NULL, '2014-07-08 00:00:00', NULL, ''),
(746, 'MAX_DISPLAY_SEARCH_RESULTS_SHIPPING', '50', 3, 100, NULL, '2014-07-10 00:00:00', NULL, NULL),
(747, 'ORDERS_CREDIT_PRODUCTS_ID', '3', 102, 50, '2017-03-06 18:29:35', '2014-09-09 00:00:00', NULL, NULL),
(748, 'MARGENRECHNER_FIXKOSTEN_PERCENT', '5', 3, 100, '2024-02-01 09:25:31', '2014-08-07 00:00:00', NULL, NULL),
(749, 'MARGENRECHNER_AMAZONFEE_PERCENT', '15', 3, 101, '2024-02-01 09:25:37', '2014-08-07 00:00:00', NULL, NULL),
(750, 'MARGENRECHNER_EBAYFEE_PERCENT', '15', 3, 102, '2024-02-01 09:25:42', '2014-08-07 00:00:00', NULL, NULL),
(751, 'EBAYAPI_CART_PRODUCTS_DEFAULT_SORT', 'id ASC', 100, 50, NULL, '2014-10-27 00:00:00', NULL, NULL),
(752, 'SHIPPING_ACTION_DPD_ACCOUNT_NUMBER', '', 7, 70, NULL, '2014-11-07 00:00:00', NULL, NULL),
(753, 'SHIPPING_BARCODESCAN_DEFAULTMODE', 'ean', 7, 100, NULL, '2015-02-03 00:00:00', NULL, 'xtc_cfg_select_option(array(\'ean\', \'orders\',\'items\'),'),
(754, 'PRODUCTS_EMAIL_NOTIFICATION_SUBJECT', 'Artikelbenachrichtigung: %s', 12, 60, NULL, '2015-01-26 00:00:00', NULL, NULL),
(755, 'SHIPPING_ACTION_DPD_ACCOUNT_NUMBER', '', 7, 70, NULL, '2014-11-07 00:00:00', NULL, NULL),
(756, 'SHIPPING_ACTION_DPD_ACCOUNT_SUFFIX', '', 7, 70, NULL, '2014-11-07 00:00:00', NULL, NULL),
(757, 'RECLAMATIONS_STATUS_WARENRUECKNAHME', '6', 1, 200, '2015-06-25 11:53:15', '2015-06-18 00:00:00', 'xtc_get_reclamations_types_name', 'yes_cfg_pull_down_reclamation_types('),
(762, 'EBAY_USE_PRODUCTS_EAN_FROM_PRODUCT_AS_ISBN', 'False', 101, 96, '2015-06-26 00:00:00', '2015-06-26 00:00:00', NULL, 'xtc_cfg_select_option(array(\'True\', \'False\'),'),
(761, 'EBAY_USE_PRODUCTS_EAN_FROM_PRODUCT_AS_EAN', 'True', 101, 95, '2015-06-26 00:00:00', '2015-06-26 00:00:00', NULL, 'xtc_cfg_select_option(array(\'True\', \'False\'),'),
(763, 'NEWSLETTER_SUBSCRIPTION_COUPON', '', 12, 50, '2015-07-08 00:00:00', '2015-07-08 00:00:00', NULL, NULL),
(764, 'DISTRIBUTOR_ORDER_PRODUCTS_DISTRIBUTOR_PRICES_AUTOMATIC_INSERT', 'True', 1, 100, '2015-07-02 00:00:00', '2015-07-02 00:00:00', NULL, 'xtc_cfg_select_option(array(\'True\', \'False\'),'),
(765, 'EBAY_AUCTION_IMAGE_PATH', 'original_images', 101, 33, '2020-03-06 21:49:41', '2015-06-26 00:00:00', NULL, 'xtc_cfg_select_image_path('),
(766, 'EBAY_FEATURE_OUTOFSTOCK', 'False', 100, 100, '2015-08-02 00:00:00', '2015-08-02 00:00:00', NULL, 'xtc_cfg_select_option(array(\'True\', \'False\'),'),
(767, 'EBAY_PRODUCTS_PRICE_CUSTOMER_STATUS', '2', 100, 20, '2015-11-30 00:00:00', '2015-11-30 00:00:00', 'xtc_get_customers_status_name', 'xtc_cfg_pull_down_customers_status_list('),
(768, 'EBAY_PLUS', 'False', 101, 67, '2016-02-22 00:00:00', '2016-02-22 00:00:00', NULL, 'xtc_cfg_select_option(array(\'True\', \'False\'),'),
(769, 'EBAY_SELLER_PROFILE_PAYMENT_ID', '', 101, 25, '0000-00-00 00:00:00', '0000-00-00 00:00:00', NULL, 'xtc_cfg_pull_down_ebay_seller_profile_payment_id('),
(770, 'EBAY_SELLER_PROFILE_RETURN_POLICY_ID', '', 101, 25, '0000-00-00 00:00:00', '0000-00-00 00:00:00', NULL, 'xtc_cfg_pull_down_ebay_seller_profile_return_policy_id('),
(771, 'EBAY_SELLER_PROFILE_SHIPPING_ID', '', 101, 25, '0000-00-00 00:00:00', '0000-00-00 00:00:00', NULL, 'xtc_cfg_pull_down_ebay_seller_profile_shipping_id('),
(772, 'SHIPPING_REDEFINE_CHEAPEST', 'False', 7, 65, '2017-01-03 00:00:00', '2017-01-03 00:00:00', NULL, 'xtc_cfg_select_option(array(\'True\', \'False\'),'),
(773, 'SEND_SHIPPING_EMAIL_SUBJECT', 'Ihre Bestellung wurde versendet.', 12, 70, '2017-05-17 23:06:55', '2016-10-04 00:00:00', NULL, NULL),
(774, 'RUECKERSTATTUNG_EMAIL_SUBJECT', 'Rückerstattung', 12, 71, '2017-05-17 23:06:44', '2016-10-04 00:00:00', NULL, NULL),
(775, 'RETOURE_EMAIL_SUBJECT', 'Retoure', 12, 72, '2016-10-04 00:00:00', '2016-10-04 00:00:00', NULL, NULL),
(779, 'SHIPPING_EMAIL_ATTACHEMENT', '', 12, 69, '2017-03-14 00:00:00', '2017-03-14 00:00:00', NULL, 'xtc_cfg_select_ebaymich_file('),
(780, 'DHL_VERSENDEN_APPLICATION_ID', 'yes4trade_1', 7, 30, '2024-12-17 13:25:22', '2017-09-06 00:00:00', NULL, NULL),
(781, 'DHL_VERSENDEN_APPLICATION_TOKEN', 'B2Fipi7JKS7Zkzb6JOf163BiBsNdOk', 7, 31, '2024-12-17 13:26:18', '2017-09-06 00:00:00', NULL, NULL),
(782, 'DEFAULT_CUSTOMERS_VAT_STATUS_ID_LOCAL', '', 18, 23, '2017-11-17 07:56:29', '2017-11-17 00:00:00', 'xtc_get_customers_status_name', 'xtc_cfg_pull_down_customers_status_list('),
(783, 'RUECKERSTATTUNG_NEGATIVE_ORDER_PRODUCTS_ID', '6', 1, 100, '2023-12-18 12:25:02', '2017-11-03 00:00:00', NULL, NULL),
(784, 'MAX_DISPLAY_PRODUCTS_BESTSELLER_PAGE', '20', 3, 5, NULL, '2018-02-13 00:00:00', NULL, NULL),
(785, 'HEADER_SNIPPETS', '<meta name=\"google-site-verification\" content=\"4BZiiA9KekfwICuxteOHvYGXPRQUGgYygQ-ksLOL3QI\" />', 16, 50, '2024-11-27 13:34:43', '2018-06-01 00:00:00', NULL, 'xtc_cfg_textarea('),
(786, 'TINYMCE_VERSION', '4.0.10', 0, 5, NULL, '2018-02-13 00:00:00', NULL, NULL),
(789, 'PRODUCTS_IN_CATEGORY_DEFAULT_SORT_KEY', 'products_date_added DESC', 1, 70, NULL, '2019-06-17 00:00:00', NULL, NULL),
(790, 'DSGVO_ALLOW_SEND_CUSTOMER_EMAIL_ADDRESS_TO_SHIPPER', 'True', 7, 40, '2024-12-16 13:09:36', '2019-06-27 00:00:00', '', 'xtc_cfg_select_option(array(\'True\', \'False\'),'),
(791, 'PRODUCT_IMAGES_IMPORT_SIZE', '20', 102, 55, '2020-01-06 00:00:00', '2020-01-06 00:00:00', NULL, NULL),
(792, 'MODULE_YES2_FILE', 'yes2_export.csv', 6, 1, NULL, '2020-03-09 15:46:46', NULL, ''),
(793, 'MODULE_YES2_STATUS', 'True', 6, 1, NULL, '2020-03-09 15:46:46', NULL, 'xtc_cfg_select_option(array(\'True\', \'False\'), '),
(794, 'EBAY_EMAIL_SUBJECT', 'Ihre Bestellung {$ebay_userid} / {$ebay_id} / {$orders_id}', 100, 105, '2020-12-18 12:30:52', '2020-06-12 00:00:00', NULL, NULL),
(795, 'ORDER_LISTING_COUNTRY_SRC', 'o.customers_country', 1, 92, '0000-00-00 00:00:00', '0000-00-00 00:00:00', 'xtc_get_order_listing_country_src_name', 'xtc_cfg_pull_down_order_listing_country_src('),
(796, 'EUOSS_COUNTRIES_ISO2LIST', 'FR,AT,PL,BE,DK,FI,DE,IT,LU,NL,ES,PT,BG,CY,CZ,EE,GR,HR,HU,IE,LT,LU,LV,MT,RO,SE,SI,SK', 7, 22, '2021-07-15 10:52:43', '2021-07-15 10:52:43', NULL, NULL),
(797, 'YES_BOXES', 'admin.php;best_sellers.php;categories_groups.php;categories_struct.php;content.php;infobox.php;information.php;languages.php;last_viewed.php;loginbox.php;manufacturers.php;marketing.php;newsletter.php;pop_cart.php;product_notifications.php;search.php;search_ean.php;shopping_cart.php;specials.php;whats_new.php;yesdsgvo.php', 1, 20, '2024-09-29 11:50:21', '2023-12-21 09:25:23', 'yes_boxes_get_config', 'yes_boxes_set_config('),
(798, 'AMAZON_FULFILLMENT_ADDRESS_DATA_NAME', 'Justneo - Norbert Szyszlo', 110, 200, '2024-10-01 13:21:13', '2024-01-17 18:47:26', NULL, NULL),
(799, 'AMAZON_FULFILLMENT_ADDRESS_DATA_LINE1', '', 110, 201, NULL, '2024-01-17 18:47:26', NULL, NULL),
(800, 'AMAZON_FULFILLMENT_ADDRESS_DATA_LINE2', '', 110, 202, NULL, '2024-01-17 18:47:26', NULL, NULL),
(801, 'AMAZON_FULFILLMENT_ADDRESS_DATA_LINE3', '', 110, 203, NULL, '2024-01-17 18:47:26', NULL, NULL),
(802, 'AMAZON_FULFILLMENT_ADDRESS_DATA_CITY', 'Hamburg', 110, 204, '2024-10-01 13:21:20', '2024-01-17 18:47:26', NULL, NULL),
(803, 'AMAZON_FULFILLMENT_ADDRESS_DATA_COUNTY', '', 110, 205, NULL, '2024-01-17 18:47:26', NULL, NULL),
(804, 'AMAZON_FULFILLMENT_ADDRESS_DATA_STATE_OR_REGION', 'Hamburg', 110, 206, '2024-10-01 13:21:27', '2024-01-17 18:47:26', NULL, NULL),
(805, 'AMAZON_FULFILLMENT_ADDRESS_DATA_POSTALCODE', '22337', 110, 207, '2024-10-01 13:21:33', '2024-01-17 18:47:26', NULL, NULL),
(806, 'AMAZON_FULFILLMENT_ADDRESS_DATA_COUNTRYCODE', 'DE', 110, 208, '2024-10-01 13:21:41', '2024-01-17 18:47:26', NULL, NULL),
(807, 'MODULE_OTHER_AMAZON_MARKETPLACE_IDS', 'A1PA6795UKMFR9', 6, 10, NULL, '2024-01-23 15:45:36', NULL, NULL),
(808, 'MARGENRECHNER_HITMEISTERFEE_PERCENT', '0', 3, 103, '2024-02-09 13:20:34', '0000-00-00 00:00:00', NULL, NULL),
(809, 'MODULE_OTHER_META_OPENGRAPH_SORT_ORDER', '0', 6, 1, '2024-09-17 14:49:07', '2024-09-17 14:48:02', NULL, NULL),
(810, 'MODULE_OTHER_META_OPENGRAPH_TITLE', '', 6, 120, '2024-09-17 14:49:07', '2024-09-17 14:48:02', NULL, NULL),
(811, 'MODULE_OTHER_META_OPENGRAPH_TYPE', 'website', 6, 121, '2024-09-17 14:49:07', '2024-09-17 14:48:02', NULL, NULL),
(812, 'MODULE_OTHER_META_OPENGRAPH_URL', '', 6, 122, '2024-09-17 14:49:07', '2024-09-17 14:48:02', NULL, NULL),
(813, 'MODULE_OTHER_META_OPENGRAPH_IMAGE', '', 6, 123, '2024-09-17 14:49:07', '2024-09-17 14:48:02', NULL, 'xtc_cfg_module_other_meta_opengraph_image_properties('),
(814, 'MODULE_OTHER_META_OPENGRAPH_IMAGE_WIDTH', '', 6, 124, '2024-09-17 14:49:07', '2024-09-17 14:48:02', NULL, NULL),
(815, 'MODULE_OTHER_META_OPENGRAPH_IMAGE_HEIGHT', '', 6, 125, '2024-09-17 14:49:07', '2024-09-17 14:48:02', NULL, NULL),
(816, 'MODULE_OTHER_META_OPENGRAPH_IMAGE_TYPE', '', 6, 126, '2024-09-17 14:49:07', '2024-09-17 14:48:02', NULL, NULL),
(817, 'MODULE_OTHER_META_OPENGRAPH_DESCRIPTION', '', 6, 127, '2024-09-17 14:49:07', '2024-09-17 14:48:02', NULL, 'xtc_cfg_module_textarea('),
(818, 'MODULE_OTHER_YESDSGVO_ADMIN_STATUS', 'True', 6, 1, NULL, '2024-09-17 14:48:05', NULL, 'xtc_cfg_select_option(array(\'True\', \'False\'), '),
(819, 'MODULE_OTHER_YESDSGVO_ADMIN_SORT_ORDER', '0', 6, 1, NULL, '2024-09-17 14:48:05', NULL, NULL),
(820, 'MODULE_OTHER_YESDSGVO_ADMIN_CONSENT_CONFIGURATIONS', '[{\"script_src\":\"templates\\/yes-system\\/js\\/startseite.js\",\"use_function\":null,\"description\":\"Wir nutzen nur zwingend erforderliche Cookies - wir tracken unseren Seiten nicht.\",\"code\":\"startseite\"}]', 6, 1, '2024-09-17 14:48:57', '2024-09-17 14:48:05', 'yes_cfg_get_yesdsgvo_consents', 'yes_cfg_yesdsgvo_consents('),
(822, 'MODULE_OTHER_FIBUNUMBERS_STATUS', 'True', 6, 1, '2024-11-22 17:26:13', '2024-11-15 12:33:07', NULL, 'xtc_cfg_select_option(array(\'True\', \'False\'), '),
(821, 'MODULE_EXPORT_ORDER_STATS_STATUS', 'True', 6, 1, NULL, '2024-09-30 13:51:00', NULL, 'xtc_cfg_select_option(array(\'True\', \'False\'), '),
(880, 'MODULE_PAYMENT_SPKK_STATUS', 'Nein', 6, 0, '2025-07-03 19:38:11', '2025-02-13 12:17:01', NULL, 'xtc_cfg_select_option(array(\'Ja\', \'Nein\'), '),
(823, 'MODULE_OTHER_FIBUNUMBERS_SORT_ORDER', '0', 6, 1, '2024-11-22 17:26:13', '2024-11-15 12:33:07', NULL, NULL),
(824, 'MODULE_OTHER_FIBUNUMBERS_START', '10000', 6, 1, '2024-11-22 17:26:13', '2024-11-15 12:33:07', NULL, NULL),
(825, 'MODULE_OTHER_FIBUNUMBERS_AUTOMATIC', 'True', 6, 1, '2024-11-22 17:26:13', '2024-11-15 12:33:07', NULL, 'xtc_cfg_select_option(array(\'True\', \'False\'), '),
(826, 'MODULE_PAYMENT_YES_PPP_STATUS', 'True', 6, 1, '2025-07-03 17:47:03', '2024-11-15 12:50:37', NULL, 'xtc_cfg_select_option(array(\'True\', \'False\'), '),
(827, 'MODULE_PAYMENT_YES_PPP_SORT_ORDER', '0', 6, 3, '2025-07-03 17:47:03', '2024-11-15 12:50:37', NULL, NULL),
(828, 'MODULE_PAYMENT_YES_PPP_MODE', 'Live', 6, 4, '2025-07-03 17:47:03', '2024-11-15 12:50:37', NULL, 'xtc_cfg_select_option(array(\'Live\', \'Sandbox\'), '),
(829, 'MODULE_PAYMENT_YES_PPP_APICLIENTID', 'Abk6ALtIUM2fFi-xcOM0nrg2B3B-O5mS_djhENNLb9c7wXa2dTVHzoc0iIln8f71iQ76HEUddCvjsbzN', 6, 5, '2025-07-03 17:47:03', '2024-11-15 12:50:37', NULL, NULL),
(830, 'MODULE_PAYMENT_YES_PPP_APISECRET', 'EBudtyOVLAqW8BK82qOusyjIzn-EiZNyLluaDVoHtjjY6Gh1tnFDgWqmTmSgcpLu8t9q9H9Svj__1tXV', 6, 6, '2025-07-03 17:47:03', '2024-11-15 12:50:37', NULL, NULL),
(831, 'MODULE_YATEGO_FILE', 'justneo-produkte.csv', 6, 1, '2024-12-18 12:32:59', '2024-12-03 11:43:55', NULL, ''),
(832, 'MODULE_YATEGO_STATUS', 'True', 6, 1, '2024-12-18 12:32:59', '2024-12-03 11:43:55', NULL, 'xtc_cfg_select_option(array(\'True\', \'False\'), '),
(833, 'MODULE_YATEGO_PROMO_TEXT', '', 6, 2, '2024-12-18 12:32:59', '2024-12-03 11:43:55', NULL, ''),
(834, 'MODULE_YATEGO_EXPORT_ONLY_V1', 'True', 6, 3, '2024-12-18 12:32:59', '2024-12-03 11:43:55', NULL, 'xtc_cfg_select_option(array(\'True\', \'False\'), '),
(835, 'MODULE_SHIPPING_DHLGKAPI_STATUS', 'False', 6, 0, '2025-12-09 14:04:40', '2024-12-17 13:26:33', NULL, 'xtc_cfg_select_option(array(\'True\', \'False\'), '),
(836, 'MODULE_SHIPPING_DHLGKAPI_ALLOWED', '', 6, 0, '2025-12-09 14:04:40', '2024-12-17 13:26:33', NULL, NULL),
(837, 'MODULE_SHIPPING_DHLGKAPI_SORT_ORDER', '0', 6, 0, '2025-12-09 14:04:40', '2024-12-17 13:26:33', NULL, NULL),
(838, 'MODULE_SHIPPING_DHLGKAPI_EMAIL_ENABLED', 'True', 6, 0, '2025-12-09 14:04:40', '2024-12-17 13:26:33', NULL, 'xtc_cfg_select_option(array(\'True\', \'False\'), '),
(839, 'MODULE_SHIPPING_DHLGKAPI_DHL_EMAIL_ENABLED', 'True', 6, 0, '2025-12-09 14:04:40', '2024-12-17 13:26:33', NULL, 'xtc_cfg_select_option(array(\'True\', \'False\'), '),
(840, 'MODULE_SHIPPING_DHLGKAPI_EKP', '6374103547', 6, 0, '2025-12-09 14:04:40', '2024-12-17 13:26:33', NULL, NULL),
(841, 'MODULE_SHIPPING_DHLGKAPI_USER', 'justneo', 6, 0, '2025-12-09 14:04:40', '2024-12-17 13:26:33', NULL, NULL),
(842, 'MODULE_SHIPPING_DHLGKAPI_PASSWORD', 'Justneonorea11483!!', 6, 0, '2025-12-09 14:04:40', '2024-12-17 13:26:33', NULL, NULL),
(843, 'MODULE_SHIPPING_DHLGKAPI_SHIPPER_NAME', 'justneo.de - Norbert Szyszlo', 6, 0, '2025-12-09 14:04:40', '2024-12-17 13:26:33', NULL, NULL),
(844, 'MODULE_SHIPPING_DHLGKAPI_SHIPPER_STREETNAME', 'Stübeheide', 6, 0, '2025-12-09 14:04:40', '2024-12-17 13:26:33', NULL, NULL),
(845, 'MODULE_SHIPPING_DHLGKAPI_SHIPPER_STREETNUMBER', '59', 6, 0, '2025-12-09 14:04:40', '2024-12-17 13:26:33', NULL, NULL),
(846, 'MODULE_SHIPPING_DHLGKAPI_SHIPPER_ZIP', '22337', 6, 0, '2025-12-09 14:04:40', '2024-12-17 13:26:33', NULL, NULL),
(847, 'MODULE_SHIPPING_DHLGKAPI_SHIPPER_CITY', 'Hamburg', 6, 0, '2025-12-09 14:04:40', '2024-12-17 13:26:33', NULL, NULL),
(848, 'MODULE_SHIPPING_DHLGKAPI_SHIPPER_COUNTRY', 'DEU', 6, 0, '2025-12-09 14:04:40', '2024-12-17 13:26:33', NULL, NULL),
(849, 'MODULE_SHIPPING_DHLGKAPI_CONTACT_PERSON', 'Norbert Szyszlo', 6, 0, '2025-12-09 14:04:40', '2024-12-17 13:26:33', NULL, NULL),
(850, 'MODULE_SHIPPING_DHLGKAPI_CONTACT_EMAIL', 'info@justneo.de', 6, 0, '2025-12-09 14:04:40', '2024-12-17 13:26:33', NULL, NULL),
(851, 'MODULE_SHIPPING_DHLGKAPI_CONTACT_PHONE', '040 239 68 251', 6, 0, '2025-12-09 14:04:40', '2024-12-17 13:26:33', NULL, NULL),
(852, 'MODULE_SHIPPING_DHLGKAPI_RETURN_ENABLED', 'False', 6, 0, '2025-12-09 14:04:40', '2024-12-17 13:26:33', NULL, 'xtc_cfg_select_option(array(\'True\', \'False\'), '),
(853, 'MODULE_SHIPPING_DHLGKAPI_RETURN_NAME', '', 6, 0, '2025-12-09 14:04:40', '2024-12-17 13:26:33', NULL, NULL),
(854, 'MODULE_SHIPPING_DHLGKAPI_RETURN_STREETNAME', '', 6, 0, '2025-12-09 14:04:40', '2024-12-17 13:26:33', NULL, NULL),
(855, 'MODULE_SHIPPING_DHLGKAPI_RETURN_STREETNUMBER', '', 6, 0, '2025-12-09 14:04:40', '2024-12-17 13:26:33', NULL, NULL),
(856, 'MODULE_SHIPPING_DHLGKAPI_RETURN_ZIP', '', 6, 0, '2025-12-09 14:04:40', '2024-12-17 13:26:33', NULL, NULL),
(857, 'MODULE_SHIPPING_DHLGKAPI_RETURN_CITY', '', 6, 0, '2025-12-09 14:04:40', '2024-12-17 13:26:33', NULL, NULL),
(858, 'MODULE_SHIPPING_DHLGKAPI_RETURN_COUNTRY', 'DEU', 6, 0, '2025-12-09 14:04:40', '2024-12-17 13:26:33', NULL, NULL),
(859, 'MODULE_SHIPPING_DHLGKAPI_COD_ENABLED', 'False', 6, 0, '2025-12-09 14:04:40', '2024-12-17 13:26:33', NULL, 'xtc_cfg_select_option(array(\'True\', \'False\'), '),
(860, 'MODULE_SHIPPING_DHLGKAPI_COD_PAYMENT_MODULE', 'cod', 6, 0, '2025-12-09 14:04:40', '2024-12-17 13:26:33', NULL, NULL),
(861, 'MODULE_SHIPPING_DHLGKAPI_COD_DHL_FEE', '2', 6, 0, '2025-12-09 14:04:40', '2024-12-17 13:26:33', NULL, NULL),
(862, 'MODULE_SHIPPING_DHLGKAPI_BANKDATA_ACCOUNTOWNER', '', 6, 0, '2025-12-09 14:04:40', '2024-12-17 13:26:33', NULL, NULL),
(863, 'MODULE_SHIPPING_DHLGKAPI_BANKDATA_BANKNAME', '', 6, 0, '2025-12-09 14:04:40', '2024-12-17 13:26:33', NULL, NULL),
(864, 'MODULE_SHIPPING_DHLGKAPI_BANKDATA_IBAN', '', 6, 0, '2025-12-09 14:04:40', '2024-12-17 13:26:33', NULL, NULL),
(865, 'MODULE_SHIPPING_DHLGKAPI_BANKDATA_BIC', '', 6, 0, '2025-12-09 14:04:40', '2024-12-17 13:26:33', NULL, NULL),
(866, 'MODULE_SHIPPING_DHLGKAPI_PARCELOUTLETROUTING_ENABLED', 'False', 6, 60, '2025-12-09 14:04:40', '2024-12-17 13:26:33', NULL, 'xtc_cfg_select_option(array(\'True\', \'False\'), '),
(867, 'MODULE_SHIPPING_DHLGKAPI_TEILNAHME', '{\"NAT_NOSERV\":\"V01PAK0101\",\"KLP\":\"V62KP6201\",\"WAR\":\"V62WP6201\"}', 6, 50, '2025-12-09 14:04:40', '2024-03-02 19:11:24', 'yes_dhlgkapi_teilnahme_config_get', 'yes_dhlgkapi_teilnahme_config_save('),
(868, 'MODULE_SHIPPING_DHLGKAPI_SPERRGUT_YES_PACKAGINGS_ID', '', 6, 200, '2025-12-09 14:04:40', '2024-12-17 13:26:33', 'yes_get_packaging_name', 'xtc_cfg_pull_down_packagings('),
(869, 'MODULE_SHIPPING_FREECOUNT_STATUS', 'True', 6, 7, '2024-12-18 12:30:50', '2024-12-18 12:30:23', NULL, 'xtc_cfg_select_option(array(\'True\', \'False\'), '),
(870, 'MODULE_SHIPPING_FREEAMOUNT_ALLOWED', 'DE', 6, 0, '2024-12-18 12:30:50', '2024-12-18 12:30:23', NULL, NULL),
(871, 'MODULE_SHIPPING_FREECOUNT_DISPLAY', 'True', 6, 7, '2024-12-18 12:30:50', '2024-12-18 12:30:23', NULL, 'xtc_cfg_select_option(array(\'True\', \'False\'), '),
(872, 'MODULE_SHIPPING_FREECOUNT_AMOUNT', '19.99', 6, 8, '2024-12-18 12:30:50', '2024-12-18 12:30:23', NULL, NULL),
(873, 'MODULE_SHIPPING_FREECOUNT_SORT_ORDER', '0', 6, 4, '2024-12-18 12:30:50', '2024-12-18 12:30:23', NULL, NULL),
(874, 'MODULE_PAYMENT_KLARNA_YES_PAY_LATER_STATUS', 'false', 6, 0, '2025-02-13 14:43:41', '2025-01-15 16:49:23', NULL, 'xtc_cfg_select_option(array(\'true\', \'false\'),'),
(875, 'MODULE_PAYMENT_KLARNA_YES_PAY_LATER_ALLOWED', 'DE,AT', 6, 1, '2025-02-13 14:43:41', '2025-01-15 16:49:23', NULL, NULL),
(876, 'MODULE_PAYMENT_KLARNA_YES_PAY_LATER_ZONE', '', 6, 2, '2025-02-13 14:43:41', '2025-01-15 16:49:23', NULL, NULL),
(877, 'MODULE_PAYMENT_KLARNA_YES_PAY_LATER_SORT_ORDER', '2', 6, 3, '2025-02-13 14:43:41', '2025-01-15 16:49:23', NULL, NULL),
(878, 'MODULE_PAYMENT_KLARNA_YES_PAY_LATER_SECRET', 'klarna_live_api_NHBuRmxJU2NRWVh4LU9lVGJvWlZGbGpuP1khbWdzKHksMjljNTU2NjgtNDc1NC00NmZhLWE0NjMtMTljNDFhMzdkNjk2LDEsOFRGT0owblFOMEMxNEJJQUdBTHpFUTZJT1N6cFlJZ1J0UmNBaC9EWC9VMD0', 6, 5, '2025-02-13 14:43:41', '2025-01-15 16:49:23', NULL, NULL),
(879, 'MODULE_PAYMENT_KLARNA_YES_PAY_LATER_MERCHANT_ID', '29c55668-4754-46fa-a463-19c41a37d696', 6, 4, '2025-02-13 14:43:41', '2025-01-15 16:49:23', NULL, NULL),
(881, 'MODULE_PAYMENT_SPKK_SORT_ORDER', '5', 6, 0, '2025-07-03 19:38:11', '2025-02-13 12:17:01', NULL, NULL),
(882, 'MODULE_PAYMENT_SECUPAY_APIKEY', 'b11372b0379097e784cc0993d371be9c27caae9c', 6, 0, '2025-07-03 19:40:18', '2025-02-13 12:17:01', NULL, NULL),
(883, 'MODULE_PAYMENT_SPKK_ZONE', '0', 6, 0, '2025-07-03 19:38:11', '2025-02-13 12:17:01', 'xtc_get_zone_class_title', 'xtc_cfg_pull_down_zone_classes('),
(884, 'MODULE_PAYMENT_SPKK_ORDER_STATUS_ID', '1', 6, 0, '2025-07-03 19:38:11', '2025-02-13 12:17:01', 'xtc_get_order_status_name', 'xtc_cfg_pull_down_order_statuses('),
(885, 'MODULE_PAYMENT_SPKK_ORDER_STATUS_ACCEPTED_ID', '6', 6, 0, '2025-07-03 19:38:11', '2025-02-13 12:17:01', 'xtc_get_order_status_name', 'xtc_cfg_pull_down_order_statuses('),
(886, 'MODULE_PAYMENT_SPKK_ORDER_STATUS_DENIED_ID', '1', 6, 0, '2025-07-03 19:38:11', '2025-02-13 12:17:01', 'xtc_get_order_status_name', 'xtc_cfg_pull_down_order_statuses('),
(887, 'MODULE_PAYMENT_SPKK_ORDER_STATUS_ISSUE_ID', '1', 6, 0, '2025-07-03 19:38:11', '2025-02-13 12:17:01', 'xtc_get_order_status_name', 'xtc_cfg_pull_down_order_statuses('),
(888, 'MODULE_PAYMENT_SPKK_ORDER_STATUS_VOID_ID', '7', 6, 0, '2025-07-03 19:38:11', '2025-02-13 12:17:01', 'xtc_get_order_status_name', 'xtc_cfg_pull_down_order_statuses('),
(889, 'MODULE_PAYMENT_SPKK_ORDER_STATUS_AUTHORIZED_ID', '1', 6, 0, '2025-07-03 19:38:11', '2025-02-13 12:17:01', 'xtc_get_order_status_name', 'xtc_cfg_pull_down_order_statuses('),
(890, 'MODULE_PAYMENT_SPKK_SIMULATION_MODE', 'Produktivsystem', 6, 0, '2025-07-03 19:38:11', '2025-02-13 12:17:01', NULL, 'xtc_cfg_select_option(array(\'Simulation\', \'Produktivsystem\'), '),
(891, 'MODULE_PAYMENT_SPKK_MWST', 'Nein', 6, 0, '2025-07-03 19:38:11', '2025-02-13 12:17:01', NULL, 'xtc_cfg_select_option(array(\'Ja\', \'Nein\'), '),
(892, 'MODULE_PAYMENT_SPKK_LOGGING', 'Nein', 6, 0, '2025-07-03 19:38:11', '2025-02-13 12:17:01', NULL, 'xtc_cfg_select_option(array(\'Ja\', \'Nein\'), '),
(893, 'MODULE_PAYMENT_SPKK_SHOPNAME', 'justneo', 6, 0, '2025-07-03 19:38:11', '2025-02-13 12:17:01', NULL, NULL),
(894, 'MODULE_PAYMENT_SECUPAY_KK_XTC_ALLOWED', '', 6, 0, NULL, '2025-02-13 12:17:01', NULL, NULL),
(895, 'MODULE_PAYMENT_SPLS_STATUS', 'Nein', 6, 0, '2025-07-03 19:38:16', '2025-02-19 15:37:58', NULL, 'xtc_cfg_select_option(array(\'Ja\', \'Nein\'), '),
(896, 'MODULE_PAYMENT_SPLS_SORT_ORDER', '0', 6, 0, '2025-07-03 19:38:16', '2025-02-19 15:37:58', NULL, NULL),
(897, 'MODULE_PAYMENT_SECUPAY_APIKEY', 'b11372b0379097e784cc0993d371be9c27caae9c', 6, 0, '2025-07-03 19:40:18', '2025-02-19 15:37:58', NULL, NULL),
(898, 'MODULE_PAYMENT_SPLS_ZONE', '0', 6, 0, '2025-07-03 19:38:16', '2025-02-19 15:37:58', 'xtc_get_zone_class_title', 'xtc_cfg_pull_down_zone_classes('),
(899, 'MODULE_PAYMENT_SPLS_ORDER_STATUS_ID', '1', 6, 0, '2025-07-03 19:38:16', '2025-02-19 15:37:58', 'xtc_get_order_status_name', 'xtc_cfg_pull_down_order_statuses('),
(900, 'MODULE_PAYMENT_SPLS_ORDER_STATUS_ACCEPTED_ID', '1', 6, 0, '2025-07-03 19:38:16', '2025-02-19 15:37:58', 'xtc_get_order_status_name', 'xtc_cfg_pull_down_order_statuses('),
(901, 'MODULE_PAYMENT_SPLS_ORDER_STATUS_DENIED_ID', '1', 6, 0, '2025-07-03 19:38:16', '2025-02-19 15:37:58', 'xtc_get_order_status_name', 'xtc_cfg_pull_down_order_statuses('),
(902, 'MODULE_PAYMENT_SPLS_ORDER_STATUS_ISSUE_ID', '1', 6, 0, '2025-07-03 19:38:16', '2025-02-19 15:37:58', 'xtc_get_order_status_name', 'xtc_cfg_pull_down_order_statuses('),
(903, 'MODULE_PAYMENT_SPLS_ORDER_STATUS_VOID_ID', '1', 6, 0, '2025-07-03 19:38:16', '2025-02-19 15:37:58', 'xtc_get_order_status_name', 'xtc_cfg_pull_down_order_statuses('),
(904, 'MODULE_PAYMENT_SPLS_ORDER_STATUS_AUTHORIZED_ID', '1', 6, 0, '2025-07-03 19:38:16', '2025-02-19 15:37:58', 'xtc_get_order_status_name', 'xtc_cfg_pull_down_order_statuses('),
(905, 'MODULE_PAYMENT_SPLS_SIMULATION_MODE', 'Simulation', 6, 0, '2025-07-03 19:38:16', '2025-02-19 15:37:58', NULL, 'xtc_cfg_select_option(array(\'Simulation\', \'Produktivsystem\'), '),
(906, 'MODULE_PAYMENT_SPLS_MWST', 'Nein', 6, 0, '2025-07-03 19:38:16', '2025-02-19 15:37:58', NULL, 'xtc_cfg_select_option(array(\'Ja\', \'Nein\'), '),
(907, 'MODULE_PAYMENT_SPLS_LOGGING', 'Nein', 6, 0, '2025-07-03 19:38:16', '2025-02-19 15:37:58', NULL, 'xtc_cfg_select_option(array(\'Ja\', \'Nein\'), '),
(908, 'MODULE_PAYMENT_SPLS_SHOPNAME', '', 6, 0, '2025-07-03 19:38:16', '2025-02-19 15:37:58', NULL, NULL),
(909, 'MODULE_PAYMENT_SPLS_DELIVERY_DISABLE', 'Nein', 6, 0, '2025-07-03 19:38:16', '2025-02-19 15:37:58', NULL, 'xtc_cfg_select_option(array(\'Ja\', \'Nein\', \'Hinweis\'), '),
(910, 'MODULE_PAYMENT_SECUPAY_LS_XTC_ALLOWED', '', 6, 0, NULL, '2025-02-19 15:37:58', NULL, NULL),
(911, 'MODULE_PAYMENT_SPINV_STATUS', 'Nein', 6, 0, '2025-07-03 19:40:18', '2025-02-19 15:38:06', NULL, 'xtc_cfg_select_option(array(\'Ja\', \'Nein\'), '),
(912, 'MODULE_PAYMENT_SPINV_SORT_ORDER', '0', 6, 0, '2025-07-03 19:40:18', '2025-02-19 15:38:06', NULL, NULL),
(913, 'MODULE_PAYMENT_SECUPAY_APIKEY', 'b11372b0379097e784cc0993d371be9c27caae9c', 6, 0, '2025-07-03 19:40:18', '2025-02-19 15:38:06', NULL, NULL),
(914, 'MODULE_PAYMENT_SPINV_KONTO_NR', '', 6, 0, '2025-07-03 19:40:18', '2025-02-19 15:38:06', NULL, NULL),
(915, 'MODULE_PAYMENT_SPINV_BLZ', '', 6, 0, '2025-07-03 19:40:18', '2025-02-19 15:38:06', NULL, NULL),
(916, 'MODULE_PAYMENT_SPINV_BANKNAME', '', 6, 0, '2025-07-03 19:40:18', '2025-02-19 15:38:06', NULL, NULL),
(917, 'MODULE_PAYMENT_SPINV_IBAN', '', 6, 0, '2025-07-03 19:40:18', '2025-02-19 15:38:06', NULL, NULL),
(918, 'MODULE_PAYMENT_SPINV_BIC', '', 6, 0, '2025-07-03 19:40:18', '2025-02-19 15:38:06', NULL, NULL),
(919, 'MODULE_PAYMENT_SPINV_ZONE', '0', 6, 0, '2025-07-03 19:40:18', '2025-02-19 15:38:06', 'xtc_get_zone_class_title', 'xtc_cfg_pull_down_zone_classes('),
(920, 'MODULE_PAYMENT_SPINV_ORDER_STATUS_ID', '1', 6, 0, '2025-07-03 19:40:18', '2025-02-19 15:38:06', 'xtc_get_order_status_name', 'xtc_cfg_pull_down_order_statuses('),
(921, 'MODULE_PAYMENT_SPINV_ORDER_STATUS_ACCEPTED_ID', '1', 6, 0, '2025-07-03 19:40:18', '2025-02-19 15:38:06', 'xtc_get_order_status_name', 'xtc_cfg_pull_down_order_statuses('),
(922, 'MODULE_PAYMENT_SPINV_ORDER_STATUS_DENIED_ID', '1', 6, 0, '2025-07-03 19:40:18', '2025-02-19 15:38:06', 'xtc_get_order_status_name', 'xtc_cfg_pull_down_order_statuses('),
(923, 'MODULE_PAYMENT_SPINV_ORDER_STATUS_ISSUE_ID', '1', 6, 0, '2025-07-03 19:40:18', '2025-02-19 15:38:06', 'xtc_get_order_status_name', 'xtc_cfg_pull_down_order_statuses('),
(924, 'MODULE_PAYMENT_SPINV_ORDER_STATUS_VOID_ID', '1', 6, 0, '2025-07-03 19:40:18', '2025-02-19 15:38:06', 'xtc_get_order_status_name', 'xtc_cfg_pull_down_order_statuses('),
(925, 'MODULE_PAYMENT_SPINV_ORDER_STATUS_AUTHORIZED_ID', '1', 6, 0, '2025-07-03 19:40:18', '2025-02-19 15:38:06', 'xtc_get_order_status_name', 'xtc_cfg_pull_down_order_statuses('),
(926, 'MODULE_PAYMENT_SPINV_SIMULATION_MODE', 'Simulation', 6, 0, '2025-07-03 19:40:18', '2025-02-19 15:38:06', NULL, 'xtc_cfg_select_option(array(\'Simulation\', \'Produktivsystem\'), '),
(927, 'MODULE_PAYMENT_SPINV_MWST', 'Nein', 6, 0, '2025-07-03 19:40:18', '2025-02-19 15:38:06', NULL, 'xtc_cfg_select_option(array(\'Ja\', \'Nein\'), '),
(928, 'MODULE_PAYMENT_SPINV_LOGGING', 'Nein', 6, 0, '2025-07-03 19:40:18', '2025-02-19 15:38:06', NULL, 'xtc_cfg_select_option(array(\'Ja\', \'Nein\'), '),
(929, 'MODULE_PAYMENT_SPINV_SHOW_QRCODE', 'Ja', 6, 0, '2025-07-03 19:40:18', '2025-02-19 15:38:06', NULL, 'xtc_cfg_select_option(array(\'Ja\', \'Nein\'), '),
(930, 'MODULE_PAYMENT_SPINV_DUE_DATE', 'Nein', 6, 0, '2025-07-03 19:40:18', '2025-02-19 15:38:06', NULL, 'xtc_cfg_select_option(array(\'Ja\', \'Nein\'), '),
(931, 'MODULE_PAYMENT_SPINV_SHOPNAME', '', 6, 0, '2025-07-03 19:40:18', '2025-02-19 15:38:06', NULL, NULL),
(932, 'MODULE_PAYMENT_SPINV_DELIVERY_DISABLE', 'Nein', 6, 0, '2025-07-03 19:40:18', '2025-02-19 15:38:06', NULL, 'xtc_cfg_select_option(array(\'Ja\', \'Nein\', \'Hinweis\'), '),
(933, 'MODULE_PAYMENT_SPINV_PAYMENTINFO_TO_COMMENT', 'Nein', 6, 0, '2025-07-03 19:40:18', '2025-02-19 15:38:06', NULL, 'xtc_cfg_select_option(array(\'Ja\', \'Nein\'), '),
(934, 'MODULE_PAYMENT_SECUPAY_INV_XTC_ALLOWED', '', 6, 0, NULL, '2025-02-19 15:38:06', NULL, NULL),
(935, 'EBAY_ORDER_RESERVATION_ORDERS_ID', '', 101, 100, NULL, '2025-07-03 17:15:10', NULL, NULL),
(937, 'MODULE_PAYMENT_YES_SECUPAY_SORT_ORDER', '0', 6, 3, '2025-07-04 09:55:23', '2025-07-04 09:54:37', NULL, NULL),
(938, 'MODULE_PAYMENT_YES_SECUPAY_MODE', 'Live', 6, 4, '2025-07-04 09:55:23', '2025-07-04 09:54:37', NULL, 'xtc_cfg_select_option(array(\'Live\', \'Sandbox\'), '),
(939, 'MODULE_PAYMENT_YES_SECUPAY_SPACEID', 'GCR_FMPM0ERV3TT7DKW9NYUT5D092J6WO0', 6, 5, '2025-07-04 09:55:23', '2025-07-04 09:54:37', NULL, NULL),
(940, 'MODULE_PAYMENT_YES_SECUPAY_USERID', '2ad1dc1f4ced4ecc1b7f2c3495791f4e', 6, 6, '2025-07-04 09:55:23', '2025-07-04 09:54:37', NULL, NULL),
(941, 'MODULE_PAYMENT_YES_SECUPAY_SECRET', 'fad1eb7afb9ff62ba779d7c355f07ded383e9b227113481e914dfb47a72bb1eb', 6, 7, '2025-07-04 09:55:23', '2025-07-04 09:54:37', NULL, NULL),
(942, 'MODULE_PAYMENT_YES_SECUPAY_LOGO', '', 6, 8, '2025-07-04 09:55:23', '2025-07-04 09:54:37', NULL, NULL),
(943, 'MODULE_CUSTOMERS_STATUS_PRICES_STATUS', 'True', 6, 1, '2025-07-11 11:25:27', '2025-07-11 11:25:23', NULL, 'xtc_cfg_select_option(array(\'True\', \'False\'), '),
(944, 'MODULE_CUSTOMERS_STATUS_PRICES_SORT_ORDER', '0', 6, 1, '2025-07-11 11:25:27', '2025-07-11 11:25:23', NULL, ''),
(945, 'SEND_ORDER_MAIL_WITHOUT_CONTENT_FILES', 'False', 12, 200, NULL, '2025-07-28 16:37:20', NULL, 'xtc_cfg_select_option(array(\'True\', \'False\'), '),
(946, 'MODULE_OTHER_TURNSTILE_STATUS', 'True', 6, 1, '2025-10-02 08:36:27', '2025-10-02 08:36:03', NULL, 'xtc_cfg_select_option(array(\'True\', \'False\'), '),
(947, 'MODULE_OTHER_TURNSTILE_SORT_ORDER', '0', 6, 1, '2025-10-02 08:36:27', '2025-10-02 08:36:03', NULL, NULL),
(948, 'MODULE_OTHER_TURNSTILE_SITE_KEY', '0x4AAAAAAB4ThtwuzjNK9S4Z', 6, 2, '2025-10-02 08:36:27', '2025-10-02 08:36:03', NULL, NULL),
(949, 'MODULE_OTHER_TURNSTILE_SECRET_KEY', '0x4AAAAAAB4ThhcQ8VUq9E7w9vUTKo5mTfs', 6, 3, '2025-10-02 08:36:27', '2025-10-02 08:36:03', NULL, NULL),
(950, 'CONTACT_US_CONFIRMATION_CONTENT_ID', '', 12, 100, NULL, '2025-10-14 10:00:00', NULL, NULL),
(951, 'MODULE_BESTAND_STATUS', 'True', 6, 1, '2025-12-03 16:20:21', '2025-12-03 16:20:16', NULL, 'xtc_cfg_select_option(array(\'True\', \'False\'), '),
(952, 'MODULE_BESTAND_SORT_ORDER', '0', 6, 1, '2025-12-03 16:20:21', '2025-12-03 16:20:16', NULL, '');

-- --------------------------------------------------------

--
-- Tabellenstruktur für Tabelle `configuration_group`
--

