CREATE TABLE `products_notifications` (
  `products_id` int(11) NOT NULL DEFAULT '0',
  `customers_id` int(11) NOT NULL DEFAULT '0',
  `date_added` datetime NOT NULL DEFAULT '0000-00-00 00:00:00'
) ENGINE=MyISAM DEFAULT CHARSET=utf8;

-- --------------------------------------------------------

--
-- Tabellenstruktur für Tabelle `products_options`
--

CREATE TABLE `products_options` (
  `products_options_id` int(11) NOT NULL DEFAULT '0',
  `language_id` int(11) NOT NULL DEFAULT '1',
  `products_options_name` varchar(32) NOT NULL DEFAULT ''
) ENGINE=MyISAM DEFAULT CHARSET=utf8;

-- --------------------------------------------------------

--
-- Tabellenstruktur für Tabelle `products_options_values`
--

CREATE TABLE `products_options_values` (
  `products_options_values_id` int(11) NOT NULL DEFAULT '0',
  `language_id` int(11) NOT NULL DEFAULT '1',
  `products_options_values_name` varchar(64) NOT NULL DEFAULT ''
) ENGINE=MyISAM DEFAULT CHARSET=utf8;

-- --------------------------------------------------------

--
-- Tabellenstruktur für Tabelle `products_options_values_to_products_options`
--

CREATE TABLE `products_options_values_to_products_options` (
  `products_options_values_to_products_options_id` int(11) NOT NULL,
  `products_options_id` int(11) NOT NULL DEFAULT '0',
  `products_options_values_id` int(11) NOT NULL DEFAULT '0'
) ENGINE=MyISAM DEFAULT CHARSET=utf8;

-- --------------------------------------------------------

--
-- Tabellenstruktur für Tabelle `products_properties`
--

CREATE TABLE `products_properties` (
  `products_properties_id` int(11) NOT NULL,
  `products_id` int(11) NOT NULL,
  `date_added` datetime NOT NULL,
  `sort_order` int(1) NOT NULL,
  `image` varchar(16) NOT NULL,
  `tag` varchar(16) NOT NULL
) ENGINE=MyISAM DEFAULT CHARSET=utf8;

-- --------------------------------------------------------

--
-- Tabellenstruktur für Tabelle `products_properties_description`
--

CREATE TABLE `products_properties_description` (
  `products_properties_description_id` int(11) NOT NULL,
  `products_properties_id` int(11) NOT NULL,
  `language_id` int(1) NOT NULL,
  `title` varchar(64) NOT NULL,
  `properties_text` text NOT NULL
) ENGINE=MyISAM DEFAULT CHARSET=utf8;

-- --------------------------------------------------------

--
-- Tabellenstruktur für Tabelle `products_properties_values`
--

CREATE TABLE `products_properties_values` (
  `products_properties_values_id` int(11) NOT NULL,
  `products_properties_id` int(11) NOT NULL,
  `price` decimal(15,4) NOT NULL,
  `sort_order` int(1) NOT NULL,
  `image` varchar(16) NOT NULL,
  `files_image` varchar(255) NOT NULL,
  `input_span` varchar(16) NOT NULL,
  `xy_percent_add` decimal(15,4) NOT NULL
) ENGINE=MyISAM DEFAULT CHARSET=utf8;

-- --------------------------------------------------------

--
-- Tabellenstruktur für Tabelle `products_properties_values_description`
--

CREATE TABLE `products_properties_values_description` (
  `products_properties_values_description_id` int(11) NOT NULL,
  `products_properties_values_id` int(11) NOT NULL,
  `language_id` int(11) NOT NULL,
  `title` varchar(64) NOT NULL
) ENGINE=MyISAM DEFAULT CHARSET=utf8;

-- --------------------------------------------------------

--
-- Tabellenstruktur für Tabelle `products_questions`
--

CREATE TABLE `products_questions` (
  `products_questions_id` int(11) NOT NULL,
  `products_id` int(11) NOT NULL,
  `customers_id` int(11) NOT NULL,
  `comments` text NOT NULL,
  `date_added` datetime NOT NULL
) ENGINE=MyISAM DEFAULT CHARSET=utf8;

-- --------------------------------------------------------

--
-- Tabellenstruktur für Tabelle `products_serials`
--

CREATE TABLE `products_serials` (
  `products_serials_id` int(11) NOT NULL,
  `products_id` int(11) NOT NULL DEFAULT '0',
  `serial_number` varchar(128) NOT NULL DEFAULT '',
  `serial_status` int(1) NOT NULL DEFAULT '0'
) ENGINE=MyISAM DEFAULT CHARSET=utf8;

-- --------------------------------------------------------

--
-- Tabellenstruktur für Tabelle `products_shipping_extra_charge`
--

CREATE TABLE `products_shipping_extra_charge` (
  `products_shipping_extra_charge_id` int(11) NOT NULL,
  `products_id` int(11) NOT NULL,
  `shipping_graduation_groups_id` int(11) NOT NULL,
  `shipping_extra_charge` decimal(15,4) NOT NULL,
  `date_added` datetime NOT NULL
) ENGINE=InnoDB DEFAULT CHARSET=utf8;

--
-- Daten für Tabelle `products_shipping_extra_charge`
--

INSERT INTO `products_shipping_extra_charge` (`products_shipping_extra_charge_id`, `products_id`, `shipping_graduation_groups_id`, `shipping_extra_charge`, `date_added`) VALUES
(1, 207, 2, 5.0000, '2025-10-22 15:34:08'),
(2, 213, 2, 5.0000, '2025-10-22 15:35:20'),
(3, 223, 2, 5.0000, '2025-10-22 15:36:19');

-- --------------------------------------------------------

--
-- Tabellenstruktur für Tabelle `products_storages`
--

CREATE TABLE `products_storages` (
  `id` int(11) NOT NULL,
  `products_id` int(11) NOT NULL DEFAULT '0',
  `storage_id` int(11) NOT NULL DEFAULT '0',
  `quantity` int(11) NOT NULL DEFAULT '0'
) ENGINE=MyISAM DEFAULT CHARSET=utf8;

-- --------------------------------------------------------

--
-- Tabellenstruktur für Tabelle `products_storages_history`
--

CREATE TABLE `products_storages_history` (
  `id` int(11) NOT NULL,
  `products_id` int(11) NOT NULL DEFAULT '0',
  `storage_id` int(11) NOT NULL DEFAULT '0',
  `date_saved` datetime NOT NULL DEFAULT '0000-00-00 00:00:00',
  `comment` varchar(255) NOT NULL DEFAULT '',
  `customers_id` int(11) NOT NULL DEFAULT '0',
  `orders_id` int(11) NOT NULL DEFAULT '0',
  `quantity` int(11) NOT NULL DEFAULT '0'
) ENGINE=MyISAM DEFAULT CHARSET=utf8;

-- --------------------------------------------------------

--
-- Tabellenstruktur für Tabelle `products_tax_rates_allocation`
--

CREATE TABLE `products_tax_rates_allocation` (
  `products_tax_rates_allocation_id` int(11) NOT NULL,
  `products_id` int(11) NOT NULL,
  `tax_rates_id` int(11) NOT NULL,
  `date_added` datetime NOT NULL
) ENGINE=InnoDB DEFAULT CHARSET=utf8;

--
-- Daten für Tabelle `products_tax_rates_allocation`
--

INSERT INTO `products_tax_rates_allocation` (`products_tax_rates_allocation_id`, `products_id`, `tax_rates_id`, `date_added`) VALUES
(1, 1, 35, '2022-08-10 13:31:12'),
(2, 1, 5, '2022-08-10 13:31:12'),
(3, 1, 69, '2022-08-10 13:31:12'),
(4, 1, 9, '2022-08-10 13:31:12'),
(5, 1, 23, '2022-08-10 13:31:12'),
(6, 1, 32, '2022-08-10 13:31:12'),
(7, 1, 21, '2022-08-10 13:31:12'),
(8, 1, 50, '2022-08-10 13:31:12'),
(9, 1, 57, '2022-08-10 13:31:12'),
(10, 1, 67, '2022-08-10 13:31:12'),
(11, 1, 29, '2022-08-10 13:31:12'),
(12, 1, 72, '2022-08-10 13:31:12'),
(13, 1, 13, '2022-08-10 13:31:12'),
(14, 1, 15, '2022-08-10 13:31:12'),
(15, 1, 18, '2022-08-10 13:31:12'),
(16, 1, 24, '2022-08-10 13:31:12'),
(17, 1, 26, '2022-08-10 13:31:12'),
(18, 1, 39, '2022-08-10 13:31:12'),
(19, 1, 42, '2022-08-10 13:31:12'),
(20, 1, 45, '2022-08-10 13:31:12'),
(21, 1, 54, '2022-08-10 13:31:12'),
(22, 1, 61, '2022-08-10 13:31:12'),
(23, 1, 64, '2022-08-10 13:31:12'),
(24, 1, 76, '2022-08-10 13:31:12'),
(25, 1, 79, '2022-08-10 13:31:12'),
(26, 1, 82, '2022-08-10 13:31:12'),
(27, 1, 84, '2022-08-10 13:31:12'),
(28, 2, 35, '2022-08-10 13:31:12'),
(29, 2, 5, '2022-08-10 13:31:12'),
(30, 2, 69, '2022-08-10 13:31:12'),
(31, 2, 9, '2022-08-10 13:31:12'),
(32, 2, 23, '2022-08-10 13:31:12'),
(33, 2, 32, '2022-08-10 13:31:12'),
(34, 2, 21, '2022-08-10 13:31:12'),
(35, 2, 50, '2022-08-10 13:31:12'),
(36, 2, 57, '2022-08-10 13:31:12'),
(37, 2, 67, '2022-08-10 13:31:12'),
(38, 2, 29, '2022-08-10 13:31:12'),
(39, 2, 72, '2022-08-10 13:31:12'),
(40, 2, 13, '2022-08-10 13:31:12'),
(41, 2, 15, '2022-08-10 13:31:12'),
(42, 2, 18, '2022-08-10 13:31:12'),
(43, 2, 24, '2022-08-10 13:31:12'),
(44, 2, 26, '2022-08-10 13:31:12'),
(45, 2, 39, '2022-08-10 13:31:12'),
(46, 2, 42, '2022-08-10 13:31:12'),
(47, 2, 45, '2022-08-10 13:31:12'),
(48, 2, 54, '2022-08-10 13:31:12'),
(49, 2, 61, '2022-08-10 13:31:12'),
(50, 2, 64, '2022-08-10 13:31:12'),
(51, 2, 76, '2022-08-10 13:31:12'),
(52, 2, 79, '2022-08-10 13:31:12'),
(53, 2, 82, '2022-08-10 13:31:12'),
(54, 2, 84, '2022-08-10 13:31:12'),
(55, 3, 35, '2022-08-10 13:31:12'),
(56, 3, 5, '2022-08-10 13:31:12'),
(57, 3, 69, '2022-08-10 13:31:12'),
(58, 3, 9, '2022-08-10 13:31:12'),
(59, 3, 23, '2022-08-10 13:31:12'),
(60, 3, 32, '2022-08-10 13:31:12'),
(61, 3, 21, '2022-08-10 13:31:12'),
(62, 3, 50, '2022-08-10 13:31:12'),
(63, 3, 57, '2022-08-10 13:31:12'),
(64, 3, 67, '2022-08-10 13:31:12'),
(65, 3, 29, '2022-08-10 13:31:12'),
(66, 3, 72, '2022-08-10 13:31:12'),
(67, 3, 13, '2022-08-10 13:31:12'),
(68, 3, 15, '2022-08-10 13:31:12'),
(69, 3, 18, '2022-08-10 13:31:12'),
(70, 3, 24, '2022-08-10 13:31:12'),
(71, 3, 26, '2022-08-10 13:31:12'),
(72, 3, 39, '2022-08-10 13:31:12'),
(73, 3, 42, '2022-08-10 13:31:12'),
(74, 3, 45, '2022-08-10 13:31:12'),
(75, 3, 54, '2022-08-10 13:31:12'),
(76, 3, 61, '2022-08-10 13:31:12'),
(77, 3, 64, '2022-08-10 13:31:12'),
(78, 3, 76, '2022-08-10 13:31:12'),
(79, 3, 79, '2022-08-10 13:31:12'),
(80, 3, 82, '2022-08-10 13:31:12'),
(81, 3, 84, '2022-08-10 13:31:12'),
(82, 4, 35, '2022-08-10 13:31:12'),
(83, 4, 5, '2022-08-10 13:31:12'),
(84, 4, 69, '2022-08-10 13:31:12'),
(85, 4, 9, '2022-08-10 13:31:12'),
(86, 4, 23, '2022-08-10 13:31:12'),
(87, 4, 32, '2022-08-10 13:31:12'),
(88, 4, 21, '2022-08-10 13:31:12'),
(89, 4, 50, '2022-08-10 13:31:12'),
(90, 4, 57, '2022-08-10 13:31:12'),
(91, 4, 67, '2022-08-10 13:31:12'),
(92, 4, 29, '2022-08-10 13:31:12'),
(93, 4, 72, '2022-08-10 13:31:12'),
(94, 4, 13, '2022-08-10 13:31:12'),
(95, 4, 15, '2022-08-10 13:31:12'),
(96, 4, 18, '2022-08-10 13:31:12'),
(97, 4, 24, '2022-08-10 13:31:12'),
(98, 4, 26, '2022-08-10 13:31:12'),
(99, 4, 39, '2022-08-10 13:31:12'),
(100, 4, 42, '2022-08-10 13:31:12'),
(101, 4, 45, '2022-08-10 13:31:12'),
(102, 4, 54, '2022-08-10 13:31:12'),
(103, 4, 61, '2022-08-10 13:31:12'),
(104, 4, 64, '2022-08-10 13:31:12'),
(105, 4, 76, '2022-08-10 13:31:12'),
(106, 4, 79, '2022-08-10 13:31:12'),
(107, 4, 82, '2022-08-10 13:31:12'),
(108, 4, 84, '2022-08-10 13:31:12'),
(109, 5, 35, '2022-08-10 13:31:12'),
(110, 5, 5, '2022-08-10 13:31:12'),
(111, 5, 69, '2022-08-10 13:31:12'),
(112, 5, 9, '2022-08-10 13:31:12'),
(113, 5, 23, '2022-08-10 13:31:12'),
(114, 5, 32, '2022-08-10 13:31:12'),
(115, 5, 21, '2022-08-10 13:31:12'),
(116, 5, 50, '2022-08-10 13:31:12'),
(117, 5, 57, '2022-08-10 13:31:12'),
(118, 5, 67, '2022-08-10 13:31:12'),
(119, 5, 29, '2022-08-10 13:31:12'),
(120, 5, 72, '2022-08-10 13:31:12'),
(121, 5, 13, '2022-08-10 13:31:12'),
(122, 5, 15, '2022-08-10 13:31:12'),
(123, 5, 18, '2022-08-10 13:31:12'),
(124, 5, 24, '2022-08-10 13:31:12'),
(125, 5, 26, '2022-08-10 13:31:12'),
(126, 5, 39, '2022-08-10 13:31:12'),
(127, 5, 42, '2022-08-10 13:31:12'),
(128, 5, 45, '2022-08-10 13:31:12'),
(129, 5, 54, '2022-08-10 13:31:12'),
(130, 5, 61, '2022-08-10 13:31:12'),
(131, 5, 64, '2022-08-10 13:31:12'),
(132, 5, 76, '2022-08-10 13:31:12'),
(133, 5, 79, '2022-08-10 13:31:12'),
(134, 5, 82, '2022-08-10 13:31:12'),
(135, 5, 84, '2022-08-10 13:31:12'),
(136, 6, 35, '2022-08-10 13:31:12'),
(137, 6, 5, '2022-08-10 13:31:12'),
(138, 6, 69, '2022-08-10 13:31:12'),
(139, 6, 9, '2022-08-10 13:31:12'),
(140, 6, 23, '2022-08-10 13:31:12'),
(141, 6, 32, '2022-08-10 13:31:12'),
(142, 6, 21, '2022-08-10 13:31:12'),
(143, 6, 50, '2022-08-10 13:31:12'),
(144, 6, 57, '2022-08-10 13:31:12'),
(145, 6, 67, '2022-08-10 13:31:12'),
(146, 6, 29, '2022-08-10 13:31:12'),
(147, 6, 72, '2022-08-10 13:31:12'),
(148, 6, 13, '2022-08-10 13:31:12'),
(149, 6, 15, '2022-08-10 13:31:12'),
(150, 6, 18, '2022-08-10 13:31:12'),
(151, 6, 24, '2022-08-10 13:31:12'),
(152, 6, 26, '2022-08-10 13:31:12'),
(153, 6, 39, '2022-08-10 13:31:12'),
(154, 6, 42, '2022-08-10 13:31:12'),
(155, 6, 45, '2022-08-10 13:31:12'),
(156, 6, 54, '2022-08-10 13:31:12'),
(157, 6, 61, '2022-08-10 13:31:12'),
(158, 6, 64, '2022-08-10 13:31:12'),
(159, 6, 76, '2022-08-10 13:31:12'),
(160, 6, 79, '2022-08-10 13:31:12'),
(161, 6, 82, '2022-08-10 13:31:12'),
(162, 6, 84, '2022-08-10 13:31:12'),
(163, 7, 35, '2022-08-10 13:31:12'),
(164, 7, 5, '2022-08-10 13:31:12'),
(165, 7, 69, '2022-08-10 13:31:12'),
(166, 7, 9, '2022-08-10 13:31:12'),
(167, 7, 23, '2022-08-10 13:31:12'),
(168, 7, 32, '2022-08-10 13:31:12'),
(169, 7, 21, '2022-08-10 13:31:12'),
(170, 7, 50, '2022-08-10 13:31:12'),
(171, 7, 57, '2022-08-10 13:31:12'),
(172, 7, 67, '2022-08-10 13:31:12'),
(173, 7, 29, '2022-08-10 13:31:12'),
(174, 7, 72, '2022-08-10 13:31:12'),
(175, 7, 13, '2022-08-10 13:31:12'),
(176, 7, 15, '2022-08-10 13:31:12'),
(177, 7, 18, '2022-08-10 13:31:12'),
(178, 7, 24, '2022-08-10 13:31:12'),
(179, 7, 26, '2022-08-10 13:31:12'),
(180, 7, 39, '2022-08-10 13:31:12'),
(181, 7, 42, '2022-08-10 13:31:12'),
(182, 7, 45, '2022-08-10 13:31:12'),
(183, 7, 54, '2022-08-10 13:31:12'),
(184, 7, 61, '2022-08-10 13:31:12'),
(185, 7, 64, '2022-08-10 13:31:12'),
(186, 7, 76, '2022-08-10 13:31:12'),
(187, 7, 79, '2022-08-10 13:31:12'),
(188, 7, 82, '2022-08-10 13:31:12'),
(189, 7, 84, '2022-08-10 13:31:12'),
(190, 8, 35, '2022-08-10 13:31:12'),
(191, 8, 5, '2022-08-10 13:31:12'),
(192, 8, 69, '2022-08-10 13:31:12'),
(193, 8, 9, '2022-08-10 13:31:12'),
(194, 8, 23, '2022-08-10 13:31:12'),
(195, 8, 32, '2022-08-10 13:31:12'),
(196, 8, 21, '2022-08-10 13:31:12'),
(197, 8, 50, '2022-08-10 13:31:12'),
(198, 8, 57, '2022-08-10 13:31:12'),
(199, 8, 67, '2022-08-10 13:31:12'),
(200, 8, 29, '2022-08-10 13:31:12'),
(201, 8, 72, '2022-08-10 13:31:12'),
(202, 8, 13, '2022-08-10 13:31:12'),
(203, 8, 15, '2022-08-10 13:31:12'),
(204, 8, 18, '2022-08-10 13:31:12'),
(205, 8, 24, '2022-08-10 13:31:12'),
(206, 8, 26, '2022-08-10 13:31:12'),
(207, 8, 39, '2022-08-10 13:31:12'),
(208, 8, 42, '2022-08-10 13:31:12'),
(209, 8, 45, '2022-08-10 13:31:12'),
(210, 8, 54, '2022-08-10 13:31:12'),
(211, 8, 61, '2022-08-10 13:31:12'),
(212, 8, 64, '2022-08-10 13:31:12'),
(213, 8, 76, '2022-08-10 13:31:12'),
(214, 8, 79, '2022-08-10 13:31:12'),
(215, 8, 82, '2022-08-10 13:31:12'),
(216, 8, 84, '2022-08-10 13:31:12'),
(217, 9, 35, '2022-08-10 13:31:12'),
(218, 9, 5, '2022-08-10 13:31:12'),
(219, 9, 69, '2022-08-10 13:31:12'),
(220, 9, 9, '2022-08-10 13:31:12'),
(221, 9, 23, '2022-08-10 13:31:12'),
(222, 9, 32, '2022-08-10 13:31:12'),
(223, 9, 21, '2022-08-10 13:31:12'),
(224, 9, 50, '2022-08-10 13:31:12'),
(225, 9, 57, '2022-08-10 13:31:12'),
(226, 9, 67, '2022-08-10 13:31:12'),
(227, 9, 29, '2022-08-10 13:31:12'),
(228, 9, 72, '2022-08-10 13:31:12'),
(229, 9, 13, '2022-08-10 13:31:12'),
(230, 9, 15, '2022-08-10 13:31:12'),
(231, 9, 18, '2022-08-10 13:31:12'),
(232, 9, 24, '2022-08-10 13:31:12'),
(233, 9, 26, '2022-08-10 13:31:12'),
(234, 9, 39, '2022-08-10 13:31:12'),
(235, 9, 42, '2022-08-10 13:31:12'),
(236, 9, 45, '2022-08-10 13:31:12'),
(237, 9, 54, '2022-08-10 13:31:12'),
(238, 9, 61, '2022-08-10 13:31:12'),
(239, 9, 64, '2022-08-10 13:31:12'),
(240, 9, 76, '2022-08-10 13:31:12'),
(241, 9, 79, '2022-08-10 13:31:12'),
(242, 9, 82, '2022-08-10 13:31:12'),
(243, 9, 84, '2022-08-10 13:31:12'),
(244, 10, 35, '2022-08-10 13:31:12'),
(245, 10, 5, '2022-08-10 13:31:12'),
(246, 10, 69, '2022-08-10 13:31:12'),
(247, 10, 9, '2022-08-10 13:31:12'),
(248, 10, 23, '2022-08-10 13:31:12'),
(249, 10, 32, '2022-08-10 13:31:12'),
(250, 10, 21, '2022-08-10 13:31:12'),
(251, 10, 50, '2022-08-10 13:31:12'),
(252, 10, 57, '2022-08-10 13:31:12'),
(253, 10, 67, '2022-08-10 13:31:12'),
(254, 10, 29, '2022-08-10 13:31:12'),
(255, 10, 72, '2022-08-10 13:31:12'),
(256, 10, 13, '2022-08-10 13:31:12'),
(257, 10, 15, '2022-08-10 13:31:12'),
(258, 10, 18, '2022-08-10 13:31:12'),
(259, 10, 24, '2022-08-10 13:31:12'),
(260, 10, 26, '2022-08-10 13:31:12'),
(261, 10, 39, '2022-08-10 13:31:12'),
(262, 10, 42, '2022-08-10 13:31:12'),
(263, 10, 45, '2022-08-10 13:31:12'),
(264, 10, 54, '2022-08-10 13:31:12'),
(265, 10, 61, '2022-08-10 13:31:12'),
(266, 10, 64, '2022-08-10 13:31:12'),
(267, 10, 76, '2022-08-10 13:31:12'),
(268, 10, 79, '2022-08-10 13:31:12'),
(269, 10, 82, '2022-08-10 13:31:12'),
(270, 10, 84, '2022-08-10 13:31:12'),
(271, 11, 35, '2022-08-10 13:31:12'),
(272, 11, 5, '2022-08-10 13:31:12'),
(273, 11, 69, '2022-08-10 13:31:12'),
(274, 11, 9, '2022-08-10 13:31:12'),
(275, 11, 23, '2022-08-10 13:31:12'),
(276, 11, 32, '2022-08-10 13:31:12'),
(277, 11, 21, '2022-08-10 13:31:12'),
(278, 11, 50, '2022-08-10 13:31:12'),
(279, 11, 57, '2022-08-10 13:31:12'),
(280, 11, 67, '2022-08-10 13:31:12'),
(281, 11, 29, '2022-08-10 13:31:12'),
(282, 11, 72, '2022-08-10 13:31:12'),
(283, 11, 13, '2022-08-10 13:31:12'),
(284, 11, 15, '2022-08-10 13:31:12'),
(285, 11, 18, '2022-08-10 13:31:12'),
(286, 11, 24, '2022-08-10 13:31:12'),
(287, 11, 26, '2022-08-10 13:31:12'),
(288, 11, 39, '2022-08-10 13:31:12'),
(289, 11, 42, '2022-08-10 13:31:12'),
(290, 11, 45, '2022-08-10 13:31:12'),
(291, 11, 54, '2022-08-10 13:31:12'),
(292, 11, 61, '2022-08-10 13:31:12'),
(293, 11, 64, '2022-08-10 13:31:12'),
(294, 11, 76, '2022-08-10 13:31:12'),
(295, 11, 79, '2022-08-10 13:31:12'),
(296, 11, 82, '2022-08-10 13:31:12'),
(297, 11, 84, '2022-08-10 13:31:12'),
(298, 12, 35, '2022-08-10 13:31:12'),
(299, 12, 5, '2022-08-10 13:31:12'),
(300, 12, 69, '2022-08-10 13:31:12'),
(301, 12, 9, '2022-08-10 13:31:12'),
(302, 12, 23, '2022-08-10 13:31:12'),
(303, 12, 32, '2022-08-10 13:31:12'),
(304, 12, 21, '2022-08-10 13:31:12'),
(305, 12, 50, '2022-08-10 13:31:12'),
(306, 12, 57, '2022-08-10 13:31:12'),
(307, 12, 67, '2022-08-10 13:31:12'),
(308, 12, 29, '2022-08-10 13:31:12'),
(309, 12, 72, '2022-08-10 13:31:12'),
(310, 12, 13, '2022-08-10 13:31:12'),
(311, 12, 15, '2022-08-10 13:31:12'),
(312, 12, 18, '2022-08-10 13:31:12'),
(313, 12, 24, '2022-08-10 13:31:12'),
(314, 12, 26, '2022-08-10 13:31:12'),
(315, 12, 39, '2022-08-10 13:31:12'),
(316, 12, 42, '2022-08-10 13:31:12'),
(317, 12, 45, '2022-08-10 13:31:12'),
(318, 12, 54, '2022-08-10 13:31:12'),
(319, 12, 61, '2022-08-10 13:31:12'),
(320, 12, 64, '2022-08-10 13:31:12'),
(321, 12, 76, '2022-08-10 13:31:12'),
(322, 12, 79, '2022-08-10 13:31:12'),
(323, 12, 82, '2022-08-10 13:31:12'),
(324, 12, 84, '2022-08-10 13:31:12'),
(325, 13, 35, '2022-08-10 13:31:12'),
(326, 13, 5, '2022-08-10 13:31:12'),
(327, 13, 69, '2022-08-10 13:31:12'),
(328, 13, 9, '2022-08-10 13:31:12'),
(329, 13, 23, '2022-08-10 13:31:12'),
(330, 13, 32, '2022-08-10 13:31:12'),
(331, 13, 21, '2022-08-10 13:31:12'),
(332, 13, 50, '2022-08-10 13:31:12'),
(333, 13, 57, '2022-08-10 13:31:12'),
(334, 13, 67, '2022-08-10 13:31:12'),
(335, 13, 29, '2022-08-10 13:31:12'),
(336, 13, 72, '2022-08-10 13:31:12'),
(337, 13, 13, '2022-08-10 13:31:12'),
(338, 13, 15, '2022-08-10 13:31:12'),
(339, 13, 18, '2022-08-10 13:31:12'),
(340, 13, 24, '2022-08-10 13:31:12'),
(341, 13, 26, '2022-08-10 13:31:12'),
(342, 13, 39, '2022-08-10 13:31:12'),
(343, 13, 42, '2022-08-10 13:31:12'),
(344, 13, 45, '2022-08-10 13:31:12'),
(345, 13, 54, '2022-08-10 13:31:12'),
(346, 13, 61, '2022-08-10 13:31:12'),
(347, 13, 64, '2022-08-10 13:31:12'),
(348, 13, 76, '2022-08-10 13:31:12'),
(349, 13, 79, '2022-08-10 13:31:12'),
(350, 13, 82, '2022-08-10 13:31:12'),
(351, 13, 84, '2022-08-10 13:31:12'),
(352, 14, 35, '2022-08-10 13:31:12'),
(353, 14, 5, '2022-08-10 13:31:12'),
(354, 14, 69, '2022-08-10 13:31:12'),
(355, 14, 9, '2022-08-10 13:31:12'),
(356, 14, 23, '2022-08-10 13:31:12'),
(357, 14, 32, '2022-08-10 13:31:12'),
(358, 14, 21, '2022-08-10 13:31:12'),
(359, 14, 50, '2022-08-10 13:31:12'),
(360, 14, 57, '2022-08-10 13:31:12'),
(361, 14, 67, '2022-08-10 13:31:12'),
(362, 14, 29, '2022-08-10 13:31:12'),
(363, 14, 72, '2022-08-10 13:31:12'),
(364, 14, 13, '2022-08-10 13:31:12'),
(365, 14, 15, '2022-08-10 13:31:12'),
(366, 14, 18, '2022-08-10 13:31:12'),
(367, 14, 24, '2022-08-10 13:31:12'),
(368, 14, 26, '2022-08-10 13:31:12'),
(369, 14, 39, '2022-08-10 13:31:12'),
(370, 14, 42, '2022-08-10 13:31:12'),
(371, 14, 45, '2022-08-10 13:31:12'),
(372, 14, 54, '2022-08-10 13:31:12'),
(373, 14, 61, '2022-08-10 13:31:12'),
(374, 14, 64, '2022-08-10 13:31:12'),
(375, 14, 76, '2022-08-10 13:31:12'),
(376, 14, 79, '2022-08-10 13:31:12'),
(377, 14, 82, '2022-08-10 13:31:12'),
(378, 14, 84, '2022-08-10 13:31:12'),
(379, 15, 35, '2022-08-10 13:31:12'),
(380, 15, 5, '2022-08-10 13:31:12'),
(381, 15, 69, '2022-08-10 13:31:12'),
(382, 15, 9, '2022-08-10 13:31:12'),
(383, 15, 23, '2022-08-10 13:31:12'),
(384, 15, 32, '2022-08-10 13:31:12'),
(385, 15, 21, '2022-08-10 13:31:12'),
(386, 15, 50, '2022-08-10 13:31:12'),
(387, 15, 57, '2022-08-10 13:31:12'),
(388, 15, 67, '2022-08-10 13:31:12'),
(389, 15, 29, '2022-08-10 13:31:12'),
(390, 15, 72, '2022-08-10 13:31:12'),
(391, 15, 13, '2022-08-10 13:31:12'),
(392, 15, 15, '2022-08-10 13:31:12'),
(393, 15, 18, '2022-08-10 13:31:12'),
(394, 15, 24, '2022-08-10 13:31:12'),
(395, 15, 26, '2022-08-10 13:31:12'),
(396, 15, 39, '2022-08-10 13:31:12'),
(397, 15, 42, '2022-08-10 13:31:12'),
(398, 15, 45, '2022-08-10 13:31:12'),
(399, 15, 54, '2022-08-10 13:31:12'),
(400, 15, 61, '2022-08-10 13:31:12'),
(401, 15, 64, '2022-08-10 13:31:12'),
(402, 15, 76, '2022-08-10 13:31:12'),
(403, 15, 79, '2022-08-10 13:31:12'),
(404, 15, 82, '2022-08-10 13:31:12'),
(405, 15, 84, '2022-08-10 13:31:12'),
(406, 16, 35, '2022-08-10 13:31:12'),
(407, 16, 5, '2022-08-10 13:31:12'),
(408, 16, 69, '2022-08-10 13:31:12'),
(409, 16, 9, '2022-08-10 13:31:12'),
(410, 16, 23, '2022-08-10 13:31:12'),
(411, 16, 32, '2022-08-10 13:31:12'),
(412, 16, 21, '2022-08-10 13:31:12'),
(413, 16, 50, '2022-08-10 13:31:12'),
(414, 16, 57, '2022-08-10 13:31:12'),
(415, 16, 67, '2022-08-10 13:31:12'),
(416, 16, 29, '2022-08-10 13:31:12'),
(417, 16, 72, '2022-08-10 13:31:12'),
(418, 16, 13, '2022-08-10 13:31:12'),
(419, 16, 15, '2022-08-10 13:31:12'),
(420, 16, 18, '2022-08-10 13:31:12'),
(421, 16, 24, '2022-08-10 13:31:12'),
(422, 16, 26, '2022-08-10 13:31:12'),
(423, 16, 39, '2022-08-10 13:31:12'),
(424, 16, 42, '2022-08-10 13:31:12'),
(425, 16, 45, '2022-08-10 13:31:12'),
(426, 16, 54, '2022-08-10 13:31:12'),
(427, 16, 61, '2022-08-10 13:31:12'),
(428, 16, 64, '2022-08-10 13:31:12'),
(429, 16, 76, '2022-08-10 13:31:12'),
(430, 16, 79, '2022-08-10 13:31:12'),
(431, 16, 82, '2022-08-10 13:31:12'),
(432, 16, 84, '2022-08-10 13:31:12'),
(433, 17, 35, '2022-08-10 13:31:12'),
(434, 17, 5, '2022-08-10 13:31:12'),
(435, 17, 69, '2022-08-10 13:31:12'),
(436, 17, 9, '2022-08-10 13:31:12'),
(437, 17, 23, '2022-08-10 13:31:12'),
(438, 17, 32, '2022-08-10 13:31:12'),
(439, 17, 21, '2022-08-10 13:31:12'),
(440, 17, 50, '2022-08-10 13:31:12'),
(441, 17, 57, '2022-08-10 13:31:12'),
(442, 17, 67, '2022-08-10 13:31:12'),
(443, 17, 29, '2022-08-10 13:31:12'),
(444, 17, 72, '2022-08-10 13:31:12'),
(445, 17, 13, '2022-08-10 13:31:12'),
(446, 17, 15, '2022-08-10 13:31:12'),
(447, 17, 18, '2022-08-10 13:31:12'),
(448, 17, 24, '2022-08-10 13:31:12'),
(449, 17, 26, '2022-08-10 13:31:12'),
(450, 17, 39, '2022-08-10 13:31:12'),
(451, 17, 42, '2022-08-10 13:31:12'),
(452, 17, 45, '2022-08-10 13:31:12'),
(453, 17, 54, '2022-08-10 13:31:12'),
(454, 17, 61, '2022-08-10 13:31:12'),
(455, 17, 64, '2022-08-10 13:31:12'),
(456, 17, 76, '2022-08-10 13:31:12'),
(457, 17, 79, '2022-08-10 13:31:12'),
(458, 17, 82, '2022-08-10 13:31:12'),
(459, 17, 84, '2022-08-10 13:31:12'),
(460, 18, 35, '2022-08-10 13:31:12'),
(461, 18, 5, '2022-08-10 13:31:12'),
(462, 18, 69, '2022-08-10 13:31:12'),
(463, 18, 9, '2022-08-10 13:31:12'),
(464, 18, 23, '2022-08-10 13:31:12'),
(465, 18, 32, '2022-08-10 13:31:12'),
(466, 18, 21, '2022-08-10 13:31:12'),
(467, 18, 50, '2022-08-10 13:31:12'),
(468, 18, 57, '2022-08-10 13:31:12'),
(469, 18, 67, '2022-08-10 13:31:12'),
(470, 18, 29, '2022-08-10 13:31:12'),
(471, 18, 72, '2022-08-10 13:31:12'),
(472, 18, 13, '2022-08-10 13:31:12'),
(473, 18, 15, '2022-08-10 13:31:12'),
(474, 18, 18, '2022-08-10 13:31:12'),
(475, 18, 24, '2022-08-10 13:31:12'),
(476, 18, 26, '2022-08-10 13:31:12'),
(477, 18, 39, '2022-08-10 13:31:12'),
(478, 18, 42, '2022-08-10 13:31:12'),
(479, 18, 45, '2022-08-10 13:31:12'),
(480, 18, 54, '2022-08-10 13:31:12'),
(481, 18, 61, '2022-08-10 13:31:12'),
(482, 18, 64, '2022-08-10 13:31:12'),
(483, 18, 76, '2022-08-10 13:31:12'),
(484, 18, 79, '2022-08-10 13:31:12'),
(485, 18, 82, '2022-08-10 13:31:12'),
(486, 18, 84, '2022-08-10 13:31:12'),
(487, 19, 35, '2022-08-10 13:31:12'),
(488, 19, 5, '2022-08-10 13:31:12'),
(489, 19, 69, '2022-08-10 13:31:12'),
(490, 19, 9, '2022-08-10 13:31:12'),
(491, 19, 23, '2022-08-10 13:31:12'),
(492, 19, 32, '2022-08-10 13:31:12'),
(493, 19, 21, '2022-08-10 13:31:12'),
(494, 19, 50, '2022-08-10 13:31:12'),
(495, 19, 57, '2022-08-10 13:31:12'),
(496, 19, 67, '2022-08-10 13:31:12'),
(497, 19, 29, '2022-08-10 13:31:12'),
(498, 19, 72, '2022-08-10 13:31:12'),
(499, 19, 13, '2022-08-10 13:31:12'),
(500, 19, 15, '2022-08-10 13:31:12'),
(501, 19, 18, '2022-08-10 13:31:12'),
(502, 19, 24, '2022-08-10 13:31:12'),
(503, 19, 26, '2022-08-10 13:31:12'),
(504, 19, 39, '2022-08-10 13:31:12'),
(505, 19, 42, '2022-08-10 13:31:12'),
(506, 19, 45, '2022-08-10 13:31:12'),
(507, 19, 54, '2022-08-10 13:31:12'),
(508, 19, 61, '2022-08-10 13:31:12'),
(509, 19, 64, '2022-08-10 13:31:12'),
(510, 19, 76, '2022-08-10 13:31:12'),
(511, 19, 79, '2022-08-10 13:31:12'),
(512, 19, 82, '2022-08-10 13:31:12'),
(513, 19, 84, '2022-08-10 13:31:12'),
(514, 20, 35, '2022-08-10 13:31:12'),
(515, 20, 5, '2022-08-10 13:31:12'),
(516, 20, 69, '2022-08-10 13:31:12'),
(517, 20, 9, '2022-08-10 13:31:12'),
(518, 20, 23, '2022-08-10 13:31:12'),
(519, 20, 32, '2022-08-10 13:31:12'),
(520, 20, 21, '2022-08-10 13:31:12'),
(521, 20, 50, '2022-08-10 13:31:12'),
(522, 20, 57, '2022-08-10 13:31:12'),
(523, 20, 67, '2022-08-10 13:31:12'),
(524, 20, 29, '2022-08-10 13:31:12'),
(525, 20, 72, '2022-08-10 13:31:12'),
(526, 20, 13, '2022-08-10 13:31:12'),
(527, 20, 15, '2022-08-10 13:31:12'),
(528, 20, 18, '2022-08-10 13:31:12'),
(529, 20, 24, '2022-08-10 13:31:12'),
(530, 20, 26, '2022-08-10 13:31:12'),
(531, 20, 39, '2022-08-10 13:31:12'),
(532, 20, 42, '2022-08-10 13:31:12'),
(533, 20, 45, '2022-08-10 13:31:12'),
(534, 20, 54, '2022-08-10 13:31:12'),
(535, 20, 61, '2022-08-10 13:31:12'),
(536, 20, 64, '2022-08-10 13:31:12'),
(537, 20, 76, '2022-08-10 13:31:12'),
(538, 20, 79, '2022-08-10 13:31:12'),
(539, 20, 82, '2022-08-10 13:31:12'),
(540, 20, 84, '2022-08-10 13:31:12'),
(599, 102, 1, '2024-09-24 12:35:28'),
(600, 102, 5, '2024-09-24 12:35:28'),
(601, 102, 9, '2024-09-24 12:35:28'),
(602, 102, 13, '2024-09-24 12:35:28'),
(603, 102, 15, '2024-09-24 12:35:28'),
(604, 102, 18, '2024-09-24 12:35:28'),
(605, 102, 21, '2024-09-24 12:35:28'),
(606, 102, 23, '2024-09-24 12:35:28'),
(607, 102, 24, '2024-09-24 12:35:28'),
(608, 102, 29, '2024-09-24 12:35:28'),
(609, 102, 32, '2024-09-24 12:35:28'),
(610, 102, 35, '2024-09-24 12:35:28'),
(611, 102, 26, '2024-09-24 12:35:28'),
(612, 102, 39, '2024-09-24 12:35:28'),
(613, 102, 42, '2024-09-24 12:35:28'),
(614, 102, 45, '2024-09-24 12:35:28'),
(615, 102, 50, '2024-09-24 12:35:28'),
(616, 102, 54, '2024-09-24 12:35:28'),
(617, 102, 57, '2024-09-24 12:35:28'),
(618, 102, 61, '2024-09-24 12:35:28'),
(619, 102, 64, '2024-09-24 12:35:28'),
(620, 102, 67, '2024-09-24 12:35:28'),
(621, 102, 69, '2024-09-24 12:35:28'),
(622, 102, 72, '2024-09-24 12:35:28'),
(623, 102, 76, '2024-09-24 12:35:28'),
(624, 102, 79, '2024-09-24 12:35:28'),
(625, 102, 82, '2024-09-24 12:35:28'),
(626, 102, 84, '2024-09-24 12:35:28'),
(627, 102, 3, '2024-09-24 12:35:28'),
(628, 103, 1, '2024-09-26 08:52:38'),
(629, 103, 5, '2024-09-26 08:52:38'),
(630, 103, 9, '2024-09-26 08:52:38'),
(631, 103, 13, '2024-09-26 08:52:38'),
(632, 103, 15, '2024-09-26 08:52:38'),
(633, 103, 18, '2024-09-26 08:52:38'),
(634, 103, 21, '2024-09-26 08:52:38'),
(635, 103, 23, '2024-09-26 08:52:38'),
(636, 103, 24, '2024-09-26 08:52:38'),
(637, 103, 29, '2024-09-26 08:52:38'),
(638, 103, 32, '2024-09-26 08:52:38'),
(639, 103, 35, '2024-09-26 08:52:38'),
(640, 103, 26, '2024-09-26 08:52:38'),
(641, 103, 39, '2024-09-26 08:52:38'),
(642, 103, 42, '2024-09-26 08:52:38'),
(643, 103, 45, '2024-09-26 08:52:38'),
(644, 103, 50, '2024-09-26 08:52:38'),
(645, 103, 54, '2024-09-26 08:52:38'),
(646, 103, 57, '2024-09-26 08:52:38'),
(647, 103, 61, '2024-09-26 08:52:38'),
(648, 103, 64, '2024-09-26 08:52:38'),
(649, 103, 67, '2024-09-26 08:52:38'),
(650, 103, 69, '2024-09-26 08:52:38'),
(651, 103, 72, '2024-09-26 08:52:38'),
(652, 103, 76, '2024-09-26 08:52:38'),
(653, 103, 79, '2024-09-26 08:52:38'),
(654, 103, 82, '2024-09-26 08:52:38'),
(655, 103, 84, '2024-09-26 08:52:39'),
(656, 103, 3, '2024-09-26 08:52:39'),
(657, 104, 1, '2024-09-26 08:52:39'),
(658, 104, 5, '2024-09-26 08:52:39'),
(659, 104, 9, '2024-09-26 08:52:39'),
(660, 104, 13, '2024-09-26 08:52:39'),
(661, 104, 15, '2024-09-26 08:52:39'),
(662, 104, 18, '2024-09-26 08:52:39'),
(663, 104, 21, '2024-09-26 08:52:39'),
(664, 104, 23, '2024-09-26 08:52:39'),
(665, 104, 24, '2024-09-26 08:52:39'),
(666, 104, 29, '2024-09-26 08:52:39'),
(667, 104, 32, '2024-09-26 08:52:39'),
(668, 104, 35, '2024-09-26 08:52:39'),
(669, 104, 26, '2024-09-26 08:52:39'),
(670, 104, 39, '2024-09-26 08:52:39'),
(671, 104, 42, '2024-09-26 08:52:39'),
(672, 104, 45, '2024-09-26 08:52:39'),
(673, 104, 50, '2024-09-26 08:52:39'),
(674, 104, 54, '2024-09-26 08:52:39'),
(675, 104, 57, '2024-09-26 08:52:39'),
(676, 104, 61, '2024-09-26 08:52:39'),
(677, 104, 64, '2024-09-26 08:52:39'),
(678, 104, 67, '2024-09-26 08:52:39'),
(679, 104, 69, '2024-09-26 08:52:39'),
(680, 104, 72, '2024-09-26 08:52:39'),
(681, 104, 76, '2024-09-26 08:52:39'),
(682, 104, 79, '2024-09-26 08:52:39'),
(683, 104, 82, '2024-09-26 08:52:39'),
(684, 104, 84, '2024-09-26 08:52:39'),
(685, 104, 3, '2024-09-26 08:52:39'),
(686, 105, 1, '2024-09-26 08:52:39'),
(687, 105, 5, '2024-09-26 08:52:39'),
(688, 105, 9, '2024-09-26 08:52:39'),
(689, 105, 13, '2024-09-26 08:52:39'),
(690, 105, 15, '2024-09-26 08:52:39'),
(691, 105, 18, '2024-09-26 08:52:39'),
(692, 105, 21, '2024-09-26 08:52:39'),
(693, 105, 23, '2024-09-26 08:52:39'),
(694, 105, 24, '2024-09-26 08:52:39'),
(695, 105, 29, '2024-09-26 08:52:39'),
(696, 105, 32, '2024-09-26 08:52:39'),
(697, 105, 35, '2024-09-26 08:52:39'),
(698, 105, 26, '2024-09-26 08:52:39'),
(699, 105, 39, '2024-09-26 08:52:39'),
(700, 105, 42, '2024-09-26 08:52:39'),
(701, 105, 45, '2024-09-26 08:52:39'),
(702, 105, 50, '2024-09-26 08:52:39'),
(703, 105, 54, '2024-09-26 08:52:39'),
(704, 105, 57, '2024-09-26 08:52:39'),
(705, 105, 61, '2024-09-26 08:52:39'),
(706, 105, 64, '2024-09-26 08:52:39'),
(707, 105, 67, '2024-09-26 08:52:39'),
(708, 105, 69, '2024-09-26 08:52:39'),
(709, 105, 72, '2024-09-26 08:52:39'),
(710, 105, 76, '2024-09-26 08:52:39'),
(711, 105, 79, '2024-09-26 08:52:39'),
(712, 105, 82, '2024-09-26 08:52:39'),
(713, 105, 84, '2024-09-26 08:52:39'),
(714, 105, 3, '2024-09-26 08:52:39'),
(715, 106, 1, '2024-09-26 08:52:39'),
(716, 106, 5, '2024-09-26 08:52:39'),
(717, 106, 9, '2024-09-26 08:52:39'),
(718, 106, 13, '2024-09-26 08:52:39'),
(719, 106, 15, '2024-09-26 08:52:39'),
(720, 106, 18, '2024-09-26 08:52:39'),
(721, 106, 21, '2024-09-26 08:52:39'),
(722, 106, 23, '2024-09-26 08:52:39'),
(723, 106, 24, '2024-09-26 08:52:39'),
(724, 106, 29, '2024-09-26 08:52:39'),
(725, 106, 32, '2024-09-26 08:52:39'),
(726, 106, 35, '2024-09-26 08:52:39'),
(727, 106, 26, '2024-09-26 08:52:39'),
(728, 106, 39, '2024-09-26 08:52:39'),
(729, 106, 42, '2024-09-26 08:52:39'),
(730, 106, 45, '2024-09-26 08:52:39'),
(731, 106, 50, '2024-09-26 08:52:39'),
(732, 106, 54, '2024-09-26 08:52:39'),
(733, 106, 57, '2024-09-26 08:52:39'),
(734, 106, 61, '2024-09-26 08:52:39'),
(735, 106, 64, '2024-09-26 08:52:39'),
(736, 106, 67, '2024-09-26 08:52:39'),
(737, 106, 69, '2024-09-26 08:52:39'),
(738, 106, 72, '2024-09-26 08:52:39'),
(739, 106, 76, '2024-09-26 08:52:39'),
(740, 106, 79, '2024-09-26 08:52:39'),
(741, 106, 82, '2024-09-26 08:52:39'),
(742, 106, 84, '2024-09-26 08:52:39'),
(743, 106, 3, '2024-09-26 08:52:39'),
(744, 107, 1, '2024-09-26 08:52:39'),
(745, 107, 5, '2024-09-26 08:52:39'),
(746, 107, 9, '2024-09-26 08:52:39'),
(747, 107, 13, '2024-09-26 08:52:39'),
(748, 107, 15, '2024-09-26 08:52:39'),
(749, 107, 18, '2024-09-26 08:52:39'),
(750, 107, 21, '2024-09-26 08:52:39'),
(751, 107, 23, '2024-09-26 08:52:39'),
(752, 107, 24, '2024-09-26 08:52:39'),
(753, 107, 29, '2024-09-26 08:52:39'),
(754, 107, 32, '2024-09-26 08:52:39'),
(755, 107, 35, '2024-09-26 08:52:39'),
(756, 107, 26, '2024-09-26 08:52:39'),
(757, 107, 39, '2024-09-26 08:52:39'),
(758, 107, 42, '2024-09-26 08:52:39'),
(759, 107, 45, '2024-09-26 08:52:39'),
(760, 107, 50, '2024-09-26 08:52:39'),
(761, 107, 54, '2024-09-26 08:52:39'),
(762, 107, 57, '2024-09-26 08:52:39'),
(763, 107, 61, '2024-09-26 08:52:39'),
(764, 107, 64, '2024-09-26 08:52:39'),
(765, 107, 67, '2024-09-26 08:52:39'),
(766, 107, 69, '2024-09-26 08:52:39'),
(767, 107, 72, '2024-09-26 08:52:39'),
(768, 107, 76, '2024-09-26 08:52:39'),
(769, 107, 79, '2024-09-26 08:52:39'),
(770, 107, 82, '2024-09-26 08:52:39'),
(771, 107, 84, '2024-09-26 08:52:39'),
(772, 107, 3, '2024-09-26 08:52:39'),
(773, 108, 1, '2024-09-26 08:52:39'),
(774, 108, 5, '2024-09-26 08:52:39'),
(775, 108, 9, '2024-09-26 08:52:39'),
(776, 108, 13, '2024-09-26 08:52:39'),
(777, 108, 15, '2024-09-26 08:52:39'),
(778, 108, 18, '2024-09-26 08:52:39'),
(779, 108, 21, '2024-09-26 08:52:39'),
(780, 108, 23, '2024-09-26 08:52:39'),
(781, 108, 24, '2024-09-26 08:52:39'),
(782, 108, 29, '2024-09-26 08:52:39'),
(783, 108, 32, '2024-09-26 08:52:39'),
(784, 108, 35, '2024-09-26 08:52:39'),
(785, 108, 26, '2024-09-26 08:52:39'),
(786, 108, 39, '2024-09-26 08:52:39'),
(787, 108, 42, '2024-09-26 08:52:39'),
(788, 108, 45, '2024-09-26 08:52:39'),
(789, 108, 50, '2024-09-26 08:52:39'),
(790, 108, 54, '2024-09-26 08:52:39'),
(791, 108, 57, '2024-09-26 08:52:39'),
(792, 108, 61, '2024-09-26 08:52:39'),
(793, 108, 64, '2024-09-26 08:52:39'),
(794, 108, 67, '2024-09-26 08:52:39'),
(795, 108, 69, '2024-09-26 08:52:39'),
(796, 108, 72, '2024-09-26 08:52:39'),
(797, 108, 76, '2024-09-26 08:52:39'),
(798, 108, 79, '2024-09-26 08:52:39'),
(799, 108, 82, '2024-09-26 08:52:39'),
(800, 108, 84, '2024-09-26 08:52:39'),
(801, 108, 3, '2024-09-26 08:52:39'),
(802, 109, 1, '2024-09-26 08:52:39'),
(803, 109, 5, '2024-09-26 08:52:39'),
(804, 109, 9, '2024-09-26 08:52:39'),
(805, 109, 13, '2024-09-26 08:52:39'),
(806, 109, 15, '2024-09-26 08:52:39'),
(807, 109, 18, '2024-09-26 08:52:39'),
(808, 109, 21, '2024-09-26 08:52:39'),
(809, 109, 23, '2024-09-26 08:52:39'),
(810, 109, 24, '2024-09-26 08:52:39'),
(811, 109, 29, '2024-09-26 08:52:39'),
(812, 109, 32, '2024-09-26 08:52:39'),
(813, 109, 35, '2024-09-26 08:52:39'),
(814, 109, 26, '2024-09-26 08:52:39'),
(815, 109, 39, '2024-09-26 08:52:39'),
(816, 109, 42, '2024-09-26 08:52:39'),
(817, 109, 45, '2024-09-26 08:52:39'),
(818, 109, 50, '2024-09-26 08:52:39'),
(819, 109, 54, '2024-09-26 08:52:39'),
(820, 109, 57, '2024-09-26 08:52:39'),
(821, 109, 61, '2024-09-26 08:52:39'),
(822, 109, 64, '2024-09-26 08:52:39'),
(823, 109, 67, '2024-09-26 08:52:39'),
(824, 109, 69, '2024-09-26 08:52:39'),
(825, 109, 72, '2024-09-26 08:52:39'),
(826, 109, 76, '2024-09-26 08:52:39'),
(827, 109, 79, '2024-09-26 08:52:39'),
(828, 109, 82, '2024-09-26 08:52:39'),
(829, 109, 84, '2024-09-26 08:52:39'),
(830, 109, 3, '2024-09-26 08:52:39'),
(831, 110, 1, '2024-09-26 08:52:39'),
(832, 110, 5, '2024-09-26 08:52:39'),
(833, 110, 9, '2024-09-26 08:52:39'),
(834, 110, 13, '2024-09-26 08:52:39'),
(835, 110, 15, '2024-09-26 08:52:39'),
(836, 110, 18, '2024-09-26 08:52:39'),
(837, 110, 21, '2024-09-26 08:52:39'),
(838, 110, 23, '2024-09-26 08:52:39'),
(839, 110, 24, '2024-09-26 08:52:39'),
(840, 110, 29, '2024-09-26 08:52:39'),
(841, 110, 32, '2024-09-26 08:52:39'),
(842, 110, 35, '2024-09-26 08:52:39'),
(843, 110, 26, '2024-09-26 08:52:39'),
(844, 110, 39, '2024-09-26 08:52:39'),
(845, 110, 42, '2024-09-26 08:52:39'),
(846, 110, 45, '2024-09-26 08:52:39'),
(847, 110, 50, '2024-09-26 08:52:39'),
(848, 110, 54, '2024-09-26 08:52:39'),
(849, 110, 57, '2024-09-26 08:52:39'),
(850, 110, 61, '2024-09-26 08:52:39'),
(851, 110, 64, '2024-09-26 08:52:39'),
(852, 110, 67, '2024-09-26 08:52:39'),
(853, 110, 69, '2024-09-26 08:52:39'),
(854, 110, 72, '2024-09-26 08:52:39'),
(855, 110, 76, '2024-09-26 08:52:39'),
(856, 110, 79, '2024-09-26 08:52:39'),
(857, 110, 82, '2024-09-26 08:52:39'),
(858, 110, 84, '2024-09-26 08:52:39'),
(859, 110, 3, '2024-09-26 08:52:39'),
(860, 111, 1, '2024-09-26 08:52:39'),
(861, 111, 5, '2024-09-26 08:52:39'),
(862, 111, 9, '2024-09-26 08:52:39'),
(863, 111, 13, '2024-09-26 08:52:39'),
(864, 111, 15, '2024-09-26 08:52:39'),
(865, 111, 18, '2024-09-26 08:52:39'),
(866, 111, 21, '2024-09-26 08:52:39'),
(867, 111, 23, '2024-09-26 08:52:39'),
(868, 111, 24, '2024-09-26 08:52:39'),
(869, 111, 29, '2024-09-26 08:52:39'),
(870, 111, 32, '2024-09-26 08:52:39'),
(871, 111, 35, '2024-09-26 08:52:39'),
(872, 111, 26, '2024-09-26 08:52:39'),
(873, 111, 39, '2024-09-26 08:52:39'),
(874, 111, 42, '2024-09-26 08:52:39'),
(875, 111, 45, '2024-09-26 08:52:39'),
(876, 111, 50, '2024-09-26 08:52:39'),
(877, 111, 54, '2024-09-26 08:52:39'),
(878, 111, 57, '2024-09-26 08:52:39'),
(879, 111, 61, '2024-09-26 08:52:39'),
(880, 111, 64, '2024-09-26 08:52:39'),
(881, 111, 67, '2024-09-26 08:52:39'),
(882, 111, 69, '2024-09-26 08:52:39'),
(883, 111, 72, '2024-09-26 08:52:39'),
(884, 111, 76, '2024-09-26 08:52:39'),
(885, 111, 79, '2024-09-26 08:52:39'),
(886, 111, 82, '2024-09-26 08:52:39'),
(887, 111, 84, '2024-09-26 08:52:39'),
(888, 111, 3, '2024-09-26 08:52:39'),
(889, 112, 1, '2024-09-26 08:52:39'),
(890, 112, 5, '2024-09-26 08:52:39'),
(891, 112, 9, '2024-09-26 08:52:39'),
(892, 112, 13, '2024-09-26 08:52:39'),
(893, 112, 15, '2024-09-26 08:52:39'),
(894, 112, 18, '2024-09-26 08:52:39'),
(895, 112, 21, '2024-09-26 08:52:39'),
(896, 112, 23, '2024-09-26 08:52:39'),
(897, 112, 24, '2024-09-26 08:52:39'),
(898, 112, 29, '2024-09-26 08:52:39'),
(899, 112, 32, '2024-09-26 08:52:39'),
(900, 112, 35, '2024-09-26 08:52:39'),
(901, 112, 26, '2024-09-26 08:52:39'),
(902, 112, 39, '2024-09-26 08:52:39'),
(903, 112, 42, '2024-09-26 08:52:39'),
(904, 112, 45, '2024-09-26 08:52:39'),
(905, 112, 50, '2024-09-26 08:52:39'),
(906, 112, 54, '2024-09-26 08:52:39'),
(907, 112, 57, '2024-09-26 08:52:39'),
(908, 112, 61, '2024-09-26 08:52:39'),
(909, 112, 64, '2024-09-26 08:52:39'),
(910, 112, 67, '2024-09-26 08:52:39'),
(911, 112, 69, '2024-09-26 08:52:39'),
(912, 112, 72, '2024-09-26 08:52:39'),
(913, 112, 76, '2024-09-26 08:52:39'),
(914, 112, 79, '2024-09-26 08:52:39'),
(915, 112, 82, '2024-09-26 08:52:39'),
(916, 112, 84, '2024-09-26 08:52:39'),
(917, 112, 3, '2024-09-26 08:52:39'),
(918, 113, 1, '2024-09-26 08:52:39'),
(919, 113, 5, '2024-09-26 08:52:39'),
(920, 113, 9, '2024-09-26 08:52:39'),
(921, 113, 13, '2024-09-26 08:52:39'),
(922, 113, 15, '2024-09-26 08:52:39'),
(923, 113, 18, '2024-09-26 08:52:39'),
(924, 113, 21, '2024-09-26 08:52:39'),
(925, 113, 23, '2024-09-26 08:52:39'),
(926, 113, 24, '2024-09-26 08:52:39'),
(927, 113, 29, '2024-09-26 08:52:39'),
(928, 113, 32, '2024-09-26 08:52:39'),
(929, 113, 35, '2024-09-26 08:52:39'),
(930, 113, 26, '2024-09-26 08:52:39'),
(931, 113, 39, '2024-09-26 08:52:39'),
(932, 113, 42, '2024-09-26 08:52:39'),
(933, 113, 45, '2024-09-26 08:52:39'),
(934, 113, 50, '2024-09-26 08:52:39'),
(935, 113, 54, '2024-09-26 08:52:39'),
(936, 113, 57, '2024-09-26 08:52:39'),
(937, 113, 61, '2024-09-26 08:52:39'),
(938, 113, 64, '2024-09-26 08:52:39'),
(939, 113, 67, '2024-09-26 08:52:39'),
(940, 113, 69, '2024-09-26 08:52:39'),
(941, 113, 72, '2024-09-26 08:52:39'),
(942, 113, 76, '2024-09-26 08:52:39'),
(943, 113, 79, '2024-09-26 08:52:39'),
(944, 113, 82, '2024-09-26 08:52:39'),
(945, 113, 84, '2024-09-26 08:52:39'),
(946, 113, 3, '2024-09-26 08:52:39'),
(947, 114, 1, '2024-09-26 08:52:39'),
(948, 114, 5, '2024-09-26 08:52:39'),
(949, 114, 9, '2024-09-26 08:52:39'),
(950, 114, 13, '2024-09-26 08:52:39'),
(951, 114, 15, '2024-09-26 08:52:39'),
(952, 114, 18, '2024-09-26 08:52:39'),
(953, 114, 21, '2024-09-26 08:52:39'),
(954, 114, 23, '2024-09-26 08:52:39'),
(955, 114, 24, '2024-09-26 08:52:39'),
(956, 114, 29, '2024-09-26 08:52:39'),
(957, 114, 32, '2024-09-26 08:52:39'),
(958, 114, 35, '2024-09-26 08:52:39'),
(959, 114, 26, '2024-09-26 08:52:39'),
(960, 114, 39, '2024-09-26 08:52:39'),
(961, 114, 42, '2024-09-26 08:52:39'),
(962, 114, 45, '2024-09-26 08:52:39'),
(963, 114, 50, '2024-09-26 08:52:39'),
(964, 114, 54, '2024-09-26 08:52:39'),
(965, 114, 57, '2024-09-26 08:52:39'),
(966, 114, 61, '2024-09-26 08:52:39'),
(967, 114, 64, '2024-09-26 08:52:39'),
(968, 114, 67, '2024-09-26 08:52:39'),
(969, 114, 69, '2024-09-26 08:52:39'),
(970, 114, 72, '2024-09-26 08:52:39'),
(971, 114, 76, '2024-09-26 08:52:39'),
(972, 114, 79, '2024-09-26 08:52:39'),
(973, 114, 82, '2024-09-26 08:52:39'),
(974, 114, 84, '2024-09-26 08:52:39'),
(975, 114, 3, '2024-09-26 08:52:39'),
(976, 115, 1, '2024-09-26 08:52:39'),
(977, 115, 5, '2024-09-26 08:52:39'),
(978, 115, 9, '2024-09-26 08:52:39'),
(979, 115, 13, '2024-09-26 08:52:39'),
(980, 115, 15, '2024-09-26 08:52:39'),
(981, 115, 18, '2024-09-26 08:52:39'),
(982, 115, 21, '2024-09-26 08:52:39'),
(983, 115, 23, '2024-09-26 08:52:39'),
(984, 115, 24, '2024-09-26 08:52:39'),
(985, 115, 29, '2024-09-26 08:52:39'),
(986, 115, 32, '2024-09-26 08:52:39'),
(987, 115, 35, '2024-09-26 08:52:39'),
(988, 115, 26, '2024-09-26 08:52:39'),
(989, 115, 39, '2024-09-26 08:52:39'),
(990, 115, 42, '2024-09-26 08:52:39'),
(991, 115, 45, '2024-09-26 08:52:39'),
(992, 115, 50, '2024-09-26 08:52:39'),
(993, 115, 54, '2024-09-26 08:52:39'),
(994, 115, 57, '2024-09-26 08:52:39'),
(995, 115, 61, '2024-09-26 08:52:39'),
(996, 115, 64, '2024-09-26 08:52:39'),
(997, 115, 67, '2024-09-26 08:52:39'),
(998, 115, 69, '2024-09-26 08:52:39'),
(999, 115, 72, '2024-09-26 08:52:39'),
(1000, 115, 76, '2024-09-26 08:52:39'),
(1001, 115, 79, '2024-09-26 08:52:39'),
(1002, 115, 82, '2024-09-26 08:52:39'),
(1003, 115, 84, '2024-09-26 08:52:39'),
(1004, 115, 3, '2024-09-26 08:52:39'),
(1005, 116, 1, '2024-09-26 08:52:39'),
(1006, 116, 5, '2024-09-26 08:52:39'),
(1007, 116, 9, '2024-09-26 08:52:39'),
(1008, 116, 13, '2024-09-26 08:52:39'),
(1009, 116, 15, '2024-09-26 08:52:39'),
(1010, 116, 18, '2024-09-26 08:52:39'),
(1011, 116, 21, '2024-09-26 08:52:39'),
(1012, 116, 23, '2024-09-26 08:52:39'),
(1013, 116, 24, '2024-09-26 08:52:39'),
(1014, 116, 29, '2024-09-26 08:52:39'),
(1015, 116, 32, '2024-09-26 08:52:39'),
(1016, 116, 35, '2024-09-26 08:52:39'),
(1017, 116, 26, '2024-09-26 08:52:39'),
(1018, 116, 39, '2024-09-26 08:52:39'),
(1019, 116, 42, '2024-09-26 08:52:39'),
(1020, 116, 45, '2024-09-26 08:52:39'),
(1021, 116, 50, '2024-09-26 08:52:39'),
(1022, 116, 54, '2024-09-26 08:52:39'),
(1023, 116, 57, '2024-09-26 08:52:39'),
(1024, 116, 61, '2024-09-26 08:52:39'),
(1025, 116, 64, '2024-09-26 08:52:39'),
(1026, 116, 67, '2024-09-26 08:52:39'),
(1027, 116, 69, '2024-09-26 08:52:39'),
(1028, 116, 72, '2024-09-26 08:52:39'),
(1029, 116, 76, '2024-09-26 08:52:39'),
(1030, 116, 79, '2024-09-26 08:52:39'),
(1031, 116, 82, '2024-09-26 08:52:39'),
(1032, 116, 84, '2024-09-26 08:52:39'),
(1033, 116, 3, '2024-09-26 08:52:39'),
(1034, 117, 1, '2024-09-26 08:52:39'),
(1035, 117, 5, '2024-09-26 08:52:39'),
(1036, 117, 9, '2024-09-26 08:52:39'),
(1037, 117, 13, '2024-09-26 08:52:39'),
(1038, 117, 15, '2024-09-26 08:52:39'),
(1039, 117, 18, '2024-09-26 08:52:39'),
(1040, 117, 21, '2024-09-26 08:52:39'),
(1041, 117, 23, '2024-09-26 08:52:39'),
(1042, 117, 24, '2024-09-26 08:52:39'),
(1043, 117, 29, '2024-09-26 08:52:39'),
(1044, 117, 32, '2024-09-26 08:52:39'),
(1045, 117, 35, '2024-09-26 08:52:39'),
(1046, 117, 26, '2024-09-26 08:52:39'),
(1047, 117, 39, '2024-09-26 08:52:39'),
(1048, 117, 42, '2024-09-26 08:52:39'),
(1049, 117, 45, '2024-09-26 08:52:39'),
(1050, 117, 50, '2024-09-26 08:52:39'),
(1051, 117, 54, '2024-09-26 08:52:39'),
(1052, 117, 57, '2024-09-26 08:52:39'),
(1053, 117, 61, '2024-09-26 08:52:39'),
(1054, 117, 64, '2024-09-26 08:52:39'),
(1055, 117, 67, '2024-09-26 08:52:39'),
(1056, 117, 69, '2024-09-26 08:52:39'),
(1057, 117, 72, '2024-09-26 08:52:39'),
(1058, 117, 76, '2024-09-26 08:52:39'),
(1059, 117, 79, '2024-09-26 08:52:39'),
(1060, 117, 82, '2024-09-26 08:52:39'),
(1061, 117, 84, '2024-09-26 08:52:39'),
(1062, 117, 3, '2024-09-26 08:52:39'),
(1063, 118, 1, '2024-09-26 08:52:39'),
(1064, 118, 5, '2024-09-26 08:52:39'),
(1065, 118, 9, '2024-09-26 08:52:39'),
(1066, 118, 13, '2024-09-26 08:52:39'),
(1067, 118, 15, '2024-09-26 08:52:39'),
(1068, 118, 18, '2024-09-26 08:52:39'),
(1069, 118, 21, '2024-09-26 08:52:39'),
(1070, 118, 23, '2024-09-26 08:52:39'),
(1071, 118, 24, '2024-09-26 08:52:39'),
(1072, 118, 29, '2024-09-26 08:52:39'),
(1073, 118, 32, '2024-09-26 08:52:39'),
(1074, 118, 35, '2024-09-26 08:52:39'),
(1075, 118, 26, '2024-09-26 08:52:39'),
(1076, 118, 39, '2024-09-26 08:52:39'),
(1077, 118, 42, '2024-09-26 08:52:39'),
(1078, 118, 45, '2024-09-26 08:52:39'),
(1079, 118, 50, '2024-09-26 08:52:39'),
(1080, 118, 54, '2024-09-26 08:52:39'),
(1081, 118, 57, '2024-09-26 08:52:39'),
(1082, 118, 61, '2024-09-26 08:52:39'),
(1083, 118, 64, '2024-09-26 08:52:39'),
(1084, 118, 67, '2024-09-26 08:52:39'),
(1085, 118, 69, '2024-09-26 08:52:39'),
(1086, 118, 72, '2024-09-26 08:52:39'),
(1087, 118, 76, '2024-09-26 08:52:39'),
(1088, 118, 79, '2024-09-26 08:52:39'),
(1089, 118, 82, '2024-09-26 08:52:39'),
(1090, 118, 84, '2024-09-26 08:52:39'),
(1091, 118, 3, '2024-09-26 08:52:39'),
(1092, 119, 1, '2024-09-26 08:52:39'),
(1093, 119, 5, '2024-09-26 08:52:39'),
(1094, 119, 9, '2024-09-26 08:52:39'),
(1095, 119, 13, '2024-09-26 08:52:39'),
(1096, 119, 15, '2024-09-26 08:52:39'),
(1097, 119, 18, '2024-09-26 08:52:39'),
(1098, 119, 21, '2024-09-26 08:52:39'),
(1099, 119, 23, '2024-09-26 08:52:39'),
(1100, 119, 24, '2024-09-26 08:52:39'),
(1101, 119, 29, '2024-09-26 08:52:39'),
(1102, 119, 32, '2024-09-26 08:52:39'),
(1103, 119, 35, '2024-09-26 08:52:39'),
(1104, 119, 26, '2024-09-26 08:52:39'),
(1105, 119, 39, '2024-09-26 08:52:39'),
(1106, 119, 42, '2024-09-26 08:52:39'),
(1107, 119, 45, '2024-09-26 08:52:39'),
(1108, 119, 50, '2024-09-26 08:52:39'),
(1109, 119, 54, '2024-09-26 08:52:39'),
(1110, 119, 57, '2024-09-26 08:52:39'),
(1111, 119, 61, '2024-09-26 08:52:39'),
(1112, 119, 64, '2024-09-26 08:52:39'),
(1113, 119, 67, '2024-09-26 08:52:39'),
(1114, 119, 69, '2024-09-26 08:52:39'),
(1115, 119, 72, '2024-09-26 08:52:39'),
(1116, 119, 76, '2024-09-26 08:52:39'),
(1117, 119, 79, '2024-09-26 08:52:39'),
(1118, 119, 82, '2024-09-26 08:52:39'),
(1119, 119, 84, '2024-09-26 08:52:39'),
(1120, 119, 3, '2024-09-26 08:52:39'),
(1121, 120, 1, '2024-09-26 08:52:39'),
(1122, 120, 5, '2024-09-26 08:52:39'),
(1123, 120, 9, '2024-09-26 08:52:39'),
(1124, 120, 13, '2024-09-26 08:52:39'),
(1125, 120, 15, '2024-09-26 08:52:39'),
(1126, 120, 18, '2024-09-26 08:52:39'),
(1127, 120, 21, '2024-09-26 08:52:39'),
(1128, 120, 23, '2024-09-26 08:52:39'),
(1129, 120, 24, '2024-09-26 08:52:39'),
(1130, 120, 29, '2024-09-26 08:52:39'),
(1131, 120, 32, '2024-09-26 08:52:39'),
(1132, 120, 35, '2024-09-26 08:52:39'),
(1133, 120, 26, '2024-09-26 08:52:39'),
(1134, 120, 39, '2024-09-26 08:52:39'),
(1135, 120, 42, '2024-09-26 08:52:39'),
(1136, 120, 45, '2024-09-26 08:52:39'),
(1137, 120, 50, '2024-09-26 08:52:39'),
(1138, 120, 54, '2024-09-26 08:52:39'),
(1139, 120, 57, '2024-09-26 08:52:39'),
(1140, 120, 61, '2024-09-26 08:52:39'),
(1141, 120, 64, '2024-09-26 08:52:39'),
(1142, 120, 67, '2024-09-26 08:52:39'),
(1143, 120, 69, '2024-09-26 08:52:39'),
(1144, 120, 72, '2024-09-26 08:52:39'),
(1145, 120, 76, '2024-09-26 08:52:39'),
(1146, 120, 79, '2024-09-26 08:52:39'),
(1147, 120, 82, '2024-09-26 08:52:39'),
(1148, 120, 84, '2024-09-26 08:52:39'),
(1149, 120, 3, '2024-09-26 08:52:39'),
(1150, 121, 1, '2024-09-26 08:52:39'),
(1151, 121, 5, '2024-09-26 08:52:39'),
(1152, 121, 9, '2024-09-26 08:52:39'),
(1153, 121, 13, '2024-09-26 08:52:39'),
(1154, 121, 15, '2024-09-26 08:52:39'),
(1155, 121, 18, '2024-09-26 08:52:39'),
(1156, 121, 21, '2024-09-26 08:52:39'),
(1157, 121, 23, '2024-09-26 08:52:39'),
(1158, 121, 24, '2024-09-26 08:52:39'),
(1159, 121, 29, '2024-09-26 08:52:39'),
(1160, 121, 32, '2024-09-26 08:52:39'),
(1161, 121, 35, '2024-09-26 08:52:39'),
(1162, 121, 26, '2024-09-26 08:52:39'),
(1163, 121, 39, '2024-09-26 08:52:39'),
(1164, 121, 42, '2024-09-26 08:52:39'),
(1165, 121, 45, '2024-09-26 08:52:39'),
(1166, 121, 50, '2024-09-26 08:52:39'),
(1167, 121, 54, '2024-09-26 08:52:39'),
(1168, 121, 57, '2024-09-26 08:52:39'),
(1169, 121, 61, '2024-09-26 08:52:39'),
(1170, 121, 64, '2024-09-26 08:52:39'),
(1171, 121, 67, '2024-09-26 08:52:39'),
(1172, 121, 69, '2024-09-26 08:52:39'),
(1173, 121, 72, '2024-09-26 08:52:39'),
(1174, 121, 76, '2024-09-26 08:52:39'),
(1175, 121, 79, '2024-09-26 08:52:39'),
(1176, 121, 82, '2024-09-26 08:52:39'),
(1177, 121, 84, '2024-09-26 08:52:39'),
(1178, 121, 3, '2024-09-26 08:52:39'),
(1179, 122, 1, '2024-09-26 08:52:39'),
(1180, 122, 5, '2024-09-26 08:52:39'),
(1181, 122, 9, '2024-09-26 08:52:39'),
(1182, 122, 13, '2024-09-26 08:52:39'),
(1183, 122, 15, '2024-09-26 08:52:39'),
(1184, 122, 18, '2024-09-26 08:52:39'),
(1185, 122, 21, '2024-09-26 08:52:39'),
(1186, 122, 23, '2024-09-26 08:52:39'),
(1187, 122, 24, '2024-09-26 08:52:39'),
(1188, 122, 29, '2024-09-26 08:52:39'),
(1189, 122, 32, '2024-09-26 08:52:39'),
(1190, 122, 35, '2024-09-26 08:52:39'),
(1191, 122, 26, '2024-09-26 08:52:39'),
(1192, 122, 39, '2024-09-26 08:52:39'),
(1193, 122, 42, '2024-09-26 08:52:39'),
(1194, 122, 45, '2024-09-26 08:52:39'),
(1195, 122, 50, '2024-09-26 08:52:39'),
(1196, 122, 54, '2024-09-26 08:52:39'),
(1197, 122, 57, '2024-09-26 08:52:39'),
(1198, 122, 61, '2024-09-26 08:52:39'),
(1199, 122, 64, '2024-09-26 08:52:39'),
(1200, 122, 67, '2024-09-26 08:52:39'),
(1201, 122, 69, '2024-09-26 08:52:39'),
(1202, 122, 72, '2024-09-26 08:52:39'),
(1203, 122, 76, '2024-09-26 08:52:39'),
(1204, 122, 79, '2024-09-26 08:52:39'),
(1205, 122, 82, '2024-09-26 08:52:39'),
(1206, 122, 84, '2024-09-26 08:52:39'),
(1207, 122, 3, '2024-09-26 08:52:39'),
(1208, 123, 1, '2024-09-26 08:52:39'),
(1209, 123, 5, '2024-09-26 08:52:39'),
(1210, 123, 9, '2024-09-26 08:52:39'),
(1211, 123, 13, '2024-09-26 08:52:39'),
(1212, 123, 15, '2024-09-26 08:52:39'),
(1213, 123, 18, '2024-09-26 08:52:39'),
(1214, 123, 21, '2024-09-26 08:52:39'),
(1215, 123, 23, '2024-09-26 08:52:39'),
(1216, 123, 24, '2024-09-26 08:52:39'),
(1217, 123, 29, '2024-09-26 08:52:39'),
(1218, 123, 32, '2024-09-26 08:52:39'),
(1219, 123, 35, '2024-09-26 08:52:39'),
(1220, 123, 26, '2024-09-26 08:52:39'),
(1221, 123, 39, '2024-09-26 08:52:39'),
(1222, 123, 42, '2024-09-26 08:52:39'),
(1223, 123, 45, '2024-09-26 08:52:39'),
(1224, 123, 50, '2024-09-26 08:52:39'),
(1225, 123, 54, '2024-09-26 08:52:39'),
(1226, 123, 57, '2024-09-26 08:52:39'),
(1227, 123, 61, '2024-09-26 08:52:39'),
(1228, 123, 64, '2024-09-26 08:52:39'),
(1229, 123, 67, '2024-09-26 08:52:39'),
(1230, 123, 69, '2024-09-26 08:52:39'),
(1231, 123, 72, '2024-09-26 08:52:39'),
(1232, 123, 76, '2024-09-26 08:52:39'),
(1233, 123, 79, '2024-09-26 08:52:39'),
(1234, 123, 82, '2024-09-26 08:52:39'),
(1235, 123, 84, '2024-09-26 08:52:39'),
(1236, 123, 3, '2024-09-26 08:52:39'),
(1237, 124, 1, '2024-09-26 08:52:39'),
(1238, 124, 5, '2024-09-26 08:52:39'),
(1239, 124, 9, '2024-09-26 08:52:39'),
(1240, 124, 13, '2024-09-26 08:52:39'),
(1241, 124, 15, '2024-09-26 08:52:39'),
(1242, 124, 18, '2024-09-26 08:52:39'),
(1243, 124, 21, '2024-09-26 08:52:39'),
(1244, 124, 23, '2024-09-26 08:52:39'),
(1245, 124, 24, '2024-09-26 08:52:39'),
(1246, 124, 29, '2024-09-26 08:52:39'),
(1247, 124, 32, '2024-09-26 08:52:39'),
(1248, 124, 35, '2024-09-26 08:52:39'),
(1249, 124, 26, '2024-09-26 08:52:39'),
(1250, 124, 39, '2024-09-26 08:52:39'),
(1251, 124, 42, '2024-09-26 08:52:39'),
(1252, 124, 45, '2024-09-26 08:52:39'),
(1253, 124, 50, '2024-09-26 08:52:39'),
(1254, 124, 54, '2024-09-26 08:52:39'),
(1255, 124, 57, '2024-09-26 08:52:39'),
(1256, 124, 61, '2024-09-26 08:52:39'),
(1257, 124, 64, '2024-09-26 08:52:39'),
(1258, 124, 67, '2024-09-26 08:52:39'),
(1259, 124, 69, '2024-09-26 08:52:39'),
(1260, 124, 72, '2024-09-26 08:52:39'),
(1261, 124, 76, '2024-09-26 08:52:39'),
(1262, 124, 79, '2024-09-26 08:52:39'),
(1263, 124, 82, '2024-09-26 08:52:39'),
(1264, 124, 84, '2024-09-26 08:52:39'),
(1265, 124, 3, '2024-09-26 08:52:39'),
(1266, 125, 1, '2024-09-26 08:52:39'),
(1267, 125, 5, '2024-09-26 08:52:39'),
(1268, 125, 9, '2024-09-26 08:52:39'),
(1269, 125, 13, '2024-09-26 08:52:39'),
(1270, 125, 15, '2024-09-26 08:52:39'),
(1271, 125, 18, '2024-09-26 08:52:39'),
(1272, 125, 21, '2024-09-26 08:52:39'),
(1273, 125, 23, '2024-09-26 08:52:39'),
(1274, 125, 24, '2024-09-26 08:52:39'),
(1275, 125, 29, '2024-09-26 08:52:39'),
(1276, 125, 32, '2024-09-26 08:52:39'),
(1277, 125, 35, '2024-09-26 08:52:39'),
(1278, 125, 26, '2024-09-26 08:52:39'),
(1279, 125, 39, '2024-09-26 08:52:39'),
(1280, 125, 42, '2024-09-26 08:52:39'),
(1281, 125, 45, '2024-09-26 08:52:39'),
(1282, 125, 50, '2024-09-26 08:52:39'),
(1283, 125, 54, '2024-09-26 08:52:39'),
(1284, 125, 57, '2024-09-26 08:52:39'),
(1285, 125, 61, '2024-09-26 08:52:39'),
(1286, 125, 64, '2024-09-26 08:52:39'),
(1287, 125, 67, '2024-09-26 08:52:39'),
(1288, 125, 69, '2024-09-26 08:52:39'),
(1289, 125, 72, '2024-09-26 08:52:39'),
(1290, 125, 76, '2024-09-26 08:52:39'),
(1291, 125, 79, '2024-09-26 08:52:39'),
(1292, 125, 82, '2024-09-26 08:52:39'),
(1293, 125, 84, '2024-09-26 08:52:39'),
(1294, 125, 3, '2024-09-26 08:52:39'),
(1295, 126, 1, '2024-09-26 08:52:39'),
(1296, 126, 5, '2024-09-26 08:52:39'),
(1297, 126, 9, '2024-09-26 08:52:39'),
(1298, 126, 13, '2024-09-26 08:52:39'),
(1299, 126, 15, '2024-09-26 08:52:39'),
(1300, 126, 18, '2024-09-26 08:52:39'),
(1301, 126, 21, '2024-09-26 08:52:39'),
(1302, 126, 23, '2024-09-26 08:52:39'),
(1303, 126, 24, '2024-09-26 08:52:39'),
(1304, 126, 29, '2024-09-26 08:52:39'),
(1305, 126, 32, '2024-09-26 08:52:39'),
(1306, 126, 35, '2024-09-26 08:52:39'),
(1307, 126, 26, '2024-09-26 08:52:39'),
(1308, 126, 39, '2024-09-26 08:52:39'),
(1309, 126, 42, '2024-09-26 08:52:39'),
(1310, 126, 45, '2024-09-26 08:52:39'),
(1311, 126, 50, '2024-09-26 08:52:39'),
(1312, 126, 54, '2024-09-26 08:52:39'),
(1313, 126, 57, '2024-09-26 08:52:39'),
(1314, 126, 61, '2024-09-26 08:52:39'),
(1315, 126, 64, '2024-09-26 08:52:39'),
(1316, 126, 67, '2024-09-26 08:52:39'),
(1317, 126, 69, '2024-09-26 08:52:39'),
(1318, 126, 72, '2024-09-26 08:52:39'),
(1319, 126, 76, '2024-09-26 08:52:39'),
(1320, 126, 79, '2024-09-26 08:52:39'),
(1321, 126, 82, '2024-09-26 08:52:39'),
(1322, 126, 84, '2024-09-26 08:52:39'),
(1323, 126, 3, '2024-09-26 08:52:39'),
(1324, 127, 1, '2024-09-26 08:52:39'),
(1325, 127, 5, '2024-09-26 08:52:39'),
(1326, 127, 9, '2024-09-26 08:52:39'),
(1327, 127, 13, '2024-09-26 08:52:39'),
(1328, 127, 15, '2024-09-26 08:52:39'),
(1329, 127, 18, '2024-09-26 08:52:39'),
(1330, 127, 21, '2024-09-26 08:52:39'),
(1331, 127, 23, '2024-09-26 08:52:39'),
(1332, 127, 24, '2024-09-26 08:52:39'),
(1333, 127, 29, '2024-09-26 08:52:39'),
(1334, 127, 32, '2024-09-26 08:52:39'),
(1335, 127, 35, '2024-09-26 08:52:39'),
(1336, 127, 26, '2024-09-26 08:52:39'),
(1337, 127, 39, '2024-09-26 08:52:39'),
(1338, 127, 42, '2024-09-26 08:52:39'),
(1339, 127, 45, '2024-09-26 08:52:39'),
(1340, 127, 50, '2024-09-26 08:52:39'),
(1341, 127, 54, '2024-09-26 08:52:39'),
(1342, 127, 57, '2024-09-26 08:52:39'),
(1343, 127, 61, '2024-09-26 08:52:39'),
(1344, 127, 64, '2024-09-26 08:52:39'),
(1345, 127, 67, '2024-09-26 08:52:39'),
(1346, 127, 69, '2024-09-26 08:52:39'),
(1347, 127, 72, '2024-09-26 08:52:39'),
(1348, 127, 76, '2024-09-26 08:52:39'),
(1349, 127, 79, '2024-09-26 08:52:39'),
(1350, 127, 82, '2024-09-26 08:52:39'),
(1351, 127, 84, '2024-09-26 08:52:39'),
(1352, 127, 3, '2024-09-26 08:52:39'),
(1353, 128, 1, '2024-09-26 08:52:39'),
(1354, 128, 5, '2024-09-26 08:52:39'),
(1355, 128, 9, '2024-09-26 08:52:39'),
(1356, 128, 13, '2024-09-26 08:52:39'),
(1357, 128, 15, '2024-09-26 08:52:39'),
(1358, 128, 18, '2024-09-26 08:52:39'),
(1359, 128, 21, '2024-09-26 08:52:39'),
(1360, 128, 23, '2024-09-26 08:52:39'),
(1361, 128, 24, '2024-09-26 08:52:39'),
(1362, 128, 29, '2024-09-26 08:52:39'),
(1363, 128, 32, '2024-09-26 08:52:39'),
(1364, 128, 35, '2024-09-26 08:52:39'),
(1365, 128, 26, '2024-09-26 08:52:39'),
(1366, 128, 39, '2024-09-26 08:52:39'),
(1367, 128, 42, '2024-09-26 08:52:39'),
(1368, 128, 45, '2024-09-26 08:52:39'),
(1369, 128, 50, '2024-09-26 08:52:39'),
(1370, 128, 54, '2024-09-26 08:52:39'),
(1371, 128, 57, '2024-09-26 08:52:39'),
(1372, 128, 61, '2024-09-26 08:52:39'),
(1373, 128, 64, '2024-09-26 08:52:39'),
(1374, 128, 67, '2024-09-26 08:52:39'),
(1375, 128, 69, '2024-09-26 08:52:39'),
(1376, 128, 72, '2024-09-26 08:52:39'),
(1377, 128, 76, '2024-09-26 08:52:39'),
(1378, 128, 79, '2024-09-26 08:52:39'),
(1379, 128, 82, '2024-09-26 08:52:39'),
(1380, 128, 84, '2024-09-26 08:52:39'),
(1381, 128, 3, '2024-09-26 08:52:39'),
(1382, 129, 1, '2024-09-26 08:52:39'),
(1383, 129, 5, '2024-09-26 08:52:39'),
(1384, 129, 9, '2024-09-26 08:52:39'),
(1385, 129, 13, '2024-09-26 08:52:39'),
(1386, 129, 15, '2024-09-26 08:52:39'),
(1387, 129, 18, '2024-09-26 08:52:39'),
(1388, 129, 21, '2024-09-26 08:52:39'),
(1389, 129, 23, '2024-09-26 08:52:39'),
(1390, 129, 24, '2024-09-26 08:52:39'),
(1391, 129, 29, '2024-09-26 08:52:39'),
(1392, 129, 32, '2024-09-26 08:52:39'),
(1393, 129, 35, '2024-09-26 08:52:39'),
(1394, 129, 26, '2024-09-26 08:52:39'),
(1395, 129, 39, '2024-09-26 08:52:39'),
(1396, 129, 42, '2024-09-26 08:52:39'),
(1397, 129, 45, '2024-09-26 08:52:39'),
(1398, 129, 50, '2024-09-26 08:52:39'),
(1399, 129, 54, '2024-09-26 08:52:39'),
(1400, 129, 57, '2024-09-26 08:52:39'),
(1401, 129, 61, '2024-09-26 08:52:39'),
(1402, 129, 64, '2024-09-26 08:52:39'),
(1403, 129, 67, '2024-09-26 08:52:39'),
(1404, 129, 69, '2024-09-26 08:52:39'),
(1405, 129, 72, '2024-09-26 08:52:39'),
(1406, 129, 76, '2024-09-26 08:52:39'),
(1407, 129, 79, '2024-09-26 08:52:39'),
(1408, 129, 82, '2024-09-26 08:52:39'),
(1409, 129, 84, '2024-09-26 08:52:39'),
(1410, 129, 3, '2024-09-26 08:52:39'),
(1411, 130, 1, '2024-09-26 08:52:40'),
(1412, 130, 5, '2024-09-26 08:52:40'),
(1413, 130, 9, '2024-09-26 08:52:40'),
(1414, 130, 13, '2024-09-26 08:52:40'),
(1415, 130, 15, '2024-09-26 08:52:40'),
(1416, 130, 18, '2024-09-26 08:52:40'),
(1417, 130, 21, '2024-09-26 08:52:40'),
(1418, 130, 23, '2024-09-26 08:52:40'),
(1419, 130, 24, '2024-09-26 08:52:40'),
(1420, 130, 29, '2024-09-26 08:52:40'),
(1421, 130, 32, '2024-09-26 08:52:40'),
(1422, 130, 35, '2024-09-26 08:52:40');
INSERT INTO `products_tax_rates_allocation` (`products_tax_rates_allocation_id`, `products_id`, `tax_rates_id`, `date_added`) VALUES
(1423, 130, 26, '2024-09-26 08:52:40'),
(1424, 130, 39, '2024-09-26 08:52:40'),
(1425, 130, 42, '2024-09-26 08:52:40'),
(1426, 130, 45, '2024-09-26 08:52:40'),
(1427, 130, 50, '2024-09-26 08:52:40'),
(1428, 130, 54, '2024-09-26 08:52:40'),
(1429, 130, 57, '2024-09-26 08:52:40'),
(1430, 130, 61, '2024-09-26 08:52:40'),
(1431, 130, 64, '2024-09-26 08:52:40'),
(1432, 130, 67, '2024-09-26 08:52:40'),
(1433, 130, 69, '2024-09-26 08:52:40'),
(1434, 130, 72, '2024-09-26 08:52:40'),
(1435, 130, 76, '2024-09-26 08:52:40'),
(1436, 130, 79, '2024-09-26 08:52:40'),
(1437, 130, 82, '2024-09-26 08:52:40'),
(1438, 130, 84, '2024-09-26 08:52:40'),
(1439, 130, 3, '2024-09-26 08:52:40'),
(1440, 131, 1, '2024-09-26 08:52:40'),
(1441, 131, 5, '2024-09-26 08:52:40'),
(1442, 131, 9, '2024-09-26 08:52:40'),
(1443, 131, 13, '2024-09-26 08:52:40'),
(1444, 131, 15, '2024-09-26 08:52:40'),
(1445, 131, 18, '2024-09-26 08:52:40'),
(1446, 131, 21, '2024-09-26 08:52:40'),
(1447, 131, 23, '2024-09-26 08:52:40'),
(1448, 131, 24, '2024-09-26 08:52:40'),
(1449, 131, 29, '2024-09-26 08:52:40'),
(1450, 131, 32, '2024-09-26 08:52:40'),
(1451, 131, 35, '2024-09-26 08:52:40'),
(1452, 131, 26, '2024-09-26 08:52:40'),
(1453, 131, 39, '2024-09-26 08:52:40'),
(1454, 131, 42, '2024-09-26 08:52:40'),
(1455, 131, 45, '2024-09-26 08:52:40'),
(1456, 131, 50, '2024-09-26 08:52:40'),
(1457, 131, 54, '2024-09-26 08:52:40'),
(1458, 131, 57, '2024-09-26 08:52:40'),
(1459, 131, 61, '2024-09-26 08:52:40'),
(1460, 131, 64, '2024-09-26 08:52:40'),
(1461, 131, 67, '2024-09-26 08:52:40'),
(1462, 131, 69, '2024-09-26 08:52:40'),
(1463, 131, 72, '2024-09-26 08:52:40'),
(1464, 131, 76, '2024-09-26 08:52:40'),
(1465, 131, 79, '2024-09-26 08:52:40'),
(1466, 131, 82, '2024-09-26 08:52:40'),
(1467, 131, 84, '2024-09-26 08:52:40'),
(1468, 131, 3, '2024-09-26 08:52:40'),
(1469, 132, 1, '2024-09-26 08:58:39'),
(1470, 132, 5, '2024-09-26 08:58:39'),
(1471, 132, 9, '2024-09-26 08:58:39'),
(1472, 132, 13, '2024-09-26 08:58:39'),
(1473, 132, 15, '2024-09-26 08:58:39'),
(1474, 132, 18, '2024-09-26 08:58:39'),
(1475, 132, 21, '2024-09-26 08:58:39'),
(1476, 132, 23, '2024-09-26 08:58:39'),
(1477, 132, 24, '2024-09-26 08:58:39'),
(1478, 132, 29, '2024-09-26 08:58:39'),
(1479, 132, 32, '2024-09-26 08:58:39'),
(1480, 132, 35, '2024-09-26 08:58:39'),
(1481, 132, 26, '2024-09-26 08:58:39'),
(1482, 132, 39, '2024-09-26 08:58:39'),
(1483, 132, 42, '2024-09-26 08:58:39'),
(1484, 132, 45, '2024-09-26 08:58:39'),
(1485, 132, 50, '2024-09-26 08:58:39'),
(1486, 132, 54, '2024-09-26 08:58:39'),
(1487, 132, 57, '2024-09-26 08:58:39'),
(1488, 132, 61, '2024-09-26 08:58:39'),
(1489, 132, 64, '2024-09-26 08:58:39'),
(1490, 132, 67, '2024-09-26 08:58:39'),
(1491, 132, 69, '2024-09-26 08:58:39'),
(1492, 132, 72, '2024-09-26 08:58:39'),
(1493, 132, 76, '2024-09-26 08:58:39'),
(1494, 132, 79, '2024-09-26 08:58:39'),
(1495, 132, 82, '2024-09-26 08:58:39'),
(1496, 132, 84, '2024-09-26 08:58:39'),
(1497, 132, 3, '2024-09-26 08:58:39'),
(1498, 133, 1, '2024-09-26 08:58:39'),
(1499, 133, 5, '2024-09-26 08:58:39'),
(1500, 133, 9, '2024-09-26 08:58:39'),
(1501, 133, 13, '2024-09-26 08:58:39'),
(1502, 133, 15, '2024-09-26 08:58:39'),
(1503, 133, 18, '2024-09-26 08:58:39'),
(1504, 133, 21, '2024-09-26 08:58:39'),
(1505, 133, 23, '2024-09-26 08:58:39'),
(1506, 133, 24, '2024-09-26 08:58:39'),
(1507, 133, 29, '2024-09-26 08:58:39'),
(1508, 133, 32, '2024-09-26 08:58:39'),
(1509, 133, 35, '2024-09-26 08:58:39'),
(1510, 133, 26, '2024-09-26 08:58:39'),
(1511, 133, 39, '2024-09-26 08:58:39'),
(1512, 133, 42, '2024-09-26 08:58:39'),
(1513, 133, 45, '2024-09-26 08:58:39'),
(1514, 133, 50, '2024-09-26 08:58:39'),
(1515, 133, 54, '2024-09-26 08:58:39'),
(1516, 133, 57, '2024-09-26 08:58:39'),
(1517, 133, 61, '2024-09-26 08:58:39'),
(1518, 133, 64, '2024-09-26 08:58:39'),
(1519, 133, 67, '2024-09-26 08:58:39'),
(1520, 133, 69, '2024-09-26 08:58:39'),
(1521, 133, 72, '2024-09-26 08:58:39'),
(1522, 133, 76, '2024-09-26 08:58:39'),
(1523, 133, 79, '2024-09-26 08:58:39'),
(1524, 133, 82, '2024-09-26 08:58:39'),
(1525, 133, 84, '2024-09-26 08:58:39'),
(1526, 133, 3, '2024-09-26 08:58:39'),
(1527, 134, 1, '2024-09-26 08:58:39'),
(1528, 134, 5, '2024-09-26 08:58:39'),
(1529, 134, 9, '2024-09-26 08:58:39'),
(1530, 134, 13, '2024-09-26 08:58:39'),
(1531, 134, 15, '2024-09-26 08:58:39'),
(1532, 134, 18, '2024-09-26 08:58:39'),
(1533, 134, 21, '2024-09-26 08:58:39'),
(1534, 134, 23, '2024-09-26 08:58:39'),
(1535, 134, 24, '2024-09-26 08:58:39'),
(1536, 134, 29, '2024-09-26 08:58:39'),
(1537, 134, 32, '2024-09-26 08:58:39'),
(1538, 134, 35, '2024-09-26 08:58:39'),
(1539, 134, 26, '2024-09-26 08:58:39'),
(1540, 134, 39, '2024-09-26 08:58:39'),
(1541, 134, 42, '2024-09-26 08:58:39'),
(1542, 134, 45, '2024-09-26 08:58:39'),
(1543, 134, 50, '2024-09-26 08:58:39'),
(1544, 134, 54, '2024-09-26 08:58:39'),
(1545, 134, 57, '2024-09-26 08:58:39'),
(1546, 134, 61, '2024-09-26 08:58:39'),
(1547, 134, 64, '2024-09-26 08:58:39'),
(1548, 134, 67, '2024-09-26 08:58:39'),
(1549, 134, 69, '2024-09-26 08:58:39'),
(1550, 134, 72, '2024-09-26 08:58:39'),
(1551, 134, 76, '2024-09-26 08:58:39'),
(1552, 134, 79, '2024-09-26 08:58:39'),
(1553, 134, 82, '2024-09-26 08:58:39'),
(1554, 134, 84, '2024-09-26 08:58:39'),
(1555, 134, 3, '2024-09-26 08:58:39'),
(1556, 135, 1, '2024-09-26 08:58:39'),
(1557, 135, 5, '2024-09-26 08:58:39'),
(1558, 135, 9, '2024-09-26 08:58:39'),
(1559, 135, 13, '2024-09-26 08:58:39'),
(1560, 135, 15, '2024-09-26 08:58:39'),
(1561, 135, 18, '2024-09-26 08:58:39'),
(1562, 135, 21, '2024-09-26 08:58:39'),
(1563, 135, 23, '2024-09-26 08:58:39'),
(1564, 135, 24, '2024-09-26 08:58:39'),
(1565, 135, 29, '2024-09-26 08:58:39'),
(1566, 135, 32, '2024-09-26 08:58:39'),
(1567, 135, 35, '2024-09-26 08:58:39'),
(1568, 135, 26, '2024-09-26 08:58:39'),
(1569, 135, 39, '2024-09-26 08:58:39'),
(1570, 135, 42, '2024-09-26 08:58:39'),
(1571, 135, 45, '2024-09-26 08:58:39'),
(1572, 135, 50, '2024-09-26 08:58:39'),
(1573, 135, 54, '2024-09-26 08:58:39'),
(1574, 135, 57, '2024-09-26 08:58:39'),
(1575, 135, 61, '2024-09-26 08:58:39'),
(1576, 135, 64, '2024-09-26 08:58:39'),
(1577, 135, 67, '2024-09-26 08:58:39'),
(1578, 135, 69, '2024-09-26 08:58:39'),
(1579, 135, 72, '2024-09-26 08:58:39'),
(1580, 135, 76, '2024-09-26 08:58:39'),
(1581, 135, 79, '2024-09-26 08:58:39'),
(1582, 135, 82, '2024-09-26 08:58:39'),
(1583, 135, 84, '2024-09-26 08:58:39'),
(1584, 135, 3, '2024-09-26 08:58:39'),
(1585, 136, 1, '2024-09-26 08:58:39'),
(1586, 136, 5, '2024-09-26 08:58:39'),
(1587, 136, 9, '2024-09-26 08:58:39'),
(1588, 136, 13, '2024-09-26 08:58:39'),
(1589, 136, 15, '2024-09-26 08:58:39'),
(1590, 136, 18, '2024-09-26 08:58:39'),
(1591, 136, 21, '2024-09-26 08:58:39'),
(1592, 136, 23, '2024-09-26 08:58:39'),
(1593, 136, 24, '2024-09-26 08:58:39'),
(1594, 136, 29, '2024-09-26 08:58:39'),
(1595, 136, 32, '2024-09-26 08:58:39'),
(1596, 136, 35, '2024-09-26 08:58:39'),
(1597, 136, 26, '2024-09-26 08:58:39'),
(1598, 136, 39, '2024-09-26 08:58:39'),
(1599, 136, 42, '2024-09-26 08:58:39'),
(1600, 136, 45, '2024-09-26 08:58:39'),
(1601, 136, 50, '2024-09-26 08:58:39'),
(1602, 136, 54, '2024-09-26 08:58:39'),
(1603, 136, 57, '2024-09-26 08:58:39'),
(1604, 136, 61, '2024-09-26 08:58:39'),
(1605, 136, 64, '2024-09-26 08:58:39'),
(1606, 136, 67, '2024-09-26 08:58:39'),
(1607, 136, 69, '2024-09-26 08:58:39'),
(1608, 136, 72, '2024-09-26 08:58:39'),
(1609, 136, 76, '2024-09-26 08:58:39'),
(1610, 136, 79, '2024-09-26 08:58:39'),
(1611, 136, 82, '2024-09-26 08:58:39'),
(1612, 136, 84, '2024-09-26 08:58:39'),
(1613, 136, 3, '2024-09-26 08:58:39'),
(1614, 137, 1, '2024-09-26 08:58:39'),
(1615, 137, 5, '2024-09-26 08:58:39'),
(1616, 137, 9, '2024-09-26 08:58:39'),
(1617, 137, 13, '2024-09-26 08:58:39'),
(1618, 137, 15, '2024-09-26 08:58:39'),
(1619, 137, 18, '2024-09-26 08:58:39'),
(1620, 137, 21, '2024-09-26 08:58:39'),
(1621, 137, 23, '2024-09-26 08:58:39'),
(1622, 137, 24, '2024-09-26 08:58:39'),
(1623, 137, 29, '2024-09-26 08:58:39'),
(1624, 137, 32, '2024-09-26 08:58:39'),
(1625, 137, 35, '2024-09-26 08:58:39'),
(1626, 137, 26, '2024-09-26 08:58:39'),
(1627, 137, 39, '2024-09-26 08:58:39'),
(1628, 137, 42, '2024-09-26 08:58:39'),
(1629, 137, 45, '2024-09-26 08:58:39'),
(1630, 137, 50, '2024-09-26 08:58:39'),
(1631, 137, 54, '2024-09-26 08:58:39'),
(1632, 137, 57, '2024-09-26 08:58:39'),
(1633, 137, 61, '2024-09-26 08:58:39'),
(1634, 137, 64, '2024-09-26 08:58:39'),
(1635, 137, 67, '2024-09-26 08:58:39'),
(1636, 137, 69, '2024-09-26 08:58:39'),
(1637, 137, 72, '2024-09-26 08:58:39'),
(1638, 137, 76, '2024-09-26 08:58:39'),
(1639, 137, 79, '2024-09-26 08:58:39'),
(1640, 137, 82, '2024-09-26 08:58:39'),
(1641, 137, 84, '2024-09-26 08:58:39'),
(1642, 137, 3, '2024-09-26 08:58:39'),
(1643, 138, 1, '2024-09-26 08:58:39'),
(1644, 138, 5, '2024-09-26 08:58:39'),
(1645, 138, 9, '2024-09-26 08:58:39'),
(1646, 138, 13, '2024-09-26 08:58:39'),
(1647, 138, 15, '2024-09-26 08:58:39'),
(1648, 138, 18, '2024-09-26 08:58:39'),
(1649, 138, 21, '2024-09-26 08:58:39'),
(1650, 138, 23, '2024-09-26 08:58:39'),
(1651, 138, 24, '2024-09-26 08:58:39'),
(1652, 138, 29, '2024-09-26 08:58:39'),
(1653, 138, 32, '2024-09-26 08:58:39'),
(1654, 138, 35, '2024-09-26 08:58:39'),
(1655, 138, 26, '2024-09-26 08:58:39'),
(1656, 138, 39, '2024-09-26 08:58:39'),
(1657, 138, 42, '2024-09-26 08:58:39'),
(1658, 138, 45, '2024-09-26 08:58:39'),
(1659, 138, 50, '2024-09-26 08:58:39'),
(1660, 138, 54, '2024-09-26 08:58:39'),
(1661, 138, 57, '2024-09-26 08:58:39'),
(1662, 138, 61, '2024-09-26 08:58:39'),
(1663, 138, 64, '2024-09-26 08:58:39'),
(1664, 138, 67, '2024-09-26 08:58:39'),
(1665, 138, 69, '2024-09-26 08:58:39'),
(1666, 138, 72, '2024-09-26 08:58:39'),
(1667, 138, 76, '2024-09-26 08:58:39'),
(1668, 138, 79, '2024-09-26 08:58:39'),
(1669, 138, 82, '2024-09-26 08:58:39'),
(1670, 138, 84, '2024-09-26 08:58:39'),
(1671, 138, 3, '2024-09-26 08:58:39'),
(1672, 139, 1, '2024-09-26 08:58:39'),
(1673, 139, 5, '2024-09-26 08:58:39'),
(1674, 139, 9, '2024-09-26 08:58:39'),
(1675, 139, 13, '2024-09-26 08:58:39'),
(1676, 139, 15, '2024-09-26 08:58:39'),
(1677, 139, 18, '2024-09-26 08:58:39'),
(1678, 139, 21, '2024-09-26 08:58:39'),
(1679, 139, 23, '2024-09-26 08:58:39'),
(1680, 139, 24, '2024-09-26 08:58:39'),
(1681, 139, 29, '2024-09-26 08:58:39'),
(1682, 139, 32, '2024-09-26 08:58:39'),
(1683, 139, 35, '2024-09-26 08:58:39'),
(1684, 139, 26, '2024-09-26 08:58:39'),
(1685, 139, 39, '2024-09-26 08:58:39'),
(1686, 139, 42, '2024-09-26 08:58:39'),
(1687, 139, 45, '2024-09-26 08:58:39'),
(1688, 139, 50, '2024-09-26 08:58:39'),
(1689, 139, 54, '2024-09-26 08:58:39'),
(1690, 139, 57, '2024-09-26 08:58:39'),
(1691, 139, 61, '2024-09-26 08:58:39'),
(1692, 139, 64, '2024-09-26 08:58:39'),
(1693, 139, 67, '2024-09-26 08:58:39'),
(1694, 139, 69, '2024-09-26 08:58:39'),
(1695, 139, 72, '2024-09-26 08:58:39'),
(1696, 139, 76, '2024-09-26 08:58:39'),
(1697, 139, 79, '2024-09-26 08:58:39'),
(1698, 139, 82, '2024-09-26 08:58:39'),
(1699, 139, 84, '2024-09-26 08:58:39'),
(1700, 139, 3, '2024-09-26 08:58:39'),
(1701, 140, 1, '2024-09-26 08:58:39'),
(1702, 140, 5, '2024-09-26 08:58:39'),
(1703, 140, 9, '2024-09-26 08:58:39'),
(1704, 140, 13, '2024-09-26 08:58:39'),
(1705, 140, 15, '2024-09-26 08:58:39'),
(1706, 140, 18, '2024-09-26 08:58:39'),
(1707, 140, 21, '2024-09-26 08:58:39'),
(1708, 140, 23, '2024-09-26 08:58:39'),
(1709, 140, 24, '2024-09-26 08:58:39'),
(1710, 140, 29, '2024-09-26 08:58:39'),
(1711, 140, 32, '2024-09-26 08:58:39'),
(1712, 140, 35, '2024-09-26 08:58:39'),
(1713, 140, 26, '2024-09-26 08:58:39'),
(1714, 140, 39, '2024-09-26 08:58:39'),
(1715, 140, 42, '2024-09-26 08:58:39'),
(1716, 140, 45, '2024-09-26 08:58:39'),
(1717, 140, 50, '2024-09-26 08:58:39'),
(1718, 140, 54, '2024-09-26 08:58:39'),
(1719, 140, 57, '2024-09-26 08:58:39'),
(1720, 140, 61, '2024-09-26 08:58:39'),
(1721, 140, 64, '2024-09-26 08:58:39'),
(1722, 140, 67, '2024-09-26 08:58:39'),
(1723, 140, 69, '2024-09-26 08:58:39'),
(1724, 140, 72, '2024-09-26 08:58:39'),
(1725, 140, 76, '2024-09-26 08:58:39'),
(1726, 140, 79, '2024-09-26 08:58:39'),
(1727, 140, 82, '2024-09-26 08:58:39'),
(1728, 140, 84, '2024-09-26 08:58:39'),
(1729, 140, 3, '2024-09-26 08:58:39'),
(1730, 141, 1, '2024-09-26 09:00:31'),
(1731, 141, 5, '2024-09-26 09:00:31'),
(1732, 141, 9, '2024-09-26 09:00:31'),
(1733, 141, 13, '2024-09-26 09:00:31'),
(1734, 141, 15, '2024-09-26 09:00:31'),
(1735, 141, 18, '2024-09-26 09:00:31'),
(1736, 141, 21, '2024-09-26 09:00:31'),
(1737, 141, 23, '2024-09-26 09:00:31'),
(1738, 141, 24, '2024-09-26 09:00:31'),
(1739, 141, 29, '2024-09-26 09:00:31'),
(1740, 141, 32, '2024-09-26 09:00:31'),
(1741, 141, 35, '2024-09-26 09:00:31'),
(1742, 141, 26, '2024-09-26 09:00:31'),
(1743, 141, 39, '2024-09-26 09:00:31'),
(1744, 141, 42, '2024-09-26 09:00:31'),
(1745, 141, 45, '2024-09-26 09:00:31'),
(1746, 141, 50, '2024-09-26 09:00:31'),
(1747, 141, 54, '2024-09-26 09:00:31'),
(1748, 141, 57, '2024-09-26 09:00:31'),
(1749, 141, 61, '2024-09-26 09:00:31'),
(1750, 141, 64, '2024-09-26 09:00:31'),
(1751, 141, 67, '2024-09-26 09:00:31'),
(1752, 141, 69, '2024-09-26 09:00:31'),
(1753, 141, 72, '2024-09-26 09:00:31'),
(1754, 141, 76, '2024-09-26 09:00:31'),
(1755, 141, 79, '2024-09-26 09:00:31'),
(1756, 141, 82, '2024-09-26 09:00:31'),
(1757, 141, 84, '2024-09-26 09:00:31'),
(1758, 141, 3, '2024-09-26 09:00:31'),
(1759, 142, 1, '2024-09-26 09:00:31'),
(1760, 142, 5, '2024-09-26 09:00:31'),
(1761, 142, 9, '2024-09-26 09:00:31'),
(1762, 142, 13, '2024-09-26 09:00:31'),
(1763, 142, 15, '2024-09-26 09:00:31'),
(1764, 142, 18, '2024-09-26 09:00:31'),
(1765, 142, 21, '2024-09-26 09:00:31'),
(1766, 142, 23, '2024-09-26 09:00:31'),
(1767, 142, 24, '2024-09-26 09:00:31'),
(1768, 142, 29, '2024-09-26 09:00:31'),
(1769, 142, 32, '2024-09-26 09:00:31'),
(1770, 142, 35, '2024-09-26 09:00:31'),
(1771, 142, 26, '2024-09-26 09:00:31'),
(1772, 142, 39, '2024-09-26 09:00:31'),
(1773, 142, 42, '2024-09-26 09:00:31'),
(1774, 142, 45, '2024-09-26 09:00:31'),
(1775, 142, 50, '2024-09-26 09:00:31'),
(1776, 142, 54, '2024-09-26 09:00:31'),
(1777, 142, 57, '2024-09-26 09:00:31'),
(1778, 142, 61, '2024-09-26 09:00:31'),
(1779, 142, 64, '2024-09-26 09:00:31'),
(1780, 142, 67, '2024-09-26 09:00:31'),
(1781, 142, 69, '2024-09-26 09:00:31'),
(1782, 142, 72, '2024-09-26 09:00:31'),
(1783, 142, 76, '2024-09-26 09:00:31'),
(1784, 142, 79, '2024-09-26 09:00:31'),
(1785, 142, 82, '2024-09-26 09:00:31'),
(1786, 142, 84, '2024-09-26 09:00:31'),
(1787, 142, 3, '2024-09-26 09:00:31'),
(1788, 143, 1, '2024-09-26 09:00:31'),
(1789, 143, 5, '2024-09-26 09:00:31'),
(1790, 143, 9, '2024-09-26 09:00:31'),
(1791, 143, 13, '2024-09-26 09:00:31'),
(1792, 143, 15, '2024-09-26 09:00:31'),
(1793, 143, 18, '2024-09-26 09:00:31'),
(1794, 143, 21, '2024-09-26 09:00:31'),
(1795, 143, 23, '2024-09-26 09:00:31'),
(1796, 143, 24, '2024-09-26 09:00:31'),
(1797, 143, 29, '2024-09-26 09:00:31'),
(1798, 143, 32, '2024-09-26 09:00:31'),
(1799, 143, 35, '2024-09-26 09:00:31'),
(1800, 143, 26, '2024-09-26 09:00:31'),
(1801, 143, 39, '2024-09-26 09:00:31'),
(1802, 143, 42, '2024-09-26 09:00:31'),
(1803, 143, 45, '2024-09-26 09:00:31'),
(1804, 143, 50, '2024-09-26 09:00:31'),
(1805, 143, 54, '2024-09-26 09:00:31'),
(1806, 143, 57, '2024-09-26 09:00:31'),
(1807, 143, 61, '2024-09-26 09:00:31'),
(1808, 143, 64, '2024-09-26 09:00:31'),
(1809, 143, 67, '2024-09-26 09:00:31'),
(1810, 143, 69, '2024-09-26 09:00:31'),
(1811, 143, 72, '2024-09-26 09:00:31'),
(1812, 143, 76, '2024-09-26 09:00:31'),
(1813, 143, 79, '2024-09-26 09:00:31'),
(1814, 143, 82, '2024-09-26 09:00:31'),
(1815, 143, 84, '2024-09-26 09:00:31'),
(1816, 143, 3, '2024-09-26 09:00:31'),
(1817, 144, 1, '2024-09-26 09:00:31'),
(1818, 144, 5, '2024-09-26 09:00:31'),
(1819, 144, 9, '2024-09-26 09:00:31'),
(1820, 144, 13, '2024-09-26 09:00:31'),
(1821, 144, 15, '2024-09-26 09:00:31'),
(1822, 144, 18, '2024-09-26 09:00:31'),
(1823, 144, 21, '2024-09-26 09:00:31'),
(1824, 144, 23, '2024-09-26 09:00:31'),
(1825, 144, 24, '2024-09-26 09:00:31'),
(1826, 144, 29, '2024-09-26 09:00:31'),
(1827, 144, 32, '2024-09-26 09:00:31'),
(1828, 144, 35, '2024-09-26 09:00:31'),
(1829, 144, 26, '2024-09-26 09:00:31'),
(1830, 144, 39, '2024-09-26 09:00:31'),
(1831, 144, 42, '2024-09-26 09:00:31'),
(1832, 144, 45, '2024-09-26 09:00:31'),
(1833, 144, 50, '2024-09-26 09:00:31'),
(1834, 144, 54, '2024-09-26 09:00:31'),
(1835, 144, 57, '2024-09-26 09:00:31'),
(1836, 144, 61, '2024-09-26 09:00:31'),
(1837, 144, 64, '2024-09-26 09:00:31'),
(1838, 144, 67, '2024-09-26 09:00:31'),
(1839, 144, 69, '2024-09-26 09:00:31'),
(1840, 144, 72, '2024-09-26 09:00:31'),
(1841, 144, 76, '2024-09-26 09:00:31'),
(1842, 144, 79, '2024-09-26 09:00:31'),
(1843, 144, 82, '2024-09-26 09:00:31'),
(1844, 144, 84, '2024-09-26 09:00:31'),
(1845, 144, 3, '2024-09-26 09:00:31'),
(1846, 145, 1, '2024-09-26 09:00:31'),
(1847, 145, 5, '2024-09-26 09:00:31'),
(1848, 145, 9, '2024-09-26 09:00:31'),
(1849, 145, 13, '2024-09-26 09:00:31'),
(1850, 145, 15, '2024-09-26 09:00:31'),
(1851, 145, 18, '2024-09-26 09:00:31'),
(1852, 145, 21, '2024-09-26 09:00:31'),
(1853, 145, 23, '2024-09-26 09:00:31'),
(1854, 145, 24, '2024-09-26 09:00:31'),
(1855, 145, 29, '2024-09-26 09:00:31'),
(1856, 145, 32, '2024-09-26 09:00:31'),
(1857, 145, 35, '2024-09-26 09:00:31'),
(1858, 145, 26, '2024-09-26 09:00:31'),
(1859, 145, 39, '2024-09-26 09:00:31'),
(1860, 145, 42, '2024-09-26 09:00:31'),
(1861, 145, 45, '2024-09-26 09:00:31'),
(1862, 145, 50, '2024-09-26 09:00:31'),
(1863, 145, 54, '2024-09-26 09:00:31'),
(1864, 145, 57, '2024-09-26 09:00:31'),
(1865, 145, 61, '2024-09-26 09:00:31'),
(1866, 145, 64, '2024-09-26 09:00:31'),
(1867, 145, 67, '2024-09-26 09:00:31'),
(1868, 145, 69, '2024-09-26 09:00:31'),
(1869, 145, 72, '2024-09-26 09:00:31'),
(1870, 145, 76, '2024-09-26 09:00:31'),
(1871, 145, 79, '2024-09-26 09:00:31'),
(1872, 145, 82, '2024-09-26 09:00:31'),
(1873, 145, 84, '2024-09-26 09:00:31'),
(1874, 145, 3, '2024-09-26 09:00:31'),
(1875, 146, 1, '2024-09-26 09:00:31'),
(1876, 146, 5, '2024-09-26 09:00:31'),
(1877, 146, 9, '2024-09-26 09:00:31'),
(1878, 146, 13, '2024-09-26 09:00:31'),
(1879, 146, 15, '2024-09-26 09:00:31'),
(1880, 146, 18, '2024-09-26 09:00:31'),
(1881, 146, 21, '2024-09-26 09:00:31'),
(1882, 146, 23, '2024-09-26 09:00:31'),
(1883, 146, 24, '2024-09-26 09:00:31'),
(1884, 146, 29, '2024-09-26 09:00:31'),
(1885, 146, 32, '2024-09-26 09:00:31'),
(1886, 146, 35, '2024-09-26 09:00:31'),
(1887, 146, 26, '2024-09-26 09:00:31'),
(1888, 146, 39, '2024-09-26 09:00:31'),
(1889, 146, 42, '2024-09-26 09:00:31'),
(1890, 146, 45, '2024-09-26 09:00:31'),
(1891, 146, 50, '2024-09-26 09:00:31'),
(1892, 146, 54, '2024-09-26 09:00:31'),
(1893, 146, 57, '2024-09-26 09:00:31'),
(1894, 146, 61, '2024-09-26 09:00:31'),
(1895, 146, 64, '2024-09-26 09:00:31'),
(1896, 146, 67, '2024-09-26 09:00:31'),
(1897, 146, 69, '2024-09-26 09:00:31'),
(1898, 146, 72, '2024-09-26 09:00:31'),
(1899, 146, 76, '2024-09-26 09:00:31'),
(1900, 146, 79, '2024-09-26 09:00:31'),
(1901, 146, 82, '2024-09-26 09:00:31'),
(1902, 146, 84, '2024-09-26 09:00:31'),
(1903, 146, 3, '2024-09-26 09:00:31'),
(1904, 147, 1, '2024-09-26 09:00:31'),
(1905, 147, 5, '2024-09-26 09:00:31'),
(1906, 147, 9, '2024-09-26 09:00:31'),
(1907, 147, 13, '2024-09-26 09:00:31'),
(1908, 147, 15, '2024-09-26 09:00:31'),
(1909, 147, 18, '2024-09-26 09:00:31'),
(1910, 147, 21, '2024-09-26 09:00:31'),
(1911, 147, 23, '2024-09-26 09:00:31'),
(1912, 147, 24, '2024-09-26 09:00:31'),
(1913, 147, 29, '2024-09-26 09:00:31'),
(1914, 147, 32, '2024-09-26 09:00:31'),
(1915, 147, 35, '2024-09-26 09:00:31'),
(1916, 147, 26, '2024-09-26 09:00:31'),
(1917, 147, 39, '2024-09-26 09:00:31'),
(1918, 147, 42, '2024-09-26 09:00:31'),
(1919, 147, 45, '2024-09-26 09:00:31'),
(1920, 147, 50, '2024-09-26 09:00:31'),
(1921, 147, 54, '2024-09-26 09:00:31'),
(1922, 147, 57, '2024-09-26 09:00:31'),
(1923, 147, 61, '2024-09-26 09:00:31'),
(1924, 147, 64, '2024-09-26 09:00:31'),
(1925, 147, 67, '2024-09-26 09:00:31'),
(1926, 147, 69, '2024-09-26 09:00:31'),
(1927, 147, 72, '2024-09-26 09:00:31'),
(1928, 147, 76, '2024-09-26 09:00:31'),
(1929, 147, 79, '2024-09-26 09:00:31'),
(1930, 147, 82, '2024-09-26 09:00:31'),
(1931, 147, 84, '2024-09-26 09:00:31'),
(1932, 147, 3, '2024-09-26 09:00:31'),
(1933, 148, 1, '2024-09-26 09:00:31'),
(1934, 148, 5, '2024-09-26 09:00:31'),
(1935, 148, 9, '2024-09-26 09:00:31'),
(1936, 148, 13, '2024-09-26 09:00:31'),
(1937, 148, 15, '2024-09-26 09:00:31'),
(1938, 148, 18, '2024-09-26 09:00:31'),
(1939, 148, 21, '2024-09-26 09:00:31'),
(1940, 148, 23, '2024-09-26 09:00:31'),
(1941, 148, 24, '2024-09-26 09:00:31'),
(1942, 148, 29, '2024-09-26 09:00:31'),
(1943, 148, 32, '2024-09-26 09:00:31'),
(1944, 148, 35, '2024-09-26 09:00:31'),
(1945, 148, 26, '2024-09-26 09:00:31'),
(1946, 148, 39, '2024-09-26 09:00:31'),
(1947, 148, 42, '2024-09-26 09:00:31'),
(1948, 148, 45, '2024-09-26 09:00:31'),
(1949, 148, 50, '2024-09-26 09:00:31'),
(1950, 148, 54, '2024-09-26 09:00:31'),
(1951, 148, 57, '2024-09-26 09:00:31'),
(1952, 148, 61, '2024-09-26 09:00:31'),
(1953, 148, 64, '2024-09-26 09:00:31'),
(1954, 148, 67, '2024-09-26 09:00:31'),
(1955, 148, 69, '2024-09-26 09:00:31'),
(1956, 148, 72, '2024-09-26 09:00:31'),
(1957, 148, 76, '2024-09-26 09:00:31'),
(1958, 148, 79, '2024-09-26 09:00:31'),
(1959, 148, 82, '2024-09-26 09:00:31'),
(1960, 148, 84, '2024-09-26 09:00:31'),
(1961, 148, 3, '2024-09-26 09:00:31'),
(1962, 149, 1, '2024-09-26 09:00:31'),
(1963, 149, 5, '2024-09-26 09:00:31'),
(1964, 149, 9, '2024-09-26 09:00:31'),
(1965, 149, 13, '2024-09-26 09:00:31'),
(1966, 149, 15, '2024-09-26 09:00:31'),
(1967, 149, 18, '2024-09-26 09:00:31'),
(1968, 149, 21, '2024-09-26 09:00:31'),
(1969, 149, 23, '2024-09-26 09:00:31'),
(1970, 149, 24, '2024-09-26 09:00:31'),
(1971, 149, 29, '2024-09-26 09:00:31'),
(1972, 149, 32, '2024-09-26 09:00:31'),
(1973, 149, 35, '2024-09-26 09:00:31'),
(1974, 149, 26, '2024-09-26 09:00:31'),
(1975, 149, 39, '2024-09-26 09:00:31'),
(1976, 149, 42, '2024-09-26 09:00:31'),
(1977, 149, 45, '2024-09-26 09:00:31'),
(1978, 149, 50, '2024-09-26 09:00:31'),
(1979, 149, 54, '2024-09-26 09:00:31'),
(1980, 149, 57, '2024-09-26 09:00:31'),
(1981, 149, 61, '2024-09-26 09:00:31'),
(1982, 149, 64, '2024-09-26 09:00:31'),
(1983, 149, 67, '2024-09-26 09:00:31'),
(1984, 149, 69, '2024-09-26 09:00:31'),
(1985, 149, 72, '2024-09-26 09:00:31'),
(1986, 149, 76, '2024-09-26 09:00:31'),
(1987, 149, 79, '2024-09-26 09:00:31'),
(1988, 149, 82, '2024-09-26 09:00:31'),
(1989, 149, 84, '2024-09-26 09:00:31'),
(1990, 149, 3, '2024-09-26 09:00:31'),
(1991, 150, 1, '2024-09-26 09:00:31'),
(1992, 150, 5, '2024-09-26 09:00:31'),
(1993, 150, 9, '2024-09-26 09:00:31'),
(1994, 150, 13, '2024-09-26 09:00:31'),
(1995, 150, 15, '2024-09-26 09:00:31'),
(1996, 150, 18, '2024-09-26 09:00:31'),
(1997, 150, 21, '2024-09-26 09:00:31'),
(1998, 150, 23, '2024-09-26 09:00:31'),
(1999, 150, 24, '2024-09-26 09:00:31'),
(2000, 150, 29, '2024-09-26 09:00:31'),
(2001, 150, 32, '2024-09-26 09:00:31'),
(2002, 150, 35, '2024-09-26 09:00:31'),
(2003, 150, 26, '2024-09-26 09:00:31'),
(2004, 150, 39, '2024-09-26 09:00:31'),
(2005, 150, 42, '2024-09-26 09:00:31'),
(2006, 150, 45, '2024-09-26 09:00:31'),
(2007, 150, 50, '2024-09-26 09:00:31'),
(2008, 150, 54, '2024-09-26 09:00:31'),
(2009, 150, 57, '2024-09-26 09:00:31'),
(2010, 150, 61, '2024-09-26 09:00:31'),
(2011, 150, 64, '2024-09-26 09:00:31'),
(2012, 150, 67, '2024-09-26 09:00:31'),
(2013, 150, 69, '2024-09-26 09:00:31'),
(2014, 150, 72, '2024-09-26 09:00:31'),
(2015, 150, 76, '2024-09-26 09:00:31'),
(2016, 150, 79, '2024-09-26 09:00:31'),
(2017, 150, 82, '2024-09-26 09:00:31'),
(2018, 150, 84, '2024-09-26 09:00:31'),
(2019, 150, 3, '2024-09-26 09:00:31'),
(2020, 151, 1, '2024-09-26 09:00:31'),
(2021, 151, 5, '2024-09-26 09:00:31'),
(2022, 151, 9, '2024-09-26 09:00:31'),
(2023, 151, 13, '2024-09-26 09:00:31'),
(2024, 151, 15, '2024-09-26 09:00:31'),
(2025, 151, 18, '2024-09-26 09:00:31'),
(2026, 151, 21, '2024-09-26 09:00:31'),
(2027, 151, 23, '2024-09-26 09:00:31'),
(2028, 151, 24, '2024-09-26 09:00:31'),
(2029, 151, 29, '2024-09-26 09:00:31'),
(2030, 151, 32, '2024-09-26 09:00:31'),
(2031, 151, 35, '2024-09-26 09:00:31'),
(2032, 151, 26, '2024-09-26 09:00:31'),
(2033, 151, 39, '2024-09-26 09:00:31'),
(2034, 151, 42, '2024-09-26 09:00:31'),
(2035, 151, 45, '2024-09-26 09:00:31'),
(2036, 151, 50, '2024-09-26 09:00:31'),
(2037, 151, 54, '2024-09-26 09:00:31'),
(2038, 151, 57, '2024-09-26 09:00:31'),
(2039, 151, 61, '2024-09-26 09:00:31'),
(2040, 151, 64, '2024-09-26 09:00:31'),
(2041, 151, 67, '2024-09-26 09:00:31'),
(2042, 151, 69, '2024-09-26 09:00:31'),
(2043, 151, 72, '2024-09-26 09:00:31'),
(2044, 151, 76, '2024-09-26 09:00:31'),
(2045, 151, 79, '2024-09-26 09:00:31'),
(2046, 151, 82, '2024-09-26 09:00:31'),
(2047, 151, 84, '2024-09-26 09:00:31'),
(2048, 151, 3, '2024-09-26 09:00:31'),
(2165, 158, 1, '2024-10-10 15:54:59'),
(2166, 158, 6, '2024-10-10 15:54:59'),
(2167, 158, 11, '2024-10-10 15:54:59'),
(2168, 158, 13, '2024-10-10 15:54:59'),
(2169, 158, 15, '2024-10-10 15:54:59'),
(2170, 158, 19, '2024-10-10 15:54:59'),
(2171, 158, 21, '2024-10-10 15:54:59'),
(2172, 158, 23, '2024-10-10 15:54:59'),
(2173, 158, 24, '2024-10-10 15:54:59'),
(2174, 158, 30, '2024-10-10 15:54:59'),
(2175, 158, 33, '2024-10-10 15:54:59'),
(2176, 158, 37, '2024-10-10 15:54:59'),
(2177, 158, 28, '2024-10-10 15:54:59'),
(2178, 158, 41, '2024-10-10 15:54:59'),
(2179, 158, 44, '2024-10-10 15:54:59'),
(2180, 158, 47, '2024-10-10 15:54:59'),
(2181, 158, 52, '2024-10-10 15:54:59'),
(2182, 158, 54, '2024-10-10 15:54:59'),
(2183, 158, 60, '2024-10-10 15:54:59'),
(2184, 158, 62, '2024-10-10 15:54:59'),
(2185, 158, 64, '2024-10-10 15:54:59'),
(2186, 158, 67, '2024-10-10 15:54:59'),
(2187, 158, 69, '2024-10-10 15:54:59'),
(2188, 158, 74, '2024-10-10 15:54:59'),
(2189, 158, 76, '2024-10-10 15:54:59'),
(2190, 158, 81, '2024-10-10 15:54:59'),
(2191, 158, 82, '2024-10-10 15:54:59'),
(2192, 158, 85, '2024-10-10 15:54:59'),
(2193, 158, 3, '2024-10-10 15:54:59'),
(2223, 162, 1, '2024-10-11 10:23:49'),
(2224, 162, 6, '2024-10-11 10:23:49'),
(2225, 162, 11, '2024-10-11 10:23:49'),
(2226, 162, 13, '2024-10-11 10:23:49'),
(2227, 162, 15, '2024-10-11 10:23:49'),
(2228, 162, 19, '2024-10-11 10:23:49'),
(2229, 162, 21, '2024-10-11 10:23:49'),
(2230, 162, 23, '2024-10-11 10:23:49'),
(2231, 162, 24, '2024-10-11 10:23:49'),
(2232, 162, 30, '2024-10-11 10:23:49'),
(2233, 162, 33, '2024-10-11 10:23:49'),
(2234, 162, 37, '2024-10-11 10:23:49'),
(2235, 162, 28, '2024-10-11 10:23:49'),
(2236, 162, 41, '2024-10-11 10:23:49'),
(2237, 162, 44, '2024-10-11 10:23:49'),
(2238, 162, 47, '2024-10-11 10:23:49'),
(2239, 162, 52, '2024-10-11 10:23:49'),
(2240, 162, 54, '2024-10-11 10:23:49'),
(2241, 162, 60, '2024-10-11 10:23:49'),
(2242, 162, 62, '2024-10-11 10:23:49'),
(2243, 162, 64, '2024-10-11 10:23:49'),
(2244, 162, 67, '2024-10-11 10:23:49'),
(2245, 162, 69, '2024-10-11 10:23:49'),
(2246, 162, 74, '2024-10-11 10:23:49'),
(2247, 162, 76, '2024-10-11 10:23:49'),
(2248, 162, 81, '2024-10-11 10:23:49'),
(2249, 162, 82, '2024-10-11 10:23:49'),
(2250, 162, 85, '2024-10-11 10:23:49'),
(2251, 162, 3, '2024-10-11 10:23:49'),
(2252, 163, 1, '2024-10-11 10:38:51'),
(2253, 163, 6, '2024-10-11 10:38:51'),
(2254, 163, 11, '2024-10-11 10:38:51'),
(2255, 163, 13, '2024-10-11 10:38:51'),
(2256, 163, 15, '2024-10-11 10:38:51'),
(2257, 163, 19, '2024-10-11 10:38:51'),
(2258, 163, 21, '2024-10-11 10:38:51'),
(2259, 163, 23, '2024-10-11 10:38:51'),
(2260, 163, 24, '2024-10-11 10:38:51'),
(2261, 163, 30, '2024-10-11 10:38:51'),
(2262, 163, 33, '2024-10-11 10:38:51'),
(2263, 163, 37, '2024-10-11 10:38:51'),
(2264, 163, 28, '2024-10-11 10:38:51'),
(2265, 163, 41, '2024-10-11 10:38:51'),
(2266, 163, 44, '2024-10-11 10:38:51'),
(2267, 163, 47, '2024-10-11 10:38:51'),
(2268, 163, 52, '2024-10-11 10:38:51'),
(2269, 163, 54, '2024-10-11 10:38:51'),
(2270, 163, 60, '2024-10-11 10:38:51'),
(2271, 163, 62, '2024-10-11 10:38:51'),
(2272, 163, 64, '2024-10-11 10:38:51'),
(2273, 163, 67, '2024-10-11 10:38:51'),
(2274, 163, 69, '2024-10-11 10:38:51'),
(2275, 163, 74, '2024-10-11 10:38:51'),
(2276, 163, 76, '2024-10-11 10:38:51'),
(2277, 163, 81, '2024-10-11 10:38:51'),
(2278, 163, 82, '2024-10-11 10:38:51'),
(2279, 163, 85, '2024-10-11 10:38:51'),
(2280, 163, 3, '2024-10-11 10:38:51'),
(2281, 164, 1, '2024-10-11 10:47:53'),
(2282, 164, 6, '2024-10-11 10:47:53'),
(2283, 164, 11, '2024-10-11 10:47:53'),
(2284, 164, 13, '2024-10-11 10:47:53'),
(2285, 164, 15, '2024-10-11 10:47:53'),
(2286, 164, 19, '2024-10-11 10:47:53'),
(2287, 164, 21, '2024-10-11 10:47:53'),
(2288, 164, 23, '2024-10-11 10:47:53'),
(2289, 164, 24, '2024-10-11 10:47:53'),
(2290, 164, 30, '2024-10-11 10:47:53'),
(2291, 164, 33, '2024-10-11 10:47:53'),
(2292, 164, 37, '2024-10-11 10:47:53'),
(2293, 164, 28, '2024-10-11 10:47:53'),
(2294, 164, 41, '2024-10-11 10:47:53'),
(2295, 164, 44, '2024-10-11 10:47:53'),
(2296, 164, 47, '2024-10-11 10:47:53'),
(2297, 164, 52, '2024-10-11 10:47:53'),
(2298, 164, 54, '2024-10-11 10:47:53'),
(2299, 164, 60, '2024-10-11 10:47:53'),
(2300, 164, 62, '2024-10-11 10:47:53'),
(2301, 164, 64, '2024-10-11 10:47:53'),
(2302, 164, 67, '2024-10-11 10:47:53'),
(2303, 164, 69, '2024-10-11 10:47:53'),
(2304, 164, 74, '2024-10-11 10:47:53'),
(2305, 164, 76, '2024-10-11 10:47:53'),
(2306, 164, 81, '2024-10-11 10:47:53'),
(2307, 164, 82, '2024-10-11 10:47:53'),
(2308, 164, 85, '2024-10-11 10:47:53'),
(2309, 164, 3, '2024-10-11 10:47:53'),
(2310, 165, 1, '2024-10-11 10:59:07'),
(2311, 165, 6, '2024-10-11 10:59:07'),
(2312, 165, 11, '2024-10-11 10:59:07'),
(2313, 165, 13, '2024-10-11 10:59:07'),
(2314, 165, 15, '2024-10-11 10:59:07'),
(2315, 165, 19, '2024-10-11 10:59:07'),
(2316, 165, 21, '2024-10-11 10:59:07'),
(2317, 165, 23, '2024-10-11 10:59:07'),
(2318, 165, 24, '2024-10-11 10:59:07'),
(2319, 165, 30, '2024-10-11 10:59:07'),
(2320, 165, 33, '2024-10-11 10:59:07'),
(2321, 165, 37, '2024-10-11 10:59:07'),
(2322, 165, 28, '2024-10-11 10:59:07'),
(2323, 165, 41, '2024-10-11 10:59:07'),
(2324, 165, 44, '2024-10-11 10:59:07'),
(2325, 165, 47, '2024-10-11 10:59:07'),
(2326, 165, 52, '2024-10-11 10:59:07'),
(2327, 165, 54, '2024-10-11 10:59:07'),
(2328, 165, 60, '2024-10-11 10:59:07'),
(2329, 165, 62, '2024-10-11 10:59:07'),
(2330, 165, 64, '2024-10-11 10:59:07'),
(2331, 165, 67, '2024-10-11 10:59:07'),
(2332, 165, 69, '2024-10-11 10:59:07'),
(2333, 165, 74, '2024-10-11 10:59:07'),
(2334, 165, 76, '2024-10-11 10:59:07'),
(2335, 165, 81, '2024-10-11 10:59:07'),
(2336, 165, 82, '2024-10-11 10:59:07'),
(2337, 165, 85, '2024-10-11 10:59:07'),
(2338, 165, 3, '2024-10-11 10:59:07'),
(2368, 167, 1, '2024-10-11 11:40:08'),
(2369, 167, 6, '2024-10-11 11:40:08'),
(2370, 167, 11, '2024-10-11 11:40:08'),
(2371, 167, 13, '2024-10-11 11:40:08'),
(2372, 167, 15, '2024-10-11 11:40:08'),
(2373, 167, 19, '2024-10-11 11:40:08'),
(2374, 167, 21, '2024-10-11 11:40:08'),
(2375, 167, 23, '2024-10-11 11:40:08'),
(2376, 167, 24, '2024-10-11 11:40:08'),
(2377, 167, 30, '2024-10-11 11:40:08'),
(2378, 167, 33, '2024-10-11 11:40:08'),
(2379, 167, 37, '2024-10-11 11:40:08'),
(2380, 167, 28, '2024-10-11 11:40:08'),
(2381, 167, 41, '2024-10-11 11:40:08'),
(2382, 167, 44, '2024-10-11 11:40:08'),
(2383, 167, 47, '2024-10-11 11:40:08'),
(2384, 167, 52, '2024-10-11 11:40:08'),
(2385, 167, 54, '2024-10-11 11:40:08'),
(2386, 167, 60, '2024-10-11 11:40:08'),
(2387, 167, 62, '2024-10-11 11:40:08'),
(2388, 167, 64, '2024-10-11 11:40:08'),
(2389, 167, 67, '2024-10-11 11:40:08'),
(2390, 167, 69, '2024-10-11 11:40:08'),
(2391, 167, 74, '2024-10-11 11:40:08'),
(2392, 167, 76, '2024-10-11 11:40:08'),
(2393, 167, 81, '2024-10-11 11:40:08'),
(2394, 167, 82, '2024-10-11 11:40:08'),
(2395, 167, 85, '2024-10-11 11:40:08'),
(2396, 167, 3, '2024-10-11 11:40:08'),
(2397, 168, 1, '2024-10-11 11:43:19'),
(2398, 168, 6, '2024-10-11 11:43:19'),
(2399, 168, 11, '2024-10-11 11:43:19'),
(2400, 168, 13, '2024-10-11 11:43:19'),
(2401, 168, 15, '2024-10-11 11:43:19'),
(2402, 168, 19, '2024-10-11 11:43:19'),
(2403, 168, 21, '2024-10-11 11:43:19'),
(2404, 168, 23, '2024-10-11 11:43:19'),
(2405, 168, 24, '2024-10-11 11:43:19'),
(2406, 168, 30, '2024-10-11 11:43:19'),
(2407, 168, 33, '2024-10-11 11:43:19'),
(2408, 168, 37, '2024-10-11 11:43:19'),
(2409, 168, 28, '2024-10-11 11:43:19'),
(2410, 168, 41, '2024-10-11 11:43:19'),
(2411, 168, 44, '2024-10-11 11:43:19'),
(2412, 168, 47, '2024-10-11 11:43:19'),
(2413, 168, 52, '2024-10-11 11:43:19'),
(2414, 168, 54, '2024-10-11 11:43:19'),
(2415, 168, 60, '2024-10-11 11:43:19'),
(2416, 168, 62, '2024-10-11 11:43:19'),
(2417, 168, 64, '2024-10-11 11:43:19'),
(2418, 168, 67, '2024-10-11 11:43:19'),
(2419, 168, 69, '2024-10-11 11:43:19'),
(2420, 168, 74, '2024-10-11 11:43:19'),
(2421, 168, 76, '2024-10-11 11:43:19'),
(2422, 168, 81, '2024-10-11 11:43:19'),
(2423, 168, 82, '2024-10-11 11:43:19'),
(2424, 168, 85, '2024-10-11 11:43:19'),
(2425, 168, 3, '2024-10-11 11:43:19'),
(2426, 169, 1, '2024-10-11 11:47:13'),
(2427, 169, 6, '2024-10-11 11:47:13'),
(2428, 169, 11, '2024-10-11 11:47:13'),
(2429, 169, 13, '2024-10-11 11:47:13'),
(2430, 169, 15, '2024-10-11 11:47:13'),
(2431, 169, 19, '2024-10-11 11:47:13'),
(2432, 169, 21, '2024-10-11 11:47:13'),
(2433, 169, 23, '2024-10-11 11:47:13'),
(2434, 169, 24, '2024-10-11 11:47:13'),
(2435, 169, 30, '2024-10-11 11:47:13'),
(2436, 169, 33, '2024-10-11 11:47:13'),
(2437, 169, 37, '2024-10-11 11:47:13'),
(2438, 169, 28, '2024-10-11 11:47:13'),
(2439, 169, 41, '2024-10-11 11:47:13'),
(2440, 169, 44, '2024-10-11 11:47:13'),
(2441, 169, 47, '2024-10-11 11:47:13'),
(2442, 169, 52, '2024-10-11 11:47:13'),
(2443, 169, 54, '2024-10-11 11:47:13'),
(2444, 169, 60, '2024-10-11 11:47:13'),
(2445, 169, 62, '2024-10-11 11:47:13'),
(2446, 169, 64, '2024-10-11 11:47:13'),
(2447, 169, 67, '2024-10-11 11:47:13'),
(2448, 169, 69, '2024-10-11 11:47:13'),
(2449, 169, 74, '2024-10-11 11:47:13'),
(2450, 169, 76, '2024-10-11 11:47:13'),
(2451, 169, 81, '2024-10-11 11:47:13'),
(2452, 169, 82, '2024-10-11 11:47:13'),
(2453, 169, 85, '2024-10-11 11:47:13'),
(2454, 169, 3, '2024-10-11 11:47:13'),
(2455, 170, 1, '2024-10-11 12:22:02'),
(2456, 170, 6, '2024-10-11 12:22:02'),
(2457, 170, 11, '2024-10-11 12:22:02'),
(2458, 170, 13, '2024-10-11 12:22:02'),
(2459, 170, 15, '2024-10-11 12:22:02'),
(2460, 170, 19, '2024-10-11 12:22:02'),
(2461, 170, 21, '2024-10-11 12:22:02'),
(2462, 170, 23, '2024-10-11 12:22:02'),
(2463, 170, 24, '2024-10-11 12:22:02'),
(2464, 170, 30, '2024-10-11 12:22:02'),
(2465, 170, 33, '2024-10-11 12:22:02'),
(2466, 170, 37, '2024-10-11 12:22:02'),
(2467, 170, 28, '2024-10-11 12:22:02'),
(2468, 170, 41, '2024-10-11 12:22:02'),
(2469, 170, 44, '2024-10-11 12:22:02'),
(2470, 170, 47, '2024-10-11 12:22:02'),
(2471, 170, 52, '2024-10-11 12:22:02'),
(2472, 170, 54, '2024-10-11 12:22:02'),
(2473, 170, 60, '2024-10-11 12:22:02'),
(2474, 170, 62, '2024-10-11 12:22:02'),
(2475, 170, 64, '2024-10-11 12:22:02'),
(2476, 170, 67, '2024-10-11 12:22:02'),
(2477, 170, 69, '2024-10-11 12:22:02'),
(2478, 170, 74, '2024-10-11 12:22:02'),
(2479, 170, 76, '2024-10-11 12:22:02'),
(2480, 170, 81, '2024-10-11 12:22:02'),
(2481, 170, 82, '2024-10-11 12:22:02'),
(2482, 170, 85, '2024-10-11 12:22:02'),
(2483, 170, 3, '2024-10-11 12:22:02'),
(2542, 173, 1, '2024-10-11 13:03:06'),
(2543, 173, 6, '2024-10-11 13:03:06'),
(2544, 173, 11, '2024-10-11 13:03:06'),
(2545, 173, 13, '2024-10-11 13:03:06'),
(2546, 173, 15, '2024-10-11 13:03:06'),
(2547, 173, 19, '2024-10-11 13:03:06'),
(2548, 173, 21, '2024-10-11 13:03:06'),
(2549, 173, 23, '2024-10-11 13:03:06'),
(2550, 173, 24, '2024-10-11 13:03:06'),
(2551, 173, 30, '2024-10-11 13:03:06'),
(2552, 173, 33, '2024-10-11 13:03:06'),
(2553, 173, 37, '2024-10-11 13:03:06'),
(2554, 173, 28, '2024-10-11 13:03:06'),
(2555, 173, 41, '2024-10-11 13:03:06'),
(2556, 173, 44, '2024-10-11 13:03:06'),
(2557, 173, 47, '2024-10-11 13:03:06'),
(2558, 173, 52, '2024-10-11 13:03:06'),
(2559, 173, 54, '2024-10-11 13:03:06'),
(2560, 173, 60, '2024-10-11 13:03:06'),
(2561, 173, 62, '2024-10-11 13:03:06'),
(2562, 173, 64, '2024-10-11 13:03:06'),
(2563, 173, 67, '2024-10-11 13:03:06'),
(2564, 173, 69, '2024-10-11 13:03:06'),
(2565, 173, 74, '2024-10-11 13:03:06'),
(2566, 173, 76, '2024-10-11 13:03:06'),
(2567, 173, 81, '2024-10-11 13:03:06'),
(2568, 173, 82, '2024-10-11 13:03:06'),
(2569, 173, 85, '2024-10-11 13:03:06'),
(2570, 173, 3, '2024-10-11 13:03:06'),
(2571, 174, 1, '2024-10-11 13:08:33'),
(2572, 174, 6, '2024-10-11 13:08:33'),
(2573, 174, 11, '2024-10-11 13:08:33'),
(2574, 174, 13, '2024-10-11 13:08:33'),
(2575, 174, 15, '2024-10-11 13:08:33'),
(2576, 174, 19, '2024-10-11 13:08:33'),
(2577, 174, 21, '2024-10-11 13:08:33'),
(2578, 174, 23, '2024-10-11 13:08:33'),
(2579, 174, 24, '2024-10-11 13:08:33'),
(2580, 174, 30, '2024-10-11 13:08:33'),
(2581, 174, 33, '2024-10-11 13:08:33'),
(2582, 174, 37, '2024-10-11 13:08:33'),
(2583, 174, 28, '2024-10-11 13:08:33'),
(2584, 174, 41, '2024-10-11 13:08:33'),
(2585, 174, 44, '2024-10-11 13:08:33'),
(2586, 174, 47, '2024-10-11 13:08:33'),
(2587, 174, 52, '2024-10-11 13:08:33'),
(2588, 174, 54, '2024-10-11 13:08:33'),
(2589, 174, 60, '2024-10-11 13:08:33'),
(2590, 174, 62, '2024-10-11 13:08:33'),
(2591, 174, 64, '2024-10-11 13:08:33'),
(2592, 174, 67, '2024-10-11 13:08:33'),
(2593, 174, 69, '2024-10-11 13:08:33'),
(2594, 174, 74, '2024-10-11 13:08:33'),
(2595, 174, 76, '2024-10-11 13:08:33'),
(2596, 174, 81, '2024-10-11 13:08:33'),
(2597, 174, 82, '2024-10-11 13:08:33'),
(2598, 174, 85, '2024-10-11 13:08:33'),
(2599, 174, 3, '2024-10-11 13:08:33'),
(2629, 175, 1, '2024-10-11 13:15:36'),
(2630, 175, 6, '2024-10-11 13:15:36'),
(2631, 175, 11, '2024-10-11 13:15:36'),
(2632, 175, 13, '2024-10-11 13:15:36'),
(2633, 175, 15, '2024-10-11 13:15:36'),
(2634, 175, 19, '2024-10-11 13:15:36'),
(2635, 175, 21, '2024-10-11 13:15:36'),
(2636, 175, 23, '2024-10-11 13:15:36'),
(2637, 175, 24, '2024-10-11 13:15:36'),
(2638, 175, 30, '2024-10-11 13:15:36'),
(2639, 175, 33, '2024-10-11 13:15:36'),
(2640, 175, 37, '2024-10-11 13:15:36'),
(2641, 175, 28, '2024-10-11 13:15:36'),
(2642, 175, 41, '2024-10-11 13:15:36'),
(2643, 175, 44, '2024-10-11 13:15:36'),
(2644, 175, 47, '2024-10-11 13:15:36'),
(2645, 175, 52, '2024-10-11 13:15:36'),
(2646, 175, 54, '2024-10-11 13:15:36'),
(2647, 175, 60, '2024-10-11 13:15:36'),
(2648, 175, 62, '2024-10-11 13:15:36'),
(2649, 175, 64, '2024-10-11 13:15:36'),
(2650, 175, 67, '2024-10-11 13:15:36'),
(2651, 175, 69, '2024-10-11 13:15:36'),
(2652, 175, 74, '2024-10-11 13:15:36'),
(2653, 175, 76, '2024-10-11 13:15:36'),
(2654, 175, 81, '2024-10-11 13:15:36'),
(2655, 175, 82, '2024-10-11 13:15:36'),
(2656, 175, 85, '2024-10-11 13:15:36'),
(2657, 175, 3, '2024-10-11 13:15:36'),
(2687, 177, 1, '2024-10-11 13:38:54'),
(2688, 177, 6, '2024-10-11 13:38:54'),
(2689, 177, 11, '2024-10-11 13:38:54'),
(2690, 177, 13, '2024-10-11 13:38:54'),
(2691, 177, 15, '2024-10-11 13:38:54'),
(2692, 177, 19, '2024-10-11 13:38:54'),
(2693, 177, 21, '2024-10-11 13:38:54'),
(2694, 177, 23, '2024-10-11 13:38:54'),
(2695, 177, 24, '2024-10-11 13:38:54'),
(2696, 177, 30, '2024-10-11 13:38:54'),
(2697, 177, 33, '2024-10-11 13:38:54'),
(2698, 177, 37, '2024-10-11 13:38:54'),
(2699, 177, 28, '2024-10-11 13:38:54'),
(2700, 177, 41, '2024-10-11 13:38:54'),
(2701, 177, 44, '2024-10-11 13:38:54'),
(2702, 177, 47, '2024-10-11 13:38:54'),
(2703, 177, 52, '2024-10-11 13:38:54'),
(2704, 177, 54, '2024-10-11 13:38:54'),
(2705, 177, 60, '2024-10-11 13:38:54'),
(2706, 177, 62, '2024-10-11 13:38:54'),
(2707, 177, 64, '2024-10-11 13:38:54'),
(2708, 177, 67, '2024-10-11 13:38:54'),
(2709, 177, 69, '2024-10-11 13:38:54'),
(2710, 177, 74, '2024-10-11 13:38:54'),
(2711, 177, 76, '2024-10-11 13:38:54'),
(2712, 177, 81, '2024-10-11 13:38:54'),
(2713, 177, 82, '2024-10-11 13:38:54'),
(2714, 177, 85, '2024-10-11 13:38:54'),
(2715, 177, 3, '2024-10-11 13:38:54'),
(2716, 178, 1, '2024-10-11 13:53:23'),
(2717, 178, 6, '2024-10-11 13:53:23'),
(2718, 178, 11, '2024-10-11 13:53:23'),
(2719, 178, 13, '2024-10-11 13:53:23'),
(2720, 178, 15, '2024-10-11 13:53:23'),
(2721, 178, 19, '2024-10-11 13:53:23'),
(2722, 178, 21, '2024-10-11 13:53:23'),
(2723, 178, 23, '2024-10-11 13:53:23'),
(2724, 178, 24, '2024-10-11 13:53:23'),
(2725, 178, 30, '2024-10-11 13:53:23'),
(2726, 178, 33, '2024-10-11 13:53:23'),
(2727, 178, 37, '2024-10-11 13:53:23'),
(2728, 178, 28, '2024-10-11 13:53:23'),
(2729, 178, 41, '2024-10-11 13:53:23'),
(2730, 178, 44, '2024-10-11 13:53:23'),
(2731, 178, 47, '2024-10-11 13:53:23'),
(2732, 178, 52, '2024-10-11 13:53:23'),
(2733, 178, 54, '2024-10-11 13:53:23'),
(2734, 178, 60, '2024-10-11 13:53:23'),
(2735, 178, 62, '2024-10-11 13:53:23'),
(2736, 178, 64, '2024-10-11 13:53:23'),
(2737, 178, 67, '2024-10-11 13:53:23'),
(2738, 178, 69, '2024-10-11 13:53:23'),
(2739, 178, 74, '2024-10-11 13:53:23'),
(2740, 178, 76, '2024-10-11 13:53:23'),
(2741, 178, 81, '2024-10-11 13:53:23'),
(2742, 178, 82, '2024-10-11 13:53:23'),
(2743, 178, 85, '2024-10-11 13:53:23'),
(2744, 178, 3, '2024-10-11 13:53:23'),
(2745, 155, 1, '2024-10-11 15:46:03'),
(2746, 155, 6, '2024-10-11 15:46:03'),
(2747, 155, 11, '2024-10-11 15:46:03'),
(2748, 155, 13, '2024-10-11 15:46:03'),
(2749, 155, 15, '2024-10-11 15:46:03'),
(2750, 155, 19, '2024-10-11 15:46:03'),
(2751, 155, 21, '2024-10-11 15:46:03'),
(2752, 155, 23, '2024-10-11 15:46:03'),
(2753, 155, 24, '2024-10-11 15:46:03'),
(2754, 155, 30, '2024-10-11 15:46:03'),
(2755, 155, 33, '2024-10-11 15:46:03'),
(2756, 155, 37, '2024-10-11 15:46:03'),
(2757, 155, 28, '2024-10-11 15:46:03'),
(2758, 155, 41, '2024-10-11 15:46:03'),
(2759, 155, 44, '2024-10-11 15:46:03'),
(2760, 155, 47, '2024-10-11 15:46:03'),
(2761, 155, 52, '2024-10-11 15:46:03'),
(2762, 155, 54, '2024-10-11 15:46:03'),
(2763, 155, 60, '2024-10-11 15:46:03'),
(2764, 155, 62, '2024-10-11 15:46:03'),
(2765, 155, 64, '2024-10-11 15:46:03'),
(2766, 155, 67, '2024-10-11 15:46:03'),
(2767, 155, 69, '2024-10-11 15:46:03'),
(2768, 155, 74, '2024-10-11 15:46:03'),
(2769, 155, 76, '2024-10-11 15:46:03'),
(2770, 155, 81, '2024-10-11 15:46:03'),
(2771, 155, 82, '2024-10-11 15:46:03'),
(2772, 155, 85, '2024-10-11 15:46:03'),
(2773, 155, 3, '2024-10-11 15:46:03'),
(2774, 179, 1, '2024-10-11 17:31:01'),
(2775, 179, 6, '2024-10-11 17:31:01'),
(2776, 179, 11, '2024-10-11 17:31:01'),
(2777, 179, 13, '2024-10-11 17:31:01'),
(2778, 179, 15, '2024-10-11 17:31:01'),
(2779, 179, 19, '2024-10-11 17:31:01'),
(2780, 179, 21, '2024-10-11 17:31:01'),
(2781, 179, 23, '2024-10-11 17:31:01'),
(2782, 179, 24, '2024-10-11 17:31:01'),
(2783, 179, 30, '2024-10-11 17:31:01'),
(2784, 179, 33, '2024-10-11 17:31:01'),
(2785, 179, 37, '2024-10-11 17:31:01'),
(2786, 179, 28, '2024-10-11 17:31:01'),
(2787, 179, 41, '2024-10-11 17:31:01'),
(2788, 179, 44, '2024-10-11 17:31:01'),
(2789, 179, 47, '2024-10-11 17:31:01'),
(2790, 179, 52, '2024-10-11 17:31:01'),
(2791, 179, 54, '2024-10-11 17:31:01'),
(2792, 179, 60, '2024-10-11 17:31:01'),
(2793, 179, 62, '2024-10-11 17:31:01'),
(2794, 179, 64, '2024-10-11 17:31:01'),
(2795, 179, 67, '2024-10-11 17:31:01'),
(2796, 179, 69, '2024-10-11 17:31:01'),
(2797, 179, 74, '2024-10-11 17:31:01'),
(2798, 179, 76, '2024-10-11 17:31:01'),
(2799, 179, 81, '2024-10-11 17:31:01'),
(2800, 179, 82, '2024-10-11 17:31:01'),
(2801, 179, 85, '2024-10-11 17:31:01'),
(2802, 179, 3, '2024-10-11 17:31:01'),
(2803, 180, 1, '2024-10-14 11:17:34'),
(2804, 180, 6, '2024-10-14 11:17:34'),
(2805, 180, 11, '2024-10-14 11:17:34'),
(2806, 180, 13, '2024-10-14 11:17:34'),
(2807, 180, 15, '2024-10-14 11:17:34'),
(2808, 180, 19, '2024-10-14 11:17:34'),
(2809, 180, 21, '2024-10-14 11:17:34'),
(2810, 180, 23, '2024-10-14 11:17:34'),
(2811, 180, 24, '2024-10-14 11:17:34'),
(2812, 180, 30, '2024-10-14 11:17:34'),
(2813, 180, 33, '2024-10-14 11:17:34'),
(2814, 180, 37, '2024-10-14 11:17:34'),
(2815, 180, 28, '2024-10-14 11:17:34'),
(2816, 180, 41, '2024-10-14 11:17:34'),
(2817, 180, 44, '2024-10-14 11:17:34'),
(2818, 180, 47, '2024-10-14 11:17:34'),
(2819, 180, 52, '2024-10-14 11:17:34'),
(2820, 180, 54, '2024-10-14 11:17:34'),
(2821, 180, 60, '2024-10-14 11:17:34'),
(2822, 180, 62, '2024-10-14 11:17:34'),
(2823, 180, 64, '2024-10-14 11:17:34'),
(2824, 180, 67, '2024-10-14 11:17:34'),
(2825, 180, 69, '2024-10-14 11:17:34'),
(2826, 180, 74, '2024-10-14 11:17:34'),
(2827, 180, 76, '2024-10-14 11:17:34'),
(2828, 180, 81, '2024-10-14 11:17:34'),
(2829, 180, 82, '2024-10-14 11:17:34'),
(2830, 180, 85, '2024-10-14 11:17:34'),
(2831, 180, 3, '2024-10-14 11:17:34'),
(2861, 182, 1, '2024-10-14 12:06:01'),
(2862, 182, 6, '2024-10-14 12:06:01'),
(2863, 182, 11, '2024-10-14 12:06:01'),
(2864, 182, 13, '2024-10-14 12:06:01'),
(2865, 182, 15, '2024-10-14 12:06:01'),
(2866, 182, 19, '2024-10-14 12:06:01'),
(2867, 182, 21, '2024-10-14 12:06:01'),
(2868, 182, 23, '2024-10-14 12:06:01'),
(2869, 182, 24, '2024-10-14 12:06:01'),
(2870, 182, 30, '2024-10-14 12:06:01'),
(2871, 182, 33, '2024-10-14 12:06:01'),
(2872, 182, 37, '2024-10-14 12:06:01'),
(2873, 182, 28, '2024-10-14 12:06:01'),
(2874, 182, 41, '2024-10-14 12:06:01'),
(2875, 182, 44, '2024-10-14 12:06:01'),
(2876, 182, 47, '2024-10-14 12:06:01'),
(2877, 182, 52, '2024-10-14 12:06:01'),
(2878, 182, 54, '2024-10-14 12:06:01'),
(2879, 182, 60, '2024-10-14 12:06:01'),
(2880, 182, 62, '2024-10-14 12:06:01'),
(2881, 182, 64, '2024-10-14 12:06:01'),
(2882, 182, 67, '2024-10-14 12:06:01'),
(2883, 182, 69, '2024-10-14 12:06:01'),
(2884, 182, 74, '2024-10-14 12:06:01'),
(2885, 182, 76, '2024-10-14 12:06:01'),
(2886, 182, 81, '2024-10-14 12:06:01'),
(2887, 182, 82, '2024-10-14 12:06:01'),
(2888, 182, 85, '2024-10-14 12:06:01'),
(2889, 182, 3, '2024-10-14 12:06:01'),
(2890, 183, 1, '2024-10-14 13:33:59'),
(2891, 183, 6, '2024-10-14 13:33:59'),
(2892, 183, 11, '2024-10-14 13:33:59'),
(2893, 183, 13, '2024-10-14 13:33:59'),
(2894, 183, 15, '2024-10-14 13:33:59'),
(2895, 183, 19, '2024-10-14 13:33:59'),
(2896, 183, 21, '2024-10-14 13:33:59'),
(2897, 183, 23, '2024-10-14 13:33:59'),
(2898, 183, 24, '2024-10-14 13:33:59'),
(2899, 183, 30, '2024-10-14 13:33:59'),
(2900, 183, 33, '2024-10-14 13:33:59'),
(2901, 183, 37, '2024-10-14 13:33:59'),
(2902, 183, 28, '2024-10-14 13:33:59'),
(2903, 183, 41, '2024-10-14 13:33:59'),
(2904, 183, 44, '2024-10-14 13:33:59'),
(2905, 183, 47, '2024-10-14 13:33:59'),
(2906, 183, 52, '2024-10-14 13:33:59'),
(2907, 183, 54, '2024-10-14 13:33:59'),
(2908, 183, 60, '2024-10-14 13:33:59'),
(2909, 183, 62, '2024-10-14 13:33:59'),
(2910, 183, 64, '2024-10-14 13:33:59'),
(2911, 183, 67, '2024-10-14 13:33:59'),
(2912, 183, 69, '2024-10-14 13:33:59'),
(2913, 183, 74, '2024-10-14 13:33:59'),
(2914, 183, 76, '2024-10-14 13:33:59'),
(2915, 183, 81, '2024-10-14 13:33:59'),
(2916, 183, 82, '2024-10-14 13:33:59'),
(2917, 183, 85, '2024-10-14 13:33:59'),
(2918, 183, 3, '2024-10-14 13:33:59'),
(2919, 184, 1, '2024-10-14 13:42:12'),
(2920, 184, 6, '2024-10-14 13:42:12'),
(2921, 184, 11, '2024-10-14 13:42:12'),
(2922, 184, 13, '2024-10-14 13:42:12'),
(2923, 184, 15, '2024-10-14 13:42:12'),
(2924, 184, 19, '2024-10-14 13:42:12'),
(2925, 184, 21, '2024-10-14 13:42:12'),
(2926, 184, 23, '2024-10-14 13:42:12'),
(2927, 184, 24, '2024-10-14 13:42:12'),
(2928, 184, 30, '2024-10-14 13:42:12'),
(2929, 184, 33, '2024-10-14 13:42:12'),
(2930, 184, 37, '2024-10-14 13:42:12'),
(2931, 184, 28, '2024-10-14 13:42:12'),
(2932, 184, 41, '2024-10-14 13:42:12'),
(2933, 184, 44, '2024-10-14 13:42:12'),
(2934, 184, 47, '2024-10-14 13:42:12'),
(2935, 184, 52, '2024-10-14 13:42:12'),
(2936, 184, 54, '2024-10-14 13:42:12'),
(2937, 184, 60, '2024-10-14 13:42:12'),
(2938, 184, 62, '2024-10-14 13:42:12'),
(2939, 184, 64, '2024-10-14 13:42:12'),
(2940, 184, 67, '2024-10-14 13:42:12'),
(2941, 184, 69, '2024-10-14 13:42:12'),
(2942, 184, 74, '2024-10-14 13:42:12'),
(2943, 184, 76, '2024-10-14 13:42:12'),
(2944, 184, 81, '2024-10-14 13:42:12'),
(2945, 184, 82, '2024-10-14 13:42:12'),
(2946, 184, 85, '2024-10-14 13:42:12'),
(2947, 184, 3, '2024-10-14 13:42:12'),
(2948, 185, 1, '2024-10-14 14:06:52'),
(2949, 185, 6, '2024-10-14 14:06:52'),
(2950, 185, 11, '2024-10-14 14:06:52'),
(2951, 185, 13, '2024-10-14 14:06:52'),
(2952, 185, 15, '2024-10-14 14:06:52'),
(2953, 185, 19, '2024-10-14 14:06:52'),
(2954, 185, 21, '2024-10-14 14:06:52'),
(2955, 185, 23, '2024-10-14 14:06:52'),
(2956, 185, 24, '2024-10-14 14:06:52'),
(2957, 185, 30, '2024-10-14 14:06:52'),
(2958, 185, 33, '2024-10-14 14:06:52'),
(2959, 185, 37, '2024-10-14 14:06:52'),
(2960, 185, 28, '2024-10-14 14:06:52'),
(2961, 185, 41, '2024-10-14 14:06:52'),
(2962, 185, 44, '2024-10-14 14:06:52'),
(2963, 185, 47, '2024-10-14 14:06:52'),
(2964, 185, 52, '2024-10-14 14:06:52'),
(2965, 185, 54, '2024-10-14 14:06:52'),
(2966, 185, 60, '2024-10-14 14:06:52'),
(2967, 185, 62, '2024-10-14 14:06:52'),
(2968, 185, 64, '2024-10-14 14:06:52'),
(2969, 185, 67, '2024-10-14 14:06:52'),
(2970, 185, 69, '2024-10-14 14:06:52'),
(2971, 185, 74, '2024-10-14 14:06:52'),
(2972, 185, 76, '2024-10-14 14:06:52'),
(2973, 185, 81, '2024-10-14 14:06:52'),
(2974, 185, 82, '2024-10-14 14:06:52'),
(2975, 185, 85, '2024-10-14 14:06:52'),
(2976, 185, 3, '2024-10-14 14:06:52'),
(2977, 186, 1, '2024-10-14 14:12:13'),
(2978, 186, 6, '2024-10-14 14:12:13'),
(2979, 186, 11, '2024-10-14 14:12:13'),
(2980, 186, 13, '2024-10-14 14:12:13'),
(2981, 186, 15, '2024-10-14 14:12:13'),
(2982, 186, 19, '2024-10-14 14:12:13'),
(2983, 186, 21, '2024-10-14 14:12:13'),
(2984, 186, 23, '2024-10-14 14:12:13'),
(2985, 186, 24, '2024-10-14 14:12:13'),
(2986, 186, 30, '2024-10-14 14:12:13'),
(2987, 186, 33, '2024-10-14 14:12:13'),
(2988, 186, 37, '2024-10-14 14:12:13'),
(2989, 186, 28, '2024-10-14 14:12:13'),
(2990, 186, 41, '2024-10-14 14:12:13'),
(2991, 186, 44, '2024-10-14 14:12:13'),
(2992, 186, 47, '2024-10-14 14:12:13'),
(2993, 186, 52, '2024-10-14 14:12:13'),
(2994, 186, 54, '2024-10-14 14:12:13'),
(2995, 186, 60, '2024-10-14 14:12:13'),
(2996, 186, 62, '2024-10-14 14:12:13'),
(2997, 186, 64, '2024-10-14 14:12:13'),
(2998, 186, 67, '2024-10-14 14:12:13'),
(2999, 186, 69, '2024-10-14 14:12:13'),
(3000, 186, 74, '2024-10-14 14:12:13'),
(3001, 186, 76, '2024-10-14 14:12:13'),
(3002, 186, 81, '2024-10-14 14:12:13'),
(3003, 186, 82, '2024-10-14 14:12:13'),
(3004, 186, 85, '2024-10-14 14:12:13'),
(3005, 186, 3, '2024-10-14 14:12:13'),
(3006, 187, 1, '2024-10-14 14:15:52'),
(3007, 187, 6, '2024-10-14 14:15:52'),
(3008, 187, 11, '2024-10-14 14:15:52'),
(3009, 187, 13, '2024-10-14 14:15:52'),
(3010, 187, 15, '2024-10-14 14:15:52'),
(3011, 187, 19, '2024-10-14 14:15:52'),
(3012, 187, 21, '2024-10-14 14:15:52'),
(3013, 187, 23, '2024-10-14 14:15:52'),
(3014, 187, 24, '2024-10-14 14:15:52'),
(3015, 187, 30, '2024-10-14 14:15:52'),
(3016, 187, 33, '2024-10-14 14:15:52'),
(3017, 187, 37, '2024-10-14 14:15:52'),
(3018, 187, 28, '2024-10-14 14:15:52'),
(3019, 187, 41, '2024-10-14 14:15:52'),
(3020, 187, 44, '2024-10-14 14:15:52'),
(3021, 187, 47, '2024-10-14 14:15:52'),
(3022, 187, 52, '2024-10-14 14:15:52'),
(3023, 187, 54, '2024-10-14 14:15:52'),
(3024, 187, 60, '2024-10-14 14:15:52'),
(3025, 187, 62, '2024-10-14 14:15:52'),
(3026, 187, 64, '2024-10-14 14:15:52'),
(3027, 187, 67, '2024-10-14 14:15:52'),
(3028, 187, 69, '2024-10-14 14:15:52'),
(3029, 187, 74, '2024-10-14 14:15:52'),
(3030, 187, 76, '2024-10-14 14:15:52'),
(3031, 187, 81, '2024-10-14 14:15:52'),
(3032, 187, 82, '2024-10-14 14:15:52'),
(3033, 187, 85, '2024-10-14 14:15:52'),
(3034, 187, 3, '2024-10-14 14:15:52'),
(3035, 188, 1, '2024-10-14 14:24:12'),
(3036, 188, 6, '2024-10-14 14:24:12'),
(3037, 188, 11, '2024-10-14 14:24:12'),
(3038, 188, 13, '2024-10-14 14:24:12'),
(3039, 188, 15, '2024-10-14 14:24:12'),
(3040, 188, 19, '2024-10-14 14:24:12'),
(3041, 188, 21, '2024-10-14 14:24:12'),
(3042, 188, 23, '2024-10-14 14:24:12'),
(3043, 188, 24, '2024-10-14 14:24:12'),
(3044, 188, 30, '2024-10-14 14:24:12'),
(3045, 188, 33, '2024-10-14 14:24:12'),
(3046, 188, 37, '2024-10-14 14:24:12'),
(3047, 188, 28, '2024-10-14 14:24:12'),
(3048, 188, 41, '2024-10-14 14:24:12'),
(3049, 188, 44, '2024-10-14 14:24:12'),
(3050, 188, 47, '2024-10-14 14:24:12'),
(3051, 188, 52, '2024-10-14 14:24:12'),
(3052, 188, 54, '2024-10-14 14:24:12'),
(3053, 188, 60, '2024-10-14 14:24:12'),
(3054, 188, 62, '2024-10-14 14:24:12'),
(3055, 188, 64, '2024-10-14 14:24:12'),
(3056, 188, 67, '2024-10-14 14:24:12'),
(3057, 188, 69, '2024-10-14 14:24:12');
INSERT INTO `products_tax_rates_allocation` (`products_tax_rates_allocation_id`, `products_id`, `tax_rates_id`, `date_added`) VALUES
(3058, 188, 74, '2024-10-14 14:24:12'),
(3059, 188, 76, '2024-10-14 14:24:12'),
(3060, 188, 81, '2024-10-14 14:24:12'),
(3061, 188, 82, '2024-10-14 14:24:12'),
(3062, 188, 85, '2024-10-14 14:24:12'),
(3063, 188, 3, '2024-10-14 14:24:12'),
(3064, 189, 1, '2024-10-14 14:28:36'),
(3065, 189, 6, '2024-10-14 14:28:36'),
(3066, 189, 11, '2024-10-14 14:28:36'),
(3067, 189, 13, '2024-10-14 14:28:36'),
(3068, 189, 15, '2024-10-14 14:28:36'),
(3069, 189, 19, '2024-10-14 14:28:36'),
(3070, 189, 21, '2024-10-14 14:28:36'),
(3071, 189, 23, '2024-10-14 14:28:36'),
(3072, 189, 24, '2024-10-14 14:28:36'),
(3073, 189, 30, '2024-10-14 14:28:36'),
(3074, 189, 33, '2024-10-14 14:28:36'),
(3075, 189, 37, '2024-10-14 14:28:36'),
(3076, 189, 28, '2024-10-14 14:28:36'),
(3077, 189, 41, '2024-10-14 14:28:36'),
(3078, 189, 44, '2024-10-14 14:28:36'),
(3079, 189, 47, '2024-10-14 14:28:36'),
(3080, 189, 52, '2024-10-14 14:28:36'),
(3081, 189, 54, '2024-10-14 14:28:36'),
(3082, 189, 60, '2024-10-14 14:28:36'),
(3083, 189, 62, '2024-10-14 14:28:36'),
(3084, 189, 64, '2024-10-14 14:28:36'),
(3085, 189, 67, '2024-10-14 14:28:36'),
(3086, 189, 69, '2024-10-14 14:28:36'),
(3087, 189, 74, '2024-10-14 14:28:36'),
(3088, 189, 76, '2024-10-14 14:28:36'),
(3089, 189, 81, '2024-10-14 14:28:36'),
(3090, 189, 82, '2024-10-14 14:28:36'),
(3091, 189, 85, '2024-10-14 14:28:36'),
(3092, 189, 3, '2024-10-14 14:28:36'),
(3093, 190, 1, '2024-10-14 14:55:18'),
(3094, 190, 6, '2024-10-14 14:55:18'),
(3095, 190, 11, '2024-10-14 14:55:18'),
(3096, 190, 13, '2024-10-14 14:55:18'),
(3097, 190, 15, '2024-10-14 14:55:18'),
(3098, 190, 19, '2024-10-14 14:55:18'),
(3099, 190, 21, '2024-10-14 14:55:18'),
(3100, 190, 23, '2024-10-14 14:55:18'),
(3101, 190, 24, '2024-10-14 14:55:18'),
(3102, 190, 30, '2024-10-14 14:55:18'),
(3103, 190, 33, '2024-10-14 14:55:18'),
(3104, 190, 37, '2024-10-14 14:55:18'),
(3105, 190, 28, '2024-10-14 14:55:18'),
(3106, 190, 41, '2024-10-14 14:55:18'),
(3107, 190, 44, '2024-10-14 14:55:18'),
(3108, 190, 47, '2024-10-14 14:55:18'),
(3109, 190, 52, '2024-10-14 14:55:18'),
(3110, 190, 54, '2024-10-14 14:55:18'),
(3111, 190, 60, '2024-10-14 14:55:18'),
(3112, 190, 62, '2024-10-14 14:55:18'),
(3113, 190, 64, '2024-10-14 14:55:18'),
(3114, 190, 67, '2024-10-14 14:55:18'),
(3115, 190, 69, '2024-10-14 14:55:18'),
(3116, 190, 74, '2024-10-14 14:55:18'),
(3117, 190, 76, '2024-10-14 14:55:18'),
(3118, 190, 81, '2024-10-14 14:55:18'),
(3119, 190, 82, '2024-10-14 14:55:18'),
(3120, 190, 85, '2024-10-14 14:55:18'),
(3121, 190, 3, '2024-10-14 14:55:18'),
(3122, 156, 1, '2024-10-21 08:19:19'),
(3123, 156, 6, '2024-10-21 08:19:19'),
(3124, 156, 11, '2024-10-21 08:19:19'),
(3125, 156, 13, '2024-10-21 08:19:19'),
(3126, 156, 15, '2024-10-21 08:19:19'),
(3127, 156, 19, '2024-10-21 08:19:19'),
(3128, 156, 21, '2024-10-21 08:19:19'),
(3129, 156, 23, '2024-10-21 08:19:19'),
(3130, 156, 24, '2024-10-21 08:19:19'),
(3131, 156, 30, '2024-10-21 08:19:19'),
(3132, 156, 33, '2024-10-21 08:19:19'),
(3133, 156, 37, '2024-10-21 08:19:19'),
(3134, 156, 28, '2024-10-21 08:19:19'),
(3135, 156, 41, '2024-10-21 08:19:19'),
(3136, 156, 44, '2024-10-21 08:19:19'),
(3137, 156, 47, '2024-10-21 08:19:19'),
(3138, 156, 52, '2024-10-21 08:19:19'),
(3139, 156, 54, '2024-10-21 08:19:19'),
(3140, 156, 60, '2024-10-21 08:19:19'),
(3141, 156, 62, '2024-10-21 08:19:19'),
(3142, 156, 64, '2024-10-21 08:19:19'),
(3143, 156, 67, '2024-10-21 08:19:19'),
(3144, 156, 69, '2024-10-21 08:19:19'),
(3145, 156, 74, '2024-10-21 08:19:19'),
(3146, 156, 76, '2024-10-21 08:19:19'),
(3147, 156, 81, '2024-10-21 08:19:19'),
(3148, 156, 82, '2024-10-21 08:19:19'),
(3149, 156, 85, '2024-10-21 08:19:19'),
(3150, 156, 3, '2024-10-21 08:19:19'),
(3151, 153, 1, '2024-11-14 13:52:51'),
(3152, 153, 5, '2024-11-14 13:52:51'),
(3153, 153, 9, '2024-11-14 13:52:51'),
(3154, 153, 13, '2024-11-14 13:52:51'),
(3155, 153, 15, '2024-11-14 13:52:51'),
(3156, 153, 18, '2024-11-14 13:52:51'),
(3157, 153, 21, '2024-11-14 13:52:51'),
(3158, 153, 23, '2024-11-14 13:52:51'),
(3159, 153, 24, '2024-11-14 13:52:51'),
(3160, 153, 29, '2024-11-14 13:52:51'),
(3161, 153, 32, '2024-11-14 13:52:51'),
(3162, 153, 35, '2024-11-14 13:52:51'),
(3163, 153, 26, '2024-11-14 13:52:51'),
(3164, 153, 39, '2024-11-14 13:52:51'),
(3165, 153, 42, '2024-11-14 13:52:51'),
(3166, 153, 45, '2024-11-14 13:52:51'),
(3167, 153, 50, '2024-11-14 13:52:51'),
(3168, 153, 54, '2024-11-14 13:52:51'),
(3169, 153, 57, '2024-11-14 13:52:51'),
(3170, 153, 61, '2024-11-14 13:52:51'),
(3171, 153, 64, '2024-11-14 13:52:51'),
(3172, 153, 67, '2024-11-14 13:52:51'),
(3173, 153, 69, '2024-11-14 13:52:51'),
(3174, 153, 72, '2024-11-14 13:52:51'),
(3175, 153, 76, '2024-11-14 13:52:51'),
(3176, 153, 79, '2024-11-14 13:52:51'),
(3177, 153, 82, '2024-11-14 13:52:51'),
(3178, 153, 84, '2024-11-14 13:52:51'),
(3179, 153, 3, '2024-11-14 13:52:51'),
(3180, 191, 1, '2024-11-21 16:28:42'),
(3181, 191, 6, '2024-11-21 16:28:42'),
(3182, 191, 11, '2024-11-21 16:28:42'),
(3183, 191, 13, '2024-11-21 16:28:42'),
(3184, 191, 15, '2024-11-21 16:28:42'),
(3185, 191, 19, '2024-11-21 16:28:42'),
(3186, 191, 21, '2024-11-21 16:28:42'),
(3187, 191, 23, '2024-11-21 16:28:42'),
(3188, 191, 24, '2024-11-21 16:28:42'),
(3189, 191, 30, '2024-11-21 16:28:42'),
(3190, 191, 33, '2024-11-21 16:28:42'),
(3191, 191, 37, '2024-11-21 16:28:42'),
(3192, 191, 28, '2024-11-21 16:28:42'),
(3193, 191, 41, '2024-11-21 16:28:42'),
(3194, 191, 44, '2024-11-21 16:28:42'),
(3195, 191, 47, '2024-11-21 16:28:42'),
(3196, 191, 52, '2024-11-21 16:28:42'),
(3197, 191, 54, '2024-11-21 16:28:42'),
(3198, 191, 60, '2024-11-21 16:28:42'),
(3199, 191, 62, '2024-11-21 16:28:42'),
(3200, 191, 64, '2024-11-21 16:28:42'),
(3201, 191, 67, '2024-11-21 16:28:42'),
(3202, 191, 69, '2024-11-21 16:28:42'),
(3203, 191, 74, '2024-11-21 16:28:42'),
(3204, 191, 76, '2024-11-21 16:28:42'),
(3205, 191, 81, '2024-11-21 16:28:42'),
(3206, 191, 82, '2024-11-21 16:28:42'),
(3207, 191, 85, '2024-11-21 16:28:42'),
(3208, 191, 3, '2024-11-21 16:28:42'),
(3209, 192, 1, '2024-11-21 17:02:13'),
(3210, 192, 6, '2024-11-21 17:02:13'),
(3211, 192, 11, '2024-11-21 17:02:13'),
(3212, 192, 13, '2024-11-21 17:02:13'),
(3213, 192, 15, '2024-11-21 17:02:13'),
(3214, 192, 19, '2024-11-21 17:02:13'),
(3215, 192, 21, '2024-11-21 17:02:13'),
(3216, 192, 23, '2024-11-21 17:02:13'),
(3217, 192, 24, '2024-11-21 17:02:13'),
(3218, 192, 30, '2024-11-21 17:02:13'),
(3219, 192, 33, '2024-11-21 17:02:13'),
(3220, 192, 37, '2024-11-21 17:02:13'),
(3221, 192, 28, '2024-11-21 17:02:13'),
(3222, 192, 41, '2024-11-21 17:02:13'),
(3223, 192, 44, '2024-11-21 17:02:13'),
(3224, 192, 47, '2024-11-21 17:02:13'),
(3225, 192, 52, '2024-11-21 17:02:13'),
(3226, 192, 54, '2024-11-21 17:02:13'),
(3227, 192, 60, '2024-11-21 17:02:13'),
(3228, 192, 62, '2024-11-21 17:02:13'),
(3229, 192, 64, '2024-11-21 17:02:13'),
(3230, 192, 67, '2024-11-21 17:02:13'),
(3231, 192, 69, '2024-11-21 17:02:13'),
(3232, 192, 74, '2024-11-21 17:02:13'),
(3233, 192, 76, '2024-11-21 17:02:13'),
(3234, 192, 81, '2024-11-21 17:02:13'),
(3235, 192, 82, '2024-11-21 17:02:13'),
(3236, 192, 85, '2024-11-21 17:02:13'),
(3237, 192, 3, '2024-11-21 17:02:13'),
(3238, 193, 1, '2024-11-21 17:10:21'),
(3239, 193, 6, '2024-11-21 17:10:21'),
(3240, 193, 11, '2024-11-21 17:10:21'),
(3241, 193, 13, '2024-11-21 17:10:21'),
(3242, 193, 15, '2024-11-21 17:10:21'),
(3243, 193, 19, '2024-11-21 17:10:21'),
(3244, 193, 21, '2024-11-21 17:10:21'),
(3245, 193, 23, '2024-11-21 17:10:21'),
(3246, 193, 24, '2024-11-21 17:10:21'),
(3247, 193, 30, '2024-11-21 17:10:21'),
(3248, 193, 33, '2024-11-21 17:10:21'),
(3249, 193, 37, '2024-11-21 17:10:21'),
(3250, 193, 28, '2024-11-21 17:10:21'),
(3251, 193, 41, '2024-11-21 17:10:21'),
(3252, 193, 44, '2024-11-21 17:10:21'),
(3253, 193, 47, '2024-11-21 17:10:21'),
(3254, 193, 52, '2024-11-21 17:10:21'),
(3255, 193, 54, '2024-11-21 17:10:21'),
(3256, 193, 60, '2024-11-21 17:10:21'),
(3257, 193, 62, '2024-11-21 17:10:21'),
(3258, 193, 64, '2024-11-21 17:10:21'),
(3259, 193, 67, '2024-11-21 17:10:21'),
(3260, 193, 69, '2024-11-21 17:10:21'),
(3261, 193, 74, '2024-11-21 17:10:21'),
(3262, 193, 76, '2024-11-21 17:10:21'),
(3263, 193, 81, '2024-11-21 17:10:21'),
(3264, 193, 82, '2024-11-21 17:10:21'),
(3265, 193, 85, '2024-11-21 17:10:21'),
(3266, 193, 3, '2024-11-21 17:10:21'),
(3354, 195, 1, '2024-11-22 09:22:41'),
(3355, 195, 6, '2024-11-22 09:22:41'),
(3356, 195, 11, '2024-11-22 09:22:41'),
(3357, 195, 13, '2024-11-22 09:22:41'),
(3358, 195, 15, '2024-11-22 09:22:41'),
(3359, 195, 19, '2024-11-22 09:22:41'),
(3360, 195, 21, '2024-11-22 09:22:41'),
(3361, 195, 23, '2024-11-22 09:22:41'),
(3362, 195, 24, '2024-11-22 09:22:41'),
(3363, 195, 30, '2024-11-22 09:22:41'),
(3364, 195, 33, '2024-11-22 09:22:41'),
(3365, 195, 37, '2024-11-22 09:22:41'),
(3366, 195, 28, '2024-11-22 09:22:41'),
(3367, 195, 41, '2024-11-22 09:22:41'),
(3368, 195, 44, '2024-11-22 09:22:41'),
(3369, 195, 47, '2024-11-22 09:22:41'),
(3370, 195, 52, '2024-11-22 09:22:41'),
(3371, 195, 54, '2024-11-22 09:22:41'),
(3372, 195, 60, '2024-11-22 09:22:41'),
(3373, 195, 62, '2024-11-22 09:22:41'),
(3374, 195, 64, '2024-11-22 09:22:41'),
(3375, 195, 67, '2024-11-22 09:22:41'),
(3376, 195, 69, '2024-11-22 09:22:41'),
(3377, 195, 74, '2024-11-22 09:22:41'),
(3378, 195, 76, '2024-11-22 09:22:41'),
(3379, 195, 81, '2024-11-22 09:22:41'),
(3380, 195, 82, '2024-11-22 09:22:41'),
(3381, 195, 85, '2024-11-22 09:22:41'),
(3382, 195, 3, '2024-11-22 09:22:41'),
(3412, 196, 1, '2024-11-25 12:34:51'),
(3413, 196, 6, '2024-11-25 12:34:51'),
(3414, 196, 11, '2024-11-25 12:34:51'),
(3415, 196, 13, '2024-11-25 12:34:51'),
(3416, 196, 15, '2024-11-25 12:34:51'),
(3417, 196, 19, '2024-11-25 12:34:51'),
(3418, 196, 21, '2024-11-25 12:34:51'),
(3419, 196, 23, '2024-11-25 12:34:51'),
(3420, 196, 24, '2024-11-25 12:34:51'),
(3421, 196, 30, '2024-11-25 12:34:51'),
(3422, 196, 33, '2024-11-25 12:34:51'),
(3423, 196, 37, '2024-11-25 12:34:51'),
(3424, 196, 28, '2024-11-25 12:34:51'),
(3425, 196, 41, '2024-11-25 12:34:51'),
(3426, 196, 44, '2024-11-25 12:34:51'),
(3427, 196, 47, '2024-11-25 12:34:51'),
(3428, 196, 52, '2024-11-25 12:34:51'),
(3429, 196, 54, '2024-11-25 12:34:51'),
(3430, 196, 60, '2024-11-25 12:34:51'),
(3431, 196, 62, '2024-11-25 12:34:51'),
(3432, 196, 64, '2024-11-25 12:34:51'),
(3433, 196, 67, '2024-11-25 12:34:51'),
(3434, 196, 69, '2024-11-25 12:34:51'),
(3435, 196, 74, '2024-11-25 12:34:51'),
(3436, 196, 76, '2024-11-25 12:34:51'),
(3437, 196, 81, '2024-11-25 12:34:51'),
(3438, 196, 82, '2024-11-25 12:34:51'),
(3439, 196, 85, '2024-11-25 12:34:51'),
(3440, 196, 3, '2024-11-25 12:34:51'),
(3441, 197, 1, '2024-11-25 12:35:24'),
(3442, 197, 6, '2024-11-25 12:35:24'),
(3443, 197, 11, '2024-11-25 12:35:24'),
(3444, 197, 13, '2024-11-25 12:35:24'),
(3445, 197, 15, '2024-11-25 12:35:24'),
(3446, 197, 19, '2024-11-25 12:35:24'),
(3447, 197, 21, '2024-11-25 12:35:24'),
(3448, 197, 23, '2024-11-25 12:35:24'),
(3449, 197, 24, '2024-11-25 12:35:24'),
(3450, 197, 30, '2024-11-25 12:35:24'),
(3451, 197, 33, '2024-11-25 12:35:24'),
(3452, 197, 37, '2024-11-25 12:35:24'),
(3453, 197, 28, '2024-11-25 12:35:24'),
(3454, 197, 41, '2024-11-25 12:35:24'),
(3455, 197, 44, '2024-11-25 12:35:24'),
(3456, 197, 47, '2024-11-25 12:35:24'),
(3457, 197, 52, '2024-11-25 12:35:24'),
(3458, 197, 54, '2024-11-25 12:35:24'),
(3459, 197, 60, '2024-11-25 12:35:24'),
(3460, 197, 62, '2024-11-25 12:35:24'),
(3461, 197, 64, '2024-11-25 12:35:24'),
(3462, 197, 67, '2024-11-25 12:35:24'),
(3463, 197, 69, '2024-11-25 12:35:24'),
(3464, 197, 74, '2024-11-25 12:35:24'),
(3465, 197, 76, '2024-11-25 12:35:24'),
(3466, 197, 81, '2024-11-25 12:35:24'),
(3467, 197, 82, '2024-11-25 12:35:24'),
(3468, 197, 85, '2024-11-25 12:35:24'),
(3469, 197, 3, '2024-11-25 12:35:24'),
(3470, 198, 1, '2024-11-25 12:38:05'),
(3471, 198, 6, '2024-11-25 12:38:05'),
(3472, 198, 11, '2024-11-25 12:38:05'),
(3473, 198, 13, '2024-11-25 12:38:05'),
(3474, 198, 15, '2024-11-25 12:38:05'),
(3475, 198, 19, '2024-11-25 12:38:05'),
(3476, 198, 21, '2024-11-25 12:38:05'),
(3477, 198, 23, '2024-11-25 12:38:05'),
(3478, 198, 24, '2024-11-25 12:38:05'),
(3479, 198, 30, '2024-11-25 12:38:05'),
(3480, 198, 33, '2024-11-25 12:38:05'),
(3481, 198, 37, '2024-11-25 12:38:05'),
(3482, 198, 28, '2024-11-25 12:38:05'),
(3483, 198, 41, '2024-11-25 12:38:05'),
(3484, 198, 44, '2024-11-25 12:38:05'),
(3485, 198, 47, '2024-11-25 12:38:05'),
(3486, 198, 52, '2024-11-25 12:38:05'),
(3487, 198, 54, '2024-11-25 12:38:05'),
(3488, 198, 60, '2024-11-25 12:38:05'),
(3489, 198, 62, '2024-11-25 12:38:05'),
(3490, 198, 64, '2024-11-25 12:38:05'),
(3491, 198, 67, '2024-11-25 12:38:05'),
(3492, 198, 69, '2024-11-25 12:38:05'),
(3493, 198, 74, '2024-11-25 12:38:05'),
(3494, 198, 76, '2024-11-25 12:38:05'),
(3495, 198, 81, '2024-11-25 12:38:05'),
(3496, 198, 82, '2024-11-25 12:38:05'),
(3497, 198, 85, '2024-11-25 12:38:05'),
(3498, 198, 3, '2024-11-25 12:38:05'),
(3499, 199, 1, '2024-11-25 13:14:10'),
(3500, 199, 6, '2024-11-25 13:14:10'),
(3501, 199, 11, '2024-11-25 13:14:10'),
(3502, 199, 13, '2024-11-25 13:14:10'),
(3503, 199, 15, '2024-11-25 13:14:10'),
(3504, 199, 19, '2024-11-25 13:14:10'),
(3505, 199, 21, '2024-11-25 13:14:10'),
(3506, 199, 23, '2024-11-25 13:14:10'),
(3507, 199, 24, '2024-11-25 13:14:10'),
(3508, 199, 30, '2024-11-25 13:14:10'),
(3509, 199, 33, '2024-11-25 13:14:10'),
(3510, 199, 37, '2024-11-25 13:14:10'),
(3511, 199, 28, '2024-11-25 13:14:10'),
(3512, 199, 41, '2024-11-25 13:14:10'),
(3513, 199, 44, '2024-11-25 13:14:10'),
(3514, 199, 47, '2024-11-25 13:14:10'),
(3515, 199, 52, '2024-11-25 13:14:10'),
(3516, 199, 54, '2024-11-25 13:14:10'),
(3517, 199, 60, '2024-11-25 13:14:10'),
(3518, 199, 62, '2024-11-25 13:14:10'),
(3519, 199, 64, '2024-11-25 13:14:10'),
(3520, 199, 67, '2024-11-25 13:14:10'),
(3521, 199, 69, '2024-11-25 13:14:10'),
(3522, 199, 74, '2024-11-25 13:14:10'),
(3523, 199, 76, '2024-11-25 13:14:10'),
(3524, 199, 81, '2024-11-25 13:14:10'),
(3525, 199, 82, '2024-11-25 13:14:10'),
(3526, 199, 85, '2024-11-25 13:14:10'),
(3527, 199, 3, '2024-11-25 13:14:10'),
(3528, 200, 1, '2024-11-25 13:22:48'),
(3529, 200, 6, '2024-11-25 13:22:48'),
(3530, 200, 11, '2024-11-25 13:22:48'),
(3531, 200, 13, '2024-11-25 13:22:48'),
(3532, 200, 15, '2024-11-25 13:22:48'),
(3533, 200, 19, '2024-11-25 13:22:48'),
(3534, 200, 21, '2024-11-25 13:22:48'),
(3535, 200, 23, '2024-11-25 13:22:48'),
(3536, 200, 24, '2024-11-25 13:22:48'),
(3537, 200, 30, '2024-11-25 13:22:48'),
(3538, 200, 33, '2024-11-25 13:22:48'),
(3539, 200, 37, '2024-11-25 13:22:48'),
(3540, 200, 28, '2024-11-25 13:22:48'),
(3541, 200, 41, '2024-11-25 13:22:48'),
(3542, 200, 44, '2024-11-25 13:22:48'),
(3543, 200, 47, '2024-11-25 13:22:48'),
(3544, 200, 52, '2024-11-25 13:22:48'),
(3545, 200, 54, '2024-11-25 13:22:48'),
(3546, 200, 60, '2024-11-25 13:22:48'),
(3547, 200, 62, '2024-11-25 13:22:48'),
(3548, 200, 64, '2024-11-25 13:22:48'),
(3549, 200, 67, '2024-11-25 13:22:48'),
(3550, 200, 69, '2024-11-25 13:22:48'),
(3551, 200, 74, '2024-11-25 13:22:48'),
(3552, 200, 76, '2024-11-25 13:22:48'),
(3553, 200, 81, '2024-11-25 13:22:48'),
(3554, 200, 82, '2024-11-25 13:22:48'),
(3555, 200, 85, '2024-11-25 13:22:48'),
(3556, 200, 3, '2024-11-25 13:22:48'),
(3557, 201, 1, '2024-11-25 13:26:29'),
(3558, 201, 6, '2024-11-25 13:26:29'),
(3559, 201, 11, '2024-11-25 13:26:29'),
(3560, 201, 13, '2024-11-25 13:26:29'),
(3561, 201, 15, '2024-11-25 13:26:29'),
(3562, 201, 19, '2024-11-25 13:26:29'),
(3563, 201, 21, '2024-11-25 13:26:29'),
(3564, 201, 23, '2024-11-25 13:26:29'),
(3565, 201, 24, '2024-11-25 13:26:29'),
(3566, 201, 30, '2024-11-25 13:26:29'),
(3567, 201, 33, '2024-11-25 13:26:29'),
(3568, 201, 37, '2024-11-25 13:26:29'),
(3569, 201, 28, '2024-11-25 13:26:29'),
(3570, 201, 41, '2024-11-25 13:26:29'),
(3571, 201, 44, '2024-11-25 13:26:29'),
(3572, 201, 47, '2024-11-25 13:26:29'),
(3573, 201, 52, '2024-11-25 13:26:29'),
(3574, 201, 54, '2024-11-25 13:26:29'),
(3575, 201, 60, '2024-11-25 13:26:29'),
(3576, 201, 62, '2024-11-25 13:26:29'),
(3577, 201, 64, '2024-11-25 13:26:29'),
(3578, 201, 67, '2024-11-25 13:26:29'),
(3579, 201, 69, '2024-11-25 13:26:29'),
(3580, 201, 74, '2024-11-25 13:26:29'),
(3581, 201, 76, '2024-11-25 13:26:29'),
(3582, 201, 81, '2024-11-25 13:26:29'),
(3583, 201, 82, '2024-11-25 13:26:29'),
(3584, 201, 85, '2024-11-25 13:26:29'),
(3585, 201, 3, '2024-11-25 13:26:29'),
(3586, 202, 1, '2024-11-25 13:29:00'),
(3587, 202, 6, '2024-11-25 13:29:00'),
(3588, 202, 11, '2024-11-25 13:29:00'),
(3589, 202, 13, '2024-11-25 13:29:00'),
(3590, 202, 15, '2024-11-25 13:29:00'),
(3591, 202, 19, '2024-11-25 13:29:00'),
(3592, 202, 21, '2024-11-25 13:29:00'),
(3593, 202, 23, '2024-11-25 13:29:00'),
(3594, 202, 24, '2024-11-25 13:29:00'),
(3595, 202, 30, '2024-11-25 13:29:00'),
(3596, 202, 33, '2024-11-25 13:29:00'),
(3597, 202, 37, '2024-11-25 13:29:00'),
(3598, 202, 28, '2024-11-25 13:29:00'),
(3599, 202, 41, '2024-11-25 13:29:00'),
(3600, 202, 44, '2024-11-25 13:29:00'),
(3601, 202, 47, '2024-11-25 13:29:00'),
(3602, 202, 52, '2024-11-25 13:29:00'),
(3603, 202, 54, '2024-11-25 13:29:00'),
(3604, 202, 60, '2024-11-25 13:29:00'),
(3605, 202, 62, '2024-11-25 13:29:00'),
(3606, 202, 64, '2024-11-25 13:29:00'),
(3607, 202, 67, '2024-11-25 13:29:00'),
(3608, 202, 69, '2024-11-25 13:29:00'),
(3609, 202, 74, '2024-11-25 13:29:00'),
(3610, 202, 76, '2024-11-25 13:29:00'),
(3611, 202, 81, '2024-11-25 13:29:00'),
(3612, 202, 82, '2024-11-25 13:29:00'),
(3613, 202, 85, '2024-11-25 13:29:00'),
(3614, 202, 3, '2024-11-25 13:29:00'),
(3760, 203, 1, '2024-12-03 09:21:10'),
(3761, 203, 6, '2024-12-03 09:21:10'),
(3762, 203, 11, '2024-12-03 09:21:10'),
(3763, 203, 13, '2024-12-03 09:21:10'),
(3764, 203, 15, '2024-12-03 09:21:10'),
(3765, 203, 19, '2024-12-03 09:21:10'),
(3766, 203, 21, '2024-12-03 09:21:10'),
(3767, 203, 23, '2024-12-03 09:21:10'),
(3768, 203, 24, '2024-12-03 09:21:10'),
(3769, 203, 30, '2024-12-03 09:21:10'),
(3770, 203, 33, '2024-12-03 09:21:10'),
(3771, 203, 37, '2024-12-03 09:21:10'),
(3772, 203, 28, '2024-12-03 09:21:10'),
(3773, 203, 41, '2024-12-03 09:21:10'),
(3774, 203, 44, '2024-12-03 09:21:10'),
(3775, 203, 47, '2024-12-03 09:21:10'),
(3776, 203, 52, '2024-12-03 09:21:10'),
(3777, 203, 54, '2024-12-03 09:21:10'),
(3778, 203, 60, '2024-12-03 09:21:10'),
(3779, 203, 62, '2024-12-03 09:21:10'),
(3780, 203, 64, '2024-12-03 09:21:10'),
(3781, 203, 67, '2024-12-03 09:21:10'),
(3782, 203, 69, '2024-12-03 09:21:10'),
(3783, 203, 74, '2024-12-03 09:21:10'),
(3784, 203, 76, '2024-12-03 09:21:10'),
(3785, 203, 81, '2024-12-03 09:21:10'),
(3786, 203, 82, '2024-12-03 09:21:10'),
(3787, 203, 85, '2024-12-03 09:21:10'),
(3788, 203, 3, '2024-12-03 09:21:10'),
(3789, 166, 1, '2024-12-03 10:06:52'),
(3790, 166, 6, '2024-12-03 10:06:52'),
(3791, 166, 11, '2024-12-03 10:06:52'),
(3792, 166, 13, '2024-12-03 10:06:52'),
(3793, 166, 15, '2024-12-03 10:06:52'),
(3794, 166, 19, '2024-12-03 10:06:52'),
(3795, 166, 21, '2024-12-03 10:06:52'),
(3796, 166, 23, '2024-12-03 10:06:52'),
(3797, 166, 24, '2024-12-03 10:06:52'),
(3798, 166, 30, '2024-12-03 10:06:52'),
(3799, 166, 33, '2024-12-03 10:06:52'),
(3800, 166, 37, '2024-12-03 10:06:52'),
(3801, 166, 28, '2024-12-03 10:06:52'),
(3802, 166, 41, '2024-12-03 10:06:52'),
(3803, 166, 44, '2024-12-03 10:06:52'),
(3804, 166, 47, '2024-12-03 10:06:52'),
(3805, 166, 52, '2024-12-03 10:06:52'),
(3806, 166, 54, '2024-12-03 10:06:52'),
(3807, 166, 60, '2024-12-03 10:06:52'),
(3808, 166, 62, '2024-12-03 10:06:52'),
(3809, 166, 64, '2024-12-03 10:06:52'),
(3810, 166, 67, '2024-12-03 10:06:52'),
(3811, 166, 69, '2024-12-03 10:06:52'),
(3812, 166, 74, '2024-12-03 10:06:52'),
(3813, 166, 76, '2024-12-03 10:06:52'),
(3814, 166, 81, '2024-12-03 10:06:52'),
(3815, 166, 82, '2024-12-03 10:06:52'),
(3816, 166, 85, '2024-12-03 10:06:52'),
(3817, 166, 3, '2024-12-03 10:06:52'),
(3934, 207, 1, '2024-12-07 19:46:23'),
(3935, 207, 6, '2024-12-07 19:46:23'),
(3936, 207, 11, '2024-12-07 19:46:23'),
(3937, 207, 13, '2024-12-07 19:46:23'),
(3938, 207, 15, '2024-12-07 19:46:23'),
(3939, 207, 19, '2024-12-07 19:46:23'),
(3940, 207, 21, '2024-12-07 19:46:23'),
(3941, 207, 23, '2024-12-07 19:46:23'),
(3942, 207, 24, '2024-12-07 19:46:23'),
(3943, 207, 30, '2024-12-07 19:46:23'),
(3944, 207, 33, '2024-12-07 19:46:23'),
(3945, 207, 37, '2024-12-07 19:46:23'),
(3946, 207, 28, '2024-12-07 19:46:23'),
(3947, 207, 41, '2024-12-07 19:46:23'),
(3948, 207, 44, '2024-12-07 19:46:23'),
(3949, 207, 47, '2024-12-07 19:46:23'),
(3950, 207, 52, '2024-12-07 19:46:23'),
(3951, 207, 54, '2024-12-07 19:46:23'),
(3952, 207, 60, '2024-12-07 19:46:23'),
(3953, 207, 62, '2024-12-07 19:46:23'),
(3954, 207, 64, '2024-12-07 19:46:23'),
(3955, 207, 67, '2024-12-07 19:46:23'),
(3956, 207, 69, '2024-12-07 19:46:23'),
(3957, 207, 74, '2024-12-07 19:46:23'),
(3958, 207, 76, '2024-12-07 19:46:23'),
(3959, 207, 81, '2024-12-07 19:46:23'),
(3960, 207, 82, '2024-12-07 19:46:23'),
(3961, 207, 85, '2024-12-07 19:46:23'),
(3962, 207, 3, '2024-12-07 19:46:23'),
(4021, 208, 1, '2024-12-10 18:13:13'),
(4022, 208, 6, '2024-12-10 18:13:13'),
(4023, 208, 11, '2024-12-10 18:13:13'),
(4024, 208, 13, '2024-12-10 18:13:13'),
(4025, 208, 15, '2024-12-10 18:13:13'),
(4026, 208, 19, '2024-12-10 18:13:13'),
(4027, 208, 21, '2024-12-10 18:13:13'),
(4028, 208, 23, '2024-12-10 18:13:13'),
(4029, 208, 24, '2024-12-10 18:13:13'),
(4030, 208, 30, '2024-12-10 18:13:13'),
(4031, 208, 33, '2024-12-10 18:13:13'),
(4032, 208, 37, '2024-12-10 18:13:13'),
(4033, 208, 28, '2024-12-10 18:13:13'),
(4034, 208, 41, '2024-12-10 18:13:13'),
(4035, 208, 44, '2024-12-10 18:13:13'),
(4036, 208, 47, '2024-12-10 18:13:13'),
(4037, 208, 52, '2024-12-10 18:13:13'),
(4038, 208, 54, '2024-12-10 18:13:13'),
(4039, 208, 60, '2024-12-10 18:13:13'),
(4040, 208, 62, '2024-12-10 18:13:13'),
(4041, 208, 64, '2024-12-10 18:13:13'),
(4042, 208, 67, '2024-12-10 18:13:13'),
(4043, 208, 69, '2024-12-10 18:13:13'),
(4044, 208, 74, '2024-12-10 18:13:13'),
(4045, 208, 76, '2024-12-10 18:13:13'),
(4046, 208, 81, '2024-12-10 18:13:13'),
(4047, 208, 82, '2024-12-10 18:13:13'),
(4048, 208, 85, '2024-12-10 18:13:13'),
(4049, 208, 3, '2024-12-10 18:13:13'),
(4050, 209, 1, '2024-12-10 18:57:00'),
(4051, 209, 6, '2024-12-10 18:57:00'),
(4052, 209, 11, '2024-12-10 18:57:00'),
(4053, 209, 13, '2024-12-10 18:57:00'),
(4054, 209, 15, '2024-12-10 18:57:00'),
(4055, 209, 19, '2024-12-10 18:57:00'),
(4056, 209, 21, '2024-12-10 18:57:00'),
(4057, 209, 23, '2024-12-10 18:57:00'),
(4058, 209, 24, '2024-12-10 18:57:00'),
(4059, 209, 30, '2024-12-10 18:57:00'),
(4060, 209, 33, '2024-12-10 18:57:00'),
(4061, 209, 37, '2024-12-10 18:57:00'),
(4062, 209, 28, '2024-12-10 18:57:00'),
(4063, 209, 41, '2024-12-10 18:57:00'),
(4064, 209, 44, '2024-12-10 18:57:00'),
(4065, 209, 47, '2024-12-10 18:57:00'),
(4066, 209, 52, '2024-12-10 18:57:00'),
(4067, 209, 54, '2024-12-10 18:57:00'),
(4068, 209, 60, '2024-12-10 18:57:00'),
(4069, 209, 62, '2024-12-10 18:57:00'),
(4070, 209, 64, '2024-12-10 18:57:00'),
(4071, 209, 67, '2024-12-10 18:57:00'),
(4072, 209, 69, '2024-12-10 18:57:00'),
(4073, 209, 74, '2024-12-10 18:57:00'),
(4074, 209, 76, '2024-12-10 18:57:00'),
(4075, 209, 81, '2024-12-10 18:57:00'),
(4076, 209, 82, '2024-12-10 18:57:00'),
(4077, 209, 85, '2024-12-10 18:57:00'),
(4078, 209, 3, '2024-12-10 18:57:00'),
(4079, 210, 1, '2024-12-10 19:17:02'),
(4080, 210, 6, '2024-12-10 19:17:02'),
(4081, 210, 11, '2024-12-10 19:17:02'),
(4082, 210, 13, '2024-12-10 19:17:02'),
(4083, 210, 15, '2024-12-10 19:17:02'),
(4084, 210, 19, '2024-12-10 19:17:02'),
(4085, 210, 21, '2024-12-10 19:17:02'),
(4086, 210, 23, '2024-12-10 19:17:02'),
(4087, 210, 24, '2024-12-10 19:17:02'),
(4088, 210, 30, '2024-12-10 19:17:02'),
(4089, 210, 33, '2024-12-10 19:17:02'),
(4090, 210, 37, '2024-12-10 19:17:02'),
(4091, 210, 28, '2024-12-10 19:17:02'),
(4092, 210, 41, '2024-12-10 19:17:02'),
(4093, 210, 44, '2024-12-10 19:17:02'),
(4094, 210, 47, '2024-12-10 19:17:02'),
(4095, 210, 52, '2024-12-10 19:17:02'),
(4096, 210, 54, '2024-12-10 19:17:02'),
(4097, 210, 60, '2024-12-10 19:17:02'),
(4098, 210, 62, '2024-12-10 19:17:02'),
(4099, 210, 64, '2024-12-10 19:17:02'),
(4100, 210, 67, '2024-12-10 19:17:02'),
(4101, 210, 69, '2024-12-10 19:17:02'),
(4102, 210, 74, '2024-12-10 19:17:02'),
(4103, 210, 76, '2024-12-10 19:17:02'),
(4104, 210, 81, '2024-12-10 19:17:02'),
(4105, 210, 82, '2024-12-10 19:17:02'),
(4106, 210, 85, '2024-12-10 19:17:02'),
(4107, 210, 3, '2024-12-10 19:17:02'),
(4108, 211, 1, '2024-12-10 19:42:23'),
(4109, 211, 6, '2024-12-10 19:42:23'),
(4110, 211, 11, '2024-12-10 19:42:23'),
(4111, 211, 13, '2024-12-10 19:42:23'),
(4112, 211, 15, '2024-12-10 19:42:23'),
(4113, 211, 19, '2024-12-10 19:42:23'),
(4114, 211, 21, '2024-12-10 19:42:23'),
(4115, 211, 23, '2024-12-10 19:42:23'),
(4116, 211, 24, '2024-12-10 19:42:23'),
(4117, 211, 30, '2024-12-10 19:42:23'),
(4118, 211, 33, '2024-12-10 19:42:23'),
(4119, 211, 37, '2024-12-10 19:42:23'),
(4120, 211, 28, '2024-12-10 19:42:23'),
(4121, 211, 41, '2024-12-10 19:42:23'),
(4122, 211, 44, '2024-12-10 19:42:23'),
(4123, 211, 47, '2024-12-10 19:42:23'),
(4124, 211, 52, '2024-12-10 19:42:23'),
(4125, 211, 54, '2024-12-10 19:42:23'),
(4126, 211, 60, '2024-12-10 19:42:23'),
(4127, 211, 62, '2024-12-10 19:42:23'),
(4128, 211, 64, '2024-12-10 19:42:23'),
(4129, 211, 67, '2024-12-10 19:42:23'),
(4130, 211, 69, '2024-12-10 19:42:23'),
(4131, 211, 74, '2024-12-10 19:42:23'),
(4132, 211, 76, '2024-12-10 19:42:23'),
(4133, 211, 81, '2024-12-10 19:42:23'),
(4134, 211, 82, '2024-12-10 19:42:23'),
(4135, 211, 85, '2024-12-10 19:42:23'),
(4136, 211, 3, '2024-12-10 19:42:23'),
(4311, 160, 1, '2024-12-11 12:15:41'),
(4312, 160, 6, '2024-12-11 12:15:41'),
(4313, 160, 11, '2024-12-11 12:15:41'),
(4314, 160, 13, '2024-12-11 12:15:41'),
(4315, 160, 15, '2024-12-11 12:15:41'),
(4316, 160, 19, '2024-12-11 12:15:41'),
(4317, 160, 21, '2024-12-11 12:15:41'),
(4318, 160, 23, '2024-12-11 12:15:41'),
(4319, 160, 24, '2024-12-11 12:15:41'),
(4320, 160, 30, '2024-12-11 12:15:41'),
(4321, 160, 33, '2024-12-11 12:15:41'),
(4322, 160, 37, '2024-12-11 12:15:41'),
(4323, 160, 28, '2024-12-11 12:15:41'),
(4324, 160, 41, '2024-12-11 12:15:41'),
(4325, 160, 44, '2024-12-11 12:15:41'),
(4326, 160, 47, '2024-12-11 12:15:41'),
(4327, 160, 52, '2024-12-11 12:15:41'),
(4328, 160, 54, '2024-12-11 12:15:41'),
(4329, 160, 60, '2024-12-11 12:15:41'),
(4330, 160, 62, '2024-12-11 12:15:41'),
(4331, 160, 64, '2024-12-11 12:15:41'),
(4332, 160, 67, '2024-12-11 12:15:41'),
(4333, 160, 69, '2024-12-11 12:15:41'),
(4334, 160, 74, '2024-12-11 12:15:41'),
(4335, 160, 76, '2024-12-11 12:15:41'),
(4336, 160, 81, '2024-12-11 12:15:41'),
(4337, 160, 82, '2024-12-11 12:15:41'),
(4338, 160, 85, '2024-12-11 12:15:41'),
(4339, 160, 3, '2024-12-11 12:15:41'),
(4340, 159, 1, '2024-12-11 12:16:13'),
(4341, 159, 6, '2024-12-11 12:16:13'),
(4342, 159, 11, '2024-12-11 12:16:13'),
(4343, 159, 13, '2024-12-11 12:16:13'),
(4344, 159, 15, '2024-12-11 12:16:13'),
(4345, 159, 19, '2024-12-11 12:16:13'),
(4346, 159, 21, '2024-12-11 12:16:13'),
(4347, 159, 23, '2024-12-11 12:16:13'),
(4348, 159, 24, '2024-12-11 12:16:13'),
(4349, 159, 30, '2024-12-11 12:16:13'),
(4350, 159, 33, '2024-12-11 12:16:13'),
(4351, 159, 37, '2024-12-11 12:16:13'),
(4352, 159, 28, '2024-12-11 12:16:13'),
(4353, 159, 41, '2024-12-11 12:16:13'),
(4354, 159, 44, '2024-12-11 12:16:13'),
(4355, 159, 47, '2024-12-11 12:16:13'),
(4356, 159, 52, '2024-12-11 12:16:13'),
(4357, 159, 54, '2024-12-11 12:16:13'),
(4358, 159, 60, '2024-12-11 12:16:13'),
(4359, 159, 62, '2024-12-11 12:16:13'),
(4360, 159, 64, '2024-12-11 12:16:13'),
(4361, 159, 67, '2024-12-11 12:16:13'),
(4362, 159, 69, '2024-12-11 12:16:13'),
(4363, 159, 74, '2024-12-11 12:16:13'),
(4364, 159, 76, '2024-12-11 12:16:13'),
(4365, 159, 81, '2024-12-11 12:16:13'),
(4366, 159, 82, '2024-12-11 12:16:13'),
(4367, 159, 85, '2024-12-11 12:16:13'),
(4368, 159, 3, '2024-12-11 12:16:13'),
(4427, 194, 1, '2025-01-16 18:18:14'),
(4428, 194, 6, '2025-01-16 18:18:14'),
(4429, 194, 11, '2025-01-16 18:18:14'),
(4430, 194, 13, '2025-01-16 18:18:14'),
(4431, 194, 15, '2025-01-16 18:18:14'),
(4432, 194, 19, '2025-01-16 18:18:14'),
(4433, 194, 21, '2025-01-16 18:18:14'),
(4434, 194, 23, '2025-01-16 18:18:14'),
(4435, 194, 24, '2025-01-16 18:18:14'),
(4436, 194, 30, '2025-01-16 18:18:14'),
(4437, 194, 33, '2025-01-16 18:18:14'),
(4438, 194, 37, '2025-01-16 18:18:14'),
(4439, 194, 28, '2025-01-16 18:18:14'),
(4440, 194, 41, '2025-01-16 18:18:14'),
(4441, 194, 44, '2025-01-16 18:18:14'),
(4442, 194, 47, '2025-01-16 18:18:14'),
(4443, 194, 52, '2025-01-16 18:18:14'),
(4444, 194, 54, '2025-01-16 18:18:14'),
(4445, 194, 60, '2025-01-16 18:18:14'),
(4446, 194, 62, '2025-01-16 18:18:14'),
(4447, 194, 64, '2025-01-16 18:18:14'),
(4448, 194, 67, '2025-01-16 18:18:14'),
(4449, 194, 69, '2025-01-16 18:18:14'),
(4450, 194, 74, '2025-01-16 18:18:14'),
(4451, 194, 76, '2025-01-16 18:18:14'),
(4452, 194, 81, '2025-01-16 18:18:14'),
(4453, 194, 82, '2025-01-16 18:18:14'),
(4454, 194, 85, '2025-01-16 18:18:14'),
(4455, 194, 3, '2025-01-16 18:18:14'),
(4485, 206, 1, '2025-01-16 18:53:16'),
(4486, 206, 6, '2025-01-16 18:53:16'),
(4487, 206, 11, '2025-01-16 18:53:16'),
(4488, 206, 13, '2025-01-16 18:53:16'),
(4489, 206, 15, '2025-01-16 18:53:16'),
(4490, 206, 19, '2025-01-16 18:53:16'),
(4491, 206, 21, '2025-01-16 18:53:16'),
(4492, 206, 23, '2025-01-16 18:53:16'),
(4493, 206, 24, '2025-01-16 18:53:16'),
(4494, 206, 30, '2025-01-16 18:53:16'),
(4495, 206, 33, '2025-01-16 18:53:16'),
(4496, 206, 37, '2025-01-16 18:53:16'),
(4497, 206, 28, '2025-01-16 18:53:16'),
(4498, 206, 41, '2025-01-16 18:53:16'),
(4499, 206, 44, '2025-01-16 18:53:16'),
(4500, 206, 47, '2025-01-16 18:53:16'),
(4501, 206, 52, '2025-01-16 18:53:16'),
(4502, 206, 54, '2025-01-16 18:53:16'),
(4503, 206, 60, '2025-01-16 18:53:16'),
(4504, 206, 62, '2025-01-16 18:53:16'),
(4505, 206, 64, '2025-01-16 18:53:16'),
(4506, 206, 67, '2025-01-16 18:53:16'),
(4507, 206, 69, '2025-01-16 18:53:16'),
(4508, 206, 74, '2025-01-16 18:53:16'),
(4509, 206, 76, '2025-01-16 18:53:16'),
(4510, 206, 81, '2025-01-16 18:53:16'),
(4511, 206, 82, '2025-01-16 18:53:16'),
(4512, 206, 85, '2025-01-16 18:53:16'),
(4513, 206, 3, '2025-01-16 18:53:16'),
(4543, 213, 1, '2025-01-16 19:13:36'),
(4544, 213, 6, '2025-01-16 19:13:36'),
(4545, 213, 11, '2025-01-16 19:13:36'),
(4546, 213, 13, '2025-01-16 19:13:36'),
(4547, 213, 15, '2025-01-16 19:13:36'),
(4548, 213, 19, '2025-01-16 19:13:36'),
(4549, 213, 21, '2025-01-16 19:13:36'),
(4550, 213, 23, '2025-01-16 19:13:36'),
(4551, 213, 24, '2025-01-16 19:13:36'),
(4552, 213, 30, '2025-01-16 19:13:36'),
(4553, 213, 33, '2025-01-16 19:13:36'),
(4554, 213, 37, '2025-01-16 19:13:36'),
(4555, 213, 28, '2025-01-16 19:13:36'),
(4556, 213, 41, '2025-01-16 19:13:36'),
(4557, 213, 44, '2025-01-16 19:13:36'),
(4558, 213, 47, '2025-01-16 19:13:36'),
(4559, 213, 52, '2025-01-16 19:13:36'),
(4560, 213, 54, '2025-01-16 19:13:36'),
(4561, 213, 60, '2025-01-16 19:13:36'),
(4562, 213, 62, '2025-01-16 19:13:36'),
(4563, 213, 64, '2025-01-16 19:13:36'),
(4564, 213, 67, '2025-01-16 19:13:36'),
(4565, 213, 69, '2025-01-16 19:13:36'),
(4566, 213, 74, '2025-01-16 19:13:36'),
(4567, 213, 76, '2025-01-16 19:13:36'),
(4568, 213, 81, '2025-01-16 19:13:36'),
(4569, 213, 82, '2025-01-16 19:13:36'),
(4570, 213, 85, '2025-01-16 19:13:36'),
(4571, 213, 3, '2025-01-16 19:13:36'),
(4601, 204, 1, '2025-01-30 11:32:49'),
(4602, 204, 6, '2025-01-30 11:32:49'),
(4603, 204, 11, '2025-01-30 11:32:49'),
(4604, 204, 13, '2025-01-30 11:32:49'),
(4605, 204, 15, '2025-01-30 11:32:49'),
(4606, 204, 19, '2025-01-30 11:32:49'),
(4607, 204, 21, '2025-01-30 11:32:49'),
(4608, 204, 23, '2025-01-30 11:32:49'),
(4609, 204, 24, '2025-01-30 11:32:49'),
(4610, 204, 30, '2025-01-30 11:32:49'),
(4611, 204, 33, '2025-01-30 11:32:49'),
(4612, 204, 37, '2025-01-30 11:32:49'),
(4613, 204, 28, '2025-01-30 11:32:49'),
(4614, 204, 41, '2025-01-30 11:32:49'),
(4615, 204, 44, '2025-01-30 11:32:49'),
(4616, 204, 47, '2025-01-30 11:32:49'),
(4617, 204, 52, '2025-01-30 11:32:49'),
(4618, 204, 54, '2025-01-30 11:32:49'),
(4619, 204, 60, '2025-01-30 11:32:49'),
(4620, 204, 62, '2025-01-30 11:32:49'),
(4621, 204, 64, '2025-01-30 11:32:49'),
(4622, 204, 67, '2025-01-30 11:32:49'),
(4623, 204, 69, '2025-01-30 11:32:49'),
(4624, 204, 74, '2025-01-30 11:32:49'),
(4625, 204, 76, '2025-01-30 11:32:49'),
(4626, 204, 81, '2025-01-30 11:32:49'),
(4627, 204, 82, '2025-01-30 11:32:49'),
(4628, 204, 85, '2025-01-30 11:32:49'),
(4629, 204, 3, '2025-01-30 11:32:49'),
(4659, 214, 1, '2025-01-30 12:00:32'),
(4660, 214, 6, '2025-01-30 12:00:32'),
(4661, 214, 11, '2025-01-30 12:00:32'),
(4662, 214, 13, '2025-01-30 12:00:32'),
(4663, 214, 15, '2025-01-30 12:00:32'),
(4664, 214, 19, '2025-01-30 12:00:32'),
(4665, 214, 21, '2025-01-30 12:00:32'),
(4666, 214, 23, '2025-01-30 12:00:32'),
(4667, 214, 24, '2025-01-30 12:00:32'),
(4668, 214, 30, '2025-01-30 12:00:32'),
(4669, 214, 33, '2025-01-30 12:00:32'),
(4670, 214, 37, '2025-01-30 12:00:32'),
(4671, 214, 28, '2025-01-30 12:00:32'),
(4672, 214, 41, '2025-01-30 12:00:32'),
(4673, 214, 44, '2025-01-30 12:00:32'),
(4674, 214, 47, '2025-01-30 12:00:32'),
(4675, 214, 52, '2025-01-30 12:00:32'),
(4676, 214, 54, '2025-01-30 12:00:32'),
(4677, 214, 60, '2025-01-30 12:00:32'),
(4678, 214, 62, '2025-01-30 12:00:32'),
(4679, 214, 64, '2025-01-30 12:00:32'),
(4680, 214, 67, '2025-01-30 12:00:32'),
(4681, 214, 69, '2025-01-30 12:00:32'),
(4682, 214, 74, '2025-01-30 12:00:32'),
(4683, 214, 76, '2025-01-30 12:00:32'),
(4684, 214, 81, '2025-01-30 12:00:32'),
(4685, 214, 82, '2025-01-30 12:00:32'),
(4686, 214, 85, '2025-01-30 12:00:32'),
(4687, 214, 3, '2025-01-30 12:00:32'),
(4717, 215, 1, '2025-01-30 12:28:48'),
(4718, 215, 6, '2025-01-30 12:28:48'),
(4719, 215, 11, '2025-01-30 12:28:48'),
(4720, 215, 13, '2025-01-30 12:28:48'),
(4721, 215, 15, '2025-01-30 12:28:48'),
(4722, 215, 19, '2025-01-30 12:28:48'),
(4723, 215, 21, '2025-01-30 12:28:48'),
(4724, 215, 23, '2025-01-30 12:28:48'),
(4725, 215, 24, '2025-01-30 12:28:48'),
(4726, 215, 30, '2025-01-30 12:28:48'),
(4727, 215, 33, '2025-01-30 12:28:48'),
(4728, 215, 37, '2025-01-30 12:28:48'),
(4729, 215, 28, '2025-01-30 12:28:48'),
(4730, 215, 41, '2025-01-30 12:28:48'),
(4731, 215, 44, '2025-01-30 12:28:48'),
(4732, 215, 47, '2025-01-30 12:28:48'),
(4733, 215, 52, '2025-01-30 12:28:48'),
(4734, 215, 54, '2025-01-30 12:28:48'),
(4735, 215, 60, '2025-01-30 12:28:48'),
(4736, 215, 62, '2025-01-30 12:28:48'),
(4737, 215, 64, '2025-01-30 12:28:48'),
(4738, 215, 67, '2025-01-30 12:28:48'),
(4739, 215, 69, '2025-01-30 12:28:48'),
(4740, 215, 74, '2025-01-30 12:28:48'),
(4741, 215, 76, '2025-01-30 12:28:48'),
(4742, 215, 81, '2025-01-30 12:28:48'),
(4743, 215, 82, '2025-01-30 12:28:48'),
(4744, 215, 85, '2025-01-30 12:28:48'),
(4745, 215, 3, '2025-01-30 12:28:48'),
(4775, 216, 1, '2025-01-30 13:20:30'),
(4776, 216, 6, '2025-01-30 13:20:30'),
(4777, 216, 11, '2025-01-30 13:20:30'),
(4778, 216, 13, '2025-01-30 13:20:30'),
(4779, 216, 15, '2025-01-30 13:20:30'),
(4780, 216, 19, '2025-01-30 13:20:30'),
(4781, 216, 21, '2025-01-30 13:20:30'),
(4782, 216, 23, '2025-01-30 13:20:30'),
(4783, 216, 24, '2025-01-30 13:20:30'),
(4784, 216, 30, '2025-01-30 13:20:30'),
(4785, 216, 33, '2025-01-30 13:20:30'),
(4786, 216, 37, '2025-01-30 13:20:30'),
(4787, 216, 28, '2025-01-30 13:20:30'),
(4788, 216, 41, '2025-01-30 13:20:30'),
(4789, 216, 44, '2025-01-30 13:20:30'),
(4790, 216, 47, '2025-01-30 13:20:30'),
(4791, 216, 52, '2025-01-30 13:20:30'),
(4792, 216, 54, '2025-01-30 13:20:30'),
(4793, 216, 60, '2025-01-30 13:20:30'),
(4794, 216, 62, '2025-01-30 13:20:30'),
(4795, 216, 64, '2025-01-30 13:20:30'),
(4796, 216, 67, '2025-01-30 13:20:30'),
(4797, 216, 69, '2025-01-30 13:20:30'),
(4798, 216, 74, '2025-01-30 13:20:30'),
(4799, 216, 76, '2025-01-30 13:20:30'),
(4800, 216, 81, '2025-01-30 13:20:30'),
(4801, 216, 82, '2025-01-30 13:20:30'),
(4802, 216, 85, '2025-01-30 13:20:30'),
(4803, 216, 3, '2025-01-30 13:20:30'),
(4804, 171, 1, '2025-01-30 13:36:56'),
(4805, 171, 6, '2025-01-30 13:36:56'),
(4806, 171, 11, '2025-01-30 13:36:56'),
(4807, 171, 13, '2025-01-30 13:36:56'),
(4808, 171, 15, '2025-01-30 13:36:56'),
(4809, 171, 19, '2025-01-30 13:36:56'),
(4810, 171, 21, '2025-01-30 13:36:56'),
(4811, 171, 23, '2025-01-30 13:36:56'),
(4812, 171, 24, '2025-01-30 13:36:56'),
(4813, 171, 30, '2025-01-30 13:36:56'),
(4814, 171, 33, '2025-01-30 13:36:56'),
(4815, 171, 37, '2025-01-30 13:36:56'),
(4816, 171, 28, '2025-01-30 13:36:56'),
(4817, 171, 41, '2025-01-30 13:36:56'),
(4818, 171, 44, '2025-01-30 13:36:56'),
(4819, 171, 47, '2025-01-30 13:36:56'),
(4820, 171, 52, '2025-01-30 13:36:56'),
(4821, 171, 54, '2025-01-30 13:36:56'),
(4822, 171, 60, '2025-01-30 13:36:56'),
(4823, 171, 62, '2025-01-30 13:36:56'),
(4824, 171, 64, '2025-01-30 13:36:56'),
(4825, 171, 67, '2025-01-30 13:36:56'),
(4826, 171, 69, '2025-01-30 13:36:56'),
(4827, 171, 74, '2025-01-30 13:36:56'),
(4828, 171, 76, '2025-01-30 13:36:56'),
(4829, 171, 81, '2025-01-30 13:36:56'),
(4830, 171, 82, '2025-01-30 13:36:56'),
(4831, 171, 85, '2025-01-30 13:36:56'),
(4832, 171, 3, '2025-01-30 13:36:56'),
(4891, 217, 1, '2025-02-05 16:10:35'),
(4892, 217, 6, '2025-02-05 16:10:35'),
(4893, 217, 11, '2025-02-05 16:10:35'),
(4894, 217, 13, '2025-02-05 16:10:35'),
(4895, 217, 15, '2025-02-05 16:10:35'),
(4896, 217, 19, '2025-02-05 16:10:35'),
(4897, 217, 21, '2025-02-05 16:10:35'),
(4898, 217, 23, '2025-02-05 16:10:35'),
(4899, 217, 24, '2025-02-05 16:10:35'),
(4900, 217, 30, '2025-02-05 16:10:35'),
(4901, 217, 33, '2025-02-05 16:10:35'),
(4902, 217, 37, '2025-02-05 16:10:35'),
(4903, 217, 28, '2025-02-05 16:10:35'),
(4904, 217, 41, '2025-02-05 16:10:35'),
(4905, 217, 44, '2025-02-05 16:10:35'),
(4906, 217, 47, '2025-02-05 16:10:35'),
(4907, 217, 52, '2025-02-05 16:10:35'),
(4908, 217, 54, '2025-02-05 16:10:35'),
(4909, 217, 60, '2025-02-05 16:10:35'),
(4910, 217, 62, '2025-02-05 16:10:35'),
(4911, 217, 64, '2025-02-05 16:10:35'),
(4912, 217, 67, '2025-02-05 16:10:35'),
(4913, 217, 69, '2025-02-05 16:10:35'),
(4914, 217, 74, '2025-02-05 16:10:35'),
(4915, 217, 76, '2025-02-05 16:10:35'),
(4916, 217, 81, '2025-02-05 16:10:35'),
(4917, 217, 82, '2025-02-05 16:10:35'),
(4918, 217, 85, '2025-02-05 16:10:35'),
(4919, 217, 3, '2025-02-05 16:10:35'),
(4978, 176, 1, '2025-02-12 14:38:29'),
(4979, 176, 6, '2025-02-12 14:38:29'),
(4980, 176, 11, '2025-02-12 14:38:29'),
(4981, 176, 13, '2025-02-12 14:38:29'),
(4982, 176, 15, '2025-02-12 14:38:29'),
(4983, 176, 19, '2025-02-12 14:38:29'),
(4984, 176, 21, '2025-02-12 14:38:29'),
(4985, 176, 23, '2025-02-12 14:38:29'),
(4986, 176, 24, '2025-02-12 14:38:29'),
(4987, 176, 30, '2025-02-12 14:38:29'),
(4988, 176, 33, '2025-02-12 14:38:29'),
(4989, 176, 37, '2025-02-12 14:38:29'),
(4990, 176, 28, '2025-02-12 14:38:29'),
(4991, 176, 41, '2025-02-12 14:38:29'),
(4992, 176, 44, '2025-02-12 14:38:29'),
(4993, 176, 47, '2025-02-12 14:38:29'),
(4994, 176, 52, '2025-02-12 14:38:29'),
(4995, 176, 54, '2025-02-12 14:38:29'),
(4996, 176, 60, '2025-02-12 14:38:29'),
(4997, 176, 62, '2025-02-12 14:38:29'),
(4998, 176, 64, '2025-02-12 14:38:29'),
(4999, 176, 67, '2025-02-12 14:38:29'),
(5000, 176, 69, '2025-02-12 14:38:29'),
(5001, 176, 74, '2025-02-12 14:38:29'),
(5002, 176, 76, '2025-02-12 14:38:29'),
(5003, 176, 81, '2025-02-12 14:38:29'),
(5004, 176, 82, '2025-02-12 14:38:29'),
(5005, 176, 85, '2025-02-12 14:38:29'),
(5006, 176, 3, '2025-02-12 14:38:29'),
(5007, 181, 1, '2025-02-12 15:40:45'),
(5008, 181, 6, '2025-02-12 15:40:45'),
(5009, 181, 11, '2025-02-12 15:40:45'),
(5010, 181, 13, '2025-02-12 15:40:45'),
(5011, 181, 15, '2025-02-12 15:40:45'),
(5012, 181, 19, '2025-02-12 15:40:45'),
(5013, 181, 21, '2025-02-12 15:40:45'),
(5014, 181, 23, '2025-02-12 15:40:45'),
(5015, 181, 24, '2025-02-12 15:40:45'),
(5016, 181, 30, '2025-02-12 15:40:45'),
(5017, 181, 33, '2025-02-12 15:40:45'),
(5018, 181, 37, '2025-02-12 15:40:45'),
(5019, 181, 28, '2025-02-12 15:40:45'),
(5020, 181, 41, '2025-02-12 15:40:45'),
(5021, 181, 44, '2025-02-12 15:40:45'),
(5022, 181, 47, '2025-02-12 15:40:45'),
(5023, 181, 52, '2025-02-12 15:40:45'),
(5024, 181, 54, '2025-02-12 15:40:45'),
(5025, 181, 60, '2025-02-12 15:40:45'),
(5026, 181, 62, '2025-02-12 15:40:45'),
(5027, 181, 64, '2025-02-12 15:40:45'),
(5028, 181, 67, '2025-02-12 15:40:45'),
(5029, 181, 69, '2025-02-12 15:40:45'),
(5030, 181, 74, '2025-02-12 15:40:45'),
(5031, 181, 76, '2025-02-12 15:40:45'),
(5032, 181, 81, '2025-02-12 15:40:45'),
(5033, 181, 82, '2025-02-12 15:40:45'),
(5034, 181, 85, '2025-02-12 15:40:45'),
(5035, 181, 3, '2025-02-12 15:40:45'),
(5036, 172, 1, '2025-02-12 15:42:13'),
(5037, 172, 6, '2025-02-12 15:42:13'),
(5038, 172, 11, '2025-02-12 15:42:13'),
(5039, 172, 13, '2025-02-12 15:42:13'),
(5040, 172, 15, '2025-02-12 15:42:13'),
(5041, 172, 19, '2025-02-12 15:42:13'),
(5042, 172, 21, '2025-02-12 15:42:13'),
(5043, 172, 23, '2025-02-12 15:42:13'),
(5044, 172, 24, '2025-02-12 15:42:13'),
(5045, 172, 30, '2025-02-12 15:42:13'),
(5046, 172, 33, '2025-02-12 15:42:13'),
(5047, 172, 37, '2025-02-12 15:42:13'),
(5048, 172, 28, '2025-02-12 15:42:13'),
(5049, 172, 41, '2025-02-12 15:42:13'),
(5050, 172, 44, '2025-02-12 15:42:13'),
(5051, 172, 47, '2025-02-12 15:42:13'),
(5052, 172, 52, '2025-02-12 15:42:13'),
(5053, 172, 54, '2025-02-12 15:42:13'),
(5054, 172, 60, '2025-02-12 15:42:13'),
(5055, 172, 62, '2025-02-12 15:42:13'),
(5056, 172, 64, '2025-02-12 15:42:13'),
(5057, 172, 67, '2025-02-12 15:42:13'),
(5058, 172, 69, '2025-02-12 15:42:13'),
(5059, 172, 74, '2025-02-12 15:42:13'),
(5060, 172, 76, '2025-02-12 15:42:13'),
(5061, 172, 81, '2025-02-12 15:42:13'),
(5062, 172, 82, '2025-02-12 15:42:13'),
(5063, 172, 85, '2025-02-12 15:42:13'),
(5064, 172, 3, '2025-02-12 15:42:13'),
(5094, 218, 1, '2025-02-25 13:57:07'),
(5095, 218, 6, '2025-02-25 13:57:07'),
(5096, 218, 11, '2025-02-25 13:57:07'),
(5097, 218, 13, '2025-02-25 13:57:07'),
(5098, 218, 15, '2025-02-25 13:57:07'),
(5099, 218, 19, '2025-02-25 13:57:07'),
(5100, 218, 21, '2025-02-25 13:57:07'),
(5101, 218, 23, '2025-02-25 13:57:07'),
(5102, 218, 24, '2025-02-25 13:57:07'),
(5103, 218, 30, '2025-02-25 13:57:07'),
(5104, 218, 33, '2025-02-25 13:57:07'),
(5105, 218, 37, '2025-02-25 13:57:07'),
(5106, 218, 28, '2025-02-25 13:57:07'),
(5107, 218, 41, '2025-02-25 13:57:07'),
(5108, 218, 44, '2025-02-25 13:57:07'),
(5109, 218, 47, '2025-02-25 13:57:07'),
(5110, 218, 52, '2025-02-25 13:57:07'),
(5111, 218, 54, '2025-02-25 13:57:07'),
(5112, 218, 60, '2025-02-25 13:57:07'),
(5113, 218, 62, '2025-02-25 13:57:07'),
(5114, 218, 64, '2025-02-25 13:57:07'),
(5115, 218, 67, '2025-02-25 13:57:07'),
(5116, 218, 69, '2025-02-25 13:57:07'),
(5117, 218, 74, '2025-02-25 13:57:07'),
(5118, 218, 76, '2025-02-25 13:57:07'),
(5119, 218, 81, '2025-02-25 13:57:07'),
(5120, 218, 82, '2025-02-25 13:57:07'),
(5121, 218, 85, '2025-02-25 13:57:07'),
(5122, 218, 3, '2025-02-25 13:57:07'),
(5152, 219, 1, '2025-02-25 14:26:32'),
(5153, 219, 6, '2025-02-25 14:26:32'),
(5154, 219, 11, '2025-02-25 14:26:32'),
(5155, 219, 13, '2025-02-25 14:26:32'),
(5156, 219, 15, '2025-02-25 14:26:32'),
(5157, 219, 19, '2025-02-25 14:26:32'),
(5158, 219, 21, '2025-02-25 14:26:32'),
(5159, 219, 23, '2025-02-25 14:26:32'),
(5160, 219, 24, '2025-02-25 14:26:32'),
(5161, 219, 30, '2025-02-25 14:26:32'),
(5162, 219, 33, '2025-02-25 14:26:32'),
(5163, 219, 37, '2025-02-25 14:26:32'),
(5164, 219, 28, '2025-02-25 14:26:32'),
(5165, 219, 41, '2025-02-25 14:26:32'),
(5166, 219, 44, '2025-02-25 14:26:32'),
(5167, 219, 47, '2025-02-25 14:26:32'),
(5168, 219, 52, '2025-02-25 14:26:32'),
(5169, 219, 54, '2025-02-25 14:26:32'),
(5170, 219, 60, '2025-02-25 14:26:32'),
(5171, 219, 62, '2025-02-25 14:26:32'),
(5172, 219, 64, '2025-02-25 14:26:32'),
(5173, 219, 67, '2025-02-25 14:26:32'),
(5174, 219, 69, '2025-02-25 14:26:32'),
(5175, 219, 74, '2025-02-25 14:26:32'),
(5176, 219, 76, '2025-02-25 14:26:32'),
(5177, 219, 81, '2025-02-25 14:26:32'),
(5178, 219, 82, '2025-02-25 14:26:32'),
(5179, 219, 85, '2025-02-25 14:26:32'),
(5180, 219, 3, '2025-02-25 14:26:32'),
(5268, 220, 1, '2025-03-05 13:07:46'),
(5269, 220, 6, '2025-03-05 13:07:46'),
(5270, 220, 11, '2025-03-05 13:07:46'),
(5271, 220, 13, '2025-03-05 13:07:46'),
(5272, 220, 15, '2025-03-05 13:07:46'),
(5273, 220, 19, '2025-03-05 13:07:46'),
(5274, 220, 21, '2025-03-05 13:07:46'),
(5275, 220, 23, '2025-03-05 13:07:46'),
(5276, 220, 24, '2025-03-05 13:07:46'),
(5277, 220, 30, '2025-03-05 13:07:46'),
(5278, 220, 33, '2025-03-05 13:07:46'),
(5279, 220, 37, '2025-03-05 13:07:46'),
(5280, 220, 28, '2025-03-05 13:07:46'),
(5281, 220, 41, '2025-03-05 13:07:46'),
(5282, 220, 44, '2025-03-05 13:07:46'),
(5283, 220, 47, '2025-03-05 13:07:46'),
(5284, 220, 52, '2025-03-05 13:07:46'),
(5285, 220, 54, '2025-03-05 13:07:46'),
(5286, 220, 60, '2025-03-05 13:07:46'),
(5287, 220, 62, '2025-03-05 13:07:46'),
(5288, 220, 64, '2025-03-05 13:07:46'),
(5289, 220, 67, '2025-03-05 13:07:46'),
(5290, 220, 69, '2025-03-05 13:07:46'),
(5291, 220, 74, '2025-03-05 13:07:46'),
(5292, 220, 76, '2025-03-05 13:07:46'),
(5293, 220, 81, '2025-03-05 13:07:46'),
(5294, 220, 82, '2025-03-05 13:07:46'),
(5295, 220, 85, '2025-03-05 13:07:46'),
(5296, 220, 3, '2025-03-05 13:07:46'),
(5297, 221, 1, '2025-03-05 13:20:17'),
(5298, 221, 6, '2025-03-05 13:20:17'),
(5299, 221, 11, '2025-03-05 13:20:17'),
(5300, 221, 13, '2025-03-05 13:20:17'),
(5301, 221, 15, '2025-03-05 13:20:17'),
(5302, 221, 19, '2025-03-05 13:20:17'),
(5303, 221, 21, '2025-03-05 13:20:17'),
(5304, 221, 23, '2025-03-05 13:20:17'),
(5305, 221, 24, '2025-03-05 13:20:17'),
(5306, 221, 30, '2025-03-05 13:20:17'),
(5307, 221, 33, '2025-03-05 13:20:17'),
(5308, 221, 37, '2025-03-05 13:20:17'),
(5309, 221, 28, '2025-03-05 13:20:17'),
(5310, 221, 41, '2025-03-05 13:20:17'),
(5311, 221, 44, '2025-03-05 13:20:17'),
(5312, 221, 47, '2025-03-05 13:20:17'),
(5313, 221, 52, '2025-03-05 13:20:17'),
(5314, 221, 54, '2025-03-05 13:20:17'),
(5315, 221, 60, '2025-03-05 13:20:17'),
(5316, 221, 62, '2025-03-05 13:20:17'),
(5317, 221, 64, '2025-03-05 13:20:17'),
(5318, 221, 67, '2025-03-05 13:20:17'),
(5319, 221, 69, '2025-03-05 13:20:17'),
(5320, 221, 74, '2025-03-05 13:20:17'),
(5321, 221, 76, '2025-03-05 13:20:17'),
(5322, 221, 81, '2025-03-05 13:20:17'),
(5323, 221, 82, '2025-03-05 13:20:17'),
(5324, 221, 85, '2025-03-05 13:20:17'),
(5325, 221, 3, '2025-03-05 13:20:17'),
(5355, 222, 1, '2025-03-05 14:43:27'),
(5356, 222, 6, '2025-03-05 14:43:27'),
(5357, 222, 11, '2025-03-05 14:43:27'),
(5358, 222, 13, '2025-03-05 14:43:27'),
(5359, 222, 15, '2025-03-05 14:43:27'),
(5360, 222, 19, '2025-03-05 14:43:27'),
(5361, 222, 21, '2025-03-05 14:43:27'),
(5362, 222, 23, '2025-03-05 14:43:27'),
(5363, 222, 24, '2025-03-05 14:43:27'),
(5364, 222, 30, '2025-03-05 14:43:27'),
(5365, 222, 33, '2025-03-05 14:43:27'),
(5366, 222, 37, '2025-03-05 14:43:27'),
(5367, 222, 28, '2025-03-05 14:43:27'),
(5368, 222, 41, '2025-03-05 14:43:27'),
(5369, 222, 44, '2025-03-05 14:43:27'),
(5370, 222, 47, '2025-03-05 14:43:27'),
(5371, 222, 52, '2025-03-05 14:43:27'),
(5372, 222, 54, '2025-03-05 14:43:27'),
(5373, 222, 60, '2025-03-05 14:43:27'),
(5374, 222, 62, '2025-03-05 14:43:27'),
(5375, 222, 64, '2025-03-05 14:43:27'),
(5376, 222, 67, '2025-03-05 14:43:27'),
(5377, 222, 69, '2025-03-05 14:43:27'),
(5378, 222, 74, '2025-03-05 14:43:27'),
(5379, 222, 76, '2025-03-05 14:43:27'),
(5380, 222, 81, '2025-03-05 14:43:27'),
(5381, 222, 82, '2025-03-05 14:43:27'),
(5382, 222, 85, '2025-03-05 14:43:27'),
(5383, 222, 3, '2025-03-05 14:43:27'),
(5413, 152, 1, '2025-05-09 15:03:16'),
(5414, 152, 6, '2025-05-09 15:03:16'),
(5415, 152, 11, '2025-05-09 15:03:16'),
(5416, 152, 13, '2025-05-09 15:03:16'),
(5417, 152, 15, '2025-05-09 15:03:16'),
(5418, 152, 19, '2025-05-09 15:03:16'),
(5419, 152, 21, '2025-05-09 15:03:16'),
(5420, 152, 23, '2025-05-09 15:03:16'),
(5421, 152, 24, '2025-05-09 15:03:16'),
(5422, 152, 30, '2025-05-09 15:03:16'),
(5423, 152, 33, '2025-05-09 15:03:16'),
(5424, 152, 37, '2025-05-09 15:03:16'),
(5425, 152, 28, '2025-05-09 15:03:16'),
(5426, 152, 41, '2025-05-09 15:03:16'),
(5427, 152, 44, '2025-05-09 15:03:16'),
(5428, 152, 47, '2025-05-09 15:03:16'),
(5429, 152, 52, '2025-05-09 15:03:16'),
(5430, 152, 54, '2025-05-09 15:03:16'),
(5431, 152, 60, '2025-05-09 15:03:16'),
(5432, 152, 62, '2025-05-09 15:03:16'),
(5433, 152, 64, '2025-05-09 15:03:16'),
(5434, 152, 67, '2025-05-09 15:03:16'),
(5435, 152, 69, '2025-05-09 15:03:16'),
(5436, 152, 74, '2025-05-09 15:03:16'),
(5437, 152, 76, '2025-05-09 15:03:16'),
(5438, 152, 81, '2025-05-09 15:03:16'),
(5439, 152, 82, '2025-05-09 15:03:16'),
(5440, 152, 85, '2025-05-09 15:03:16'),
(5441, 152, 3, '2025-05-09 15:03:16'),
(5471, 223, 1, '2025-05-20 14:45:56'),
(5472, 223, 6, '2025-05-20 14:45:56'),
(5473, 223, 11, '2025-05-20 14:45:56'),
(5474, 223, 13, '2025-05-20 14:45:56'),
(5475, 223, 15, '2025-05-20 14:45:56'),
(5476, 223, 19, '2025-05-20 14:45:56'),
(5477, 223, 21, '2025-05-20 14:45:56'),
(5478, 223, 23, '2025-05-20 14:45:56'),
(5479, 223, 24, '2025-05-20 14:45:56'),
(5480, 223, 30, '2025-05-20 14:45:56'),
(5481, 223, 33, '2025-05-20 14:45:56'),
(5482, 223, 37, '2025-05-20 14:45:56'),
(5483, 223, 28, '2025-05-20 14:45:56'),
(5484, 223, 41, '2025-05-20 14:45:56'),
(5485, 223, 44, '2025-05-20 14:45:56'),
(5486, 223, 47, '2025-05-20 14:45:56'),
(5487, 223, 52, '2025-05-20 14:45:56'),
(5488, 223, 54, '2025-05-20 14:45:56'),
(5489, 223, 60, '2025-05-20 14:45:56'),
(5490, 223, 62, '2025-05-20 14:45:56'),
(5491, 223, 64, '2025-05-20 14:45:56'),
(5492, 223, 67, '2025-05-20 14:45:56'),
(5493, 223, 69, '2025-05-20 14:45:56'),
(5494, 223, 74, '2025-05-20 14:45:56'),
(5495, 223, 76, '2025-05-20 14:45:56'),
(5496, 223, 81, '2025-05-20 14:45:56'),
(5497, 223, 82, '2025-05-20 14:45:56'),
(5498, 223, 85, '2025-05-20 14:45:56'),
(5499, 223, 3, '2025-05-20 14:45:56'),
(5500, 224, 1, '2025-05-21 09:30:48'),
(5501, 224, 6, '2025-05-21 09:30:48'),
(5502, 224, 11, '2025-05-21 09:30:48'),
(5503, 224, 13, '2025-05-21 09:30:48'),
(5504, 224, 15, '2025-05-21 09:30:48'),
(5505, 224, 19, '2025-05-21 09:30:48'),
(5506, 224, 21, '2025-05-21 09:30:48'),
(5507, 224, 23, '2025-05-21 09:30:48'),
(5508, 224, 24, '2025-05-21 09:30:48'),
(5509, 224, 30, '2025-05-21 09:30:48'),
(5510, 224, 33, '2025-05-21 09:30:48'),
(5511, 224, 37, '2025-05-21 09:30:48'),
(5512, 224, 28, '2025-05-21 09:30:48'),
(5513, 224, 41, '2025-05-21 09:30:48'),
(5514, 224, 44, '2025-05-21 09:30:48'),
(5515, 224, 47, '2025-05-21 09:30:48'),
(5516, 224, 52, '2025-05-21 09:30:48'),
(5517, 224, 54, '2025-05-21 09:30:48'),
(5518, 224, 60, '2025-05-21 09:30:48'),
(5519, 224, 62, '2025-05-21 09:30:48'),
(5520, 224, 64, '2025-05-21 09:30:48'),
(5521, 224, 67, '2025-05-21 09:30:48'),
(5522, 224, 69, '2025-05-21 09:30:48'),
(5523, 224, 74, '2025-05-21 09:30:48'),
(5524, 224, 76, '2025-05-21 09:30:48'),
(5525, 224, 81, '2025-05-21 09:30:48'),
(5526, 224, 82, '2025-05-21 09:30:48'),
(5527, 224, 85, '2025-05-21 09:30:48'),
(5528, 224, 3, '2025-05-21 09:30:48'),
(5529, 225, 1, '2025-05-21 09:56:25'),
(5530, 225, 6, '2025-05-21 09:56:25'),
(5531, 225, 11, '2025-05-21 09:56:25'),
(5532, 225, 13, '2025-05-21 09:56:25'),
(5533, 225, 15, '2025-05-21 09:56:25'),
(5534, 225, 19, '2025-05-21 09:56:25'),
(5535, 225, 21, '2025-05-21 09:56:25'),
(5536, 225, 23, '2025-05-21 09:56:25'),
(5537, 225, 24, '2025-05-21 09:56:25'),
(5538, 225, 30, '2025-05-21 09:56:25'),
(5539, 225, 33, '2025-05-21 09:56:25'),
(5540, 225, 37, '2025-05-21 09:56:25'),
(5541, 225, 28, '2025-05-21 09:56:25'),
(5542, 225, 41, '2025-05-21 09:56:25'),
(5543, 225, 44, '2025-05-21 09:56:25'),
(5544, 225, 47, '2025-05-21 09:56:25'),
(5545, 225, 52, '2025-05-21 09:56:25'),
(5546, 225, 54, '2025-05-21 09:56:25'),
(5547, 225, 60, '2025-05-21 09:56:25'),
(5548, 225, 62, '2025-05-21 09:56:25'),
(5549, 225, 64, '2025-05-21 09:56:25'),
(5550, 225, 67, '2025-05-21 09:56:25'),
(5551, 225, 69, '2025-05-21 09:56:25'),
(5552, 225, 74, '2025-05-21 09:56:25'),
(5553, 225, 76, '2025-05-21 09:56:25'),
(5554, 225, 81, '2025-05-21 09:56:25'),
(5555, 225, 82, '2025-05-21 09:56:25'),
(5556, 225, 85, '2025-05-21 09:56:25'),
(5557, 225, 3, '2025-05-21 09:56:25'),
(5558, 154, 1, '2025-05-21 10:43:12'),
(5559, 154, 6, '2025-05-21 10:43:12'),
(5560, 154, 11, '2025-05-21 10:43:12'),
(5561, 154, 13, '2025-05-21 10:43:12');
INSERT INTO `products_tax_rates_allocation` (`products_tax_rates_allocation_id`, `products_id`, `tax_rates_id`, `date_added`) VALUES
(5562, 154, 15, '2025-05-21 10:43:12'),
(5563, 154, 19, '2025-05-21 10:43:12'),
(5564, 154, 21, '2025-05-21 10:43:12'),
(5565, 154, 23, '2025-05-21 10:43:12'),
(5566, 154, 24, '2025-05-21 10:43:12'),
(5567, 154, 30, '2025-05-21 10:43:12'),
(5568, 154, 33, '2025-05-21 10:43:12'),
(5569, 154, 37, '2025-05-21 10:43:12'),
(5570, 154, 28, '2025-05-21 10:43:12'),
(5571, 154, 41, '2025-05-21 10:43:12'),
(5572, 154, 44, '2025-05-21 10:43:12'),
(5573, 154, 47, '2025-05-21 10:43:12'),
(5574, 154, 52, '2025-05-21 10:43:12'),
(5575, 154, 54, '2025-05-21 10:43:12'),
(5576, 154, 60, '2025-05-21 10:43:12'),
(5577, 154, 62, '2025-05-21 10:43:12'),
(5578, 154, 64, '2025-05-21 10:43:12'),
(5579, 154, 67, '2025-05-21 10:43:12'),
(5580, 154, 69, '2025-05-21 10:43:12'),
(5581, 154, 74, '2025-05-21 10:43:12'),
(5582, 154, 76, '2025-05-21 10:43:12'),
(5583, 154, 81, '2025-05-21 10:43:12'),
(5584, 154, 82, '2025-05-21 10:43:12'),
(5585, 154, 85, '2025-05-21 10:43:12'),
(5586, 154, 3, '2025-05-21 10:43:12'),
(5587, 226, 1, '2025-05-21 10:55:46'),
(5588, 226, 6, '2025-05-21 10:55:46'),
(5589, 226, 11, '2025-05-21 10:55:46'),
(5590, 226, 13, '2025-05-21 10:55:46'),
(5591, 226, 15, '2025-05-21 10:55:46'),
(5592, 226, 19, '2025-05-21 10:55:46'),
(5593, 226, 21, '2025-05-21 10:55:46'),
(5594, 226, 23, '2025-05-21 10:55:46'),
(5595, 226, 24, '2025-05-21 10:55:46'),
(5596, 226, 30, '2025-05-21 10:55:46'),
(5597, 226, 33, '2025-05-21 10:55:46'),
(5598, 226, 37, '2025-05-21 10:55:46'),
(5599, 226, 28, '2025-05-21 10:55:46'),
(5600, 226, 41, '2025-05-21 10:55:46'),
(5601, 226, 44, '2025-05-21 10:55:46'),
(5602, 226, 47, '2025-05-21 10:55:46'),
(5603, 226, 52, '2025-05-21 10:55:46'),
(5604, 226, 54, '2025-05-21 10:55:46'),
(5605, 226, 60, '2025-05-21 10:55:46'),
(5606, 226, 62, '2025-05-21 10:55:46'),
(5607, 226, 64, '2025-05-21 10:55:46'),
(5608, 226, 67, '2025-05-21 10:55:46'),
(5609, 226, 69, '2025-05-21 10:55:46'),
(5610, 226, 74, '2025-05-21 10:55:46'),
(5611, 226, 76, '2025-05-21 10:55:46'),
(5612, 226, 81, '2025-05-21 10:55:46'),
(5613, 226, 82, '2025-05-21 10:55:46'),
(5614, 226, 85, '2025-05-21 10:55:46'),
(5615, 226, 3, '2025-05-21 10:55:46'),
(5645, 229, 1, '2025-07-02 17:31:53'),
(5646, 229, 6, '2025-07-02 17:31:53'),
(5647, 229, 11, '2025-07-02 17:31:53'),
(5648, 229, 13, '2025-07-02 17:31:53'),
(5649, 229, 15, '2025-07-02 17:31:53'),
(5650, 229, 19, '2025-07-02 17:31:53'),
(5651, 229, 21, '2025-07-02 17:31:53'),
(5652, 229, 23, '2025-07-02 17:31:53'),
(5653, 229, 24, '2025-07-02 17:31:53'),
(5654, 229, 30, '2025-07-02 17:31:53'),
(5655, 229, 33, '2025-07-02 17:31:53'),
(5656, 229, 37, '2025-07-02 17:31:53'),
(5657, 229, 28, '2025-07-02 17:31:53'),
(5658, 229, 41, '2025-07-02 17:31:53'),
(5659, 229, 44, '2025-07-02 17:31:53'),
(5660, 229, 47, '2025-07-02 17:31:53'),
(5661, 229, 52, '2025-07-02 17:31:53'),
(5662, 229, 54, '2025-07-02 17:31:53'),
(5663, 229, 60, '2025-07-02 17:31:53'),
(5664, 229, 62, '2025-07-02 17:31:53'),
(5665, 229, 64, '2025-07-02 17:31:53'),
(5666, 229, 67, '2025-07-02 17:31:53'),
(5667, 229, 69, '2025-07-02 17:31:53'),
(5668, 229, 74, '2025-07-02 17:31:53'),
(5669, 229, 76, '2025-07-02 17:31:53'),
(5670, 229, 81, '2025-07-02 17:31:53'),
(5671, 229, 82, '2025-07-02 17:31:53'),
(5672, 229, 85, '2025-07-02 17:31:53'),
(5673, 229, 3, '2025-07-02 17:31:53'),
(5703, 230, 1, '2025-07-02 17:41:17'),
(5704, 230, 6, '2025-07-02 17:41:17'),
(5705, 230, 11, '2025-07-02 17:41:17'),
(5706, 230, 13, '2025-07-02 17:41:17'),
(5707, 230, 15, '2025-07-02 17:41:17'),
(5708, 230, 19, '2025-07-02 17:41:17'),
(5709, 230, 21, '2025-07-02 17:41:17'),
(5710, 230, 23, '2025-07-02 17:41:17'),
(5711, 230, 24, '2025-07-02 17:41:17'),
(5712, 230, 30, '2025-07-02 17:41:17'),
(5713, 230, 33, '2025-07-02 17:41:17'),
(5714, 230, 37, '2025-07-02 17:41:17'),
(5715, 230, 28, '2025-07-02 17:41:17'),
(5716, 230, 41, '2025-07-02 17:41:17'),
(5717, 230, 44, '2025-07-02 17:41:17'),
(5718, 230, 47, '2025-07-02 17:41:17'),
(5719, 230, 52, '2025-07-02 17:41:17'),
(5720, 230, 54, '2025-07-02 17:41:17'),
(5721, 230, 60, '2025-07-02 17:41:17'),
(5722, 230, 62, '2025-07-02 17:41:17'),
(5723, 230, 64, '2025-07-02 17:41:17'),
(5724, 230, 67, '2025-07-02 17:41:17'),
(5725, 230, 69, '2025-07-02 17:41:17'),
(5726, 230, 74, '2025-07-02 17:41:17'),
(5727, 230, 76, '2025-07-02 17:41:17'),
(5728, 230, 81, '2025-07-02 17:41:17'),
(5729, 230, 82, '2025-07-02 17:41:17'),
(5730, 230, 85, '2025-07-02 17:41:17'),
(5731, 230, 3, '2025-07-02 17:41:17'),
(5761, 231, 1, '2025-07-04 13:02:53'),
(5762, 231, 6, '2025-07-04 13:02:53'),
(5763, 231, 11, '2025-07-04 13:02:53'),
(5764, 231, 13, '2025-07-04 13:02:53'),
(5765, 231, 15, '2025-07-04 13:02:53'),
(5766, 231, 19, '2025-07-04 13:02:53'),
(5767, 231, 21, '2025-07-04 13:02:53'),
(5768, 231, 23, '2025-07-04 13:02:53'),
(5769, 231, 24, '2025-07-04 13:02:53'),
(5770, 231, 30, '2025-07-04 13:02:53'),
(5771, 231, 33, '2025-07-04 13:02:53'),
(5772, 231, 37, '2025-07-04 13:02:53'),
(5773, 231, 28, '2025-07-04 13:02:53'),
(5774, 231, 41, '2025-07-04 13:02:53'),
(5775, 231, 44, '2025-07-04 13:02:53'),
(5776, 231, 47, '2025-07-04 13:02:53'),
(5777, 231, 52, '2025-07-04 13:02:53'),
(5778, 231, 54, '2025-07-04 13:02:53'),
(5779, 231, 60, '2025-07-04 13:02:53'),
(5780, 231, 62, '2025-07-04 13:02:53'),
(5781, 231, 64, '2025-07-04 13:02:53'),
(5782, 231, 67, '2025-07-04 13:02:53'),
(5783, 231, 69, '2025-07-04 13:02:53'),
(5784, 231, 74, '2025-07-04 13:02:53'),
(5785, 231, 76, '2025-07-04 13:02:53'),
(5786, 231, 81, '2025-07-04 13:02:53'),
(5787, 231, 82, '2025-07-04 13:02:53'),
(5788, 231, 85, '2025-07-04 13:02:53'),
(5789, 231, 3, '2025-07-04 13:02:53'),
(5819, 232, 1, '2025-07-04 13:38:02'),
(5820, 232, 6, '2025-07-04 13:38:02'),
(5821, 232, 11, '2025-07-04 13:38:02'),
(5822, 232, 13, '2025-07-04 13:38:02'),
(5823, 232, 15, '2025-07-04 13:38:02'),
(5824, 232, 19, '2025-07-04 13:38:02'),
(5825, 232, 21, '2025-07-04 13:38:02'),
(5826, 232, 23, '2025-07-04 13:38:02'),
(5827, 232, 24, '2025-07-04 13:38:02'),
(5828, 232, 30, '2025-07-04 13:38:02'),
(5829, 232, 33, '2025-07-04 13:38:02'),
(5830, 232, 37, '2025-07-04 13:38:02'),
(5831, 232, 28, '2025-07-04 13:38:02'),
(5832, 232, 41, '2025-07-04 13:38:02'),
(5833, 232, 44, '2025-07-04 13:38:02'),
(5834, 232, 47, '2025-07-04 13:38:02'),
(5835, 232, 52, '2025-07-04 13:38:02'),
(5836, 232, 54, '2025-07-04 13:38:02'),
(5837, 232, 60, '2025-07-04 13:38:02'),
(5838, 232, 62, '2025-07-04 13:38:02'),
(5839, 232, 64, '2025-07-04 13:38:02'),
(5840, 232, 67, '2025-07-04 13:38:02'),
(5841, 232, 69, '2025-07-04 13:38:02'),
(5842, 232, 74, '2025-07-04 13:38:02'),
(5843, 232, 76, '2025-07-04 13:38:02'),
(5844, 232, 81, '2025-07-04 13:38:02'),
(5845, 232, 82, '2025-07-04 13:38:02'),
(5846, 232, 85, '2025-07-04 13:38:02'),
(5847, 232, 3, '2025-07-04 13:38:02'),
(5848, 234, 1, '2025-09-19 20:21:38'),
(5849, 234, 6, '2025-09-19 20:21:38'),
(5850, 234, 11, '2025-09-19 20:21:38'),
(5851, 234, 13, '2025-09-19 20:21:38'),
(5852, 234, 15, '2025-09-19 20:21:38'),
(5853, 234, 19, '2025-09-19 20:21:38'),
(5854, 234, 21, '2025-09-19 20:21:38'),
(5855, 234, 23, '2025-09-19 20:21:38'),
(5856, 234, 24, '2025-09-19 20:21:38'),
(5857, 234, 30, '2025-09-19 20:21:38'),
(5858, 234, 33, '2025-09-19 20:21:38'),
(5859, 234, 37, '2025-09-19 20:21:38'),
(5860, 234, 28, '2025-09-19 20:21:38'),
(5861, 234, 41, '2025-09-19 20:21:38'),
(5862, 234, 44, '2025-09-19 20:21:38'),
(5863, 234, 47, '2025-09-19 20:21:38'),
(5864, 234, 52, '2025-09-19 20:21:38'),
(5865, 234, 54, '2025-09-19 20:21:38'),
(5866, 234, 60, '2025-09-19 20:21:38'),
(5867, 234, 62, '2025-09-19 20:21:38'),
(5868, 234, 64, '2025-09-19 20:21:38'),
(5869, 234, 67, '2025-09-19 20:21:38'),
(5870, 234, 69, '2025-09-19 20:21:38'),
(5871, 234, 74, '2025-09-19 20:21:38'),
(5872, 234, 76, '2025-09-19 20:21:38'),
(5873, 234, 81, '2025-09-19 20:21:38'),
(5874, 234, 82, '2025-09-19 20:21:38'),
(5875, 234, 85, '2025-09-19 20:21:38'),
(5876, 234, 3, '2025-09-19 20:21:38'),
(5906, 236, 1, '2025-09-22 09:11:50'),
(5907, 236, 6, '2025-09-22 09:11:50'),
(5908, 236, 11, '2025-09-22 09:11:50'),
(5909, 236, 13, '2025-09-22 09:11:50'),
(5910, 236, 15, '2025-09-22 09:11:50'),
(5911, 236, 19, '2025-09-22 09:11:50'),
(5912, 236, 21, '2025-09-22 09:11:50'),
(5913, 236, 23, '2025-09-22 09:11:50'),
(5914, 236, 24, '2025-09-22 09:11:50'),
(5915, 236, 30, '2025-09-22 09:11:50'),
(5916, 236, 33, '2025-09-22 09:11:50'),
(5917, 236, 37, '2025-09-22 09:11:50'),
(5918, 236, 28, '2025-09-22 09:11:50'),
(5919, 236, 41, '2025-09-22 09:11:50'),
(5920, 236, 44, '2025-09-22 09:11:50'),
(5921, 236, 47, '2025-09-22 09:11:50'),
(5922, 236, 52, '2025-09-22 09:11:50'),
(5923, 236, 54, '2025-09-22 09:11:50'),
(5924, 236, 60, '2025-09-22 09:11:50'),
(5925, 236, 62, '2025-09-22 09:11:50'),
(5926, 236, 64, '2025-09-22 09:11:50'),
(5927, 236, 67, '2025-09-22 09:11:50'),
(5928, 236, 69, '2025-09-22 09:11:50'),
(5929, 236, 74, '2025-09-22 09:11:50'),
(5930, 236, 76, '2025-09-22 09:11:50'),
(5931, 236, 81, '2025-09-22 09:11:50'),
(5932, 236, 82, '2025-09-22 09:11:50'),
(5933, 236, 85, '2025-09-22 09:11:50'),
(5934, 236, 3, '2025-09-22 09:11:50'),
(5993, 237, 1, '2025-09-24 11:50:21'),
(5994, 237, 6, '2025-09-24 11:50:21'),
(5995, 237, 11, '2025-09-24 11:50:21'),
(5996, 237, 13, '2025-09-24 11:50:21'),
(5997, 237, 15, '2025-09-24 11:50:21'),
(5998, 237, 19, '2025-09-24 11:50:21'),
(5999, 237, 21, '2025-09-24 11:50:21'),
(6000, 237, 23, '2025-09-24 11:50:21'),
(6001, 237, 24, '2025-09-24 11:50:21'),
(6002, 237, 30, '2025-09-24 11:50:21'),
(6003, 237, 33, '2025-09-24 11:50:21'),
(6004, 237, 37, '2025-09-24 11:50:21'),
(6005, 237, 28, '2025-09-24 11:50:21'),
(6006, 237, 41, '2025-09-24 11:50:21'),
(6007, 237, 44, '2025-09-24 11:50:21'),
(6008, 237, 47, '2025-09-24 11:50:21'),
(6009, 237, 52, '2025-09-24 11:50:21'),
(6010, 237, 54, '2025-09-24 11:50:21'),
(6011, 237, 60, '2025-09-24 11:50:21'),
(6012, 237, 62, '2025-09-24 11:50:21'),
(6013, 237, 64, '2025-09-24 11:50:21'),
(6014, 237, 67, '2025-09-24 11:50:21'),
(6015, 237, 69, '2025-09-24 11:50:21'),
(6016, 237, 74, '2025-09-24 11:50:21'),
(6017, 237, 76, '2025-09-24 11:50:21'),
(6018, 237, 81, '2025-09-24 11:50:21'),
(6019, 237, 82, '2025-09-24 11:50:21'),
(6020, 237, 85, '2025-09-24 11:50:21'),
(6021, 237, 3, '2025-09-24 11:50:21'),
(6022, 238, 1, '2025-09-24 11:57:29'),
(6023, 238, 6, '2025-09-24 11:57:29'),
(6024, 238, 11, '2025-09-24 11:57:29'),
(6025, 238, 13, '2025-09-24 11:57:29'),
(6026, 238, 15, '2025-09-24 11:57:29'),
(6027, 238, 19, '2025-09-24 11:57:29'),
(6028, 238, 21, '2025-09-24 11:57:29'),
(6029, 238, 23, '2025-09-24 11:57:29'),
(6030, 238, 24, '2025-09-24 11:57:29'),
(6031, 238, 30, '2025-09-24 11:57:29'),
(6032, 238, 33, '2025-09-24 11:57:29'),
(6033, 238, 37, '2025-09-24 11:57:29'),
(6034, 238, 28, '2025-09-24 11:57:29'),
(6035, 238, 41, '2025-09-24 11:57:29'),
(6036, 238, 44, '2025-09-24 11:57:29'),
(6037, 238, 47, '2025-09-24 11:57:29'),
(6038, 238, 52, '2025-09-24 11:57:29'),
(6039, 238, 54, '2025-09-24 11:57:29'),
(6040, 238, 60, '2025-09-24 11:57:29'),
(6041, 238, 62, '2025-09-24 11:57:29'),
(6042, 238, 64, '2025-09-24 11:57:29'),
(6043, 238, 67, '2025-09-24 11:57:29'),
(6044, 238, 69, '2025-09-24 11:57:29'),
(6045, 238, 74, '2025-09-24 11:57:29'),
(6046, 238, 76, '2025-09-24 11:57:29'),
(6047, 238, 81, '2025-09-24 11:57:29'),
(6048, 238, 82, '2025-09-24 11:57:29'),
(6049, 238, 85, '2025-09-24 11:57:29'),
(6050, 238, 3, '2025-09-24 11:57:29'),
(6080, 241, 1, '2025-09-24 19:41:51'),
(6081, 241, 6, '2025-09-24 19:41:51'),
(6082, 241, 11, '2025-09-24 19:41:51'),
(6083, 241, 13, '2025-09-24 19:41:51'),
(6084, 241, 15, '2025-09-24 19:41:51'),
(6085, 241, 19, '2025-09-24 19:41:51'),
(6086, 241, 21, '2025-09-24 19:41:51'),
(6087, 241, 23, '2025-09-24 19:41:51'),
(6088, 241, 24, '2025-09-24 19:41:51'),
(6089, 241, 30, '2025-09-24 19:41:51'),
(6090, 241, 33, '2025-09-24 19:41:51'),
(6091, 241, 37, '2025-09-24 19:41:51'),
(6092, 241, 28, '2025-09-24 19:41:51'),
(6093, 241, 41, '2025-09-24 19:41:51'),
(6094, 241, 44, '2025-09-24 19:41:51'),
(6095, 241, 47, '2025-09-24 19:41:51'),
(6096, 241, 52, '2025-09-24 19:41:51'),
(6097, 241, 54, '2025-09-24 19:41:51'),
(6098, 241, 60, '2025-09-24 19:41:51'),
(6099, 241, 62, '2025-09-24 19:41:51'),
(6100, 241, 64, '2025-09-24 19:41:51'),
(6101, 241, 67, '2025-09-24 19:41:51'),
(6102, 241, 69, '2025-09-24 19:41:51'),
(6103, 241, 74, '2025-09-24 19:41:51'),
(6104, 241, 76, '2025-09-24 19:41:51'),
(6105, 241, 81, '2025-09-24 19:41:51'),
(6106, 241, 82, '2025-09-24 19:41:51'),
(6107, 241, 85, '2025-09-24 19:41:51'),
(6108, 241, 3, '2025-09-24 19:41:51'),
(6109, 161, 1, '2025-09-25 11:51:02'),
(6110, 161, 6, '2025-09-25 11:51:02'),
(6111, 161, 11, '2025-09-25 11:51:02'),
(6112, 161, 13, '2025-09-25 11:51:02'),
(6113, 161, 15, '2025-09-25 11:51:02'),
(6114, 161, 19, '2025-09-25 11:51:02'),
(6115, 161, 21, '2025-09-25 11:51:02'),
(6116, 161, 23, '2025-09-25 11:51:02'),
(6117, 161, 24, '2025-09-25 11:51:02'),
(6118, 161, 30, '2025-09-25 11:51:02'),
(6119, 161, 33, '2025-09-25 11:51:02'),
(6120, 161, 37, '2025-09-25 11:51:02'),
(6121, 161, 28, '2025-09-25 11:51:02'),
(6122, 161, 41, '2025-09-25 11:51:02'),
(6123, 161, 44, '2025-09-25 11:51:02'),
(6124, 161, 47, '2025-09-25 11:51:02'),
(6125, 161, 52, '2025-09-25 11:51:02'),
(6126, 161, 54, '2025-09-25 11:51:02'),
(6127, 161, 60, '2025-09-25 11:51:02'),
(6128, 161, 62, '2025-09-25 11:51:02'),
(6129, 161, 64, '2025-09-25 11:51:02'),
(6130, 161, 67, '2025-09-25 11:51:02'),
(6131, 161, 69, '2025-09-25 11:51:02'),
(6132, 161, 74, '2025-09-25 11:51:02'),
(6133, 161, 76, '2025-09-25 11:51:02'),
(6134, 161, 81, '2025-09-25 11:51:02'),
(6135, 161, 82, '2025-09-25 11:51:02'),
(6136, 161, 85, '2025-09-25 11:51:02'),
(6137, 161, 3, '2025-09-25 11:51:02'),
(6167, 157, 1, '2025-09-25 12:55:18'),
(6168, 157, 6, '2025-09-25 12:55:18'),
(6169, 157, 11, '2025-09-25 12:55:18'),
(6170, 157, 13, '2025-09-25 12:55:18'),
(6171, 157, 15, '2025-09-25 12:55:18'),
(6172, 157, 19, '2025-09-25 12:55:18'),
(6173, 157, 21, '2025-09-25 12:55:18'),
(6174, 157, 23, '2025-09-25 12:55:18'),
(6175, 157, 24, '2025-09-25 12:55:18'),
(6176, 157, 30, '2025-09-25 12:55:18'),
(6177, 157, 33, '2025-09-25 12:55:18'),
(6178, 157, 37, '2025-09-25 12:55:18'),
(6179, 157, 28, '2025-09-25 12:55:18'),
(6180, 157, 41, '2025-09-25 12:55:18'),
(6181, 157, 44, '2025-09-25 12:55:18'),
(6182, 157, 47, '2025-09-25 12:55:18'),
(6183, 157, 52, '2025-09-25 12:55:18'),
(6184, 157, 54, '2025-09-25 12:55:18'),
(6185, 157, 60, '2025-09-25 12:55:18'),
(6186, 157, 62, '2025-09-25 12:55:18'),
(6187, 157, 64, '2025-09-25 12:55:18'),
(6188, 157, 67, '2025-09-25 12:55:18'),
(6189, 157, 69, '2025-09-25 12:55:18'),
(6190, 157, 74, '2025-09-25 12:55:18'),
(6191, 157, 76, '2025-09-25 12:55:18'),
(6192, 157, 81, '2025-09-25 12:55:18'),
(6193, 157, 82, '2025-09-25 12:55:18'),
(6194, 157, 85, '2025-09-25 12:55:18'),
(6195, 157, 3, '2025-09-25 12:55:18'),
(6196, 205, 1, '2025-09-26 08:55:51'),
(6197, 205, 6, '2025-09-26 08:55:51'),
(6198, 205, 11, '2025-09-26 08:55:51'),
(6199, 205, 13, '2025-09-26 08:55:51'),
(6200, 205, 15, '2025-09-26 08:55:51'),
(6201, 205, 19, '2025-09-26 08:55:51'),
(6202, 205, 21, '2025-09-26 08:55:51'),
(6203, 205, 23, '2025-09-26 08:55:51'),
(6204, 205, 24, '2025-09-26 08:55:51'),
(6205, 205, 30, '2025-09-26 08:55:51'),
(6206, 205, 33, '2025-09-26 08:55:51'),
(6207, 205, 37, '2025-09-26 08:55:51'),
(6208, 205, 28, '2025-09-26 08:55:51'),
(6209, 205, 41, '2025-09-26 08:55:51'),
(6210, 205, 44, '2025-09-26 08:55:51'),
(6211, 205, 47, '2025-09-26 08:55:51'),
(6212, 205, 52, '2025-09-26 08:55:51'),
(6213, 205, 54, '2025-09-26 08:55:51'),
(6214, 205, 60, '2025-09-26 08:55:51'),
(6215, 205, 62, '2025-09-26 08:55:51'),
(6216, 205, 64, '2025-09-26 08:55:51'),
(6217, 205, 67, '2025-09-26 08:55:51'),
(6218, 205, 69, '2025-09-26 08:55:51'),
(6219, 205, 74, '2025-09-26 08:55:51'),
(6220, 205, 76, '2025-09-26 08:55:51'),
(6221, 205, 81, '2025-09-26 08:55:51'),
(6222, 205, 82, '2025-09-26 08:55:51'),
(6223, 205, 85, '2025-09-26 08:55:51'),
(6224, 205, 3, '2025-09-26 08:55:51'),
(6225, 242, 1, '2025-09-30 15:50:51'),
(6226, 242, 6, '2025-09-30 15:50:51'),
(6227, 242, 11, '2025-09-30 15:50:51'),
(6228, 242, 13, '2025-09-30 15:50:51'),
(6229, 242, 15, '2025-09-30 15:50:51'),
(6230, 242, 19, '2025-09-30 15:50:51'),
(6231, 242, 21, '2025-09-30 15:50:51'),
(6232, 242, 23, '2025-09-30 15:50:51'),
(6233, 242, 24, '2025-09-30 15:50:51'),
(6234, 242, 30, '2025-09-30 15:50:51'),
(6235, 242, 33, '2025-09-30 15:50:51'),
(6236, 242, 37, '2025-09-30 15:50:51'),
(6237, 242, 28, '2025-09-30 15:50:51'),
(6238, 242, 41, '2025-09-30 15:50:51'),
(6239, 242, 44, '2025-09-30 15:50:51'),
(6240, 242, 47, '2025-09-30 15:50:51'),
(6241, 242, 52, '2025-09-30 15:50:51'),
(6242, 242, 54, '2025-09-30 15:50:51'),
(6243, 242, 60, '2025-09-30 15:50:51'),
(6244, 242, 62, '2025-09-30 15:50:51'),
(6245, 242, 64, '2025-09-30 15:50:51'),
(6246, 242, 67, '2025-09-30 15:50:51'),
(6247, 242, 69, '2025-09-30 15:50:51'),
(6248, 242, 74, '2025-09-30 15:50:51'),
(6249, 242, 76, '2025-09-30 15:50:51'),
(6250, 242, 81, '2025-09-30 15:50:51'),
(6251, 242, 82, '2025-09-30 15:50:51'),
(6252, 242, 85, '2025-09-30 15:50:51'),
(6253, 242, 3, '2025-09-30 15:50:51'),
(6283, 243, 1, '2025-10-01 07:40:42'),
(6284, 243, 6, '2025-10-01 07:40:42'),
(6285, 243, 11, '2025-10-01 07:40:42'),
(6286, 243, 13, '2025-10-01 07:40:42'),
(6287, 243, 15, '2025-10-01 07:40:42'),
(6288, 243, 19, '2025-10-01 07:40:42'),
(6289, 243, 21, '2025-10-01 07:40:42'),
(6290, 243, 23, '2025-10-01 07:40:42'),
(6291, 243, 24, '2025-10-01 07:40:42'),
(6292, 243, 30, '2025-10-01 07:40:42'),
(6293, 243, 33, '2025-10-01 07:40:42'),
(6294, 243, 37, '2025-10-01 07:40:42'),
(6295, 243, 28, '2025-10-01 07:40:42'),
(6296, 243, 41, '2025-10-01 07:40:42'),
(6297, 243, 44, '2025-10-01 07:40:42'),
(6298, 243, 47, '2025-10-01 07:40:42'),
(6299, 243, 52, '2025-10-01 07:40:42'),
(6300, 243, 54, '2025-10-01 07:40:42'),
(6301, 243, 60, '2025-10-01 07:40:42'),
(6302, 243, 62, '2025-10-01 07:40:42'),
(6303, 243, 64, '2025-10-01 07:40:42'),
(6304, 243, 67, '2025-10-01 07:40:42'),
(6305, 243, 69, '2025-10-01 07:40:42'),
(6306, 243, 74, '2025-10-01 07:40:42'),
(6307, 243, 76, '2025-10-01 07:40:42'),
(6308, 243, 81, '2025-10-01 07:40:42'),
(6309, 243, 82, '2025-10-01 07:40:42'),
(6310, 243, 85, '2025-10-01 07:40:42'),
(6311, 243, 3, '2025-10-01 07:40:42'),
(6312, 244, 1, '2025-10-01 12:09:31'),
(6313, 244, 6, '2025-10-01 12:09:31'),
(6314, 244, 11, '2025-10-01 12:09:31'),
(6315, 244, 13, '2025-10-01 12:09:31'),
(6316, 244, 15, '2025-10-01 12:09:31'),
(6317, 244, 19, '2025-10-01 12:09:31'),
(6318, 244, 21, '2025-10-01 12:09:31'),
(6319, 244, 23, '2025-10-01 12:09:31'),
(6320, 244, 24, '2025-10-01 12:09:31'),
(6321, 244, 30, '2025-10-01 12:09:31'),
(6322, 244, 33, '2025-10-01 12:09:31'),
(6323, 244, 37, '2025-10-01 12:09:31'),
(6324, 244, 28, '2025-10-01 12:09:31'),
(6325, 244, 41, '2025-10-01 12:09:31'),
(6326, 244, 44, '2025-10-01 12:09:31'),
(6327, 244, 47, '2025-10-01 12:09:31'),
(6328, 244, 52, '2025-10-01 12:09:31'),
(6329, 244, 54, '2025-10-01 12:09:31'),
(6330, 244, 60, '2025-10-01 12:09:31'),
(6331, 244, 62, '2025-10-01 12:09:31'),
(6332, 244, 64, '2025-10-01 12:09:31'),
(6333, 244, 67, '2025-10-01 12:09:31'),
(6334, 244, 69, '2025-10-01 12:09:31'),
(6335, 244, 74, '2025-10-01 12:09:31'),
(6336, 244, 76, '2025-10-01 12:09:31'),
(6337, 244, 81, '2025-10-01 12:09:31'),
(6338, 244, 82, '2025-10-01 12:09:31'),
(6339, 244, 85, '2025-10-01 12:09:31'),
(6340, 244, 3, '2025-10-01 12:09:31'),
(6341, 245, 1, '2025-10-02 16:31:06'),
(6342, 245, 6, '2025-10-02 16:31:06'),
(6343, 245, 11, '2025-10-02 16:31:06'),
(6344, 245, 13, '2025-10-02 16:31:06'),
(6345, 245, 15, '2025-10-02 16:31:06'),
(6346, 245, 19, '2025-10-02 16:31:06'),
(6347, 245, 21, '2025-10-02 16:31:06'),
(6348, 245, 23, '2025-10-02 16:31:06'),
(6349, 245, 24, '2025-10-02 16:31:06'),
(6350, 245, 30, '2025-10-02 16:31:06'),
(6351, 245, 33, '2025-10-02 16:31:06'),
(6352, 245, 37, '2025-10-02 16:31:06'),
(6353, 245, 28, '2025-10-02 16:31:06'),
(6354, 245, 41, '2025-10-02 16:31:06'),
(6355, 245, 44, '2025-10-02 16:31:06'),
(6356, 245, 47, '2025-10-02 16:31:06'),
(6357, 245, 52, '2025-10-02 16:31:06'),
(6358, 245, 54, '2025-10-02 16:31:06'),
(6359, 245, 60, '2025-10-02 16:31:06'),
(6360, 245, 62, '2025-10-02 16:31:06'),
(6361, 245, 64, '2025-10-02 16:31:06'),
(6362, 245, 67, '2025-10-02 16:31:06'),
(6363, 245, 69, '2025-10-02 16:31:06'),
(6364, 245, 74, '2025-10-02 16:31:06'),
(6365, 245, 76, '2025-10-02 16:31:06'),
(6366, 245, 81, '2025-10-02 16:31:06'),
(6367, 245, 82, '2025-10-02 16:31:06'),
(6368, 245, 85, '2025-10-02 16:31:06'),
(6369, 245, 3, '2025-10-02 16:31:06'),
(6370, 246, 1, '2025-10-06 12:23:32'),
(6371, 246, 6, '2025-10-06 12:23:32'),
(6372, 246, 11, '2025-10-06 12:23:32'),
(6373, 246, 13, '2025-10-06 12:23:32'),
(6374, 246, 15, '2025-10-06 12:23:32'),
(6375, 246, 19, '2025-10-06 12:23:32'),
(6376, 246, 21, '2025-10-06 12:23:32'),
(6377, 246, 23, '2025-10-06 12:23:32'),
(6378, 246, 24, '2025-10-06 12:23:32'),
(6379, 246, 30, '2025-10-06 12:23:32'),
(6380, 246, 33, '2025-10-06 12:23:32'),
(6381, 246, 37, '2025-10-06 12:23:32'),
(6382, 246, 28, '2025-10-06 12:23:32'),
(6383, 246, 41, '2025-10-06 12:23:32'),
(6384, 246, 44, '2025-10-06 12:23:32'),
(6385, 246, 47, '2025-10-06 12:23:32'),
(6386, 246, 52, '2025-10-06 12:23:32'),
(6387, 246, 54, '2025-10-06 12:23:32'),
(6388, 246, 60, '2025-10-06 12:23:32'),
(6389, 246, 62, '2025-10-06 12:23:32'),
(6390, 246, 64, '2025-10-06 12:23:32'),
(6391, 246, 67, '2025-10-06 12:23:32'),
(6392, 246, 69, '2025-10-06 12:23:32'),
(6393, 246, 74, '2025-10-06 12:23:32'),
(6394, 246, 76, '2025-10-06 12:23:32'),
(6395, 246, 81, '2025-10-06 12:23:32'),
(6396, 246, 82, '2025-10-06 12:23:32'),
(6397, 246, 85, '2025-10-06 12:23:32'),
(6398, 246, 3, '2025-10-06 12:23:32'),
(6399, 212, 1, '2025-11-13 09:15:44'),
(6400, 212, 6, '2025-11-13 09:15:44'),
(6401, 212, 11, '2025-11-13 09:15:44'),
(6402, 212, 13, '2025-11-13 09:15:44'),
(6403, 212, 15, '2025-11-13 09:15:44'),
(6404, 212, 19, '2025-11-13 09:15:44'),
(6405, 212, 21, '2025-11-13 09:15:44'),
(6406, 212, 23, '2025-11-13 09:15:44'),
(6407, 212, 24, '2025-11-13 09:15:44'),
(6408, 212, 30, '2025-11-13 09:15:44'),
(6409, 212, 33, '2025-11-13 09:15:44'),
(6410, 212, 37, '2025-11-13 09:15:44'),
(6411, 212, 28, '2025-11-13 09:15:44'),
(6412, 212, 41, '2025-11-13 09:15:44'),
(6413, 212, 44, '2025-11-13 09:15:44'),
(6414, 212, 47, '2025-11-13 09:15:44'),
(6415, 212, 52, '2025-11-13 09:15:44'),
(6416, 212, 54, '2025-11-13 09:15:44'),
(6417, 212, 60, '2025-11-13 09:15:44'),
(6418, 212, 62, '2025-11-13 09:15:44'),
(6419, 212, 64, '2025-11-13 09:15:44'),
(6420, 212, 67, '2025-11-13 09:15:44'),
(6421, 212, 69, '2025-11-13 09:15:44'),
(6422, 212, 74, '2025-11-13 09:15:44'),
(6423, 212, 76, '2025-11-13 09:15:44'),
(6424, 212, 81, '2025-11-13 09:15:44'),
(6425, 212, 82, '2025-11-13 09:15:44'),
(6426, 212, 85, '2025-11-13 09:15:44'),
(6427, 212, 3, '2025-11-13 09:15:44'),
(6428, 239, 1, '2025-11-13 15:58:01'),
(6429, 239, 6, '2025-11-13 15:58:01'),
(6430, 239, 11, '2025-11-13 15:58:01'),
(6431, 239, 13, '2025-11-13 15:58:01'),
(6432, 239, 15, '2025-11-13 15:58:01'),
(6433, 239, 19, '2025-11-13 15:58:01'),
(6434, 239, 21, '2025-11-13 15:58:01'),
(6435, 239, 23, '2025-11-13 15:58:01'),
(6436, 239, 24, '2025-11-13 15:58:01'),
(6437, 239, 30, '2025-11-13 15:58:01'),
(6438, 239, 33, '2025-11-13 15:58:01'),
(6439, 239, 37, '2025-11-13 15:58:01'),
(6440, 239, 28, '2025-11-13 15:58:01'),
(6441, 239, 41, '2025-11-13 15:58:01'),
(6442, 239, 44, '2025-11-13 15:58:01'),
(6443, 239, 47, '2025-11-13 15:58:01'),
(6444, 239, 52, '2025-11-13 15:58:01'),
(6445, 239, 54, '2025-11-13 15:58:01'),
(6446, 239, 60, '2025-11-13 15:58:01'),
(6447, 239, 62, '2025-11-13 15:58:01'),
(6448, 239, 64, '2025-11-13 15:58:01'),
(6449, 239, 67, '2025-11-13 15:58:01'),
(6450, 239, 69, '2025-11-13 15:58:01'),
(6451, 239, 74, '2025-11-13 15:58:01'),
(6452, 239, 76, '2025-11-13 15:58:01'),
(6453, 239, 81, '2025-11-13 15:58:01'),
(6454, 239, 82, '2025-11-13 15:58:01'),
(6455, 239, 85, '2025-11-13 15:58:01'),
(6456, 239, 3, '2025-11-13 15:58:01'),
(6457, 248, 1, '2025-11-24 20:59:13'),
(6458, 248, 6, '2025-11-24 20:59:14'),
(6459, 248, 11, '2025-11-24 20:59:14'),
(6460, 248, 13, '2025-11-24 20:59:14'),
(6461, 248, 15, '2025-11-24 20:59:14'),
(6462, 248, 19, '2025-11-24 20:59:14'),
(6463, 248, 21, '2025-11-24 20:59:14'),
(6464, 248, 23, '2025-11-24 20:59:14'),
(6465, 248, 24, '2025-11-24 20:59:14'),
(6466, 248, 30, '2025-11-24 20:59:14'),
(6467, 248, 33, '2025-11-24 20:59:14'),
(6468, 248, 37, '2025-11-24 20:59:14'),
(6469, 248, 28, '2025-11-24 20:59:14'),
(6470, 248, 41, '2025-11-24 20:59:14'),
(6471, 248, 44, '2025-11-24 20:59:14'),
(6472, 248, 47, '2025-11-24 20:59:14'),
(6473, 248, 52, '2025-11-24 20:59:14'),
(6474, 248, 54, '2025-11-24 20:59:14'),
(6475, 248, 60, '2025-11-24 20:59:14'),
(6476, 248, 62, '2025-11-24 20:59:14'),
(6477, 248, 64, '2025-11-24 20:59:14'),
(6478, 248, 67, '2025-11-24 20:59:14'),
(6479, 248, 69, '2025-11-24 20:59:14'),
(6480, 248, 74, '2025-11-24 20:59:14'),
(6481, 248, 76, '2025-11-24 20:59:14'),
(6482, 248, 81, '2025-11-24 20:59:14'),
(6483, 248, 82, '2025-11-24 20:59:14'),
(6484, 248, 85, '2025-11-24 20:59:14'),
(6485, 248, 3, '2025-11-24 20:59:14'),
(6486, 249, 1, '2025-12-01 16:23:49'),
(6487, 249, 6, '2025-12-01 16:23:49'),
(6488, 249, 11, '2025-12-01 16:23:49'),
(6489, 249, 13, '2025-12-01 16:23:49'),
(6490, 249, 15, '2025-12-01 16:23:49'),
(6491, 249, 19, '2025-12-01 16:23:49'),
(6492, 249, 21, '2025-12-01 16:23:49'),
(6493, 249, 23, '2025-12-01 16:23:49'),
(6494, 249, 24, '2025-12-01 16:23:49'),
(6495, 249, 30, '2025-12-01 16:23:49'),
(6496, 249, 33, '2025-12-01 16:23:49'),
(6497, 249, 37, '2025-12-01 16:23:49'),
(6498, 249, 28, '2025-12-01 16:23:49'),
(6499, 249, 41, '2025-12-01 16:23:49'),
(6500, 249, 44, '2025-12-01 16:23:49'),
(6501, 249, 47, '2025-12-01 16:23:49'),
(6502, 249, 52, '2025-12-01 16:23:49'),
(6503, 249, 54, '2025-12-01 16:23:49'),
(6504, 249, 60, '2025-12-01 16:23:49'),
(6505, 249, 62, '2025-12-01 16:23:49'),
(6506, 249, 64, '2025-12-01 16:23:49'),
(6507, 249, 67, '2025-12-01 16:23:49'),
(6508, 249, 69, '2025-12-01 16:23:49'),
(6509, 249, 74, '2025-12-01 16:23:49'),
(6510, 249, 76, '2025-12-01 16:23:49'),
(6511, 249, 81, '2025-12-01 16:23:49'),
(6512, 249, 82, '2025-12-01 16:23:49'),
(6513, 249, 85, '2025-12-01 16:23:49'),
(6514, 249, 3, '2025-12-01 16:23:49'),
(6515, 250, 1, '2025-12-04 09:30:43'),
(6516, 250, 6, '2025-12-04 09:30:43'),
(6517, 250, 11, '2025-12-04 09:30:43'),
(6518, 250, 13, '2025-12-04 09:30:43'),
(6519, 250, 15, '2025-12-04 09:30:43'),
(6520, 250, 19, '2025-12-04 09:30:43'),
(6521, 250, 21, '2025-12-04 09:30:43'),
(6522, 250, 23, '2025-12-04 09:30:43'),
(6523, 250, 24, '2025-12-04 09:30:43'),
(6524, 250, 30, '2025-12-04 09:30:43'),
(6525, 250, 33, '2025-12-04 09:30:43'),
(6526, 250, 37, '2025-12-04 09:30:43'),
(6527, 250, 28, '2025-12-04 09:30:43'),
(6528, 250, 41, '2025-12-04 09:30:43'),
(6529, 250, 44, '2025-12-04 09:30:43'),
(6530, 250, 47, '2025-12-04 09:30:43'),
(6531, 250, 52, '2025-12-04 09:30:43'),
(6532, 250, 54, '2025-12-04 09:30:43'),
(6533, 250, 60, '2025-12-04 09:30:43'),
(6534, 250, 62, '2025-12-04 09:30:43'),
(6535, 250, 64, '2025-12-04 09:30:43'),
(6536, 250, 67, '2025-12-04 09:30:43'),
(6537, 250, 69, '2025-12-04 09:30:43'),
(6538, 250, 74, '2025-12-04 09:30:43'),
(6539, 250, 76, '2025-12-04 09:30:44'),
(6540, 250, 81, '2025-12-04 09:30:44'),
(6541, 250, 82, '2025-12-04 09:30:44'),
(6542, 250, 85, '2025-12-04 09:30:44'),
(6543, 250, 3, '2025-12-04 09:30:44'),
(6544, 251, 1, '2025-12-04 10:52:10'),
(6545, 251, 6, '2025-12-04 10:52:10'),
(6546, 251, 11, '2025-12-04 10:52:10'),
(6547, 251, 13, '2025-12-04 10:52:10'),
(6548, 251, 15, '2025-12-04 10:52:10'),
(6549, 251, 19, '2025-12-04 10:52:10'),
(6550, 251, 21, '2025-12-04 10:52:10'),
(6551, 251, 23, '2025-12-04 10:52:10'),
(6552, 251, 24, '2025-12-04 10:52:10'),
(6553, 251, 30, '2025-12-04 10:52:10'),
(6554, 251, 33, '2025-12-04 10:52:10'),
(6555, 251, 37, '2025-12-04 10:52:10'),
(6556, 251, 28, '2025-12-04 10:52:10'),
(6557, 251, 41, '2025-12-04 10:52:10'),
(6558, 251, 44, '2025-12-04 10:52:10'),
(6559, 251, 47, '2025-12-04 10:52:10'),
(6560, 251, 52, '2025-12-04 10:52:10'),
(6561, 251, 54, '2025-12-04 10:52:10'),
(6562, 251, 60, '2025-12-04 10:52:10'),
(6563, 251, 62, '2025-12-04 10:52:10'),
(6564, 251, 64, '2025-12-04 10:52:10'),
(6565, 251, 67, '2025-12-04 10:52:10'),
(6566, 251, 69, '2025-12-04 10:52:10'),
(6567, 251, 74, '2025-12-04 10:52:10'),
(6568, 251, 76, '2025-12-04 10:52:10'),
(6569, 251, 81, '2025-12-04 10:52:10'),
(6570, 251, 82, '2025-12-04 10:52:10'),
(6571, 251, 85, '2025-12-04 10:52:10'),
(6572, 251, 3, '2025-12-04 10:52:10'),
(6573, 228, 1, '2025-12-04 15:49:32'),
(6574, 228, 6, '2025-12-04 15:49:32'),
(6575, 228, 11, '2025-12-04 15:49:32'),
(6576, 228, 13, '2025-12-04 15:49:32'),
(6577, 228, 15, '2025-12-04 15:49:32'),
(6578, 228, 19, '2025-12-04 15:49:32'),
(6579, 228, 21, '2025-12-04 15:49:32'),
(6580, 228, 23, '2025-12-04 15:49:32'),
(6581, 228, 24, '2025-12-04 15:49:32'),
(6582, 228, 30, '2025-12-04 15:49:32'),
(6583, 228, 33, '2025-12-04 15:49:32'),
(6584, 228, 37, '2025-12-04 15:49:32'),
(6585, 228, 28, '2025-12-04 15:49:32'),
(6586, 228, 41, '2025-12-04 15:49:32'),
(6587, 228, 44, '2025-12-04 15:49:32'),
(6588, 228, 47, '2025-12-04 15:49:32'),
(6589, 228, 52, '2025-12-04 15:49:32'),
(6590, 228, 54, '2025-12-04 15:49:32'),
(6591, 228, 60, '2025-12-04 15:49:32'),
(6592, 228, 62, '2025-12-04 15:49:32'),
(6593, 228, 64, '2025-12-04 15:49:32'),
(6594, 228, 67, '2025-12-04 15:49:32'),
(6595, 228, 69, '2025-12-04 15:49:32'),
(6596, 228, 74, '2025-12-04 15:49:32'),
(6597, 228, 76, '2025-12-04 15:49:32'),
(6598, 228, 81, '2025-12-04 15:49:32'),
(6599, 228, 82, '2025-12-04 15:49:32'),
(6600, 228, 85, '2025-12-04 15:49:32'),
(6601, 228, 3, '2025-12-04 15:49:32'),
(6602, 253, 1, '2025-12-04 19:12:09'),
(6603, 253, 6, '2025-12-04 19:12:09'),
(6604, 253, 11, '2025-12-04 19:12:09'),
(6605, 253, 13, '2025-12-04 19:12:09'),
(6606, 253, 15, '2025-12-04 19:12:09'),
(6607, 253, 19, '2025-12-04 19:12:09'),
(6608, 253, 21, '2025-12-04 19:12:09'),
(6609, 253, 23, '2025-12-04 19:12:09'),
(6610, 253, 24, '2025-12-04 19:12:09'),
(6611, 253, 30, '2025-12-04 19:12:09'),
(6612, 253, 33, '2025-12-04 19:12:09'),
(6613, 253, 37, '2025-12-04 19:12:09'),
(6614, 253, 28, '2025-12-04 19:12:09'),
(6615, 253, 41, '2025-12-04 19:12:09'),
(6616, 253, 44, '2025-12-04 19:12:09'),
(6617, 253, 47, '2025-12-04 19:12:09'),
(6618, 253, 52, '2025-12-04 19:12:09'),
(6619, 253, 54, '2025-12-04 19:12:09'),
(6620, 253, 60, '2025-12-04 19:12:09'),
(6621, 253, 62, '2025-12-04 19:12:09'),
(6622, 253, 64, '2025-12-04 19:12:09'),
(6623, 253, 67, '2025-12-04 19:12:09'),
(6624, 253, 69, '2025-12-04 19:12:09'),
(6625, 253, 74, '2025-12-04 19:12:09'),
(6626, 253, 76, '2025-12-04 19:12:09'),
(6627, 253, 81, '2025-12-04 19:12:09'),
(6628, 253, 82, '2025-12-04 19:12:09'),
(6629, 253, 85, '2025-12-04 19:12:09'),
(6630, 253, 3, '2025-12-04 19:12:09'),
(6631, 254, 1, '2025-12-04 20:05:21'),
(6632, 254, 6, '2025-12-04 20:05:21'),
(6633, 254, 11, '2025-12-04 20:05:21'),
(6634, 254, 13, '2025-12-04 20:05:21'),
(6635, 254, 15, '2025-12-04 20:05:21'),
(6636, 254, 19, '2025-12-04 20:05:21'),
(6637, 254, 21, '2025-12-04 20:05:21'),
(6638, 254, 23, '2025-12-04 20:05:21'),
(6639, 254, 24, '2025-12-04 20:05:21'),
(6640, 254, 30, '2025-12-04 20:05:21'),
(6641, 254, 33, '2025-12-04 20:05:21'),
(6642, 254, 37, '2025-12-04 20:05:21'),
(6643, 254, 28, '2025-12-04 20:05:21'),
(6644, 254, 41, '2025-12-04 20:05:21'),
(6645, 254, 44, '2025-12-04 20:05:21'),
(6646, 254, 47, '2025-12-04 20:05:21'),
(6647, 254, 52, '2025-12-04 20:05:21'),
(6648, 254, 54, '2025-12-04 20:05:21'),
(6649, 254, 60, '2025-12-04 20:05:21'),
(6650, 254, 62, '2025-12-04 20:05:21'),
(6651, 254, 64, '2025-12-04 20:05:21'),
(6652, 254, 67, '2025-12-04 20:05:21'),
(6653, 254, 69, '2025-12-04 20:05:21'),
(6654, 254, 74, '2025-12-04 20:05:21'),
(6655, 254, 76, '2025-12-04 20:05:21'),
(6656, 254, 81, '2025-12-04 20:05:21'),
(6657, 254, 82, '2025-12-04 20:05:21'),
(6658, 254, 85, '2025-12-04 20:05:21'),
(6659, 254, 3, '2025-12-04 20:05:21'),
(6660, 255, 1, '2025-12-09 15:35:33'),
(6661, 255, 6, '2025-12-09 15:35:33'),
(6662, 255, 11, '2025-12-09 15:35:33'),
(6663, 255, 13, '2025-12-09 15:35:33'),
(6664, 255, 15, '2025-12-09 15:35:33'),
(6665, 255, 19, '2025-12-09 15:35:33'),
(6666, 255, 21, '2025-12-09 15:35:33'),
(6667, 255, 23, '2025-12-09 15:35:33'),
(6668, 255, 24, '2025-12-09 15:35:33'),
(6669, 255, 30, '2025-12-09 15:35:33'),
(6670, 255, 33, '2025-12-09 15:35:33'),
(6671, 255, 37, '2025-12-09 15:35:33'),
(6672, 255, 28, '2025-12-09 15:35:33'),
(6673, 255, 41, '2025-12-09 15:35:33'),
(6674, 255, 44, '2025-12-09 15:35:33'),
(6675, 255, 47, '2025-12-09 15:35:33'),
(6676, 255, 52, '2025-12-09 15:35:33'),
(6677, 255, 54, '2025-12-09 15:35:33'),
(6678, 255, 60, '2025-12-09 15:35:33'),
(6679, 255, 62, '2025-12-09 15:35:33'),
(6680, 255, 64, '2025-12-09 15:35:33'),
(6681, 255, 67, '2025-12-09 15:35:33'),
(6682, 255, 69, '2025-12-09 15:35:33'),
(6683, 255, 74, '2025-12-09 15:35:33'),
(6684, 255, 76, '2025-12-09 15:35:33'),
(6685, 255, 81, '2025-12-09 15:35:33'),
(6686, 255, 82, '2025-12-09 15:35:33'),
(6687, 255, 85, '2025-12-09 15:35:33'),
(6688, 255, 3, '2025-12-09 15:35:33'),
(6689, 256, 1, '2025-12-11 11:54:43'),
(6690, 256, 6, '2025-12-11 11:54:43'),
(6691, 256, 11, '2025-12-11 11:54:43'),
(6692, 256, 13, '2025-12-11 11:54:43'),
(6693, 256, 15, '2025-12-11 11:54:43'),
(6694, 256, 19, '2025-12-11 11:54:43'),
(6695, 256, 21, '2025-12-11 11:54:43'),
(6696, 256, 23, '2025-12-11 11:54:43'),
(6697, 256, 24, '2025-12-11 11:54:43'),
(6698, 256, 30, '2025-12-11 11:54:43'),
(6699, 256, 33, '2025-12-11 11:54:43'),
(6700, 256, 37, '2025-12-11 11:54:43'),
(6701, 256, 28, '2025-12-11 11:54:43'),
(6702, 256, 41, '2025-12-11 11:54:43'),
(6703, 256, 44, '2025-12-11 11:54:43'),
(6704, 256, 47, '2025-12-11 11:54:43'),
(6705, 256, 52, '2025-12-11 11:54:43'),
(6706, 256, 54, '2025-12-11 11:54:43'),
(6707, 256, 60, '2025-12-11 11:54:43'),
(6708, 256, 62, '2025-12-11 11:54:43'),
(6709, 256, 64, '2025-12-11 11:54:43'),
(6710, 256, 67, '2025-12-11 11:54:43'),
(6711, 256, 69, '2025-12-11 11:54:43'),
(6712, 256, 74, '2025-12-11 11:54:43'),
(6713, 256, 76, '2025-12-11 11:54:43'),
(6714, 256, 81, '2025-12-11 11:54:43'),
(6715, 256, 82, '2025-12-11 11:54:43'),
(6716, 256, 85, '2025-12-11 11:54:43'),
(6717, 256, 3, '2025-12-11 11:54:43'),
(6718, 257, 1, '2025-12-14 17:33:41'),
(6719, 257, 6, '2025-12-14 17:33:41'),
(6720, 257, 11, '2025-12-14 17:33:41'),
(6721, 257, 13, '2025-12-14 17:33:41'),
(6722, 257, 15, '2025-12-14 17:33:41'),
(6723, 257, 19, '2025-12-14 17:33:41'),
(6724, 257, 21, '2025-12-14 17:33:41'),
(6725, 257, 23, '2025-12-14 17:33:41'),
(6726, 257, 24, '2025-12-14 17:33:41'),
(6727, 257, 30, '2025-12-14 17:33:41'),
(6728, 257, 33, '2025-12-14 17:33:41'),
(6729, 257, 37, '2025-12-14 17:33:41'),
(6730, 257, 28, '2025-12-14 17:33:41'),
(6731, 257, 41, '2025-12-14 17:33:41'),
(6732, 257, 44, '2025-12-14 17:33:41'),
(6733, 257, 47, '2025-12-14 17:33:41'),
(6734, 257, 52, '2025-12-14 17:33:41'),
(6735, 257, 54, '2025-12-14 17:33:41'),
(6736, 257, 60, '2025-12-14 17:33:41'),
(6737, 257, 62, '2025-12-14 17:33:41'),
(6738, 257, 64, '2025-12-14 17:33:41'),
(6739, 257, 67, '2025-12-14 17:33:41'),
(6740, 257, 69, '2025-12-14 17:33:41'),
(6741, 257, 74, '2025-12-14 17:33:41'),
(6742, 257, 76, '2025-12-14 17:33:41'),
(6743, 257, 81, '2025-12-14 17:33:41'),
(6744, 257, 82, '2025-12-14 17:33:41'),
(6745, 257, 85, '2025-12-14 17:33:41'),
(6746, 257, 3, '2025-12-14 17:33:41'),
(6747, 258, 1, '2025-12-14 20:16:58'),
(6748, 258, 6, '2025-12-14 20:16:58'),
(6749, 258, 11, '2025-12-14 20:16:58'),
(6750, 258, 13, '2025-12-14 20:16:58'),
(6751, 258, 15, '2025-12-14 20:16:58'),
(6752, 258, 19, '2025-12-14 20:16:58'),
(6753, 258, 21, '2025-12-14 20:16:58'),
(6754, 258, 23, '2025-12-14 20:16:58'),
(6755, 258, 24, '2025-12-14 20:16:58'),
(6756, 258, 30, '2025-12-14 20:16:58'),
(6757, 258, 33, '2025-12-14 20:16:58'),
(6758, 258, 37, '2025-12-14 20:16:58'),
(6759, 258, 28, '2025-12-14 20:16:58'),
(6760, 258, 41, '2025-12-14 20:16:58'),
(6761, 258, 44, '2025-12-14 20:16:58'),
(6762, 258, 47, '2025-12-14 20:16:58'),
(6763, 258, 52, '2025-12-14 20:16:58'),
(6764, 258, 54, '2025-12-14 20:16:58'),
(6765, 258, 60, '2025-12-14 20:16:58'),
(6766, 258, 62, '2025-12-14 20:16:58'),
(6767, 258, 64, '2025-12-14 20:16:58'),
(6768, 258, 67, '2025-12-14 20:16:58'),
(6769, 258, 69, '2025-12-14 20:16:58'),
(6770, 258, 74, '2025-12-14 20:16:58'),
(6771, 258, 76, '2025-12-14 20:16:58'),
(6772, 258, 81, '2025-12-14 20:16:58'),
(6773, 258, 82, '2025-12-14 20:16:58'),
(6774, 258, 85, '2025-12-14 20:16:58'),
(6775, 258, 3, '2025-12-14 20:16:58'),
(6776, 259, 1, '2025-12-14 20:35:10'),
(6777, 259, 6, '2025-12-14 20:35:10'),
(6778, 259, 11, '2025-12-14 20:35:10'),
(6779, 259, 13, '2025-12-14 20:35:10'),
(6780, 259, 15, '2025-12-14 20:35:10'),
(6781, 259, 19, '2025-12-14 20:35:10'),
(6782, 259, 21, '2025-12-14 20:35:10'),
(6783, 259, 23, '2025-12-14 20:35:10'),
(6784, 259, 24, '2025-12-14 20:35:10'),
(6785, 259, 30, '2025-12-14 20:35:10'),
(6786, 259, 33, '2025-12-14 20:35:10'),
(6787, 259, 37, '2025-12-14 20:35:10'),
(6788, 259, 28, '2025-12-14 20:35:10'),
(6789, 259, 41, '2025-12-14 20:35:10'),
(6790, 259, 44, '2025-12-14 20:35:10'),
(6791, 259, 47, '2025-12-14 20:35:10'),
(6792, 259, 52, '2025-12-14 20:35:10'),
(6793, 259, 54, '2025-12-14 20:35:10'),
(6794, 259, 60, '2025-12-14 20:35:10'),
(6795, 259, 62, '2025-12-14 20:35:10'),
(6796, 259, 64, '2025-12-14 20:35:10'),
(6797, 259, 67, '2025-12-14 20:35:10'),
(6798, 259, 69, '2025-12-14 20:35:10'),
(6799, 259, 74, '2025-12-14 20:35:10'),
(6800, 259, 76, '2025-12-14 20:35:10'),
(6801, 259, 81, '2025-12-14 20:35:10'),
(6802, 259, 82, '2025-12-14 20:35:10'),
(6803, 259, 85, '2025-12-14 20:35:10'),
(6804, 259, 3, '2025-12-14 20:35:10');

-- --------------------------------------------------------

--
-- Tabellenstruktur für Tabelle `products_to_categories`
--

CREATE TABLE `products_to_categories` (
  `products_id` int(11) NOT NULL DEFAULT '0',
  `categories_id` int(11) NOT NULL DEFAULT '0'
) ENGINE=MyISAM DEFAULT CHARSET=utf8;

--
-- Daten für Tabelle `products_to_categories`
--

INSERT INTO `products_to_categories` (`products_id`, `categories_id`) VALUES
(1, 30),
(2, 30),
(3, 30),
(4, 30),
(5, 30),
(6, 30),
(7, 30),
(8, 30),
(9, 30),
(10, 30),
(11, 30),
(12, 30),
(13, 30),
(14, 30),
(15, 30),
(16, 30),
(17, 30),
(18, 30),
(19, 30),
(20, 30),
(152, 51),
(153, 52),
(154, 52),
(155, 52),
(156, 55),
(157, 49),
(158, 49),
(159, 49),
(160, 49),
(161, 49),
(162, 60),
(163, 60),
(164, 60),
(165, 60),
(166, 52),
(167, 54),
(168, 54),
(169, 54),
(170, 54),
(171, 54),
(172, 54),
(173, 54),
(174, 54),
(175, 54),
(176, 54),
(177, 54),
(178, 54),
(179, 62),
(180, 62),
(181, 62),
(182, 62),
(183, 62),
(184, 63),
(185, 63),
(186, 47),
(187, 47),
(188, 55),
(189, 49),
(190, 55),
(191, 55),
(192, 55),
(193, 55),
(194, 55),
(195, 65),
(196, 49),
(197, 49),
(198, 49),
(199, 49),
(200, 49),
(201, 49),
(202, 49),
(203, 60),
(204, 47),
(205, 51),
(206, 51),
(207, 52),
(208, 60),
(209, 52),
(210, 52),
(211, 52),
(212, 52),
(213, 52),
(214, 47),
(215, 47),
(216, 47),
(217, 65),
(218, 52),
(219, 52),
(220, 51),
(221, 51),
(222, 51),
(223, 52),
(224, 52),
(225, 52),
(226, 52),
(227, 52),
(228, 0),
(229, 0),
(230, 51),
(231, 52),
(232, 52),
(233, 47),
(234, 52),
(235, 52),
(236, 67),
(237, 64),
(238, 67),
(239, 67),
(240, 67),
(241, 52),
(242, 67),
(243, 67),
(244, 67),
(245, 54),
(246, 63),
(247, 67),
(248, 67),
(249, 49),
(250, 67),
(251, 67),
(252, 64),
(253, 67),
(254, 47),
(255, 52),
(256, 67),
(257, 47),
(258, 47),
(259, 47);

-- --------------------------------------------------------

--
-- Tabellenstruktur für Tabelle `products_to_characteristics`
--

CREATE TABLE `products_to_characteristics` (
  `products_to_characteristics_id` int(11) NOT NULL,
  `products_id` int(11) NOT NULL DEFAULT '0',
  `products_characteristic_set_id` int(11) NOT NULL DEFAULT '0'
) ENGINE=MyISAM DEFAULT CHARSET=utf8;

--
-- Daten für Tabelle `products_to_characteristics`
--

INSERT INTO `products_to_characteristics` (`products_to_characteristics_id`, `products_id`, `products_characteristic_set_id`) VALUES
(871, 165, 255),
(1303, 185, 251),
(1421, 191, 128),
(1238, 187, 285),
(1091, 189, 279),
(1414, 192, 128),
(1407, 193, 128),
(980, 198, 135),
(978, 200, 294),
(989, 204, 285),
(1264, 206, 206),
(1296, 217, 285),
(1669, 215, 285),
(1668, 215, 258),
(1667, 215, 259),
(1244, 214, 285),
(687, 154, 220),
(1589, 160, 231),
(1593, 159, 231),
(1173, 157, 231),
(750, 188, 249),
(1427, 156, 128),
(870, 165, 259),
(1302, 185, 266),
(1420, 191, 127),
(1257, 209, 112),
(1090, 189, 226),
(1413, 192, 127),
(1406, 193, 127),
(1400, 194, 128),
(979, 199, 289),
(988, 204, 260),
(1603, 205, 303),
(1295, 217, 252),
(1243, 214, 257),
(1198, 168, 110),
(1200, 167, 112),
(1231, 153, 113),
(685, 155, 220),
(1585, 161, 231),
(1592, 159, 226),
(1172, 157, 226),
(749, 188, 244),
(1426, 156, 127),
(880, 186, 258),
(876, 162, 256),
(1419, 191, 125),
(1418, 191, 118),
(836, 178, 254),
(1412, 192, 125),
(1405, 193, 125),
(1399, 194, 127),
(982, 196, 287),
(992, 203, 285),
(1602, 205, 194),
(1256, 216, 285),
(1411, 192, 118),
(1417, 191, 248),
(1601, 205, 197),
(1263, 206, 194),
(981, 197, 291),
(991, 203, 252),
(1404, 193, 118),
(1398, 194, 125),
(835, 178, 266),
(1410, 192, 248),
(879, 186, 259),
(875, 162, 259),
(728, 190, 118),
(1425, 156, 125),
(1591, 159, 209),
(1171, 157, 235),
(1516, 152, 204),
(1584, 161, 226),
(1255, 216, 258),
(1307, 184, 285),
(1194, 170, 109),
(1196, 169, 111),
(1600, 205, 191),
(1262, 206, 196),
(1299, 195, 285),
(990, 203, 265),
(1403, 193, 248),
(1397, 194, 118),
(1242, 214, 259),
(1409, 192, 103),
(1416, 191, 103),
(793, 180, 258),
(1237, 187, 257),
(874, 163, 258),
(727, 190, 239),
(1424, 156, 248),
(1590, 159, 225),
(1597, 158, 231),
(1515, 152, 193),
(1583, 161, 234),
(1254, 216, 259),
(1052, 208, 258),
(1259, 207, 109),
(1053, 208, 263),
(1423, 156, 103),
(726, 190, 103),
(1596, 158, 226),
(1588, 160, 226),
(1582, 161, 225),
(1514, 152, 196),
(1199, 167, 174),
(1197, 168, 174),
(1195, 169, 174),
(1193, 170, 174),
(1261, 206, 310),
(1599, 205, 313),
(976, 202, 290),
(1298, 195, 256),
(1396, 194, 248),
(1402, 193, 103),
(1089, 189, 273),
(1629, 248, 261),
(792, 180, 271),
(1306, 184, 254),
(873, 163, 263),
(1236, 187, 260),
(748, 188, 240),
(725, 190, 236),
(1595, 158, 235),
(1587, 160, 210),
(688, 154, 224),
(1513, 152, 191),
(1258, 213, 109),
(1512, 152, 309),
(1624, 212, 114),
(1623, 212, 174),
(1260, 206, 199),
(1598, 205, 200),
(977, 201, 292),
(1395, 194, 103),
(1401, 193, 237),
(1408, 192, 130),
(1088, 189, 277),
(1622, 166, 109),
(1415, 191, 238),
(1305, 184, 266),
(872, 164, 263),
(1422, 156, 236),
(747, 188, 98),
(1170, 157, 225),
(1594, 158, 225),
(1586, 160, 225),
(686, 155, 224),
(1511, 152, 199),
(1439, 211, 322),
(1438, 211, 220),
(1235, 210, 321),
(1234, 210, 220),
(1294, 217, 262),
(1297, 195, 262),
(1304, 185, 285),
(1433, 218, 324),
(1432, 218, 219),
(1437, 219, 322),
(1436, 219, 220),
(1454, 220, 207),
(1453, 220, 195),
(1452, 220, 196),
(1451, 220, 312),
(1450, 220, 200),
(1464, 221, 207),
(1463, 221, 195),
(1462, 221, 197),
(1461, 221, 313),
(1460, 221, 201),
(1481, 222, 206),
(1480, 222, 193),
(1479, 222, 197),
(1478, 222, 191),
(1477, 222, 310),
(1476, 222, 199),
(1500, 225, 224),
(1496, 223, 112),
(1499, 225, 220),
(1501, 226, 220),
(1502, 226, 224),
(1503, 227, 219),
(1504, 227, 224),
(1517, 229, 303),
(1518, 229, 194),
(1519, 229, 197),
(1520, 229, 191),
(1521, 229, 313),
(1522, 229, 200),
(1534, 230, 206),
(1533, 230, 193),
(1532, 230, 196),
(1531, 230, 191),
(1530, 230, 310),
(1529, 230, 199),
(1536, 231, 110),
(1540, 232, 112),
(1621, 236, 326),
(1620, 236, 285),
(1619, 236, 258),
(1544, 237, 259),
(1545, 237, 258),
(1546, 237, 285),
(1575, 238, 334),
(1574, 238, 285),
(1573, 238, 258),
(1572, 238, 266),
(1618, 236, 325),
(1628, 239, 333),
(1627, 239, 285),
(1626, 239, 258),
(1625, 239, 266),
(1662, 241, 335),
(1604, 242, 295),
(1612, 243, 332),
(1611, 243, 285),
(1610, 243, 252),
(1609, 243, 261),
(1613, 244, 261),
(1614, 244, 252),
(1615, 244, 285),
(1616, 244, 332),
(1617, 246, 323),
(1630, 248, 252),
(1631, 248, 285),
(1639, 249, 231),
(1638, 249, 226),
(1637, 249, 235),
(1636, 249, 225),
(1661, 251, 332),
(1660, 251, 285),
(1659, 251, 336),
(1650, 253, 336),
(1651, 253, 285),
(1652, 253, 332),
(1674, 254, 285),
(1673, 254, 341),
(1663, 255, 114),
(1664, 256, 343),
(1665, 256, 285),
(1666, 256, 331),
(1670, 257, 259),
(1671, 257, 258),
(1672, 257, 285),
(1675, 258, 259),
(1676, 258, 258),
(1677, 258, 285),
(1678, 259, 259),
(1679, 259, 258),
(1680, 259, 285);

-- --------------------------------------------------------

--
-- Tabellenstruktur für Tabelle `products_to_groups`
--

CREATE TABLE `products_to_groups` (
  `products_id` int(11) NOT NULL DEFAULT '0',
  `groups_id` int(11) NOT NULL DEFAULT '0'
) ENGINE=MyISAM DEFAULT CHARSET=utf8;

-- --------------------------------------------------------

--
-- Tabellenstruktur für Tabelle `products_vpe`
--

CREATE TABLE `products_vpe` (
  `products_vpe_id` int(11) NOT NULL DEFAULT '0',
  `language_id` int(11) NOT NULL DEFAULT '0',
  `products_vpe_name` varchar(32) NOT NULL
) ENGINE=MyISAM DEFAULT CHARSET=utf8;

-- --------------------------------------------------------

--
-- Tabellenstruktur für Tabelle `products_xsell`
--

CREATE TABLE `products_xsell` (
  `ID` int(10) NOT NULL,
  `products_id` int(10) UNSIGNED NOT NULL DEFAULT '1',
  `xsell_id` int(10) UNSIGNED NOT NULL DEFAULT '1',
  `sort_order` int(10) UNSIGNED NOT NULL DEFAULT '1',
  `reverse_cross_selling` int(1) NOT NULL
) ENGINE=MyISAM DEFAULT CHARSET=utf8;

--
-- Daten für Tabelle `products_xsell`
--

INSERT INTO `products_xsell` (`ID`, `products_id`, `xsell_id`, `sort_order`, `reverse_cross_selling`) VALUES
(5, 209, 153, 0, 0);

-- --------------------------------------------------------

--
-- Tabellenstruktur für Tabelle `product_properties_xy_prices`
--

CREATE TABLE `product_properties_xy_prices` (
  `product_properties_xy_prices_id` int(11) NOT NULL,
  `products_id` int(11) NOT NULL,
  `products_properties_id_X` int(11) NOT NULL,
  `products_properties_id_Y` int(11) NOT NULL
) ENGINE=MyISAM DEFAULT CHARSET=utf8;

-- --------------------------------------------------------

--
-- Tabellenstruktur für Tabelle `product_properties_xy_prices_values`
--

CREATE TABLE `product_properties_xy_prices_values` (
  `product_properties_xy_prices_values_id` int(11) NOT NULL,
  `product_properties_xy_prices_id` int(11) NOT NULL,
  `val_X` int(11) NOT NULL,
  `val_Y` int(11) NOT NULL,
  `xy_price` float NOT NULL
) ENGINE=MyISAM DEFAULT CHARSET=utf8;

-- --------------------------------------------------------

--
-- Tabellenstruktur für Tabelle `product_properties_xy_prices_values_for_properties`
--

CREATE TABLE `product_properties_xy_prices_values_for_properties` (
  `product_properties_xy_prices_values_for_properties_id` int(11) NOT NULL,
  `product_properties_xy_prices_values_id` int(11) NOT NULL,
  `products_properties_id` int(11) NOT NULL,
  `price_netto` float NOT NULL
) ENGINE=MyISAM DEFAULT CHARSET=utf8;

-- --------------------------------------------------------

--
-- Tabellenstruktur für Tabelle `product_un_classification`
--

CREATE TABLE `product_un_classification` (
  `product_un_classification_id` int(11) NOT NULL,
  `products_id` int(11) NOT NULL,
  `un_classifications_id` int(11) NOT NULL,
  `ADR_Class` varchar(16) COLLATE utf8mb4_unicode_ci NOT NULL,
  `Packaging_Group` varchar(32) COLLATE utf8mb4_unicode_ci NOT NULL,
  `Bk` varchar(8) COLLATE utf8mb4_unicode_ci NOT NULL,
  `TUNNEL_CATEGORY` varchar(24) COLLATE utf8mb4_unicode_ci NOT NULL
) ENGINE=InnoDB DEFAULT CHARSET=utf8mb4 COLLATE=utf8mb4_unicode_ci;

-- --------------------------------------------------------

--
-- Tabellenstruktur für Tabelle `push_customer_allocations`
--

CREATE TABLE `push_customer_allocations` (
  `push_customer_allocations_id` int(11) NOT NULL,
  `customers_id` int(11) NOT NULL,
  `allocation` varchar(16) NOT NULL
) ENGINE=MyISAM DEFAULT CHARSET=utf8;

-- --------------------------------------------------------

--
-- Tabellenstruktur für Tabelle `push_subscriber`
--

CREATE TABLE `push_subscriber` (
  `push_subscriber_id` int(11) NOT NULL,
  `customers_id` int(11) NOT NULL,
  `endpoint` varchar(255) NOT NULL,
  `publicKey` varchar(255) NOT NULL,
  `token` varchar(128) NOT NULL,
  `date_added` datetime NOT NULL
) ENGINE=MyISAM DEFAULT CHARSET=utf8;

-- --------------------------------------------------------

--
-- Tabellenstruktur für Tabelle `quick_login`
--

CREATE TABLE `quick_login` (
  `quick_login_id` int(11) NOT NULL,
  `customers_id` int(11) NOT NULL DEFAULT '0',
  `date_created` datetime NOT NULL DEFAULT '0000-00-00 00:00:00',
  `date_login` datetime NOT NULL DEFAULT '0000-00-00 00:00:00',
  `quick_login_sessionid` varchar(255) NOT NULL DEFAULT '',
  `number_of_logins` int(11) NOT NULL DEFAULT '0'
) ENGINE=MyISAM DEFAULT CHARSET=utf8;

-- --------------------------------------------------------

--
-- Tabellenstruktur für Tabelle `reclamations`
--

CREATE TABLE `reclamations` (
  `reclamations_id` int(11) NOT NULL,
  `orders_id` int(11) NOT NULL DEFAULT '0',
  `customers_id` int(11) NOT NULL DEFAULT '0',
  `ebay_id` varchar(32) NOT NULL DEFAULT '',
  `customers_cid` varchar(32) DEFAULT NULL,
  `customers_vat_id` varchar(20) DEFAULT NULL,
  `customers_status` int(11) DEFAULT NULL,
  `customers_status_name` varchar(32) NOT NULL DEFAULT '',
  `customers_status_image` varchar(64) DEFAULT NULL,
  `customers_status_discount` decimal(4,2) DEFAULT NULL,
  `customers_name` varchar(64) NOT NULL DEFAULT '',
  `customers_company` varchar(128) DEFAULT NULL,
  `customers_street_address` varchar(64) NOT NULL DEFAULT '',
  `customers_suburb` varchar(64) DEFAULT NULL,
  `customers_city` varchar(64) NOT NULL,
  `customers_postcode` varchar(10) NOT NULL DEFAULT '',
  `customers_state` varchar(32) DEFAULT NULL,
  `customers_country` varchar(32) NOT NULL DEFAULT '',
  `customers_telephone` varchar(32) NOT NULL DEFAULT '',
  `customers_email_address` varchar(96) NOT NULL DEFAULT '',
  `customers_address_format_id` int(5) NOT NULL DEFAULT '0',
  `delivery_name` varchar(64) NOT NULL DEFAULT '',
  `delivery_company` varchar(128) DEFAULT NULL,
  `delivery_street_address` varchar(64) NOT NULL DEFAULT '',
  `delivery_suburb` varchar(64) DEFAULT NULL,
  `delivery_city` varchar(64) NOT NULL,
  `delivery_postcode` varchar(10) NOT NULL DEFAULT '',
  `delivery_state` varchar(32) DEFAULT NULL,
  `delivery_country` varchar(32) NOT NULL DEFAULT '',
  `delivery_address_format_id` int(5) NOT NULL DEFAULT '0',
  `billing_name` varchar(64) NOT NULL DEFAULT '',
  `billing_company` varchar(128) DEFAULT NULL,
  `billing_street_address` varchar(64) NOT NULL DEFAULT '',
  `billing_suburb` varchar(64) DEFAULT NULL,
  `billing_city` varchar(64) NOT NULL,
  `billing_postcode` varchar(10) NOT NULL DEFAULT '',
  `billing_state` varchar(32) DEFAULT NULL,
  `billing_country` varchar(32) NOT NULL DEFAULT '',
  `billing_address_format_id` int(5) NOT NULL DEFAULT '0',
  `payment_method` varchar(32) NOT NULL DEFAULT '',
  `comments` varchar(255) DEFAULT NULL,
  `last_modified` datetime DEFAULT NULL,
  `date_created` datetime DEFAULT NULL,
  `date_payment` datetime NOT NULL DEFAULT '0000-00-00 00:00:00',
  `reclamations_status` int(5) NOT NULL DEFAULT '0',
  `reclamations_type` int(11) NOT NULL DEFAULT '0',
  `reclamations_date_finished` datetime DEFAULT NULL,
  `currency` char(3) DEFAULT NULL,
  `currency_value` decimal(14,6) DEFAULT NULL,
  `account_type` int(1) NOT NULL DEFAULT '0',
  `language` varchar(32) NOT NULL DEFAULT '',
  `versender` varchar(32) NOT NULL DEFAULT '',
  `rueckerstattung` int(11) NOT NULL DEFAULT '0',
  `send` int(1) NOT NULL DEFAULT '0',
  `send_status` int(1) NOT NULL DEFAULT '0',
  `repair` int(1) NOT NULL DEFAULT '0',
  `kto_nummer` varchar(32) NOT NULL DEFAULT '',
  `kto_inhaber` varchar(128) NOT NULL DEFAULT '',
  `kto_blz` varchar(32) NOT NULL DEFAULT '',
  `kto_bank` varchar(128) NOT NULL DEFAULT '',
  `rueckerstattungsbetrag` float NOT NULL DEFAULT '0',
  `rueckerstattungsgrund` text NOT NULL,
  `block_shipping` int(1) NOT NULL DEFAULT '0',
  `versender_proposal` varchar(32) NOT NULL DEFAULT '',
  `shipping_comments` text NOT NULL,
  `block_shipping_comment` varchar(255) NOT NULL,
  `block_shipping_end_date` datetime NOT NULL
) ENGINE=MyISAM DEFAULT CHARSET=utf8;

-- --------------------------------------------------------

--
-- Tabellenstruktur für Tabelle `reclamations_bestandssperre`
--

CREATE TABLE `reclamations_bestandssperre` (
  `reclamations_bestandssperre_id` int(11) NOT NULL,
  `reclamations_id` int(11) NOT NULL DEFAULT '0',
  `products_id` int(11) NOT NULL DEFAULT '0',
  `storage_id` int(11) NOT NULL DEFAULT '0',
  `quantity` int(11) NOT NULL DEFAULT '0'
) ENGINE=MyISAM DEFAULT CHARSET=utf8;

-- --------------------------------------------------------

--
-- Tabellenstruktur für Tabelle `reclamations_products`
--

CREATE TABLE `reclamations_products` (
  `reclamations_products_id` int(11) NOT NULL,
  `reclamations_id` int(11) NOT NULL DEFAULT '0',
  `products_id` int(11) NOT NULL DEFAULT '0',
  `products_model` varchar(64) DEFAULT NULL,
  `products_name` varchar(128) NOT NULL DEFAULT '',
  `products_price` decimal(15,4) NOT NULL DEFAULT '0.0000',
  `products_discount_made` decimal(4,2) DEFAULT NULL,
  `final_price` decimal(15,4) NOT NULL DEFAULT '0.0000',
  `products_tax` decimal(7,4) NOT NULL DEFAULT '0.0000',
  `products_quantity` int(2) NOT NULL DEFAULT '0',
  `allow_tax` int(1) NOT NULL DEFAULT '0',
  `false_products_id` int(11) NOT NULL,
  `quantity_shipped` int(11) NOT NULL
) ENGINE=MyISAM DEFAULT CHARSET=utf8;

-- --------------------------------------------------------

--
-- Tabellenstruktur für Tabelle `reclamations_products_properties`
--

CREATE TABLE `reclamations_products_properties` (
  `reclamations_products_properties_id` int(11) NOT NULL,
  `reclamations_products_id` int(11) NOT NULL,
  `property_title` varchar(64) NOT NULL,
  `property_value` varchar(64) NOT NULL,
  `input_span` int(11) NOT NULL
) ENGINE=MyISAM DEFAULT CHARSET=utf8;

-- --------------------------------------------------------

--
-- Tabellenstruktur für Tabelle `reclamations_products_serials`
--

CREATE TABLE `reclamations_products_serials` (
  `reclamations_products_serials_id` int(11) NOT NULL,
  `reclamations_products_id` int(11) NOT NULL DEFAULT '0',
  `products_id` int(11) NOT NULL DEFAULT '0',
  `serial_number` varchar(128) NOT NULL DEFAULT ''
) ENGINE=MyISAM DEFAULT CHARSET=utf8;

-- --------------------------------------------------------

--
-- Tabellenstruktur für Tabelle `reclamations_reasons`
--

CREATE TABLE `reclamations_reasons` (
  `reclamations_reasons_id` int(11) NOT NULL,
  `reason` varchar(64) NOT NULL,
  `date_added` datetime NOT NULL
) ENGINE=MyISAM DEFAULT CHARSET=utf8;

--
-- Daten für Tabelle `reclamations_reasons`
--

INSERT INTO `reclamations_reasons` (`reclamations_reasons_id`, `reason`, `date_added`) VALUES
(1, 'Transportschaden', '2010-11-24 22:45:15'),
(2, 'Ware hat nicht gefallen', '2010-11-24 22:45:24'),
(3, 'Qualitätsproblem', '2010-11-24 22:45:46'),
(4, 'Durch Kunden beim aufbau beschädigt', '2010-11-24 22:46:01');

-- --------------------------------------------------------

--
-- Tabellenstruktur für Tabelle `reclamations_recalculate`
--

CREATE TABLE `reclamations_recalculate` (
  `reclamations_recalculate_id` int(11) NOT NULL,
  `reclamations_id` int(11) NOT NULL DEFAULT '0',
  `n_price` decimal(15,4) NOT NULL DEFAULT '0.0000',
  `b_price` decimal(15,4) NOT NULL DEFAULT '0.0000',
  `tax` decimal(15,4) NOT NULL DEFAULT '0.0000',
  `tax_rate` decimal(7,4) NOT NULL DEFAULT '0.0000',
  `class` varchar(32) NOT NULL DEFAULT ''
) ENGINE=MyISAM DEFAULT CHARSET=utf8;

-- --------------------------------------------------------

--
-- Tabellenstruktur für Tabelle `reclamations_status`
--

CREATE TABLE `reclamations_status` (
  `reclamations_status_id` int(11) NOT NULL DEFAULT '0',
  `language_id` int(11) NOT NULL DEFAULT '1',
  `reclamations_status_name` varchar(32) NOT NULL DEFAULT ''
) ENGINE=MyISAM DEFAULT CHARSET=utf8;

--
-- Daten für Tabelle `reclamations_status`
--

INSERT INTO `reclamations_status` (`reclamations_status_id`, `language_id`, `reclamations_status_name`) VALUES
(3, 2, 'Abgeschlossen'),
(1, 2, 'Eingeleitet'),
(2, 2, 'In Bearbeitung');

-- --------------------------------------------------------

--
-- Tabellenstruktur für Tabelle `reclamations_status_history`
--

CREATE TABLE `reclamations_status_history` (
  `reclamations_status_history_id` int(11) NOT NULL,
  `reclamations_id` int(11) NOT NULL DEFAULT '0',
  `reclamations_status_id` int(5) NOT NULL DEFAULT '0',
  `date_added` datetime NOT NULL DEFAULT '0000-00-00 00:00:00',
  `customer_notified` int(1) DEFAULT '0',
  `comments` text,
  `editor_id` int(11) NOT NULL DEFAULT '0'
) ENGINE=MyISAM DEFAULT CHARSET=utf8;

-- --------------------------------------------------------

--
-- Tabellenstruktur für Tabelle `reclamations_total`
--

CREATE TABLE `reclamations_total` (
  `reclamations_total_id` int(10) UNSIGNED NOT NULL,
  `reclamations_id` int(11) NOT NULL DEFAULT '0',
  `title` varchar(255) NOT NULL DEFAULT '',
  `text` varchar(255) NOT NULL DEFAULT '',
  `value` decimal(15,4) NOT NULL DEFAULT '0.0000',
  `class` varchar(32) NOT NULL DEFAULT '',
  `sort_order` int(11) NOT NULL DEFAULT '0'
) ENGINE=MyISAM DEFAULT CHARSET=utf8;

-- --------------------------------------------------------

--
-- Tabellenstruktur für Tabelle `reclamations_to_reclamations_reasons`
--

CREATE TABLE `reclamations_to_reclamations_reasons` (
  `reclamations_id` int(11) NOT NULL,
  `reclamations_reasons_id` int(11) NOT NULL
) ENGINE=MyISAM DEFAULT CHARSET=utf8;

-- --------------------------------------------------------

--
-- Tabellenstruktur für Tabelle `reclamations_types`
--

CREATE TABLE `reclamations_types` (
  `reclamations_types_id` int(11) NOT NULL,
  `reclamations_types_title` varchar(128) NOT NULL DEFAULT ''
) ENGINE=MyISAM DEFAULT CHARSET=utf8;

--
-- Daten für Tabelle `reclamations_types`
--

INSERT INTO `reclamations_types` (`reclamations_types_id`, `reclamations_types_title`) VALUES
(2, 'Widerruf | Ruecktritt'),
(3, 'Defekt | Ersatzversand'),
(4, 'Falschlieferung | Neuversand'),
(5, 'Falsche Adresse | Neuversand'),
(6, 'Vereinfachte Warenrücknahme');

-- --------------------------------------------------------

--
-- Tabellenstruktur für Tabelle `retouren`
--

CREATE TABLE `retouren` (
  `retoure_id` int(11) NOT NULL,
  `orders_id` int(11) NOT NULL DEFAULT '0',
  `reclamations_id` int(11) NOT NULL DEFAULT '0',
  `customers_id` int(11) NOT NULL DEFAULT '0',
  `shipping_company` varchar(128) NOT NULL DEFAULT '',
  `shipping_name` varchar(128) NOT NULL DEFAULT '',
  `shipping_name2` varchar(128) NOT NULL DEFAULT '',
  `shipping_street` varchar(128) NOT NULL DEFAULT '',
  `shipping_street2` varchar(128) NOT NULL DEFAULT '',
  `shipping_postcode` varchar(6) NOT NULL DEFAULT '',
  `shipping_city` varchar(128) NOT NULL DEFAULT '',
  `shipping_country` varchar(128) NOT NULL DEFAULT '',
  `date_created` datetime NOT NULL DEFAULT '0000-00-00 00:00:00',
  `date_initiated` datetime NOT NULL DEFAULT '0000-00-00 00:00:00',
  `date_finished` datetime NOT NULL DEFAULT '0000-00-00 00:00:00',
  `retoure_status` int(11) NOT NULL DEFAULT '0',
  `versender` varchar(32) NOT NULL DEFAULT '',
  `costs` float NOT NULL DEFAULT '0'
) ENGINE=MyISAM DEFAULT CHARSET=utf8;

-- --------------------------------------------------------

--
-- Tabellenstruktur für Tabelle `retoure_products`
--

CREATE TABLE `retoure_products` (
  `retoure_products_id` int(11) NOT NULL,
  `retoure_id` int(11) NOT NULL DEFAULT '0',
  `products_id` int(11) NOT NULL DEFAULT '0',
  `products_model` varchar(64) DEFAULT NULL,
  `products_name` varchar(64) NOT NULL DEFAULT '',
  `products_quantity` int(2) NOT NULL DEFAULT '0',
  `false_products_id` int(11) NOT NULL
) ENGINE=MyISAM DEFAULT CHARSET=utf8;

-- --------------------------------------------------------

--
-- Tabellenstruktur für Tabelle `retoure_products_properties`
--

CREATE TABLE `retoure_products_properties` (
  `retoure_products_properties_id` int(11) NOT NULL,
  `retoure_products_id` int(11) NOT NULL,
  `property_title` varchar(64) NOT NULL,
  `property_value` varchar(64) NOT NULL,
  `input_span` int(11) NOT NULL
) ENGINE=MyISAM DEFAULT CHARSET=utf8;

-- --------------------------------------------------------

--
-- Tabellenstruktur für Tabelle `retoure_products_serials`
--

CREATE TABLE `retoure_products_serials` (
  `retoure_products_serials_id` int(11) NOT NULL,
  `retoure_products_id` int(11) NOT NULL DEFAULT '0',
  `products_id` int(11) NOT NULL DEFAULT '0',
  `serial_number` varchar(128) NOT NULL DEFAULT ''
) ENGINE=MyISAM DEFAULT CHARSET=utf8;

-- --------------------------------------------------------

--
-- Tabellenstruktur für Tabelle `retoure_status`
--

CREATE TABLE `retoure_status` (
  `retoure_status_id` int(11) NOT NULL,
  `retoure_status_name` varchar(64) NOT NULL DEFAULT ''
) ENGINE=MyISAM DEFAULT CHARSET=utf8;

--
-- Daten für Tabelle `retoure_status`
--

INSERT INTO `retoure_status` (`retoure_status_id`, `retoure_status_name`) VALUES
(1, 'Angelegt'),
(2, 'Abholung angewiesen'),
(3, 'Beendet'),
(4, 'Fehlgeschlagen');

-- --------------------------------------------------------

--
-- Tabellenstruktur für Tabelle `retoure_status_history`
--

CREATE TABLE `retoure_status_history` (
  `retoure_status_history_id` int(11) NOT NULL,
  `retoure_id` int(11) NOT NULL DEFAULT '0',
  `retoure_status_id` int(5) NOT NULL DEFAULT '0',
  `date_added` datetime NOT NULL DEFAULT '0000-00-00 00:00:00',
  `customer_notified` int(1) DEFAULT '0',
  `comments` text,
  `editor_id` int(11) NOT NULL DEFAULT '0'
) ENGINE=MyISAM DEFAULT CHARSET=utf8;

--
-- Daten für Tabelle `retoure_status_history`
--

INSERT INTO `retoure_status_history` (`retoure_status_history_id`, `retoure_id`, `retoure_status_id`, `date_added`, `customer_notified`, `comments`, `editor_id`) VALUES
(1, 1, 1, '2010-03-25 22:13:04', 0, 'Aus der Reklamation 1 heraus angelegt.', 1),
(2, 1, 2, '2010-03-25 22:25:27', 0, 'Neuer Status. Keine Retoureinfo per Email versendet', 1),
(3, 1, 2, '2010-03-25 22:25:41', 0, 'Wareneingang wurde gebucht.', 1),
(4, 1, 3, '2010-03-25 22:25:41', 0, 'Auf neuen Status gesetzt.', 1),
(5, 2, 1, '2013-11-06 17:27:01', 0, 'Aus der Reklamation 2 heraus angelegt.', 1),
(6, 2, 2, '2013-11-06 17:27:49', 1, 'Retoureinfo per Email an system@yes-websolutions.de versendet', 1);

-- --------------------------------------------------------

--
-- Tabellenstruktur für Tabelle `reviews`
--

CREATE TABLE `reviews` (
  `reviews_id` int(11) NOT NULL,
  `products_id` int(11) NOT NULL DEFAULT '0',
  `customers_id` int(11) DEFAULT NULL,
  `customers_name` varchar(64) NOT NULL DEFAULT '',
  `reviews_rating` int(1) DEFAULT NULL,
  `date_added` datetime DEFAULT NULL,
  `last_modified` datetime DEFAULT NULL,
  `reviews_read` int(5) NOT NULL DEFAULT '0'
) ENGINE=MyISAM DEFAULT CHARSET=utf8;

-- --------------------------------------------------------

--
-- Tabellenstruktur für Tabelle `reviews_description`
--

CREATE TABLE `reviews_description` (
  `reviews_id` int(11) NOT NULL DEFAULT '0',
  `languages_id` int(11) NOT NULL DEFAULT '0',
  `reviews_text` text NOT NULL
) ENGINE=MyISAM DEFAULT CHARSET=utf8;

-- --------------------------------------------------------

--
-- Tabellenstruktur für Tabelle `rueckerstattungen`
--

CREATE TABLE `rueckerstattungen` (
  `rueckerstattungs_id` int(11) NOT NULL,
  `orders_id` int(11) NOT NULL DEFAULT '0',
  `customers_id` int(11) NOT NULL DEFAULT '0',
  `reclamations_id` int(11) NOT NULL DEFAULT '0',
  `betrag` float NOT NULL DEFAULT '0',
  `paymode` varchar(16) NOT NULL DEFAULT '',
  `date_created` datetime NOT NULL DEFAULT '0000-00-00 00:00:00',
  `date_payment` datetime NOT NULL DEFAULT '0000-00-00 00:00:00',
  `kto_nummer` varchar(32) NOT NULL DEFAULT '',
  `kto_blz` varchar(32) NOT NULL DEFAULT '',
  `kto_inhaber` varchar(128) NOT NULL DEFAULT '',
  `comments` text NOT NULL,
  `editor_id` int(11) NOT NULL DEFAULT '0',
  `status` int(11) NOT NULL DEFAULT '0',
  `type` int(11) NOT NULL DEFAULT '0',
  `kto_grund` text NOT NULL,
  `kto_bank` varchar(128) NOT NULL DEFAULT '',
  `kto_iban` varchar(128) NOT NULL DEFAULT '',
  `kto_swift` varchar(128) NOT NULL DEFAULT '',
  `billsafe_tax_rate` float NOT NULL
) ENGINE=MyISAM DEFAULT CHARSET=utf8;

--
-- Daten für Tabelle `rueckerstattungen`
--

INSERT INTO `rueckerstattungen` (`rueckerstattungs_id`, `orders_id`, `customers_id`, `reclamations_id`, `betrag`, `paymode`, `date_created`, `date_payment`, `kto_nummer`, `kto_blz`, `kto_inhaber`, `comments`, `editor_id`, `status`, `type`, `kto_grund`, `kto_bank`, `kto_iban`, `kto_swift`, `billsafe_tax_rate`) VALUES
(1, 5002, 5004, 0, 23.7, 'Bar', '2024-11-27 13:51:32', '2024-11-27 13:51:32', '', '', 'Janine  Hübsch ', 'Rueckerstattung nach Storno / Bar', 5001, 2, 3, '', '', '', '', 0),
(2, 5003, 5004, 0, 19.9, 'Bar', '2024-11-27 13:53:41', '2024-11-27 13:53:41', '', '', 'Janine  Hübsch ', 'Rueckerstattung nach Storno / Bar', 5001, 2, 3, '', '', '', '', 0),
(3, 5169, 5179, 0, 44.9, 'Paypal', '2025-07-28 18:34:31', '2025-07-28 18:34:31', '', '', 'Peter  Kolberg ', 'Rueckerstattung nach Storno / Paypal', 5001, 1, 4, '', '', '', '', 0),
(4, 5170, 5133, 0, 99, 'Bank', '2025-08-14 18:23:11', '0000-00-00 00:00:00', '', '', 'Dieter Friedrich', 'Rueckerstattung nach Storno', 5001, 1, 2, 'Rückerstattung erweitertes Storno Auftrag 5170', '', 'DE54860100900073052900', '', 0),
(5, 5185, 5194, 0, 23.6, 'Kreditkarte', '2025-09-08 11:26:07', '2025-09-08 11:26:07', '', '', 'Simon Wörrlein', 'Rueckerstattung nach Storno / Kreditkarte', 5001, 1, 5, '', '', '', '', 0);

-- --------------------------------------------------------

--
-- Tabellenstruktur für Tabelle `rueckerstattungen_status`
--

CREATE TABLE `rueckerstattungen_status` (
  `rueckerstattungen_status_id` int(11) NOT NULL,
  `rueckerstattungen_status_title` varchar(32) NOT NULL DEFAULT ''
) ENGINE=MyISAM DEFAULT CHARSET=utf8;

--
-- Daten für Tabelle `rueckerstattungen_status`
--

INSERT INTO `rueckerstattungen_status` (`rueckerstattungen_status_id`, `rueckerstattungen_status_title`) VALUES
(1, 'Offen'),
(2, 'Ueberwiesen'),
(3, 'Keine Rueckerstattung'),
(4, 'In Bearbeitung');

-- --------------------------------------------------------

--
-- Tabellenstruktur für Tabelle `rueckerstattungen_status_history`
--

CREATE TABLE `rueckerstattungen_status_history` (
  `rueckerstattungen_status_history_id` int(11) NOT NULL,
  `rueckerstattungen_id` int(11) NOT NULL DEFAULT '0',
  `rueckerstattungen_status_id` int(5) NOT NULL DEFAULT '0',
  `date_added` datetime NOT NULL DEFAULT '0000-00-00 00:00:00',
  `customer_notified` int(1) DEFAULT '0',
  `comments` text,
  `editor_id` int(11) NOT NULL DEFAULT '0'
) ENGINE=MyISAM DEFAULT CHARSET=utf8;

--
-- Daten für Tabelle `rueckerstattungen_status_history`
--

INSERT INTO `rueckerstattungen_status_history` (`rueckerstattungen_status_history_id`, `rueckerstattungen_id`, `rueckerstattungen_status_id`, `date_added`, `customer_notified`, `comments`, `editor_id`) VALUES
(1, 1, 1, '2024-11-27 13:51:32', 0, 'Aus Stornierung der Rechnung 5002 heraus angelegt. Grund: Kunde möchte die Ware nicht', 5001),
(2, 2, 1, '2024-11-27 13:53:41', 0, 'Aus Stornierung der Rechnung 5003 heraus angelegt. Grund: Kunde möchte die Ware nicht', 5001),
(3, 3, 1, '2025-07-28 18:34:31', 0, 'Aus Stornierung der Rechnung 5169 heraus angelegt. Grund: Rückerstattung erweitertes Storno Auftrag 5169', 5001),
(4, 4, 1, '2025-08-14 18:23:11', 0, 'Aus Stornierung der Rechnung 5170 heraus angelegt. Grund: Rückerstattung erweitertes Storno Auftrag 5170', 5001),
(5, 4, 1, '2025-08-14 18:23:40', 0, 'Die Rueckerstattung wurde gedruckt.', 5001),
(6, 5, 1, '2025-09-08 11:26:07', 0, 'Aus Stornierung der Rechnung 5185 heraus angelegt. Grund: Rückerstattung erweitertes Storno Auftrag 5185', 5001);

-- --------------------------------------------------------

--
-- Tabellenstruktur für Tabelle `rueckerstattungen_types`
--

CREATE TABLE `rueckerstattungen_types` (
  `rueckerstattungen_type_id` int(11) NOT NULL,
  `rueckerstattungen_type_title` varchar(128) NOT NULL DEFAULT ''
) ENGINE=MyISAM DEFAULT CHARSET=utf8;

--
-- Daten für Tabelle `rueckerstattungen_types`
--

INSERT INTO `rueckerstattungen_types` (`rueckerstattungen_type_id`, `rueckerstattungen_type_title`) VALUES
(1, 'Keine Rückerstattung'),
(2, 'Bank/Überweisung'),
(3, 'Bar'),
(4, 'Paypal'),
(5, 'Kreditkarte'),
(6, 'Amazon');

-- --------------------------------------------------------

--
-- Tabellenstruktur für Tabelle `search_allocations`
--

CREATE TABLE `search_allocations` (
  `word` varchar(32) NOT NULL,
  `pid` text NOT NULL,
  `language_id` int(1) NOT NULL
) ENGINE=MyISAM DEFAULT CHARSET=utf8;

-- --------------------------------------------------------

--
-- Tabellenstruktur für Tabelle `secupay_history_inv`
--

CREATE TABLE `secupay_history_inv` (
  `log_id` int(10) UNSIGNED NOT NULL,
  `req_data` text COLLATE utf8mb4_unicode_ci,
  `ret_data` text COLLATE utf8mb4_unicode_ci,
  `payment_method` varchar(255) COLLATE utf8mb4_unicode_ci DEFAULT NULL,
  `hash` char(40) COLLATE utf8mb4_unicode_ci DEFAULT NULL,
  `transaction_id` int(10) UNSIGNED DEFAULT NULL,
  `ordernr` int(11) DEFAULT NULL,
  `msg` varchar(255) COLLATE utf8mb4_unicode_ci DEFAULT NULL,
  `rank` int(10) DEFAULT NULL,
  `status` varchar(255) COLLATE utf8mb4_unicode_ci DEFAULT NULL,
  `amount` varchar(255) COLLATE utf8mb4_unicode_ci DEFAULT NULL,
  `action` text COLLATE utf8mb4_unicode_ci,
  `created` datetime NOT NULL,
  `timestamp` timestamp NOT NULL DEFAULT CURRENT_TIMESTAMP ON UPDATE CURRENT_TIMESTAMP
) ENGINE=InnoDB DEFAULT CHARSET=utf8mb4 COLLATE=utf8mb4_unicode_ci;

-- --------------------------------------------------------

--
-- Tabellenstruktur für Tabelle `secupay_history_kk`
--

CREATE TABLE `secupay_history_kk` (
  `log_id` int(10) UNSIGNED NOT NULL,
  `req_data` text COLLATE utf8mb4_unicode_ci,
  `ret_data` text COLLATE utf8mb4_unicode_ci,
  `payment_method` varchar(255) COLLATE utf8mb4_unicode_ci DEFAULT NULL,
  `hash` char(40) COLLATE utf8mb4_unicode_ci DEFAULT NULL,
  `transaction_id` int(10) UNSIGNED DEFAULT NULL,
  `ordernr` int(11) DEFAULT NULL,
  `msg` varchar(255) COLLATE utf8mb4_unicode_ci DEFAULT NULL,
  `rank` int(10) DEFAULT NULL,
  `status` varchar(255) COLLATE utf8mb4_unicode_ci DEFAULT NULL,
  `amount` varchar(255) COLLATE utf8mb4_unicode_ci DEFAULT NULL,
  `action` text COLLATE utf8mb4_unicode_ci,
  `created` datetime NOT NULL,
  `timestamp` timestamp NOT NULL DEFAULT CURRENT_TIMESTAMP ON UPDATE CURRENT_TIMESTAMP
) ENGINE=InnoDB DEFAULT CHARSET=utf8mb4 COLLATE=utf8mb4_unicode_ci;

--
-- Daten für Tabelle `secupay_history_kk`
--

INSERT INTO `secupay_history_kk` (`log_id`, `req_data`, `ret_data`, `payment_method`, `hash`, `transaction_id`, `ordernr`, `msg`, `rank`, `status`, `amount`, `action`, `created`, `timestamp`) VALUES
(1, '{\"data\":{\"dob\":\"0000-00-00 00:00:00\",\"apikey\":\"b11372b0379097e784cc0993d371be9c27caae9c\",\"shop\":\"yes4trade\",\"shopversion\":1,\"modulversion\":\"3.09.5\",\"amount\":30170,\"currency\":\"EUR\",\"apiversion\":\"2.3\",\"language\":\"de_DE\",\"url_success\":\"https:\\/\\/justneo.de\\/secupay_checkout_success.php?payment_error=secupay_kk_xtc&uid=446b33eb7e4f05fbcf5cf9f87cc00418\",\"url_failure\":\"https:\\/\\/justneo.de\\/secupay_checkout_failure.php?payment_error=secupay_kk_xtc\",\"purpose\":\"Bestellung vom 27.02.25|bei justneo|Bei Fragen TEL 035955755055\",\"title\":\"Herr\",\"firstname\":\"Norbert\",\"lastname\":\"Szyszlo\",\"street\":\"St\\u00fcbeheide 59\",\"zip\":\"22337\",\"city\":\"Hamburg\",\"country\":\"DE\",\"email\":\"info@nordiancamp.de\",\"company\":\"Justneo\",\"telephone\":\"040 239 68 251\",\"ip\":\"2a04:4540:6404:e400:7422:2f3:7371:bc6e\",\"basket\":\"[{\\\"article_number\\\":174,\\\"name\\\":\\\"Survival-Armband 5-in-1 tarnfarben\\\\u2013 vielseitiges Outdoor-Tool f\\\\u00fcr Survival-Abenteuer\\\",\\\"model\\\":\\\"174\\\",\\\"ean\\\":\\\"\\\",\\\"quantity\\\":\\\"1\\\",\\\"price\\\":489.99440000000004,\\\"total\\\":489.99440000000004,\\\"tax\\\":18.999999999999993},{\\\"article_number\\\":209,\\\"name\\\":\\\"Easy Camp Isomatte Basic EVA Campingmatte gr\\\\u00fcn\\\",\\\"model\\\":\\\"209\\\",\\\"ean\\\":\\\"5709388046956\\\",\\\"quantity\\\":\\\"1\\\",\\\"price\\\":779.9973999999999,\\\"total\\\":779.9973999999999,\\\"tax\\\":18.999999999999993},{\\\"article_number\\\":206,\\\"name\\\":\\\"Robens Chaser 3XE Trekkingzelt Bikepacking 3 Pers. ultraleicht Outdoor\\\",\\\"model\\\":\\\"206\\\",\\\"ean\\\":\\\"5709388118820\\\",\\\"quantity\\\":\\\"1\\\",\\\"price\\\":28899.994899999994,\\\"total\\\":28899.994899999994,\\\"tax\\\":18.999999999999993}]\",\"delivery_address\":{\"firstname\":\"Norbert\",\"lastname\":\"Szyszlo\",\"street\":\"St\\u00fcbeheide 59\",\"zip\":\"22337\",\"city\":\"Hamburg\",\"country\":\"DE\",\"company\":\"Justneo\"},\"payment_type\":\"creditcard\",\"payment_action\":\"sale\",\"url_push\":\"https:\\/\\/justneo.de\\/secupay_status_push.php?payment_type=creditcard\"}}', '{\"status\":\"ok\",\"data\":{\"hash\":\"ogadmnzirpdd11212902\",\"iframe_url\":\"https:\\/\\/api.secupay.ag\\/payment\\/ogadmnzirpdd11212902\"},\"errors\":null}', 'secupay_kk_xtc', 'ogadmnzirpdd11212902', 0, NULL, '', NULL, 'ok', '30170', '', '2025-02-27 21:05:34', '2025-02-27 20:05:34'),
(2, '{\"data\":{\"dob\":\"0000-00-00 00:00:00\",\"apikey\":\"b11372b0379097e784cc0993d371be9c27caae9c\",\"shop\":\"yes4trade\",\"shopversion\":1,\"modulversion\":\"3.09.5\",\"amount\":12500,\"currency\":\"EUR\",\"apiversion\":\"2.3\",\"language\":\"de_DE\",\"url_success\":\"https:\\/\\/justneo.de\\/secupay_checkout_success.php?payment_error=secupay_kk_xtc&uid=43009785604e1f95559aedb5c1688ebe\",\"url_failure\":\"https:\\/\\/justneo.de\\/secupay_checkout_failure.php?payment_error=secupay_kk_xtc\",\"purpose\":\"Bestellung vom 27.04.25|bei justneo|Bei Fragen TEL 035955755055\",\"title\":\"Herr\",\"firstname\":\"Timm\",\"lastname\":\"Schr\\u00f6der\",\"street\":\"Neuer Brink 10A\",\"zip\":\"33659\",\"city\":\"Bielefeld\",\"country\":\"DE\",\"email\":\"timm_schroeder@icloud.com\",\"company\":\"\",\"telephone\":\"\",\"ip\":\"2a02:3100:8713:6f00:a13f:404a:299e:6240\",\"basket\":\"[{\\\"article_number\\\":152,\\\"name\\\":\\\"Qeedo Quick Ash Campingzelt \\\\u2013 2 Pers. Schnellaufbau 10 Sek, 3000 mm\\\",\\\"model\\\":\\\"152\\\",\\\"ean\\\":\\\"4250842558122\\\",\\\"quantity\\\":\\\"1\\\",\\\"price\\\":12499.998,\\\"total\\\":12499.998,\\\"tax\\\":18.999999999999993}]\",\"delivery_address\":{\"firstname\":\"Timm\",\"lastname\":\"Schr\\u00f6der\",\"street\":\"Neuer Brink 10A\",\"zip\":\"33659\",\"city\":\"Bielefeld\",\"country\":\"DE\",\"company\":\"\"},\"payment_type\":\"creditcard\",\"payment_action\":\"sale\",\"url_push\":\"https:\\/\\/justneo.de\\/secupay_status_push.php?payment_type=creditcard\"}}', '{\"status\":\"ok\",\"data\":{\"hash\":\"keuhpiqqcmul11828027\",\"iframe_url\":\"https:\\/\\/api.secupay.ag\\/payment\\/keuhpiqqcmul11828027\"},\"errors\":null}', 'secupay_kk_xtc', 'keuhpiqqcmul11828027', 0, 5068, '', NULL, 'ok', '12500', '', '2025-04-27 15:08:22', '2025-04-27 13:11:14'),
(3, '{\"data\":{\"dob\":\"0000-00-00 00:00:00\",\"apikey\":\"b11372b0379097e784cc0993d371be9c27caae9c\",\"shop\":\"yes4trade\",\"shopversion\":1,\"modulversion\":\"3.09.5\",\"amount\":4490,\"currency\":\"EUR\",\"apiversion\":\"2.3\",\"language\":\"de_DE\",\"url_success\":\"https:\\/\\/justneo.de\\/secupay_checkout_success.php?payment_error=secupay_kk_xtc&uid=f4360891ceb405d479259e730c658906\",\"url_failure\":\"https:\\/\\/justneo.de\\/secupay_checkout_failure.php?payment_error=secupay_kk_xtc\",\"purpose\":\"Bestellung vom 25.06.25|bei justneo|Bei Fragen TEL 035955755055\",\"title\":\"Frau\",\"firstname\":\"Manja\",\"lastname\":\"Unrath\",\"street\":\"Sch\\u00fctzenhausstr.46\",\"zip\":\"69151\",\"city\":\"Neckargem\\u00fcnd\",\"country\":\"DE\",\"email\":\"manjaunrath@gmail.com\",\"company\":\"\",\"telephone\":\"\",\"ip\":\"2003:f6:af42:2d00:497f:e8ad:ee59:46ce\",\"basket\":\"[{\\\"article_number\\\":210,\\\"name\\\":\\\"Outwell Supper Kochset L silber Edelstahl Camping Outdoor\\\",\\\"model\\\":\\\"210\\\",\\\"ean\\\":\\\"5709388128522\\\",\\\"quantity\\\":\\\"1\\\",\\\"price\\\":4490.0009,\\\"total\\\":4490.0009,\\\"tax\\\":18.999999999999993}]\",\"delivery_address\":{\"firstname\":\"Manja\",\"lastname\":\"Unrath\",\"street\":\"Sch\\u00fctzenhausstr.46\",\"zip\":\"69151\",\"city\":\"Neckargem\\u00fcnd\",\"country\":\"DE\",\"company\":\"\"},\"payment_type\":\"creditcard\",\"payment_action\":\"sale\",\"url_push\":\"https:\\/\\/justneo.de\\/secupay_status_push.php?payment_type=creditcard\"}}', '{\"status\":\"ok\",\"data\":{\"hash\":\"jajmdggjubrl12457727\",\"iframe_url\":\"https:\\/\\/api.secupay.ag\\/payment\\/jajmdggjubrl12457727\"},\"errors\":null}', 'secupay_kk_xtc', 'jajmdggjubrl12457727', 0, 5126, '', NULL, 'ok', '4490', '', '2025-06-25 18:15:31', '2025-06-25 16:17:03');

-- --------------------------------------------------------

--
-- Tabellenstruktur für Tabelle `secupay_history_ls`
--

CREATE TABLE `secupay_history_ls` (
  `log_id` int(10) UNSIGNED NOT NULL,
  `req_data` text COLLATE utf8mb4_unicode_ci,
  `ret_data` text COLLATE utf8mb4_unicode_ci,
  `payment_method` varchar(255) COLLATE utf8mb4_unicode_ci DEFAULT NULL,
  `hash` char(40) COLLATE utf8mb4_unicode_ci DEFAULT NULL,
  `transaction_id` int(10) UNSIGNED DEFAULT NULL,
  `ordernr` int(11) DEFAULT NULL,
  `msg` varchar(255) COLLATE utf8mb4_unicode_ci DEFAULT NULL,
  `rank` int(10) DEFAULT NULL,
  `status` varchar(255) COLLATE utf8mb4_unicode_ci DEFAULT NULL,
  `amount` varchar(255) COLLATE utf8mb4_unicode_ci DEFAULT NULL,
  `action` text COLLATE utf8mb4_unicode_ci,
  `created` datetime NOT NULL,
  `timestamp` timestamp NOT NULL DEFAULT CURRENT_TIMESTAMP ON UPDATE CURRENT_TIMESTAMP
) ENGINE=InnoDB DEFAULT CHARSET=utf8mb4 COLLATE=utf8mb4_unicode_ci;

-- --------------------------------------------------------

--
-- Tabellenstruktur für Tabelle `secupay_iframe_url`
--

CREATE TABLE `secupay_iframe_url` (
  `iframe_url_id` int(10) UNSIGNED NOT NULL,
  `iframe_url` text COLLATE utf8mb4_unicode_ci
) ENGINE=InnoDB DEFAULT CHARSET=utf8mb4 COLLATE=utf8mb4_unicode_ci;

-- --------------------------------------------------------

--
-- Tabellenstruktur für Tabelle `secupay_payment_allocations`
--

CREATE TABLE `secupay_payment_allocations` (
  `secupay_payment_allocations_id` int(11) NOT NULL,
  `orders_id` int(11) NOT NULL,
  `payment_transaction_id` varchar(64) NOT NULL,
  `transaction_id` varchar(64) NOT NULL
) ENGINE=InnoDB DEFAULT CHARSET=utf8;

--
-- Daten für Tabelle `secupay_payment_allocations`
--

INSERT INTO `secupay_payment_allocations` (`secupay_payment_allocations_id`, `orders_id`, `payment_transaction_id`, `transaction_id`) VALUES
(0, 5185, 'PCI_7RZRK5SD5QS764HV2R274252MA6CMX', 'STX_28VXKTNG72Q5TUKJKZHTEFYP0JQCAY');

-- --------------------------------------------------------

--
-- Tabellenstruktur für Tabelle `secupay_transaction_order`
--

CREATE TABLE `secupay_transaction_order` (
  `hash` char(40) COLLATE utf8mb4_unicode_ci NOT NULL,
  `ordernr` int(11) DEFAULT NULL,
  `transaction_id` int(10) UNSIGNED DEFAULT NULL,
  `created` datetime NOT NULL,
  `timestamp` timestamp NOT NULL DEFAULT CURRENT_TIMESTAMP ON UPDATE CURRENT_TIMESTAMP,
  `iframe_url_id` int(10) UNSIGNED DEFAULT NULL
) ENGINE=InnoDB DEFAULT CHARSET=utf8mb4 COLLATE=utf8mb4_unicode_ci;

--
-- Daten für Tabelle `secupay_transaction_order`
--

INSERT INTO `secupay_transaction_order` (`hash`, `ordernr`, `transaction_id`, `created`, `timestamp`, `iframe_url_id`) VALUES
('jajmdggjubrl12457727', 5126, 133912927, '2025-06-25 18:15:31', '2025-06-25 16:17:03', NULL),
('keuhpiqqcmul11828027', 5068, 125429841, '2025-04-27 15:08:22', '2025-04-27 13:11:14', NULL),
('ogadmnzirpdd11212902', NULL, NULL, '2025-02-27 21:05:34', '2025-02-27 20:05:34', NULL);

-- --------------------------------------------------------

--
-- Tabellenstruktur für Tabelle `sessions`
--

CREATE TABLE `sessions` (
  `sesskey` varchar(32) NOT NULL DEFAULT '',
  `expiry` int(11) UNSIGNED NOT NULL DEFAULT '0',
  `value` text NOT NULL
) ENGINE=MyISAM DEFAULT CHARSET=utf8;

--
-- Daten für Tabelle `sessions`
--

INSERT INTO `sessions` (`sesskey`, `expiry`, `value`) VALUES
('c0a28d79e2b6bb825050f193cc445b0f', 1276272732, 'language|s:6:\"german\";languages_id|s:1:\"2\";customers_status|a:16:{s:19:\"customers_status_id\";s:1:\"0\";s:21:\"customers_status_name\";s:5:\"Admin\";s:22:\"customers_status_image\";s:16:\"admin_status.gif\";s:23:\"customers_status_public\";s:1:\"0\";s:25:\"customers_status_discount\";s:4:\"0.00\";s:33:\"customers_status_ot_discount_flag\";s:1:\"1\";s:28:\"customers_status_ot_discount\";s:4:\"0.00\";s:33:\"customers_status_graduated_prices\";s:1:\"1\";s:27:\"customers_status_show_price\";s:1:\"1\";s:31:\"customers_status_show_price_tax\";s:1:\"1\";s:27:\"customers_status_add_tax_ot\";s:1:\"0\";s:34:\"customers_status_payment_unallowed\";s:7:\"invoice\";s:35:\"customers_status_shipping_unallowed\";s:0:\"\";s:36:\"customers_status_discount_attributes\";s:1:\"0\";s:15:\"customers_fsk18\";s:1:\"1\";s:23:\"customers_fsk18_display\";s:1:\"1\";}user_info|a:4:{s:7:\"user_ip\";s:14:\"87.142.143.133\";s:9:\"user_host\";s:26:\"p578E8F85.dip.t-dialin.net\";s:10:\"advertiser\";N;s:11:\"referer_url\";s:52:\"http://clean.agronalin.abcde.biz/yes/admin/notiz.php\";}selected_box|s:13:\"configuration\";tracking|a:5:{s:12:\"http_referer\";a:3:{s:6:\"scheme\";s:4:\"http\";s:4:\"host\";s:25:\"clean.agronalin.abcde.biz\";s:4:\"path\";s:14:\"/yes/index.php\";}s:4:\"date\";s:19:\"2010-06-11 14:04:59\";s:7:\"browser\";s:85:\"Mozilla/5.0 (Windows; U; Windows NT 6.1; de; rv:1.9.2.3) Gecko/20100401 Firefox/3.6.3\";s:2:\"ip\";s:14:\"87.142.143.133\";s:16:\"pageview_history\";a:2:{i:0;a:3:{s:6:\"scheme\";s:4:\"http\";s:4:\"host\";s:25:\"clean.agronalin.abcde.biz\";s:4:\"path\";s:14:\"/yes/login.php\";}i:1;a:3:{s:6:\"scheme\";s:4:\"http\";s:4:\"host\";s:25:\"clean.agronalin.abcde.biz\";s:4:\"path\";s:14:\"/yes/login.php\";}}}currency|s:3:\"EUR\";cart|O:12:\"shoppingCart\":6:{s:8:\"contents\";a:0:{}s:5:\"total\";i:0;s:6:\"weight\";i:0;s:12:\"customers_id\";N;s:6:\"cartID\";N;s:12:\"content_type\";b:0;}account_type|s:1:\"0\";customer_gender|s:1:\"m\";customer_first_name|s:3:\"YES\";customer_last_name|s:6:\"System\";customer_id|s:1:\"1\";customer_vat_id|s:0:\"\";customer_default_address_id|s:1:\"1\";customer_country_id|s:2:\"81\";customer_zone_id|s:2:\"85\";actual_content|a:0:{}language_id|i:2;curl_alerts_last_action|i:1276260219;hidenote|i:0;menugroup|s:10:\"interfaces\";ebay_sammler|s:1:\"0\";quantity_inputmode|s:8:\"inventur\";messageToStack|a:1:{i:0;a:2:{s:4:\"text\";s:204:\"Der Token (verschlüsselte Zugangsdaten zu Ebay) ist abgelaufen oder noch nicht aktiv, klicken Sie <a href=\'http://clean.agronalin.abcde.biz/yes/admin/token.php\'><u>hier um den Token zu generieren</u></a>.\";s:4:\"type\";s:5:\"error\";}}');

-- --------------------------------------------------------

--
-- Tabellenstruktur für Tabelle `shipper_profiles`
--

CREATE TABLE `shipper_profiles` (
  `shipper_profiles_id` int(11) NOT NULL,
  `profile_name` varchar(32) NOT NULL,
  `versender` varchar(16) NOT NULL,
  `versender_params` text NOT NULL
) ENGINE=InnoDB DEFAULT CHARSET=utf8;

--
-- Daten für Tabelle `shipper_profiles`
--

INSERT INTO `shipper_profiles` (`shipper_profiles_id`, `profile_name`, `versender`, `versender_params`) VALUES
(3, 'DHL-Paket-National', 'DHL', '{\"product\":\"NAT_NOSERV\"}'),
(4, 'DHL-Warenpost', 'DHL', '{\"product\":\"WAR\"}'),
(5, 'DHL-Kleinpaket-National', 'DHL', '{\"product\":\"KLP\"}');

-- --------------------------------------------------------

--
-- Tabellenstruktur für Tabelle `shippings`
--

CREATE TABLE `shippings` (
  `id` int(11) NOT NULL,
  `orders_id` int(11) NOT NULL DEFAULT '0',
  `reclamations_id` int(11) NOT NULL DEFAULT '0',
  `customers_id` int(11) NOT NULL DEFAULT '0',
  `weight` float DEFAULT NULL,
  `packages` int(11) NOT NULL DEFAULT '0',
  `versender` varchar(128) NOT NULL DEFAULT '',
  `date_added` datetime NOT NULL DEFAULT '0000-00-00 00:00:00',
  `date_finished` datetime NOT NULL DEFAULT '0000-00-00 00:00:00',
  `name1` varchar(64) NOT NULL DEFAULT '',
  `name2` varchar(64) NOT NULL DEFAULT '',
  `company` varchar(128) DEFAULT NULL,
  `street1` varchar(64) NOT NULL DEFAULT '',
  `street2` varchar(64) NOT NULL DEFAULT '',
  `postcode` varchar(10) NOT NULL,
  `city` varchar(64) NOT NULL DEFAULT '',
  `country_id` int(11) NOT NULL DEFAULT '0',
  `country_name` varchar(64) NOT NULL DEFAULT '',
  `country_special` varchar(64) NOT NULL DEFAULT '',
  `ebay_id` varchar(20) NOT NULL DEFAULT '',
  `email` varchar(64) NOT NULL DEFAULT '',
  `status` int(1) NOT NULL DEFAULT '0',
  `csv_status` int(1) NOT NULL DEFAULT '0',
  `comments` text NOT NULL,
  `feedback_mail_sent` int(1) NOT NULL,
  `pdf_status` int(1) NOT NULL,
  `tracking_id` varchar(64) NOT NULL,
  `shipper_export_status` int(1) NOT NULL,
  `email_send_status` int(1) NOT NULL,
  `additional_params` text NOT NULL,
  `secupay_send_status` int(1) DEFAULT '0' COMMENT 'Wurde die Versandmeldung an secupay uebergeben?',
  `stop_recreate` int(1) NOT NULL COMMENT 'verhindern das geloeschte DHL Label im versandmodul gemeldet werden bzw neu erzeugt werden'
) ENGINE=MyISAM DEFAULT CHARSET=utf8;

--
-- Daten für Tabelle `shippings`
--

INSERT INTO `shippings` (`id`, `orders_id`, `reclamations_id`, `customers_id`, `weight`, `packages`, `versender`, `date_added`, `date_finished`, `name1`, `name2`, `company`, `street1`, `street2`, `postcode`, `city`, `country_id`, `country_name`, `country_special`, `ebay_id`, `email`, `status`, `csv_status`, `comments`, `feedback_mail_sent`, `pdf_status`, `tracking_id`, `shipper_export_status`, `email_send_status`, `additional_params`, `secupay_send_status`, `stop_recreate`) VALUES
(2, 5000, 0, 5002, 0, 1, 'D.H.L.', '2024-11-22 17:04:23', '2024-11-22 17:05:42', 'Elena Haas', '', '', 'Stübeheide 59', '', '22337', 'Hamburg', 81, 'Germany', '', '375806702729', '00ed71aa8c8b3458897d@members.ebay.com', 1, 1, '', 0, 0, '', 0, 2, '', 0, 0),
(4, 5001, 0, 5003, 0, 1, 'D.H.L.', '2024-11-27 16:46:36', '2024-11-27 16:46:41', 'Patrick Szyszlo', '', '', 'Geschwister-Scholl-Str. 64', '', '20251', 'Hamburg', 81, 'Germany', '', '375806702729', '00edd2f42ccceb990cc6@members.ebay.com', 1, 1, '', 0, 0, '', 0, 2, '', 0, 0),
(5, 5004, 0, 5008, 0, 1, 'D.H.L.', '2024-12-07 11:24:41', '2024-12-07 11:24:41', 'Elke Bodendorf', '', '', 'SchmalkalderStr. 65a', '', '98596', 'Brotterode-Trusetal', 0, 'Germany', '', '375816946684', '07756cee423715753b75@members.ebay.com', 1, 1, '', 0, 0, '', 0, 2, '', 0, 0),
(6, 5005, 0, 5009, 0, 1, 'D.H.L.', '2024-12-09 14:18:38', '2024-12-09 14:18:38', 'Tahir Beydemir', '', '', 'Am Seeufer', '8/ WHG. NR. 219', '56235', 'Ransbach-Baumbach', 0, 'Germany', '', '375807036045', '1dda65e355738d3e9035@members.ebay.com', 1, 1, '', 0, 0, '', 0, 2, '', 0, 0),
(7, 5006, 0, 5010, 0, 1, 'D.H.L.', '2024-12-09 20:26:31', '2024-12-09 20:26:32', 'Oleg Kehl', '', '', 'Gartenstr. 10', '', '29633', 'Munster', 0, 'Germany', '', '375837900851', '3bbac3aba90c93267210@members.ebay.com', 1, 1, '', 0, 0, '', 0, 2, '', 0, 0),
(8, 5007, 0, 5011, 0, 1, 'D.H.L.', '2024-12-12 11:54:39', '2024-12-12 11:54:39', 'Michael Warszawski / Sicheristsicher24', '', '', 'Moorbirkenkamp 3a', '', '22391', 'Hamburg', 0, 'Germany', '', '375806796572', '7792d99194c59d050035@members.ebay.com', 1, 1, '', 0, 0, '', 0, 2, '', 0, 0),
(9, 5008, 0, 5012, 0, 1, 'D.H.L.', '2024-12-12 13:06:43', '2024-12-12 13:06:43', 'Michal Zwolinski', '', '', 'Ohrnsweg 19', '', '21149', 'Hamburg', 0, 'Germany', '', '375806796572', '77940071cc42a5891482@members.ebay.com', 1, 1, '', 0, 0, '', 0, 2, '', 0, 0),
(10, 5009, 0, 5013, 0, 1, 'D.H.L.', '2024-12-13 17:43:10', '2024-12-13 17:43:10', 'Krzysztof Wiese', '', '', 'Timmweg 24', '', '22415', 'Hamburg', 0, 'Germany', '', '375806609228', '0779f218d9c959c75d47@members.ebay.com', 1, 1, '', 0, 0, '', 0, 2, '', 0, 0),
(11, 5010, 0, 5014, 0, 1, 'D.H.L.', '2024-12-14 18:03:58', '2024-12-14 18:03:58', 'Heike Groenert', '', '', 'Grafenstr.23', '', '77716', 'Haslach', 0, 'Germany', '', '375859831268', '1dea415991668b20e123@members.ebay.com', 1, 1, '', 0, 0, '', 0, 2, '', 0, 0),
(12, 5011, 0, 5015, 0, 1, 'D.H.L.', '2024-12-16 13:07:01', '2024-12-16 13:07:01', 'Valentina  Wolosnikow', '', '', 'Villiperhauptstr. 13', '', '53343', 'Wachtberg-villip', 0, 'Germany', '', '375806609651', '1ded5b362194afcfba18@members.ebay.com', 1, 1, '', 0, 1, '', 0, 2, '', 0, 0),
(13, 5012, 0, 5016, 0, 1, 'D.H.L.', '2024-12-16 14:46:44', '2024-12-16 14:46:44', 'Ingo Hartmann', '', '', 'Rebenweg 19', '', '91623', 'Sachsen b. Ansbach', 0, 'Germany', '', '375859831268', '1ded612922581fedb350@members.ebay.com', 1, 1, '', 0, 1, '', 0, 2, '', 0, 0),
(14, 5013, 0, 5018, 0, 1, 'DHL', '2024-12-18 12:26:32', '2024-12-18 12:26:32', 'Janine Hübsch', '', '', 'Mühlenstr. 8', '', '19336', 'Bad Wilsnack', 0, 'Germany', '', '375806609095', '3be5360a5a0b375b3732@members.ebay.com', 1, 1, '', 0, 1, '', 0, 2, '{\"product\":\"V01PAK\",\"billingNumber\":\"63741035470101\"}', 0, 0),
(15, 5014, 0, 5019, 0, 1, 'DHL', '2024-12-23 08:41:36', '2024-12-23 08:41:36', 'Anastasia Kondratyuk', '', '', 'Anton-Zeeh-Str. 11', '', '55252', 'Mainz-Kastel', 0, 'Germany', '', '375806609651', '3c00f8f3333ae6ef3d27@members.ebay.com', 1, 1, '', 0, 1, '', 0, 2, '{\"product\":\"V01PAK\",\"billingNumber\":\"63741035470101\"}', 0, 0),
(16, 5015, 0, 5020, 0, 1, 'DHL', '2024-12-26 18:51:30', '2024-12-26 18:51:31', 'James O Neil', '', '', 'Torgauer Strasse 14', '', '01127', 'Dresden', 0, 'Germany', '', '375859409956', '781f9eecb4166ef32f51@members.ebay.com', 1, 1, '', 0, 1, '', 0, 2, '{\"product\":\"V62WP\",\"billingNumber\":\"63741035476201\"}', 0, 0),
(17, 5016, 0, 5022, 0, 1, 'DHL', '2025-01-07 14:11:27', '2025-01-07 14:11:27', 'Richard Exner', '', '', 'Batzenbergstraße 10', '', '79238', 'Kirchhofen', 0, 'Germany', '', '375806609651', '03c52a5b245cee67d616@members.ebay.com', 1, 1, '', 0, 1, '', 0, 2, '{\"product\":\"V01PAK\",\"billingNumber\":\"63741035470101\"}', 0, 0),
(18, 5017, 0, 5023, 0, 1, 'DHL', '2025-01-15 15:49:20', '2025-01-15 15:49:20', 'Bernhardt Stenke', '', '', 'Stetteritzring 117', '', '64380', 'Roßdorf', 0, 'Germany', '', '375857914744', '03c7c111ad918af15b90@members.ebay.com', 1, 1, '', 0, 1, '', 0, 2, '{\"product\":\"V01PAK\",\"billingNumber\":\"63741035470101\"}', 0, 0),
(19, 5018, 0, 5025, 0, 1, 'DHL', '2025-01-22 12:15:14', '2025-01-22 12:15:14', 'Kai Witschen', '', '', 'Im Sande 9', '', '49744', 'Geeste', 0, 'Germany', '', '375937575563', '0f286a03d092b1880671@members.ebay.com', 1, 1, '', 0, 1, '', 0, 2, '{\"product\":\"V01PAK\",\"billingNumber\":\"63741035470101\"}', 0, 0),
(20, 5019, 0, 5026, 0, 1, 'DHL', '2025-01-28 16:22:30', '2025-01-28 16:22:30', 'Streck', '', '', 'Hindboll 3b', '', '25718', 'Friedrichskoog', 0, 'Germany', '', '375838176148', '1e5eb92092329fe67a44@members.ebay.com', 1, 1, '', 0, 1, '', 0, 2, '{\"product\":\"V01PAK\",\"billingNumber\":\"63741035470101\"}', 0, 0),
(21, 5020, 0, 5029, 0, 1, 'DHL', '2025-02-03 14:28:08', '2025-02-03 14:28:08', 'Thomas Aurbach', '', '', 'Lährer Weg 18', '', '92318', 'Neumarkt', 0, 'Germany', '', '375939238311', '3cd7825b255496d06367@members.ebay.com', 1, 1, '', 0, 1, '', 0, 2, '{\"product\":\"V01PAK\",\"billingNumber\":\"63741035470101\"}', 0, 0),
(22, 5021, 0, 5030, 0, 1, 'DHL', '2025-02-03 14:29:14', '2025-02-03 14:29:14', 'Thilo Hengst', '', '', 'Mozartweg 1', '', '09117', 'Chemnitz', 0, 'Germany', '', '375939238333', '3ce0bcba0d7dae2e3664@members.ebay.com', 1, 1, '', 0, 1, '', 0, 2, '{\"product\":\"V01PAK\",\"billingNumber\":\"63741035470101\"}', 0, 0),
(23, 5022, 0, 5031, 0, 1, 'DHL', '2025-02-04 10:18:51', '2025-02-04 10:18:51', 'Ideler, Karl-Heinz', '', '', 'Marloffsteiner Str. 4', '', '91080', 'Spardorf', 0, 'Germany', '', '375939238311', '3ce0dfdd34613f2b1c51@members.ebay.com', 1, 1, '', 0, 1, '', 0, 2, '{\"product\":\"V01PAK\",\"billingNumber\":\"63741035470101\"}', 0, 1),
(24, 5023, 0, 5032, 0, 1, 'DHL', '2025-02-04 14:21:49', '2025-02-04 14:21:49', 'Timo Maute', '', '', 'Grenzweg 27/83', '', '72766', 'Reutlingen', 0, 'Germany', '', '375838176148', '3ce220d8a52dae377d83@members.ebay.com', 1, 1, '', 0, 1, '', 0, 2, '{\"product\":\"V01PAK\",\"billingNumber\":\"63741035470101\"}', 0, 0),
(25, 5026, 0, 5036, 0, 1, 'DHL', '2025-02-12 14:26:14', '2025-02-12 14:26:14', 'Patrick Strauch', '', '', 'Bergeshöh 22', '', '09128', 'Chemnitz', 0, 'Germany', '', '375973141592', '1e8621a259648b0af886@members.ebay.com', 1, 1, '', 0, 1, '', 0, 2, '{\"product\":\"V01PAK\",\"billingNumber\":\"63741035470101\"}', 0, 0),
(26, 5027, 0, 5037, 0, 1, 'DHL', '2025-02-12 14:27:49', '2025-02-12 14:27:49', 'Manita Naupert', '', '', 'Talstrasse 77', '', '09618', 'Brand-Erbisdorf', 0, 'Germany', '', '375959423649', '7a18a19d9f7d8e562712@members.ebay.com', 1, 1, '', 0, 1, '', 0, 2, '{\"product\":\"V01PAK\",\"billingNumber\":\"63741035470101\"}', 0, 0),
(27, 5028, 0, 5038, 0, 1, 'DHL', '2025-02-12 14:28:49', '2025-02-12 14:28:49', 'Katja Kärgel', '', '', 'Bodenheimer Straße 17', '', '28199', 'Bremen', 0, 'Germany', '', '375973141592', '00f440081e39555c5980@members.ebay.com', 1, 1, '', 0, 1, '', 0, 2, '{\"product\":\"V01PAK\",\"billingNumber\":\"63741035470101\"}', 0, 0),
(28, 5029, 0, 5039, 0, 1, 'DHL', '2025-02-14 11:52:55', '2025-02-14 11:52:55', 'Hager Nakli', '', '', 'Lehnsgrund 76', '', '45149', 'Essen', 0, 'Germany', '', '', 'hekbib@googlemail.com', 1, 1, '', 0, 1, '', 0, 2, '{\"product\":\"V01PAK\",\"billingNumber\":\"63741035470101\"}', 0, 0),
(29, 5030, 0, 5041, 0, 1, 'DHL', '2025-02-17 14:37:04', '2025-02-17 14:37:05', 'Martin Munkert', '', '', 'Gasswiesenweg 5', '', '90518', 'Altdorf', 0, 'Germany', '', '375973189554', '03d23461cff52e686c13@members.ebay.com', 1, 1, '', 0, 1, '', 0, 2, '{\"product\":\"V01PAK\",\"billingNumber\":\"63741035470101\"}', 0, 0),
(30, 5031, 0, 5042, 0, 1, 'DHL', '2025-02-17 14:39:00', '2025-02-17 14:39:00', 'Tomasz Filipiak', '', '', 'Buchenweg 15', '', '49453', 'Rehden', 0, 'Germany', '', '375973189838', '1e9580c29efec91e6a33@members.ebay.com', 1, 1, '', 0, 1, '', 0, 2, '{\"product\":\"V01PAK\",\"billingNumber\":\"63741035470101\"}', 0, 0),
(31, 5032, 0, 5043, 0, 1, 'DHL', '2025-02-21 08:34:29', '2025-02-21 08:34:29', 'christian ruthner', '', '', 'Am Babenhorst 7', '', '19069', 'Pingelshagen', 0, 'Germany', '', '375973141592', '03d3c41147cfac667d72@members.ebay.com', 1, 1, '', 0, 1, '', 0, 2, '{\"product\":\"V01PAK\",\"billingNumber\":\"63741035470101\"}', 0, 0),
(32, 5033, 0, 5044, 0, 1, 'DHL', '2025-02-21 08:38:42', '2025-02-21 08:38:42', 'Rengschburger Herzen', '', '', 'Dr.-Gessler-Str. 31', '', '93051', 'Regensburg', 0, 'Germany', '', '375973141592', '03d3cc5449ca436e0c69@members.ebay.com', 1, 1, '', 0, 1, '', 0, 2, '{\"product\":\"V01PAK\",\"billingNumber\":\"63741035470101\"}', 0, 0),
(33, 5034, 0, 5045, 0, 1, 'DHL', '2025-02-24 11:07:24', '2025-02-24 11:07:24', 'Jens Schaar', '', '', 'Kitzenweg 19', '', '73337', 'Bad Ueberkingen', 0, 'Germany', '', '375973141592', '0f51c4fca9336b889a46@members.ebay.com', 1, 1, '', 0, 1, '', 0, 2, '{\"product\":\"V01PAK\",\"billingNumber\":\"63741035470101\"}', 0, 0),
(34, 5035, 0, 5046, 0, 1, 'DHL', '2025-02-24 11:11:37', '2025-02-24 11:11:37', 'Mark Imhof', '', '', 'Theodor-Fontane-Weg 3', '', '57319', 'Bad Berleburg', 0, 'Germany', '', '375838176148', '0f52d5a6d28172bd0113@members.ebay.com', 1, 1, '', 0, 1, '', 0, 2, '{\"product\":\"V01PAK\",\"billingNumber\":\"63741035470101\"}', 0, 0),
(35, 5036, 0, 5047, 0, 1, 'DHL', '2025-02-24 11:13:51', '2025-02-24 11:13:51', 'Manuela Böhnke', '', '', 'Reichsstr. 31', '', '07545', 'Gera', 0, 'Germany', '', '375959423649', '0f5321a109f6b8cc5a25@members.ebay.com', 1, 1, '', 0, 1, '', 0, 2, '{\"product\":\"V01PAK\",\"billingNumber\":\"63741035470101\"}', 0, 0),
(36, 5037, 0, 5048, 0, 1, 'DHL', '2025-02-24 11:18:40', '2025-02-24 11:18:40', 'Annabell Pliska', '', '', 'Vor den Höfen 10', '', '27254', 'Staffhorst', 0, 'Germany', '', '375957849017', '0f5346d9a6db6ace0090@members.ebay.com', 1, 1, '', 0, 1, '', 0, 2, '{\"product\":\"V01PAK\",\"billingNumber\":\"63741035470101\"}', 0, 0),
(37, 5038, 0, 5049, 0, 1, 'DHL', '2025-02-26 15:28:33', '2025-02-26 15:28:33', 'Frank Färber', '', '', 'Bunsenstrasse 15', '', '51145', 'Köln', 0, 'Germany', '', '375957849017', '1ead0083e03563ba7c94@members.ebay.com', 1, 1, '', 0, 1, '', 0, 2, '{\"product\":\"V01PAK\",\"billingNumber\":\"63741035470101\"}', 0, 0),
(38, 5039, 0, 5050, 0, 1, 'DHL', '2025-02-27 07:29:55', '2025-02-27 07:29:55', 'hans trommer', '', '', 'Schulstraße 22a', '', '91341', 'Röttenbach', 0, 'Germany', '', '375973189554', '0f5770ef5c6f62b38370@members.ebay.com', 1, 1, '', 0, 1, '', 0, 2, '{\"product\":\"V01PAK\",\"billingNumber\":\"63741035470101\"}', 0, 0),
(39, 5040, 0, 5051, 0, 1, 'DHL', '2025-03-03 15:20:17', '2025-03-03 15:20:17', 'Silke Bauer', '', '', 'Heisenbergstr. 5', '', '08066', 'Zwickau', 0, 'Germany', '', '375973315376', '3d6a75bdb5aee6baef36@members.ebay.com', 1, 1, '', 0, 1, '', 0, 2, '{\"product\":\"V01PAK\",\"billingNumber\":\"63741035470101\"}', 0, 0),
(40, 5041, 0, 5052, 0, 1, 'DHL', '2025-03-03 15:22:14', '2025-03-03 15:22:14', 'Andre Zerr', '', '', 'Fährstraße 19', '', '76437', 'Rastatt', 0, 'Germany', '', '375959297689', '3d74e29b881aae809280@members.ebay.com', 1, 1, '', 0, 1, '', 0, 2, '{\"product\":\"V01PAK\",\"billingNumber\":\"63741035470101\"}', 0, 0),
(41, 5042, 0, 5053, 0, 1, 'DHL', '2025-03-10 16:06:05', '2025-03-10 16:06:05', 'Andreas Steguweit', '', '', 'Am Sportplatz 8', '', '47918', 'Tönisvorst', 0, 'Germany', '', '375973189838', '7b34db0bc78b54e30a83@members.ebay.com', 1, 1, '', 0, 1, '', 0, 2, '{\"product\":\"V01PAK\",\"billingNumber\":\"63741035470101\"}', 0, 0),
(42, 5043, 0, 5054, 0, 1, 'DHL', '2025-03-19 14:31:44', '2025-03-19 14:31:44', 'norbert kloth', '', '', 'teichkoppel 18', '', '24229', 'daenischenhagen', 0, 'Germany', '', '375973189838', '07b82f9dacb3a6c03d34@members.ebay.com', 1, 1, '', 0, 1, '', 0, 2, '{\"product\":\"V01PAK\",\"billingNumber\":\"63741035470101\"}', 0, 0),
(43, 5044, 0, 5055, 0, 1, 'DHL', '2025-03-19 14:36:54', '2025-03-19 14:37:00', 'Timo Nimz', '', '', 'Hockenbroicher Str. 13', '', '53881', 'Euskirchen', 0, 'Germany', '', '375959423649', '7b934bf43e45c7411557@members.ebay.com', 1, 1, '', 0, 1, '', 0, 2, '{\"product\":\"V62WP\",\"billingNumber\":\"63741035476201\"}', 0, 0),
(44, 5045, 0, 5056, 0, 1, 'DHL', '2025-03-24 12:39:37', '2025-03-24 12:39:37', 'Moritz Kaulhausen', '', '', 'Bleichstr. 43', '', '57627', 'Hachenburg', 0, 'Germany', '', '375973189838', '0f7660eaf5b1b4ce3185@members.ebay.com', 1, 1, '', 0, 1, '', 0, 2, '{\"product\":\"V01PAK\",\"billingNumber\":\"63741035470101\"}', 0, 0),
(45, 5046, 0, 5057, 0, 1, 'DHL', '2025-03-24 12:56:15', '2025-03-24 12:56:15', 'Jürgen Knörr', '', 'Gasthof zum Stern', 'Linden Hauptstr. 60', '', '91459', 'Markt Erlbach', 0, 'Germany', '', '375959328022', '1ef16d045e769f6f6159@members.ebay.com', 1, 1, '', 0, 1, '', 0, 2, '{\"product\":\"V01PAK\",\"billingNumber\":\"63741035470101\"}', 0, 0),
(46, 5047, 0, 5058, 0, 1, 'DHL', '2025-03-27 08:49:44', '2025-03-27 08:49:44', 'Alexander Müller', '', '', 'Flugplatzstraße. 9', '', '97232', 'Giebelstadt', 0, 'Germany', '', '375807036045', '3df2bd1a959e7e8d5916@members.ebay.com', 1, 1, '', 0, 1, '', 0, 2, '{\"product\":\"V01PAK\",\"billingNumber\":\"63741035470101\"}', 0, 0),
(47, 5048, 0, 5059, 0, 1, 'DHL', '2025-03-27 17:19:48', '2025-03-27 17:19:48', 'Svenja Nierstenhöfer', '', '', 'Packstation 175', '25986364', '58093', 'Hagen', 0, 'Germany', '', '375806979037', '0f7d038335624db22d61@members.ebay.com', 1, 1, '', 0, 1, '', 0, 2, '{\"product\":\"V01PAK\",\"billingNumber\":\"63741035470101\"}', 0, 0),
(48, 5049, 0, 5060, 0, 1, 'DHL', '2025-03-28 07:28:12', '2025-03-28 07:28:12', 'R. Amort', '', '', 'Kirchweg 6', '', '84347', 'Pfarrkirchen', 0, 'Germany', '', '375959297689', '1efa899f8a681bb95614@members.ebay.com', 1, 1, '', 0, 1, '', 0, 2, '{\"product\":\"V01PAK\",\"billingNumber\":\"63741035470101\"}', 0, 0),
(49, 5050, 0, 5061, 0, 1, 'DHL', '2025-03-31 15:31:32', '2025-03-31 15:31:33', 'Patrick Müller', '', '', 'Zum Vessertal 141', '', '98553', 'Schleusingen', 0, 'Germany', '', '375973189838', '1f00668399b73736be92@members.ebay.com', 1, 1, '', 0, 1, '', 0, 2, '{\"product\":\"V01PAK\",\"billingNumber\":\"63741035470101\"}', 0, 0),
(50, 5051, 0, 5062, 0, 1, 'DHL', '2025-03-31 15:33:13', '2025-03-31 15:33:13', 'Eric Fischoeder', '', '', 'Von-Plettenberg-Str. 24', '', '52146', 'Würselen', 0, 'Germany', '', '375957849017', '3e07f792c45a9fbdbd43@members.ebay.com', 1, 1, '', 0, 1, '', 0, 2, '{\"product\":\"V01PAK\",\"billingNumber\":\"63741035470101\"}', 0, 0),
(51, 5052, 0, 5063, 0, 1, 'DHL', '2025-04-01 11:49:13', '2025-04-01 11:49:14', 'Von Wiltberg, Arnold', '', '', 'Bernsteinstraße 40', '', '02979', 'Spreetal Burghammer', 0, 'Germany', '', '375959328022', '1f052f9197d2c3902828@members.ebay.com', 1, 1, '', 0, 1, '', 0, 2, '{\"product\":\"V01PAK\",\"billingNumber\":\"63741035470101\"}', 0, 0),
(52, 5053, 0, 5064, 0, 1, 'DHL', '2025-04-02 16:55:07', '2025-04-02 16:55:07', 'Luka Madzarevic', '', '', 'Osterreiner Straße 3', '', '87669', 'Rieden am Forggensee', 0, 'Germany', '', '375957849017', '07c238433dc039430056@members.ebay.com', 1, 1, '', 0, 1, '', 0, 2, '{\"product\":\"V01PAK\",\"billingNumber\":\"63741035470101\"}', 0, 0),
(53, 5054, 0, 5065, 0, 1, 'DHL', '2025-04-02 16:56:33', '2025-04-02 16:56:34', 'Mario Sauer', '', '', 'Bentieröder Wanne 1', '', '37574', 'Einbeck', 0, 'Germany', '', '375990104626', '00f84e5eda6d56099f42@members.ebay.com', 1, 1, '', 0, 1, '', 0, 2, '{\"product\":\"V01PAK\",\"billingNumber\":\"63741035470101\"}', 0, 0),
(54, 5055, 0, 5066, 0, 1, 'DHL', '2025-04-02 17:01:56', '2025-04-02 17:01:57', 'Andrey Perederiy', '', '', 'Mühlenstr. 11', '', '49751', 'Sögel', 0, 'Germany', '', '375973189838', '3e054b1b736d575ea564@members.ebay.com', 1, 1, '', 0, 1, '', 0, 2, '{\"product\":\"V01PAK\",\"billingNumber\":\"63741035470101\"}', 0, 0),
(55, 5056, 0, 5067, 0, 1, 'DHL', '2025-04-04 11:14:10', '2025-04-04 11:14:10', 'Jürgen Bergmann', '', '', 'Liebrechtstr. 13', '', '45277', 'Essen', 0, 'Germany', '', '375959423649', '1f0d3264c26b5732ee36@members.ebay.com', 1, 1, '', 0, 1, '', 0, 2, '{\"product\":\"V62WP\",\"billingNumber\":\"63741035476201\"}', 0, 0),
(56, 5057, 0, 5068, 0, 1, 'DHL', '2025-04-10 10:58:08', '2025-04-10 10:58:08', 'Anne Beuchler', '', '', 'Fritz-Schulze- Strasse 11', '', '01159', 'Dresden', 0, 'Germany', '', '375959297689', '3e3942f184d6afdd1468@members.ebay.com', 1, 1, '', 0, 1, '', 0, 2, '{\"product\":\"V01PAK\",\"billingNumber\":\"63741035470101\"}', 0, 0),
(57, 5058, 0, 5069, 0, 1, 'DHL', '2025-04-14 13:01:12', '2025-04-14 13:01:12', 'André Seidel', '', '', 'Pomnitz 32', '', '06628', 'Lanitz-Hassel-Tal', 0, 'Germany', '', '375990104626', '0f9370f33e96dbcac757@members.ebay.com', 1, 1, '', 0, 1, '', 0, 2, '{\"product\":\"V01PAK\",\"billingNumber\":\"63741035470101\"}', 0, 0),
(58, 5059, 0, 5070, 0, 1, 'DHL', '2025-04-17 09:54:52', '2025-04-17 09:54:52', 'Ralf Rischewski', '', '', 'Postfiliale 620', '', '88250', 'Weingarten', 0, 'Germany', '', '375973141592', '00f97797d7e7b62884ae@members.ebay.com', 1, 1, '', 0, 1, '', 0, 2, '{\"product\":\"V01PAK\",\"billingNumber\":\"63741035470101\"}', 0, 0),
(59, 5061, 0, 5072, 0, 1, 'DHL', '2025-04-22 08:54:31', '2025-04-22 08:54:31', 'Nagler josef', '', '', 'Am Mühlbach 1', '', '85467', 'Neuching', 0, 'Germany', '', '375973189838', '00f9c8e8c68154f80975@members.ebay.com', 1, 1, '', 0, 1, '', 0, 2, '{\"product\":\"V01PAK\",\"billingNumber\":\"63741035470101\"}', 0, 0),
(60, 5062, 0, 5073, 0, 1, 'DHL', '2025-04-22 08:55:40', '2025-04-22 08:55:40', 'Holger Kimmich', '', '', 'Dürrlaustr. 28', '', '72584', 'Hülben', 0, 'Germany', '', '375990104626', '00f9dd2f110d86a86bd5@members.ebay.com', 1, 1, '', 0, 1, '', 0, 2, '{\"product\":\"V01PAK\",\"billingNumber\":\"63741035470101\"}', 0, 0),
(61, 5063, 0, 5074, 0, 1, 'DHL', '2025-04-22 09:09:24', '2025-04-22 09:09:24', 'Michael Roberts', '', '', 'Packstation 162', '20510924', '89079', 'Ulm', 0, 'Germany', '', '375990104626', '00f9df261de11a787d28@members.ebay.com', 1, 1, '', 0, 1, '', 0, 2, '{\"product\":\"V62WP\",\"billingNumber\":\"63741035476201\"}', 0, 0),
(62, 5060, 0, 5071, 0, 1, 'DHL', '2025-04-22 13:06:28', '2025-04-22 13:06:28', 'semih Sergi', '', '', 'Opelstrasse 3', 'Mandy klein', '78467', 'Konstanz', 0, 'Germany', '', '375939326219', '00f9c774abf96dbafb13@members.ebay.com', 1, 1, '', 0, 1, '', 0, 2, '{\"product\":\"V01PAK\",\"billingNumber\":\"63741035470101\"}', 0, 0),
(63, 5064, 0, 5075, 0, 1, 'DHL', '2025-04-23 11:41:37', '2025-04-23 11:41:37', 'Joseph Ressing', '', '', 'Hauptstraße 135', '', '26903', 'Surwold', 0, 'Germany', '', '375990104626', '00f9f6c6e76f4b890984@members.ebay.com', 1, 1, '', 0, 1, '', 0, 2, '{\"product\":\"V62WP\",\"billingNumber\":\"63741035476201\"}', 0, 0),
(64, 5065, 0, 5076, 0, 1, 'DHL', '2025-04-26 10:12:24', '2025-04-26 10:12:24', 'Beat Bürgi', '', '', 'Griesstr. 14', '', '78266', 'Büsingen', 0, 'Germany', '', '', 'b.buergi19@yahoo.de', 1, 1, '', 0, 1, '', 0, 2, '{\"product\":\"V01PAK\",\"billingNumber\":\"63741035470101\"}', 0, 0),
(65, 5068, 0, 5078, 0, 1, 'DHL', '2025-04-28 15:04:56', '2025-04-28 15:04:56', 'Timm Schröder', '', '', 'Neuer Brink 10A', '', '33659', 'Bielefeld', 0, 'Germany', '', '', 'timm_schroeder@icloud.com', 1, 1, '', 0, 1, '', 0, 2, '{\"product\":\"V01PAK\",\"billingNumber\":\"63741035470101\"}', 0, 0),
(66, 5069, 0, 5079, 0, 1, 'DHL', '2025-04-28 19:15:04', '2025-04-28 19:15:05', 'Bernd Mengel', '', '', 'Dörpstraat 55', '', '25938', 'Wyk auf Föhr', 0, 'Germany', '', '', '2025428_151937@justneo.de', 1, 1, '', 0, 1, '', 0, 2, '{\"product\":\"V62WP\",\"billingNumber\":\"63741035476201\"}', 0, 0),
(67, 5070, 0, 5080, 0, 1, 'DHL', '2025-04-28 21:24:23', '2025-04-28 21:24:23', 'Bastian Lutz', '', '', 'Hirschweg 19', '', '69412', 'Igelsbach', 0, 'Germany', '', '', '2025428_211228@justneo.de', 1, 1, '', 0, 1, '', 0, 2, '{\"product\":\"V62WP\",\"billingNumber\":\"63741035476201\"}', 0, 0),
(68, 5073, 0, 5083, 0, 1, 'DHL', '2025-04-29 14:14:47', '2025-04-29 14:14:47', 'Frank Rist', '', '', 'Holbeinstraße 38/2', '', '88212', 'Ravensburg', 0, 'Germany', '', '375973189838', '3e9dfd061392e3378a26@members.ebay.com', 1, 1, '', 0, 1, '', 0, 2, '{\"product\":\"V01PAK\",\"billingNumber\":\"63741035470101\"}', 0, 0),
(69, 5072, 0, 5082, 0, 1, 'DHL', '2025-04-29 14:17:00', '2025-04-29 14:17:00', 'Klaus Zeiger', '', '', 'Schubertstr. 25', '', '66287', 'Quierschied', 0, 'Germany', '', '376043934922', '0fa73af7b4a035ad4e61@members.ebay.com', 1, 1, '', 0, 1, '', 0, 2, '{\"product\":\"V01PAK\",\"billingNumber\":\"63741035470101\"}', 0, 0),
(70, 5071, 0, 5081, 0, 1, 'DHL', '2025-04-29 14:18:23', '2025-04-29 14:18:23', 'Sarah Emmert', '', '', 'Warschauer Str. 25', '', '10243', 'Berlin', 0, 'Germany', '', '', 'antimacht@web.de', 1, 1, '', 0, 1, '', 0, 2, '{\"product\":\"V01PAK\",\"billingNumber\":\"63741035470101\"}', 0, 0),
(71, 5077, 0, 5087, 0, 1, 'DHL', '2025-04-30 17:06:08', '2025-04-30 17:06:09', 'David Berard', '', '', 'Krauthausenerstraße 10', '', '52223', 'Stolberg', 0, 'Germany', '', '', 'david.berard.ac@gmail.com', 1, 1, '', 0, 1, '', 0, 2, '{\"product\":\"V01PAK\",\"billingNumber\":\"63741035470101\"}', 0, 0),
(72, 5078, 0, 5089, 0, 1, 'DHL', '2025-05-02 21:10:47', '2025-05-02 21:10:47', 'Stefan Pleyer', '', '', 'Gänsackerstr. 5', '', '79688', 'Hausen', 0, 'Germany', '', '375959423649', '7d6513da38253d338366@members.ebay.com', 1, 1, '', 0, 1, '', 0, 2, '{\"product\":\"V62WP\",\"billingNumber\":\"63741035476201\"}', 0, 0),
(73, 5079, 0, 5090, 0, 1, 'DHL', '2025-05-03 09:25:18', '2025-05-03 09:25:18', 'Björn Lebedies', '', '', 'Hagenwerderstr. 18', '', '03048', 'Cottbus', 0, 'Germany', '', '375959423649', '3eb58e082595368f0e74@members.ebay.com', 1, 1, '', 0, 1, '', 0, 2, '{\"product\":\"V62WP\",\"billingNumber\":\"63741035476201\"}', 0, 0),
(74, 5080, 0, 5091, 0, 1, 'DHL', '2025-05-05 12:18:04', '2025-05-05 12:18:04', 'Ulrike Brinkmann', '', '', 'Radeberger Straße 5', 'OT Großerkmannsdorf', '01454', 'Radeberg', 0, 'Germany', '', '375990104626', '3eb6bb53799136052445@members.ebay.com', 1, 1, '', 0, 1, '', 0, 2, '{\"product\":\"V62WP\",\"billingNumber\":\"63741035476201\"}', 0, 0),
(75, 5082, 0, 5093, 0, 1, 'DHL', '2025-05-05 12:26:18', '2025-05-05 12:26:18', 'Manuel Sutter', '', '', 'Nibelungenstraße 9', '', '80639', 'München', 0, 'Germany', '', '', 'sutter115@gmx.de', 1, 1, '', 0, 1, '', 0, 2, '{\"product\":\"V01PAK\",\"billingNumber\":\"63741035470101\"}', 0, 0),
(76, 5083, 0, 5094, 0, 1, 'DHL', '2025-05-05 12:27:18', '2025-05-05 12:27:18', 'Claudia Schablowski', '', '', 'Am Knottenberg 17', '', '45276', 'Essen', 0, 'Germany', '', '', 'Claudia.dinkloh@web.de', 1, 1, '', 0, 1, '', 0, 2, '{\"product\":\"V01PAK\",\"billingNumber\":\"63741035470101\"}', 0, 0),
(77, 5081, 0, 5092, 0, 1, 'DHL', '2025-05-05 12:36:23', '2025-05-05 12:36:23', 'Simon Bauer', '', '', 'Wiedehopfweg 43', '', '79112', 'Freiburg', 0, 'Germany', '', '', 'simon.bauer@gmx.ch', 1, 1, '', 0, 1, '', 0, 2, '{\"product\":\"V01PAK\",\"billingNumber\":\"63741035470101\"}', 0, 0),
(78, 5084, 0, 5095, 0, 1, 'DHL', '2025-05-06 13:53:43', '2025-05-06 13:53:43', 'Cornelia Hasler', '', '', 'Hinterstraße 9', '', '65391', 'Lorch', 0, 'Germany', '', '375973141592', '3ec2c6f136d04ab86275@members.ebay.com', 1, 1, '', 0, 1, '', 0, 2, '{\"product\":\"V01PAK\",\"billingNumber\":\"63741035470101\"}', 0, 0),
(79, 5085, 0, 5096, 0, 1, 'DHL', '2025-05-09 10:47:20', '2025-05-09 10:47:20', 'Marcus Böttcher', '', '', 'Packstation 218', '902881031', '24235', 'Laboe', 0, 'Germany', '', '375973189554', '1f69363f5f15b3717b53@members.ebay.com', 1, 1, '', 0, 1, '', 0, 2, '{\"product\":\"V01PAK\",\"billingNumber\":\"63741035470101\"}', 0, 0),
(80, 5086, 0, 5097, 0, 1, 'DHL', '2025-05-12 14:27:29', '2025-05-12 14:27:29', 'Lisa Hoth', '', '', 'Hermann-Burmeister-Str 3', '', '18435', 'Stralsund', 0, 'Germany', '', '375990104626', '3ee18815b392d2cdbb84@members.ebay.com', 1, 1, '', 0, 1, '', 0, 2, '{\"product\":\"V62WP\",\"billingNumber\":\"63741035476201\"}', 0, 0),
(81, 5087, 0, 5098, 0, 1, 'DHL', '2025-05-12 14:29:17', '2025-05-12 14:29:17', 'Julian König', '', '', 'Bergmannsweg 7', '', '31749', 'Auetal', 0, 'Germany', '', '375990104626', '3ee2d005b8833f10b970@members.ebay.com', 1, 1, '', 0, 1, '', 0, 2, '{\"product\":\"V62WP\",\"billingNumber\":\"63741035476201\"}', 0, 0),
(82, 5088, 0, 5100, 0, 1, 'DHL', '2025-05-13 20:22:15', '2025-05-13 20:22:15', 'Antonio Faust', '', '', 'In Den Weingärten 31', '', '55283', 'Nierstein', 0, 'Germany', '', '375806609623', '00fb9dcb8fde4b196dfc@members.ebay.com', 1, 1, '', 0, 1, '', 0, 2, '{\"product\":\"V01PAK\",\"billingNumber\":\"63741035470101\"}', 0, 0),
(83, 5089, 0, 5101, 0, 1, 'DHL', '2025-05-13 20:23:24', '2025-05-13 20:23:24', 'Sven Kaufmann', '', '', 'Berglücke 14', '', '24943', 'Flensburg', 0, 'Germany', '', '375990104626', '7dcff0e4932377237966@members.ebay.com', 1, 1, '', 0, 1, '', 0, 2, '{\"product\":\"V62WP\",\"billingNumber\":\"63741035476201\"}', 0, 0),
(84, 5090, 0, 5102, 0, 1, 'DHL', '2025-05-14 10:27:18', '2025-05-14 10:27:19', 'Freya Schomacker', '', '', 'Grenzweg 1', '', '26655', 'Westerstede', 0, 'Germany', '', '375973182408', '7ddb04a45f1b07a82064@members.ebay.com', 1, 1, '', 0, 1, '', 0, 2, '{\"product\":\"V01PAK\",\"billingNumber\":\"63741035470101\"}', 0, 0),
(85, 5091, 0, 5103, 0, 1, 'DHL', '2025-05-15 15:00:28', '2025-05-15 15:00:28', 'Andreas Lettner', '', '', 'Vogelweide 4', '', '06188', 'Landsberg', 0, 'Germany', '', '375838176148', '7de31f3161c35fcc5698@members.ebay.com', 1, 1, '', 0, 1, '', 0, 2, '{\"product\":\"V01PAK\",\"billingNumber\":\"63741035470101\"}', 0, 0),
(86, 5092, 0, 5104, 0, 1, 'DHL', '2025-05-19 07:44:35', '2025-05-19 07:44:36', 'Dragos Terbea', '', '', 'Koipainterweg 4', '', '94099', 'Ruhstorf  a.d.Rott', 0, 'Germany', '', '375973141592', '00fc0089db8719fc5f4d@members.ebay.com', 1, 1, '', 0, 1, '', 0, 2, '{\"product\":\"V01PAK\",\"billingNumber\":\"63741035470101\"}', 0, 0),
(87, 5093, 0, 5099, 0, 1, 'DHL', '2025-05-20 13:36:25', '2025-05-20 13:36:25', 'Caspar-M. Krüger', '', '', 'Wulfsteert 3A', '', '24340', 'Eckernförde', 0, 'Germany', '', '', 'mail@caspar-krueger.de', 1, 1, '', 0, 1, '', 0, 2, '{\"product\":\"V01PAK\",\"billingNumber\":\"63741035470101\"}', 0, 0),
(88, 5094, 0, 5105, 0, 1, 'DHL', '2025-05-20 13:37:47', '2025-05-20 13:37:47', 'Elmar Lieske', '', '', 'Habsburgerstrasse 114', 'Nur persönliche Übergabe', '79104', 'Freiburg', 0, 'Germany', '', '375990104626', '00fc2ee98b8719fda40d@members.ebay.com', 1, 1, '', 0, 1, '', 0, 2, '{\"product\":\"V62WP\",\"billingNumber\":\"63741035476201\"}', 0, 0),
(89, 5095, 0, 5107, 0, 1, 'DHL', '2025-05-26 14:11:00', '2025-05-26 14:11:00', 'Axel Schmidt', '', '', 'Euelner Straße 42', '', '51580', 'Reichshof', 0, 'Germany', '', '376234478613', '00fc964e651b245beaf8@members.ebay.com', 1, 1, '', 0, 1, '', 0, 2, '{\"product\":\"V01PAK\",\"billingNumber\":\"63741035470101\"}', 0, 0),
(90, 5096, 0, 5108, 0, 1, 'DHL', '2025-05-26 14:14:05', '2025-05-26 14:14:05', 'Stefan Schlesinger', '', '', 'August-Bebel-Str. 4', '', '09618', 'Brand-Erbisdorf', 0, 'Germany', '', '375838176148', '00fcb1e52afb088c2160@members.ebay.com', 1, 1, '', 0, 1, '', 0, 2, '{\"product\":\"V01PAK\",\"billingNumber\":\"63741035470101\"}', 0, 0),
(91, 5097, 0, 5109, 0, 1, 'DHL', '2025-05-26 14:16:34', '2025-05-26 14:16:34', 'Andy Dee', '', '', 'Bexhöveder Str. 21', '', '28239', 'Bremen', 0, 'Germany', '', '375990104626', '00fcb21656fda60ce5b4@members.ebay.com', 1, 1, '', 0, 1, '', 0, 2, '{\"product\":\"V01PAK\",\"billingNumber\":\"63741035470101\"}', 0, 0),
(92, 5098, 0, 5110, 0, 1, 'DHL', '2025-05-27 09:52:06', '2025-05-27 09:52:07', 'Frank Moos', '', '', 'Königsberger Str. 18', '', '74915', 'Waibstadt', 0, 'Germany', '', '', 'frank.moos@sap.com', 1, 1, '', 0, 1, '', 0, 2, '{\"product\":\"V01PAK\",\"billingNumber\":\"63741035470101\"}', 0, 0),
(93, 5099, 0, 5111, 0, 1, 'DHL', '2025-06-02 09:05:53', '2025-06-02 09:05:53', 'Michael Post', '', '', 'Matthias-Claudius-Straße 6', '', '32584', 'Löhne', 0, 'Germany', '', '375838176148', '1f9e8dbb69406b1afb30@members.ebay.com', 1, 1, '', 0, 1, '', 0, 2, '{\"product\":\"V62WP\",\"billingNumber\":\"63741035476201\"}', 0, 0),
(94, 5100, 0, 5112, 0, 1, 'DHL', '2025-06-02 09:08:24', '2025-06-02 09:08:24', 'Andrej Engraf', '', '', 'Barkenberger Allee 106', '', '46286', 'Dorsten', 0, 'Germany', '', '375806609623', '1fa381e8c433630e4445@members.ebay.com', 1, 1, '', 0, 1, '', 0, 2, '{\"product\":\"V01PAK\",\"billingNumber\":\"63741035470101\"}', 0, 0),
(95, 5101, 0, 5113, 0, 1, 'DHL', '2025-06-02 09:09:46', '2025-06-02 09:09:47', 'Martin Rosenbaum', '', '', 'Zeppelinstraße 13a', '', '97074', 'Würzburg', 0, 'Germany', '', '375990104626', '1fa5b23b5d3ed7907d43@members.ebay.com', 1, 1, '', 0, 1, '', 0, 2, '{\"product\":\"V62WP\",\"billingNumber\":\"63741035476201\"}', 0, 0),
(96, 5103, 0, 5115, 0, 1, 'DHL', '2025-06-02 09:16:09', '2025-06-02 09:16:09', 'Marko Bizjak', '', '', 'Kreiller Straße 22', '', '81673', 'München', 0, 'Germany', '', '375990104626', '1fa7ee77e9413fe01049@members.ebay.com', 1, 1, '', 0, 1, '', 0, 2, '{\"product\":\"V62WP\",\"billingNumber\":\"63741035476201\"}', 0, 0),
(97, 5102, 0, 5114, 0, 1, 'DHL', '2025-06-02 09:18:06', '2025-06-02 09:18:06', 'Steffen Werner', '', '', 'Am Hammerweg 36', '', '72581', 'Dettingen an der Erms', 0, 'Germany', '', '375973182408', '1fa658c84fa48fa5d385@members.ebay.com', 1, 1, '', 0, 1, '', 0, 2, '{\"product\":\"V01PAK\",\"billingNumber\":\"63741035470101\"}', 0, 0),
(98, 5104, 0, 5116, 0, 1, 'DHL', '2025-06-02 09:24:41', '2025-06-02 09:24:41', 'Holger Herrmann', '', '', 'Betzenweiler Straße 18', '', '88525', 'Dürmentingen', 0, 'Germany', '', '375990104626', '3f4fe35fb300d60c1776@members.ebay.com', 1, 1, '', 0, 1, '', 0, 2, '{\"product\":\"V62WP\",\"billingNumber\":\"63741035476201\"}', 0, 0),
(99, 5105, 0, 5117, 0, 1, 'DHL', '2025-06-02 09:28:41', '2025-06-02 09:28:41', 'Mesanovic', '', '', 'Cäcilienstr. 49a', '', '47475', 'Kamp-Lintfort', 0, 'Germany', '', '375973141592', '3f50db94a3ad860ef132@members.ebay.com', 1, 1, '', 0, 1, '', 0, 2, '{\"product\":\"V01PAK\",\"billingNumber\":\"63741035470101\"}', 0, 0),
(100, 5106, 0, 5118, 0, 1, 'DHL', '2025-06-02 09:32:20', '2025-06-02 09:32:20', 'Reifen Autoservice Pneumaster', '', '', 'Daimlerstraße 10', 'z.H. Zimmermann', '71636', 'Ludwigsburg', 0, 'Germany', '', '375990104626', '3f539f11295d8a8a5d76@members.ebay.com', 1, 1, '', 0, 1, '', 0, 2, '{\"product\":\"V62WP\",\"billingNumber\":\"63741035476201\"}', 0, 0),
(101, 5107, 0, 5119, 0, 1, 'DHL', '2025-06-03 11:38:26', '2025-06-03 11:38:26', 'Thomas Raitmeir', '', '', 'Meraner Str. 2', '', '85221', 'Dachau', 0, 'Germany', '', '376234478613', '3f5675c7b300d7007042@members.ebay.com', 1, 1, '', 0, 1, '', 0, 2, '{\"product\":\"V01PAK\",\"billingNumber\":\"63741035470101\"}', 0, 0),
(102, 5108, 0, 5120, 0, 1, 'DHL', '2025-06-04 08:32:09', '2025-06-04 08:32:09', 'Stefan Klug', '', '', 'Am Herrgottseck 3f', '', '81669', 'München', 0, 'Germany', '', '375973141592', '00fd6a4c11804a7c6a23@members.ebay.com', 1, 1, '', 0, 1, '', 0, 2, '{\"product\":\"V01PAK\",\"billingNumber\":\"63741035470101\"}', 0, 0),
(103, 5109, 0, 5121, 0, 1, 'DHL', '2025-06-04 08:33:35', '2025-06-04 08:33:35', 'Ingrid Linnhoff', '', '', 'Augustin-Wibbelt-Str. 10', '', '58640', 'Iserlohn', 0, 'Germany', '', '375990104626', '3f5b2c3851b1af979791@members.ebay.com', 1, 1, '', 0, 1, '', 0, 2, '{\"product\":\"V01PAK\",\"billingNumber\":\"63741035470101\"}', 0, 0),
(104, 5110, 0, 5122, 0, 1, 'DHL', '2025-06-04 11:31:09', '2025-06-04 11:31:09', 'Sabrina Staude', '', '', 'Unterer Dezemhieb 27', '', '98701', 'Großbreitenbach', 0, 'Germany', '', '', 'sabrina.staude@t-online.de', 1, 1, '', 0, 1, '', 0, 2, '{\"product\":\"V01PAK\",\"billingNumber\":\"63741035470101\"}', 0, 0),
(105, 5111, 0, 5124, 0, 1, 'DHL', '2025-06-10 10:00:14', '2025-06-10 10:00:15', 'Michael Wagensoner', '', '', 'Hebramsdorf 20', '', '84088', 'Neufahrn', 0, 'Germany', '', '376234478613', '7ee9ad14fea9ae327094@members.ebay.com', 1, 1, '', 0, 1, '', 0, 2, '{\"product\":\"V01PAK\",\"billingNumber\":\"63741035470101\"}', 0, 0),
(106, 5112, 0, 5125, 0, 1, 'DHL', '2025-06-10 10:05:07', '2025-06-10 10:05:07', 'Jens Ripken', '', '', 'Am Ring 3', 'Grossenmeer', '26939', 'Ovelgönne', 0, 'Germany', '', '375959297689', '7ef4ee97acd1aebc7897@members.ebay.com', 1, 1, '', 0, 1, '', 0, 2, '{\"product\":\"V01PAK\",\"billingNumber\":\"63741035470101\"}', 0, 0),
(107, 5113, 0, 5126, 0, 1, 'DHL', '2025-06-10 16:23:41', '2025-06-10 16:23:41', 'Stefan Ruckdäschel', '', '', 'Voitsumra 36', '', '95163', 'Weißenstadt', 0, 'Germany', '', '', 'stefanrucki@t-online.de', 1, 1, '', 0, 1, '', 0, 2, '{\"product\":\"V01PAK\",\"billingNumber\":\"63741035470101\"}', 0, 0),
(108, 5114, 0, 5127, 0, 1, 'DHL', '2025-06-12 21:46:47', '2025-06-12 21:46:47', 'Frank Bauer', '', '', 'Fahlenbergstr. 37', '', '12589', 'Berlin', 0, 'Germany', '', '375806609623', '00fe2c58e4be2628822b@members.ebay.com', 1, 1, '', 0, 1, '', 0, 2, '{\"product\":\"V01PAK\",\"billingNumber\":\"63741035470101\"}', 0, 0),
(109, 5115, 0, 5128, 0, 1, 'DHL', '2025-06-16 16:45:13', '2025-06-16 16:45:13', 'Sindy Parschau', '', '', 'Teichstraße 10', '', '01662', 'Meißen', 0, 'Germany', '', '375957849017', '7f1d7b8b40a27fc0d225@members.ebay.com', 1, 1, '', 0, 1, '', 0, 2, '{\"product\":\"V01PAK\",\"billingNumber\":\"63741035470101\"}', 0, 0),
(110, 5116, 0, 5129, 0, 1, 'DHL', '2025-06-16 16:47:17', '2025-06-16 16:47:17', 'Amazon Logger Frederick  Logger Schell', '', '', 'Grötzinger Str. 57', '', '76227', 'Karlsruhe', 0, 'Germany', '', '375806609623', '7f2330d707cda67e3d21@members.ebay.com', 1, 1, '', 0, 1, '', 0, 2, '{\"product\":\"V01PAK\",\"billingNumber\":\"63741035470101\"}', 0, 0),
(111, 5117, 0, 5114, 0, 1, 'DHL', '2025-06-16 16:49:17', '2025-06-16 16:49:17', 'Steffen Werner', '', '', 'Am Hammerweg 36', '', '72581', 'Dettingen an der Erms', 0, 'Germany', '', '375973182291', '1fa658c84fa48fa5d385@members.ebay.com', 1, 1, '', 0, 1, '', 0, 2, '{\"product\":\"V01PAK\",\"billingNumber\":\"63741035470101\"}', 0, 0),
(112, 5118, 0, 5130, 0, 1, 'DHL', '2025-06-16 16:56:34', '2025-06-16 16:56:34', 'Krzysztof Szczepkowski', '', '', 'Hauptstr. 5', '', '21447', 'Handorf', 0, 'Germany', '', '375806609623', '00fe61e3a84f5b88f1af@members.ebay.com', 1, 1, '', 0, 1, '', 0, 2, '{\"product\":\"V01PAK\",\"billingNumber\":\"63741035470101\"}', 0, 0),
(113, 5119, 0, 5131, 0, 1, 'DHL', '2025-06-16 18:56:21', '2025-06-16 18:56:21', 'Theater Eukitea', '', '', 'Lindenstr 18b', '', '86420', 'Diedorf', 0, 'Germany', '', '375973141592', '00fe7e69e7f9ad99e206@members.ebay.com', 1, 1, '', 0, 1, '', 0, 2, '{\"product\":\"V01PAK\",\"billingNumber\":\"63741035470101\"}', 0, 0),
(114, 5120, 0, 5132, 0, 1, 'DHL', '2025-06-19 14:35:30', '2025-06-19 14:35:30', 'Vincent Power', '', '', 'Glienicker Str. 50', '', '14109', 'Berlin', 0, 'Germany', '', '375838176148', '7f5c1a9b1b3c4f279810@members.ebay.com', 1, 1, '', 0, 1, '', 0, 2, '{\"product\":\"V01PAK\",\"billingNumber\":\"63741035470101\"}', 0, 0),
(115, 5121, 0, 5133, 0, 1, 'DHL', '2025-06-20 07:37:39', '2025-06-20 07:37:39', 'Dieter Friedrich', '', '', 'Rahmengasse 32', '', '69120', 'Heidelberg', 0, 'Germany', '', '375973182408', '00febca744be262c6e37@members.ebay.com', 1, 1, '', 0, 1, '', 0, 2, '{\"product\":\"V01PAK\",\"billingNumber\":\"63741035470101\"}', 0, 0),
(116, 5122, 0, 5134, 0, 1, 'DHL', '2025-06-23 10:36:11', '2025-06-23 10:36:11', 'Fabian Hofmann', '', '', 'Kneinstr. 32', '', '47807', 'Krefeld', 0, 'Germany', '', '375990104626', '00fef8d6c6367898bea6@members.ebay.com', 1, 1, '', 0, 1, '', 0, 2, '{\"product\":\"V62WP\",\"billingNumber\":\"63741035476201\"}', 0, 0),
(117, 5123, 0, 5135, 0, 1, 'DHL', '2025-06-23 10:41:27', '2025-06-23 10:41:27', 'Bernd+Andrea Alexander', '', '', 'Steindamm 19', '', '23847', 'Lasbek', 0, 'Germany', '', '375838176148', '00fefdc4a7f4262e1368@members.ebay.com', 1, 1, '', 0, 1, '', 0, 2, '{\"product\":\"V62WP\",\"billingNumber\":\"63741035476201\"}', 0, 0),
(118, 5124, 0, 5114, 0, 1, 'DHL', '2025-06-23 10:43:31', '2025-06-23 10:43:31', 'Steffen Werner', '', '', 'Am Hammerweg 36', '', '72581', 'Dettingen an der Erms', 0, 'Germany', '', '375973182408', '1fa658c84fa48fa5d385@members.ebay.com', 1, 1, '', 0, 1, '', 0, 2, '{\"product\":\"V01PAK\",\"billingNumber\":\"63741035470101\"}', 0, 0),
(119, 5125, 0, 5136, 0, 1, 'DHL', '2025-06-24 07:26:56', '2025-06-24 07:26:56', 'Marco Schmalz', '', '', 'Ohligser Str. 56', '', '40591', 'Düsseldorf', 0, 'Germany', '', '375990104626', '7f88d592d6a9ae1efd53@members.ebay.com', 1, 1, '', 0, 1, '', 0, 2, '{\"product\":\"V62WP\",\"billingNumber\":\"63741035476201\"}', 0, 0),
(120, 5126, 0, 5137, 0, 1, 'DHL', '2025-06-26 07:47:14', '2025-06-26 07:47:15', 'Manja Unrath', '', '', 'Schützenhausstr. 46', '', '69151', 'Neckargemünd', 0, 'Germany', '', '', 'manjaunrath@gmail.com', 1, 1, '', 0, 1, '', 0, 2, '{\"product\":\"V01PAK\",\"billingNumber\":\"63741035470101\"}', 0, 0),
(121, 5127, 0, 5138, 0, 1, 'DHL', '2025-06-26 09:34:42', '2025-06-26 09:34:42', 'Albrecht Sondermaschinen/URSU', '', '', 'Krümmling 2', '', '99734', 'Nordhausen/OT Steinbrücken', 0, 'Germany', '', '376023078924', '1fe92f80f5826b2ef717@members.ebay.com', 1, 1, '', 0, 1, '', 0, 2, '{\"product\":\"V62WP\",\"billingNumber\":\"63741035476201\"}', 0, 0),
(122, 5128, 0, 5139, 0, 1, 'DHL', '2025-06-27 07:47:16', '2025-06-27 07:47:16', 'Michael Büttner', '', '', 'Bahnhofstraße 17', '', '22880', 'Wedel', 0, 'Germany', '', '375838176148', '1fea709e8e5963715a59@members.ebay.com', 1, 1, '', 0, 1, '', 0, 2, '{\"product\":\"V62WP\",\"billingNumber\":\"63741035476201\"}', 0, 0),
(123, 5130, 0, 5141, 0, 1, 'DHL', '2025-06-28 06:36:07', '2025-06-28 06:36:07', 'Zagefka Immobilien UG', '', '', 'Kolpingstr. 1', '', '97903', 'Collenberg', 0, 'Germany', '', '375973141592', '1fec7c1ca7b0abd7e447@members.ebay.com', 1, 1, '', 0, 1, '', 0, 2, '{\"product\":\"V01PAK\",\"billingNumber\":\"63741035470101\"}', 0, 0),
(124, 5135, 0, 5146, 0, 1, 'DHL', '2025-06-30 08:48:06', '2025-06-30 08:48:06', 'Sarah Teubner', '', '', 'Roonstr. 11', '', '45699', 'Herten', 0, 'Germany', '', '375838176148', '3fe602f4a678b70ef192@members.ebay.com', 1, 1, '', 0, 1, '', 0, 2, '{\"product\":\"V01PAK\",\"billingNumber\":\"63741035470101\"}', 0, 0),
(125, 5134, 0, 5145, 0, 1, 'DHL', '2025-06-30 08:51:21', '2025-06-30 08:51:21', 'Thomas Lieberenz', '', '', 'Flottsteller Str 7', '', '14552', 'Michendorf', 0, 'Germany', '', '375990104626', '3fe54fe70b92d3618e66@members.ebay.com', 1, 1, '', 0, 1, '', 0, 2, '{\"product\":\"V62WP\",\"billingNumber\":\"63741035476201\"}', 0, 0),
(126, 5133, 0, 5144, 0, 1, 'DHL', '2025-06-30 09:08:06', '2025-06-30 09:08:06', 'thomas zabel', '', '', 'Am Stangenberg 6', '', '29499', 'Zernien', 0, 'Germany', '', '375973141592', '3fe51f52dcb6af3de196@members.ebay.com', 1, 1, '', 0, 1, '', 0, 2, '{\"product\":\"V01PAK\",\"billingNumber\":\"63741035470101\"}', 0, 0),
(127, 5132, 0, 5143, 0, 1, 'DHL', '2025-06-30 09:10:43', '2025-06-30 09:10:43', 'Blum', '', '', 'Ringstr. 18', '', '63594', 'Hasselroth', 0, 'Germany', '', '375973182408', '3fe3d88adcb6af0f6947@members.ebay.com', 1, 1, '', 0, 1, '', 0, 2, '{\"product\":\"V01PAK\",\"billingNumber\":\"63741035470101\"}', 0, 0),
(128, 5131, 0, 5142, 0, 1, 'DHL', '2025-06-30 09:16:16', '2025-06-30 09:16:16', 'Torsten Gahrens', '', '', 'Elsterweg 32', '', '48268', 'Greven', 0, 'Germany', '', '375838176148', '3fdeecd5743d1aba1d72@members.ebay.com', 1, 1, '', 0, 1, '', 0, 2, '{\"product\":\"V01PAK\",\"billingNumber\":\"63741035470101\"}', 0, 0),
(129, 5136, 0, 5147, 0, 1, 'DHL', '2025-07-01 07:14:57', '2025-07-01 07:14:57', 'Michael Köllmann', '', '', 'Voltastr. 8', '', '30165', 'Hannover', 0, 'Germany', '', '375990104626', '3fe86931743d1bb80646@members.ebay.com', 1, 1, '', 0, 1, '', 0, 2, '{\"product\":\"V62WP\",\"billingNumber\":\"63741035476201\"}', 0, 0),
(130, 5137, 0, 5148, 0, 1, 'DHL', '2025-07-01 07:16:45', '2025-07-01 07:16:45', 'Aaron Steiner', '', '', 'Theodor-Hanloser-Str. 7', '', '78224', 'Singen  (Hohentwiel)', 0, 'Germany', '', '376023031660', '3fe898c49e78b7567a19@members.ebay.com', 1, 1, '', 0, 1, '', 0, 2, '{\"product\":\"V01PAK\",\"billingNumber\":\"63741035470101\"}', 0, 0),
(131, 5138, 0, 5149, 0, 1, 'DHL', '2025-07-01 21:05:16', '2025-07-01 21:05:16', 'Mario Retzar', '', '', 'Reinsdorfer Str. 42', '', '08527', 'Plauen', 0, 'Germany', '', '375973189554', '00ffb89b0280246d4945@members.ebay.com', 1, 1, '', 0, 1, '', 0, 2, '{\"product\":\"V01PAK\",\"billingNumber\":\"63741035470101\"}', 0, 0),
(132, 5139, 0, 5150, 0, 1, 'DHL', '2025-07-02 07:27:06', '2025-07-02 07:27:07', 'Thomas Hämmerle', '', '', 'Obere Ghaustraße 4', '', '88433', 'Schemmerhofen-Alberweiler', 0, 'Germany', '', '375973141592', '7fdfb6ff4a3234d04668@members.ebay.com', 1, 1, '', 0, 1, '', 0, 2, '{\"product\":\"V01PAK\",\"billingNumber\":\"63741035470101\"}', 0, 0),
(133, 5140, 0, 5151, 0, 1, 'DHL', '2025-07-03 19:40:00', '2025-07-03 19:40:00', 'Hendrik Schmidtpott', '', '', 'Astruper Weg 13', 'c/o Gottschlich', '49191', 'Belm', 0, 'Germany', '', '376378928822', '7feeb24307531537bf82@members.ebay.com', 1, 1, '', 0, 1, '', 0, 2, '{\"product\":\"V01PAK\",\"billingNumber\":\"63741035470101\"}', 0, 0),
(134, 5141, 0, 5152, 0, 1, 'DHL', '2025-07-04 10:58:32', '2025-07-04 10:58:32', 'Ingo Dewitz', '', '', 'Im Bergfeld 23', '', '30966', 'Hemmingen', 0, 'Germany', '', '375973141592', '7ff4b2577d7edd1aff38@members.ebay.com', 1, 1, '', 0, 1, '', 0, 2, '{\"product\":\"V01PAK\",\"billingNumber\":\"63741035470101\"}', 0, 0),
(135, 5142, 0, 5153, 0, 1, 'DHL', '2025-07-04 17:47:14', '2025-07-04 17:47:14', 'Yasmin Plobner', '', '', 'Fleisnitz 15', '', '95236', 'Stammbach', 0, 'Germany', '', '375973141592', '7ffc5865ca43160f5b39@members.ebay.com', 1, 1, '', 0, 1, '', 0, 2, '{\"product\":\"V01PAK\",\"billingNumber\":\"63741035470101\"}', 0, 0),
(136, 5143, 0, 5154, 0, 1, 'DHL', '2025-07-07 10:50:39', '2025-07-07 10:50:39', 'Axel Neumeister', '', '', 'Springbornstr. 11', '', '12487', 'Berlin', 0, 'Germany', '', '375990104626', '0080060ebbb4c9ae7d76@members.ebay.com', 1, 1, '', 0, 1, '', 0, 2, '{\"product\":\"V62WP\",\"billingNumber\":\"63741035476201\"}', 0, 0),
(137, 5144, 0, 5155, 0, 1, 'DHL', '2025-07-07 10:55:30', '2025-07-07 10:55:31', 'Andreas Häupl', '', '', 'Packstation 129', '923446783', '39619', 'Arendsee (Altmark)', 0, 'Germany', '', '375990104626', '008013cc113cf16f2948@members.ebay.com', 1, 1, '', 0, 1, '', 0, 2, '{\"product\":\"V62WP\",\"billingNumber\":\"63741035476201\"}', 0, 0),
(138, 5145, 0, 5156, 0, 1, 'DHL', '2025-07-07 10:56:17', '2025-07-07 10:56:17', 'Sarah Friedrich', '', '', 'Kastanienallee 55', '', '22869', 'Schenefeld', 0, 'Germany', '', '375973182408', '00801959142e89af2c64@members.ebay.com', 1, 1, '', 0, 1, '', 0, 2, '{\"product\":\"V01PAK\",\"billingNumber\":\"63741035470101\"}', 0, 0),
(139, 5146, 0, 5157, 0, 1, 'DHL', '2025-07-07 14:37:08', '2025-07-07 14:37:08', 'Roland Bock', '', '', 'Lilli-Zapf-Str. 2', '', '72072', 'Tübingen', 0, 'Germany', '', '375990104626', '00801a8d35f8c55c10d8@members.ebay.com', 1, 1, '', 0, 1, '', 0, 2, '{\"product\":\"V62WP\",\"billingNumber\":\"63741035476201\"}', 0, 0),
(140, 5147, 0, 5158, 0, 1, 'DHL', '2025-07-08 09:37:11', '2025-07-08 09:37:11', 'Mathieu Ermuth', '', '', 'Eubaer Str. 66b', '', '09577', 'Niederwiesa', 0, 'Germany', '', '376382926277', '00801e85b77c9e6f501c@members.ebay.com', 1, 1, '', 0, 1, '', 0, 2, '{\"product\":\"V01PAK\",\"billingNumber\":\"63741035470101\"}', 0, 0),
(141, 5148, 0, 5159, 0, 1, 'DHL', '2025-07-08 09:37:59', '2025-07-08 09:37:59', 'Jens Schäfer', '', '', 'Rosenstraße 22a', '', '86842', 'Türkheim', 0, 'Germany', '', '375939326219', '0080239e23f8853ccbc4@members.ebay.com', 1, 1, '', 0, 1, '', 0, 2, '{\"product\":\"V01PAK\",\"billingNumber\":\"63741035470101\"}', 0, 0),
(142, 5149, 0, 5160, 0, 1, 'DHL', '2025-07-08 15:14:10', '2025-07-08 15:14:10', 'Mario Linhardt', '', '', 'Am Maienschlag 28', '', '97514', 'Oberaurach', 0, 'Germany', '', '376023078924', '01004c196279e2d83e6b@members.ebay.com', 1, 1, '', 0, 1, '', 0, 2, '{\"product\":\"V01PAK\",\"billingNumber\":\"63741035470101\"}', 0, 0),
(143, 5150, 0, 5161, 0, 1, 'DHL', '2025-07-10 08:57:38', '2025-07-10 08:57:38', 'Marko Tasic L-Bau GbR', '', '', 'Isnyerstr. 17', '', '88239', 'Wangen', 0, 'Germany', '', '375959297689', '0080330b9128f55d3a5a@members.ebay.com', 1, 1, '', 0, 1, '', 0, 2, '{\"product\":\"V01PAK\",\"billingNumber\":\"63741035470101\"}', 0, 0),
(144, 5151, 0, 5162, 0, 1, 'DHL', '2025-07-10 09:14:00', '2025-07-10 09:14:00', 'gabriele herzog', '', '', 'petristrasse 36', '', '71364', 'winnenden', 0, 'Germany', '', '375939326219', '01006822e6585cd8b1d4@members.ebay.com', 1, 1, '', 0, 1, '', 0, 2, '{\"product\":\"V01PAK\",\"billingNumber\":\"63741035470101\"}', 0, 0),
(145, 5153, 0, 5164, 0, 1, 'DHL', '2025-07-11 09:33:25', '2025-07-11 09:33:25', 'Kadhewe Westerholt', '', '', 'Eichenwaldstr. 10', '', '91361', 'Pinzberg', 0, 'Germany', '', '375939326219', '200fa71bd5b2ab658958@members.ebay.com', 1, 1, '', 0, 1, '', 0, 2, '{\"product\":\"V01PAK\",\"billingNumber\":\"63741035470101\"}', 0, 0),
(146, 5152, 0, 5163, 0, 1, 'DHL', '2025-07-11 09:37:12', '2025-07-11 09:37:12', 'Margret Hermann', '', '', 'Wilhelmstr. 15', '', '74731', 'Walldürn', 0, 'Germany', '', '375838176148', '1007b55d841ab18a2d18@members.ebay.com', 1, 1, '', 0, 1, '', 0, 2, '{\"product\":\"V01PAK\",\"billingNumber\":\"63741035470101\"}', 0, 0),
(147, 5154, 0, 5165, 0, 1, 'DHL', '2025-07-11 09:38:59', '2025-07-11 09:38:59', 'Doreen Rode', '', '', 'Huflattichweg 29', '', '39130', 'Magdeburg', 0, 'Germany', '', '375939326219', '00803f7de899153f03f6@members.ebay.com', 1, 1, '', 0, 1, '', 0, 2, '{\"product\":\"V01PAK\",\"billingNumber\":\"63741035470101\"}', 0, 0),
(148, 5155, 0, 5166, 0, 1, 'DHL', '2025-07-14 13:36:09', '2025-07-14 13:36:09', 'frank neumann', '', '', 'malagaweg 11', '', '30163', 'hannover', 0, 'Germany', '', '375990104626', '0100a4e82289e2da0347@members.ebay.com', 1, 1, '', 0, 1, '', 0, 2, '{\"product\":\"V62WP\",\"billingNumber\":\"63741035476201\"}', 0, 0),
(149, 5156, 0, 5167, 0, 1, 'DHL', '2025-07-15 15:11:06', '2025-07-15 15:11:06', 'Stephanie Keßler', '', '', 'Hofwiesen 6', '', '73491', 'Neuler', 0, 'Germany', '', '375959328022', '0100df09c2b0ea78a08c@members.ebay.com', 1, 1, '', 0, 1, '', 0, 2, '{\"product\":\"V01PAK\",\"billingNumber\":\"63741035470101\"}', 0, 0),
(150, 5157, 0, 5168, 0, 1, 'DHL', '2025-07-16 14:09:31', '2025-07-16 14:09:31', 'Nils Dannecker', '', '', 'Schillerstraße 15', '', '16225', 'Eberswalde', 0, 'Germany', '', '375973189554', '0100f4939b94862c0b14@members.ebay.com', 1, 1, '', 0, 1, '', 0, 2, '{\"product\":\"V01PAK\",\"billingNumber\":\"63741035470101\"}', 0, 0),
(151, 5158, 0, 5169, 0, 1, 'DHL', '2025-07-16 15:32:09', '2025-07-16 15:32:09', 'Sascha Jühlke', '', '', 'Zerzabelshofer Hauptstr. 10', '', '90480', 'Nürnberg', 0, 'Germany', '', '376378928822', '0100f55ee5e0f46a0164@members.ebay.com', 1, 1, '', 0, 1, '', 0, 2, '{\"product\":\"V01PAK\",\"billingNumber\":\"63741035470101\"}', 0, 0),
(152, 5159, 0, 5170, 0, 1, 'DHL', '2025-07-17 07:37:02', '2025-07-17 07:37:02', 'Katrin Behrendt', '', '', 'Packstation 179', '1113694847', '18437', 'Stralsund', 0, 'Germany', '', '376382926277', '010103b1ad72dabae431@members.ebay.com', 1, 1, '', 0, 1, '', 0, 2, '{\"product\":\"V01PAK\",\"billingNumber\":\"63741035470101\"}', 0, 0),
(153, 5160, 0, 5171, 0, 1, 'DHL', '2025-07-18 08:52:10', '2025-07-18 08:52:10', 'Franziska Obersojer', '', '', 'Watzmannstr. 14', '', '84034', 'Landshut', 0, 'Germany', '', '375990104626', '01010f1550ed460b3ff7@members.ebay.com', 1, 1, '', 0, 1, '', 0, 2, '{\"product\":\"V62WP\",\"billingNumber\":\"63741035476201\"}', 0, 0),
(154, 5161, 0, 5172, 0, 1, 'DHL', '2025-07-22 08:50:04', '2025-07-22 08:50:05', 'Toni Weber', '', '', 'Schützenstraße 13', '', '89231', 'Neu-Ulm', 0, 'Germany', '', '375990104626', '202c312b7374afb6e518@members.ebay.com', 1, 1, '', 0, 1, '', 0, 2, '{\"product\":\"V01PAK\",\"billingNumber\":\"63741035470101\"}', 0, 0),
(155, 5162, 0, 5173, 0, 1, 'DHL', '2025-07-22 08:51:43', '2025-07-22 08:51:43', 'Susann Witt', '', '', 'Ratzeburger Allee 109', 'Gärtnerei Witt', '23562', 'Lübeck', 0, 'Germany', '', '376382926277', '202ca0f3bd3ed7c9c567@members.ebay.com', 1, 1, '', 0, 1, '', 0, 2, '{\"product\":\"V01PAK\",\"billingNumber\":\"63741035470101\"}', 0, 0),
(156, 5164, 0, 5174, 0, 1, 'DHL', '2025-07-23 10:17:34', '2025-07-23 10:17:34', 'Joachim Maier', '', '', 'Parkstr 9', '', '82131', 'Gauting', 0, 'Germany', '', '375973141592', '405dead506bed26d3297@members.ebay.com', 1, 1, '', 0, 1, '', 0, 2, '{\"product\":\"V01PAK\",\"billingNumber\":\"63741035470101\"}', 0, 0),
(157, 5163, 0, 5159, 0, 1, 'DHL', '2025-07-23 11:45:15', '2025-07-23 11:45:15', 'Jens Schäfer', '', '', 'Rosenstraße 22a', '', '86842', 'Türkheim', 0, 'Germany', '', '375939326219', '0080239e23f8853ccbc4@members.ebay.com', 1, 1, '', 0, 1, '', 0, 2, '{\"product\":\"V01PAK\",\"billingNumber\":\"63741035470101\"}', 0, 0),
(158, 5165, 0, 5175, 0, 1, 'DHL', '2025-07-23 17:27:54', '2025-07-23 17:27:54', 'Franziska Obersojer', '', '', 'Watzmannstraße 14', '', '84034', 'Landshut', 0, 'Germany', '', '375990104626', '4062da96f72983083894@members.ebay.com', 1, 1, '', 0, 1, '', 0, 2, '{\"product\":\"V62WP\",\"billingNumber\":\"63741035476201\"}', 0, 0);
INSERT INTO `shippings` (`id`, `orders_id`, `reclamations_id`, `customers_id`, `weight`, `packages`, `versender`, `date_added`, `date_finished`, `name1`, `name2`, `company`, `street1`, `street2`, `postcode`, `city`, `country_id`, `country_name`, `country_special`, `ebay_id`, `email`, `status`, `csv_status`, `comments`, `feedback_mail_sent`, `pdf_status`, `tracking_id`, `shipper_export_status`, `email_send_status`, `additional_params`, `secupay_send_status`, `stop_recreate`) VALUES
(159, 5166, 0, 5176, 0, 1, 'DHL', '2025-07-24 13:23:18', '2025-07-24 13:23:18', 'Markus Große-Kalmer', '', '', 'Wennigser Ring 42', '', '49326', 'Melle', 0, 'Germany', '', '375973141592', '1018d4293330429e1414@members.ebay.com', 1, 1, '', 0, 1, '', 0, 2, '{\"product\":\"V01PAK\",\"billingNumber\":\"63741035470101\"}', 0, 0),
(160, 5167, 0, 5177, 0, 1, 'DHL', '2025-07-24 13:24:14', '2025-07-24 13:24:14', 'Michael Marschall', '', '', 'Oldenburger Str. 18', '', '04157', 'Leipzig', 0, 'Germany', '', '375990104626', '4066f00f2fe2d3855e96@members.ebay.com', 1, 1, '', 0, 1, '', 0, 2, '{\"product\":\"V01PAK\",\"billingNumber\":\"63741035470101\"}', 0, 0),
(161, 5168, 0, 5178, 0, 1, 'DHL', '2025-07-25 07:58:39', '2025-07-25 07:58:39', 'Jens Tobias Ehrlich Kulka Gbr', '', '', 'Merzdorfer Weg 33', '', '03042', 'Cottbus', 0, 'Germany', '', '376378928822', '40687a3eca998ac48821@members.ebay.com', 1, 1, '', 0, 1, '', 0, 2, '{\"product\":\"V01PAK\",\"billingNumber\":\"63741035470101\"}', 0, 0),
(162, 5170, 0, 5133, 0, 1, 'DHL', '2025-07-31 20:13:06', '2025-07-31 20:13:06', 'Dieter Friedrich', '', '', 'Rahmengasse 32', '', '69120', 'Heidelberg', 0, 'Germany', '', '375973182408', '00febca744be262c6e37@members.ebay.com', 1, 1, '', 0, 1, '', 0, 2, '{\"product\":\"V01PAK\",\"billingNumber\":\"63741035470101\"}', 0, 0),
(163, 5171, 0, 5180, 0, 1, 'DHL', '2025-07-31 20:14:32', '2025-07-31 20:14:32', 'Christian Feldker', '', '', 'Adalbert-Stifter-Straße 3', '', '95615', 'Marktredwitz', 0, 'Germany', '', '375838176148', '00811a47cf923b9ce487@members.ebay.com', 1, 1, '', 0, 1, '', 0, 2, '{\"product\":\"V01PAK\",\"billingNumber\":\"63741035470101\"}', 0, 0),
(164, 5172, 0, 5181, 0, 1, 'DHL', '2025-08-01 12:10:39', '2025-08-01 12:10:39', 'Marius Welk', '', '', 'Waldweg 18', '', '06268', 'Querfurt', 0, 'Germany', '', '375990104626', '0081219387a8f35c21e0@members.ebay.com', 1, 1, '', 0, 1, '', 0, 2, '{\"product\":\"V01PAK\",\"billingNumber\":\"63741035470101\"}', 0, 0),
(165, 5173, 0, 5182, 0, 1, 'DHL', '2025-08-01 21:16:23', '2025-08-01 21:16:23', 'Maximilian Martin', '', '', 'Keltenweg 4a', '', '85748', 'Garching', 0, 'Germany', '', '375939081522', '040920195c8d54759323@members.ebay.com', 1, 1, '', 0, 1, '', 0, 2, '{\"product\":\"V62WP\",\"billingNumber\":\"63741035476201\"}', 0, 0),
(166, 5175, 0, 5184, 0, 1, 'DHL', '2025-08-11 08:07:18', '2025-08-11 08:07:18', 'Martin Themann', '', '', 'Sperberweg 52', '', '48341', 'Altenberge', 0, 'Germany', '', '376378898777', '0102e21f826042ebbee9@members.ebay.com', 1, 1, '', 0, 1, '', 0, 2, '{\"product\":\"V01PAK\",\"billingNumber\":\"63741035470101\"}', 0, 0),
(167, 5176, 0, 5185, 0, 1, 'DHL', '2025-08-18 08:34:30', '2025-08-18 08:34:30', 'Bärbel Grasse', '', '', 'Dorfstr. 3a', '', '94530', 'Auerbach', 0, 'Germany', '', '376023031660', '40db1bd0a35513476a75@members.ebay.com', 1, 1, '', 0, 1, '', 0, 2, '{\"product\":\"V01PAK\",\"billingNumber\":\"63741035470101\"}', 0, 0),
(168, 5177, 0, 5186, 0, 1, 'DHL', '2025-08-18 08:37:06', '2025-08-18 08:37:06', 'Ulrike Funk', '', '', 'Strasse zu den Neubauten 1', '', '19412', 'Kloster Tempzin', 0, 'Germany', '', '375806979630', '0081cb360e47824d3caa@members.ebay.com', 1, 1, '', 0, 1, '', 0, 2, '{\"product\":\"V62WP\",\"billingNumber\":\"63741035476201\"}', 0, 0),
(169, 5178, 0, 5187, 0, 1, 'DHL', '2025-08-20 16:24:08', '2025-08-20 16:24:08', 'Marek Ehrhardt', '', '', 'Kleine Feldstr. 6a', '', '98693', 'Ilmenau', 0, 'Germany', '', '376378898777', '02078ef132ec8d703273@members.ebay.com', 1, 1, '', 0, 1, '', 0, 2, '{\"product\":\"V01PAK\",\"billingNumber\":\"63741035470101\"}', 0, 0),
(170, 5179, 0, 5188, 0, 1, 'DHL', '2025-08-22 09:46:11', '2025-08-22 09:46:11', 'Tobias Schatz', '', '', 'Haydnstraße 5', '', '56220', 'Urmitz', 0, 'Germany', '', '376023031660', '040fed48310f492bd541@members.ebay.com', 1, 1, '', 0, 1, '', 0, 2, '{\"product\":\"V01PAK\",\"billingNumber\":\"63741035470101\"}', 0, 0),
(171, 5180, 0, 5189, 0, 1, 'DHL', '2025-08-26 08:12:12', '2025-08-26 08:12:13', 'Heiko Wenzel', '', '', 'Bornstraße 8', '', '36088', 'Hünfeld', 0, 'Germany', '', '376023031660', '411405b2808b3eba5e80@members.ebay.com', 1, 1, '', 0, 1, '', 0, 2, '{\"product\":\"V01PAK\",\"billingNumber\":\"63741035470101\"}', 0, 0),
(172, 5181, 0, 5190, 0, 1, 'DHL', '2025-08-26 13:12:45', '2025-08-26 13:12:45', 'Peter Ruzic', '', '', 'Bunsenstraße 26', '', '71032', 'Böblingen', 0, 'Germany', '', '', 'pruzic@gmx.de', 1, 1, '', 0, 1, '', 0, 2, '{\"product\":\"V01PAK\",\"billingNumber\":\"63741035470101\"}', 0, 0),
(173, 5182, 0, 5191, 0, 1, 'DHL', '2025-09-01 09:04:36', '2025-09-01 09:04:36', 'Jasper Grosser', '', '', 'Packstation 267', '1027221128', '04277', 'Leipzig', 0, 'Germany', '', '376023031660', '008262059e49b926c2c8@members.ebay.com', 1, 1, '', 0, 1, '', 0, 2, '{\"product\":\"V01PAK\",\"billingNumber\":\"63741035470101\"}', 0, 0),
(174, 5184, 0, 5193, 0, 1, 'DHL', '2025-09-08 07:29:21', '2025-09-08 07:29:21', 'Jens Tefett', '', '', 'Böttcherstraße 14', '', '46244', 'Bottrop', 0, 'Germany', '', '376023031660', '415381c0809f3f598062@members.ebay.com', 1, 1, '', 0, 1, '', 0, 2, '{\"product\":\"V01PAK\",\"billingNumber\":\"63741035470101\"}', 0, 0),
(175, 5186, 0, 5195, 0, 1, 'DHL', '2025-09-09 07:27:54', '2025-09-09 07:27:54', 'Manuela Mohmeyer', '', '', 'Kieferneck 40', '', '29323', 'Wietze', 0, 'Germany', '', '375807036113', '0082b413d977c5c451a5@members.ebay.com', 1, 1, '', 0, 1, '', 0, 2, '{\"product\":\"V01PAK\",\"billingNumber\":\"63741035470101\"}', 0, 0),
(176, 5187, 0, 5196, 0, 1, 'DHL', '2025-09-11 11:19:09', '2025-09-11 11:19:09', 'Florian Weber', '', '', 'Senefelderstr. 72', '', '90409', 'Nürnberg', 0, 'Germany', '', '376529551080', '105a3f187b2346e9b630@members.ebay.com', 1, 1, '', 0, 1, '', 0, 2, '{\"product\":\"V01PAK\",\"billingNumber\":\"63741035470101\"}', 0, 0),
(177, 5188, 0, 5197, 0, 1, 'DHL', '2025-09-15 13:09:21', '2025-09-15 13:09:21', 'Dirk Hanusch', '', '', 'Neue Str. 7', '', '01983', 'Großräschen', 0, 'Germany', '', '375859978467', '41770ad0e1515684b419@members.ebay.com', 1, 1, '', 0, 1, '', 0, 2, '{\"product\":\"V01PAK\",\"billingNumber\":\"63741035470101\"}', 0, 0),
(178, 5189, 0, 5198, 0, 1, 'DHL', '2025-09-15 13:13:14', '2025-09-15 13:13:14', 'Sven Heinzelmann', '', '', 'Gartenweg 6b', '', '03096', 'Dissen-striesow', 0, 'Germany', '', '376529551080', '20bd4b6a719c89422b16@members.ebay.com', 1, 1, '', 0, 1, '', 0, 2, '{\"product\":\"V01PAK\",\"billingNumber\":\"63741035470101\"}', 0, 0),
(179, 5190, 0, 5199, 0, 1, 'DHL', '2025-09-16 07:59:59', '2025-09-16 07:59:59', 'Georg Mezlaw', '', '', 'Sievekingsallee 166a', '', '22111', 'Hamburg', 0, 'Germany', '', '376378928822', '4180bf3b489d477c3251@members.ebay.com', 1, 1, '', 0, 1, '', 0, 2, '{\"product\":\"V01PAK\",\"billingNumber\":\"63741035470101\"}', 0, 0),
(180, 5191, 0, 5200, 0, 1, 'DHL', '2025-09-17 15:08:01', '2025-09-17 15:08:02', 'Jakob Boillat', '', '', 'Marie-Curie-Straße 5', 'c/o Geiger 17922', '79539', 'Lörrach', 0, 'Germany', '', '376022979546', '08312084629a925bfa52@members.ebay.com', 1, 1, '', 0, 1, '', 0, 2, '{\"product\":\"V01PAK\",\"billingNumber\":\"63741035470101\"}', 0, 0),
(181, 5192, 0, 5201, 0, 1, 'DHL', '2025-09-18 07:35:09', '2025-09-18 07:35:09', 'Heike Fischer', '', '', 'Hirschbach 3', '', '07957', 'Langenwetzendorf', 0, 'Germany', '', '376378928822', '00831a71c72b8a6d3f71@members.ebay.com', 1, 1, '', 0, 1, '', 0, 2, '{\"product\":\"V01PAK\",\"billingNumber\":\"63741035470101\"}', 0, 0),
(182, 5193, 0, 5202, 0, 1, 'DHL', '2025-09-26 12:30:39', '2025-09-26 12:30:40', 'Helmut Pfeifer', '', '', 'Hopfenweg 4', '', '86687', 'Kaisheim', 0, 'Germany', '', '376023031660', '0106e1bd0d22751b5d4b@members.ebay.com', 1, 1, '', 0, 1, '', 0, 2, '{\"product\":\"V01PAK\",\"billingNumber\":\"63741035470101\"}', 0, 0),
(183, 5194, 0, 5203, 0, 1, 'DHL', '2025-09-29 07:33:57', '2025-09-29 07:33:57', 'Marcus Stegmann', '', '', 'Grevenbroicherstr. 33', '', '50181', 'Bedburg', 0, 'Germany', '', '376023031660', '00837ebf9b6080e6b868@members.ebay.com', 1, 1, '', 0, 1, '', 0, 2, '{\"product\":\"V01PAK\",\"billingNumber\":\"63741035470101\"}', 0, 0),
(184, 5195, 0, 5204, 0, 1, 'DHL', '2025-10-01 11:12:52', '2025-10-01 11:12:52', 'Vitalis Tag', '', '', 'Diamantstr. 34', '', '53881', 'Euskirchen-Rheder', 0, 'Germany', '', '376023031660', '00839abbb500917454f8@members.ebay.com', 1, 1, '', 0, 1, '', 0, 2, '{\"product\":\"V01PAK\",\"billingNumber\":\"63741035470101\"}', 0, 0),
(185, 5196, 0, 5205, 0, 1, 'DHL', '2025-10-01 11:14:46', '2025-10-01 11:14:46', 'Olaf Bartoschik', '', '', 'Packstation 217', '50677774', '14169', 'Berlin', 0, 'Germany', '', '375959328022', '0107499977ce9b8f093d@members.ebay.com', 1, 1, '', 0, 1, '', 0, 2, '{\"product\":\"V01PAK\",\"billingNumber\":\"63741035470101\"}', 0, 0),
(186, 5197, 0, 5206, 0, 1, 'DHL', '2025-10-02 16:02:32', '2025-10-02 16:02:33', 'Dajana Nobis', '', '', 'Kattenbrookstrift 29', '', '30539', 'Hannover', 0, 'Germany', '', '375990564681', '041d831a48c311ad4e22@members.ebay.com', 1, 1, '', 0, 1, '', 0, 2, '{\"product\":\"V01PAK\",\"billingNumber\":\"63741035470101\"}', 0, 0),
(187, 5198, 0, 5207, 0, 1, 'DHL', '2025-10-02 16:05:05', '2025-10-02 16:05:05', 'Elke Driesch-Etscheid', '', '', 'Micheler Str. 2a', '', '89312', 'Günzburg', 0, 'Germany', '', '376573346298', '01076368fa28db4861bc@members.ebay.com', 1, 1, '', 0, 1, '', 0, 2, '{\"product\":\"V01PAK\",\"billingNumber\":\"63741035470101\"}', 0, 0),
(188, 5199, 0, 5209, 0, 1, 'DHL', '2025-10-06 09:05:49', '2025-10-06 09:05:49', 'Kerstin Brzakala', '', '', 'Schloßstr. 20', '', '06800', 'Raguhn-Jeßnitz', 0, 'Germany', '', '376529551080', '01079f5fbc53524804ea@members.ebay.com', 1, 1, '', 0, 1, '', 0, 2, '{\"product\":\"V01PAK\",\"billingNumber\":\"63741035470101\"}', 0, 0),
(189, 5200, 0, 5210, 0, 1, 'DHL', '2025-10-07 11:27:53', '2025-10-07 11:27:53', 'Sebastian Glaß', '', '', 'Bäumlesäckerweg 3', '', '72574', 'Bad Urach-Sirchingen', 0, 'Germany', '', '376588953862', '41e9effd1931ae7ef030@members.ebay.com', 1, 1, '', 0, 1, '', 0, 2, '{\"product\":\"V62KP\",\"billingNumber\":\"63741035476201\"}', 0, 0),
(190, 5201, 0, 5211, 0, 1, 'DHL', '2025-10-08 09:55:07', '2025-10-08 09:55:07', 'Diego Gardon', '', '', 'Hachenburger Str. 2', '', '51105', 'Köln', 0, 'Germany', '', '376586981718', '0083eb1b223cc35c32bb@members.ebay.com', 1, 1, '', 0, 1, '', 0, 2, '{\"product\":\"V01PAK\",\"billingNumber\":\"63741035470101\"}', 0, 0),
(191, 5202, 0, 5212, 0, 1, 'DHL', '2025-10-10 11:55:09', '2025-10-10 11:55:09', 'Andrej Weizel', '', '', 'An der Jugendherberge 36', '', '53567', 'Asbach', 0, 'Germany', '', '375806979269', '107f4320f96a2cb32846@members.ebay.com', 1, 1, '', 0, 1, '', 0, 2, '{\"product\":\"V62KP\",\"billingNumber\":\"63741035476201\"}', 0, 0),
(192, 5203, 0, 5213, 0, 1, 'DHL', '2025-10-13 08:17:56', '2025-10-13 08:17:56', 'Oguzhan Erkmen', '', '', 'Uerdinger Str. 64', '', '40474', 'Düsseldorf', 0, 'Germany', '', '376529551080', '10821ef30e03cff56f38@members.ebay.com', 1, 1, '', 0, 1, '', 0, 2, '{\"product\":\"V01PAK\",\"billingNumber\":\"63741035470101\"}', 0, 0),
(193, 5204, 0, 5214, 0, 1, 'DHL', '2025-10-13 08:25:00', '2025-10-13 08:25:00', 'Gajda', '', '', '2. Koppelweg  7', 'II.Koppelweg  7', '38518', 'Gifhorn', 0, 'Germany', '', '375973315359', '2105386474c4d73d2515@members.ebay.com', 1, 1, '', 0, 1, '', 0, 2, '{\"product\":\"V01PAK\",\"billingNumber\":\"63741035470101\"}', 0, 0),
(194, 5205, 0, 5215, 0, 1, 'DHL', '2025-10-13 08:26:58', '2025-10-13 08:26:59', 'Alexander Feige', '', '', 'Im Fischergarten 3', '', '88250', 'Weingarten', 0, 'Germany', '', '375959269083', '2106cef86cc059851369@members.ebay.com', 1, 1, '', 0, 1, '', 0, 2, '{\"product\":\"V62KP\",\"billingNumber\":\"63741035476201\"}', 0, 0),
(195, 5206, 0, 5216, 0, 1, 'DHL', '2025-10-13 08:28:23', '2025-10-13 08:28:23', 'Falk Lützelberger', '', '', 'Heinickeweg 8', '', '13627', 'Berlin', 0, 'Germany', '', '376529551080', '2106e21b1a2e8db9cc83@members.ebay.com', 1, 1, '', 0, 1, '', 0, 2, '{\"product\":\"V01PAK\",\"billingNumber\":\"63741035470101\"}', 0, 0),
(196, 5207, 0, 5217, 0, 1, 'DHL', '2025-10-13 08:29:35', '2025-10-13 08:29:35', 'Edeltraut Senss', '', '', 'Sansibarstrasse 39', '', '13351', 'Berlin', 0, 'Germany', '', '376574839305', '2107011a74c4d7911b26@members.ebay.com', 1, 1, '', 0, 1, '', 0, 2, '{\"product\":\"V01PAK\",\"billingNumber\":\"63741035470101\"}', 0, 0),
(197, 5208, 0, 5218, 0, 1, 'DHL', '2025-10-13 08:30:34', '2025-10-13 08:30:34', 'Elmar Kaiser', '', '', 'Schürten 16', '', '59302', 'Oelde', 0, 'Germany', '', '375807036045', '21072c203a108dd4c212@members.ebay.com', 1, 1, '', 0, 1, '', 0, 2, '{\"product\":\"V01PAK\",\"billingNumber\":\"63741035470101\"}', 0, 0),
(198, 5209, 0, 5219, 0, 1, 'DHL', '2025-10-14 07:31:21', '2025-10-14 07:31:21', 'Robert Klenk', '', '', 'Brückenstrasse 37', '', '71384', 'Weinstadt', 0, 'Germany', '', '376529551080', '4214c89335c0b2a1ba78@members.ebay.com', 1, 1, '', 0, 1, '', 0, 2, '{\"product\":\"V01PAK\",\"billingNumber\":\"63741035470101\"}', 0, 0),
(199, 5210, 0, 5220, 0, 1, 'DHL', '2025-10-20 09:51:04', '2025-10-20 09:51:04', 'Jens Naujoks', '', '', 'Packstation 101', '24014023', '25497', 'Prisdorf', 0, 'Germany', '', '376574839194', '008465ec6154f16e5939@members.ebay.com', 1, 1, '', 0, 1, '', 0, 2, '{\"product\":\"V01PAK\",\"billingNumber\":\"63741035470101\"}', 0, 0),
(200, 5211, 0, 5221, 0, 1, 'Post', '2025-10-22 14:58:58', '2025-10-22 14:58:58', 'Bruno Prekratic', '', '', 'Bergstraße 2', '', '8600', 'Bruck an der Mur', 0, 'Austria', '', '', 'prekraticbruno@a1.net', 1, 1, '', 0, 1, '', 0, 2, '', 0, 0),
(201, 5212, 0, 5222, 0, 1, 'DHL', '2025-10-27 15:46:26', '2025-10-27 15:46:26', 'Claus Marian Wohler', '', '', 'Charlottenhütte 8', '', '57080', 'Siegen', 0, 'Germany', '', '376573346298', '0109460008dd1b8c27c0@members.ebay.com', 1, 1, '', 0, 1, '', 0, 2, '{\"product\":\"V01PAK\",\"billingNumber\":\"63741035470101\"}', 0, 0),
(202, 5213, 0, 5223, 0, 1, 'DHL', '2025-10-27 15:46:54', '2025-10-27 15:46:54', 'Martin Tobi', '', '', 'Uhlengrund 4', '', '21220', 'Seevetal', 0, 'Germany', '', '376573346298', '0084a54a5669c12756c6@members.ebay.com', 1, 1, '', 0, 1, '', 0, 2, '{\"product\":\"V01PAK\",\"billingNumber\":\"63741035470101\"}', 0, 0),
(203, 5214, 0, 5224, 0, 1, 'DHL', '2025-10-29 15:30:16', '2025-10-29 15:30:16', 'Peter Abel Beteiligungsges. mbH', '', '', 'Magdeburger Str. 32', 'Eingang Alte Straße', '35435', 'Wettenberg', 0, 'Germany', '', '375959269083', '010979d92a8111c9066f@members.ebay.com', 1, 1, '', 0, 1, '', 0, 2, '{\"product\":\"V01PAK\",\"billingNumber\":\"63741035470101\"}', 0, 0),
(204, 5215, 0, 5225, 0, 1, 'DHL', '2025-10-29 15:32:51', '2025-10-29 15:32:51', 'Marita Schnell', '', '', 'Senatsplatz 7', '', '55286', 'Wörrstadt', 0, 'Germany', '', '376574839222', '4262dbbf0565467d6a43@members.ebay.com', 1, 1, '', 0, 1, '', 0, 2, '{\"product\":\"V01PAK\",\"billingNumber\":\"63741035470101\"}', 0, 0),
(205, 5216, 0, 5226, 0, 1, 'DHL', '2025-11-03 09:12:21', '2025-11-03 09:12:21', 'Dagmar Hossfeld', '', '', 'Wassermühlenstr. 11', '', '24376', 'Kappeln', 0, 'Germany', '', '376574839194', '0109c63bcef3824b78e7@members.ebay.com', 1, 1, '', 0, 1, '', 0, 2, '{\"product\":\"V01PAK\",\"billingNumber\":\"63741035470101\"}', 0, 0),
(206, 5217, 0, 5227, 0, 1, 'DHL', '2025-11-03 09:14:48', '2025-11-03 09:14:48', 'Andreas Baumgart', '', '', 'Dorfstr. 38', 'OT Schwarzholz', '39596', 'Hohenberg-Krusemark', 0, 'Germany', '', '375990648938', '4272e363495d5688f975@members.ebay.com', 1, 1, '', 0, 1, '', 0, 2, '{\"product\":\"V01PAK\",\"billingNumber\":\"63741035470101\"}', 0, 0),
(207, 5218, 0, 5228, 0, 1, 'DHL', '2025-11-03 09:16:06', '2025-11-03 09:16:06', 'Michael Schmidt', '', '', 'Reichertstrasse 17', '', '02826', 'Görlitz', 0, 'Germany', '', '376574839222', '0213b0d0d2ef21513a51@members.ebay.com', 1, 1, '', 0, 1, '', 0, 2, '{\"product\":\"V01PAK\",\"billingNumber\":\"63741035470101\"}', 0, 0),
(208, 5219, 0, 5229, 0, 1, 'DHL', '2025-11-03 09:17:52', '2025-11-03 09:17:52', 'Shell Tankstelle Haiger C/o KLENS', '', '', 'Bahnhofstr. 42', '', '35708', 'Haiger', 0, 'Germany', '', '375973315359', '0109e078696cc44c1fa8@members.ebay.com', 1, 1, '', 0, 1, '', 0, 2, '{\"product\":\"V01PAK\",\"billingNumber\":\"63741035470101\"}', 0, 0),
(209, 5220, 0, 5230, 0, 1, 'DHL', '2025-11-03 09:19:13', '2025-11-03 09:19:13', 'Ursula Maier', '', '', 'Am Lehnstein 14', '', '97337', 'Dettelbach', 0, 'Germany', '', '376574839270', '109ee1513f174fb53669@members.ebay.com', 1, 1, '', 0, 1, '', 0, 2, '{\"product\":\"V01PAK\",\"billingNumber\":\"63741035470101\"}', 0, 0),
(210, 5221, 0, 5231, 0, 1, 'DHL', '2025-11-03 09:21:02', '2025-11-03 09:21:02', 'Juliane Sülter', '', '', 'Am Bokholt 9', '', '24251', 'Osdorf', 0, 'Germany', '', '376574839222', '427db6307e0cb7821423@members.ebay.com', 1, 1, '', 0, 1, '', 0, 2, '{\"product\":\"V01PAK\",\"billingNumber\":\"63741035470101\"}', 0, 0),
(211, 5222, 0, 5232, 0, 1, 'DHL', '2025-11-10 11:47:50', '2025-11-10 11:47:50', 'Tanja Moritz', '', '', 'Meinkenweg 2', '', '27339', 'Riede', 0, 'Germany', '', '376574839270', '42a5322d1b3192087491@members.ebay.com', 1, 1, '', 0, 1, '', 0, 2, '{\"product\":\"V01PAK\",\"billingNumber\":\"63741035470101\"}', 0, 0),
(212, 5223, 0, 5233, 0, 1, 'DHL', '2025-11-12 07:42:07', '2025-11-12 07:42:07', 'Jo Herbst', '', 'privat', 'Franz-Peter-Seifert-Str. 1a', '', '91126', 'Schwabach', 0, 'Germany', '', '', 'Jo.herbst@online.de', 1, 1, '', 0, 1, '', 0, 2, '{\"product\":\"V01PAK\",\"billingNumber\":\"63741035470101\"}', 0, 0),
(213, 5224, 0, 5234, 0, 1, 'DHL', '2025-11-12 17:31:32', '2025-11-12 17:31:32', 'Waltraud Calabrese', '', '', 'Am Ring 56', '', '66583', 'Spiesen-Elversberg', 0, 'Germany', '', '376574839270', '42b1714e75e0b39a1937@members.ebay.com', 1, 1, '', 0, 1, '', 0, 2, '{\"product\":\"V01PAK\",\"billingNumber\":\"63741035470101\"}', 0, 0),
(214, 5225, 0, 5235, 0, 1, 'DHL', '2025-11-13 07:28:51', '2025-11-13 07:28:51', 'Ute Adler', '', '', 'Nürnberger Str. 52', '', '97076', 'Würzburg', 0, 'Germany', '', '376574839222', '42b29c5cd458bbd19055@members.ebay.com', 1, 1, '', 0, 1, '', 0, 2, '{\"product\":\"V01PAK\",\"billingNumber\":\"63741035470101\"}', 0, 0),
(215, 5226, 0, 5236, 0, 1, 'DHL', '2025-11-14 15:42:03', '2025-11-14 15:42:03', 'Jörg Ostrowski', '', '', 'Taklerring 16', '', '18109', 'Rostock', 0, 'Germany', '', '376574839270', '00857393391ccdbcb1b3@members.ebay.com', 1, 1, '', 0, 1, '', 0, 2, '{\"product\":\"V01PAK\",\"billingNumber\":\"63741035470101\"}', 0, 0),
(216, 5227, 0, 5237, 0, 1, 'DHL', '2025-11-14 15:42:33', '2025-11-14 15:42:33', 'Robert Keane', '', '', 'Charles-Roß-Ring 118', '', '24106', 'Kiel', 0, 'Germany', '', '375807035952', '0085764dfed655c58f53@members.ebay.com', 1, 1, '', 0, 1, '', 0, 2, '{\"product\":\"V01PAK\",\"billingNumber\":\"63741035470101\"}', 0, 0),
(217, 5228, 0, 5234, 0, 1, 'DHL', '2025-11-17 08:38:34', '2025-11-17 08:38:35', 'Waltraud Calabrese', '', '', 'Am Ring 56', '', '66583', 'Spiesen-Elversberg', 0, 'Germany', '', '376574839270', '42b1714e75e0b39a1937@members.ebay.com', 1, 1, '', 0, 1, '', 0, 2, '{\"product\":\"V01PAK\",\"billingNumber\":\"63741035470101\"}', 0, 0),
(218, 5229, 0, 5238, 0, 1, 'DHL', '2025-11-17 08:39:51', '2025-11-17 08:39:51', 'Katrin Schuricht -Seidel', '', '', 'Auf der Leiten 10', '', '94522', 'Wallersdorf', 0, 'Germany', '', '376694824175', '00858af231d8da7ef67e@members.ebay.com', 1, 1, '', 0, 1, '', 0, 2, '{\"product\":\"V01PAK\",\"billingNumber\":\"63741035470101\"}', 0, 0),
(219, 5230, 0, 5239, 0, 1, 'DHL', '2025-11-17 08:41:35', '2025-11-17 08:41:35', 'Marc fornfeist', '', '', 'Niederrheinstr. 3', '', '40474', 'Düsseldorf', 0, 'Germany', '', '376694824175', '00858c463547cdc70d44@members.ebay.com', 1, 1, '', 0, 1, '', 0, 2, '{\"product\":\"V01PAK\",\"billingNumber\":\"63741035470101\"}', 0, 0),
(220, 5231, 0, 5240, 0, 1, 'DHL', '2025-11-17 08:42:49', '2025-11-17 08:42:49', 'Hardy Michael Gohl', '', '', 'Mahlower Str 121D', '', '14513', 'Teltow', 0, 'Germany', '', '376694824175', '00858fa0ad47cdc767e3@members.ebay.com', 1, 1, '', 0, 1, '', 0, 2, '{\"product\":\"V01PAK\",\"billingNumber\":\"63741035470101\"}', 0, 0),
(221, 5232, 0, 5241, 0, 1, 'DHL', '2025-11-18 21:40:24', '2025-11-18 21:40:24', 'Silke Eberle', '', '', 'Gartenstr. 5', '', '75438', 'Knittlingen', 0, 'Germany', '', '376574839270', '008597de7fb2f35f0d69@members.ebay.com', 1, 1, '', 0, 1, '', 0, 2, '{\"product\":\"V01PAK\",\"billingNumber\":\"63741035470101\"}', 0, 0),
(222, 5233, 0, 5242, 0, 1, 'DHL', '2025-11-18 21:41:44', '2025-11-18 21:41:44', 'Barbara Witt', '', '', 'Heimgartenstr. 5', '', '72351', 'Geislingen', 0, 'Germany', '', '376694824175', '008597f40f92f35f0d6a@members.ebay.com', 1, 1, '', 0, 1, '', 0, 2, '{\"product\":\"V01PAK\",\"billingNumber\":\"63741035470101\"}', 0, 0),
(223, 5234, 0, 5243, 0, 1, 'DHL', '2025-11-18 21:42:48', '2025-11-18 21:42:48', 'Sonia Zimmermann', '', '', 'Buchenweg 8', '', '35625', 'Hüttenberg', 0, 'Germany', '', '376694824175', '010b3eebd3b1b4f8b1fb@members.ebay.com', 1, 1, '', 0, 1, '', 0, 2, '{\"product\":\"V01PAK\",\"billingNumber\":\"63741035470101\"}', 0, 0),
(224, 5235, 0, 5244, 0, 1, 'DHL', '2025-11-18 21:44:21', '2025-11-18 21:44:21', 'Thomas Gries', '', '', 'Richard-Wagner-Straße 71', '', '65830', 'Kriftel', 0, 'Germany', '', '376529551080', '0085a076ac658a4d4dd2@members.ebay.com', 1, 1, '', 0, 1, '', 0, 2, '{\"product\":\"V01PAK\",\"billingNumber\":\"63741035470101\"}', 0, 0),
(225, 5236, 0, 5245, 0, 1, 'DHL', '2025-11-24 08:13:19', '2025-11-24 08:13:19', 'Annegret Zimpel', '', '', 'Kastanienweg 23', '', '14641', 'Nauen', 0, 'Germany', '', '376574839340', '217387e90d896945a983@members.ebay.com', 1, 1, '', 0, 1, '', 0, 2, '{\"product\":\"V01PAK\",\"billingNumber\":\"63741035470101\"}', 0, 0),
(226, 5237, 0, 5246, 0, 1, 'DHL', '2025-11-24 08:15:23', '2025-11-24 08:15:23', 'Bernd Hertle', '', '', 'Solitudeallee 4/2', '', '71636', 'Ludwigsburg', 0, 'Germany', '', '376529551080', '010baa455e22746cc192@members.ebay.com', 1, 1, '', 0, 1, '', 0, 2, '{\"product\":\"V01PAK\",\"billingNumber\":\"63741035470101\"}', 0, 0),
(227, 5238, 0, 5247, 0, 1, 'DHL', '2025-11-26 08:08:42', '2025-11-26 08:08:42', 'Marc Meerkamp', '', '', 'Helenenstr. 16', '', '46049', 'Oberhausen', 0, 'Germany', '', '376574839305', '010bc574937ecb8ddfb7@members.ebay.com', 1, 1, '', 0, 1, '', 0, 2, '{\"product\":\"V01PAK\",\"billingNumber\":\"63741035470101\"}', 0, 0),
(228, 5239, 0, 5248, 0, 1, 'DHL', '2025-11-26 08:10:44', '2025-11-26 08:10:44', 'Sabrina Akgül', '', '', 'Tannenbergstr. 1', '', '31848', 'Bad Münder am Deister', 0, 'Germany', '', '376574839305', '010bd0f7a92bad8c7854@members.ebay.com', 1, 1, '', 0, 1, '', 0, 2, '{\"product\":\"V01PAK\",\"billingNumber\":\"63741035470101\"}', 0, 0),
(229, 5240, 0, 5249, 0, 1, 'DHL', '2025-11-28 15:49:50', '2025-11-28 15:49:50', 'Angelika Grathwohl', '', '', 'Buchenweg 22', '', '84094', 'Elsendorf', 0, 'Germany', '', '375927699664', '010bfc7dd92bad8df0f3@members.ebay.com', 1, 1, '', 0, 1, '', 0, 2, '{\"product\":\"V62KP\",\"billingNumber\":\"63741035476201\"}', 0, 0),
(230, 5241, 0, 5250, 0, 1, 'DHL', '2025-12-01 06:49:08', '2025-12-01 06:49:08', 'Arnd-D. zur Horst & Nadja Gropp', '', '', 'Georgengasse 10', '', '99734', 'Nordhausen', 0, 'Germany', '', '376573346298', '04309b52eb6a95326f81@members.ebay.com', 1, 1, '', 0, 1, '', 0, 2, '{\"product\":\"V01PAK\",\"billingNumber\":\"63741035470101\"}', 0, 0),
(231, 5242, 0, 5251, 0, 1, 'DHL', '2025-12-01 06:51:02', '2025-12-01 06:51:02', 'Michael Keller', '', '', 'Rhönstr. 52', '', '36341', 'Lauterbach', 0, 'Germany', '', '376573346298', '010c302f1dcc144dcb4f@members.ebay.com', 1, 1, '', 0, 1, '', 0, 2, '{\"product\":\"V01PAK\",\"billingNumber\":\"63741035470101\"}', 0, 0),
(232, 5243, 0, 5252, 0, 1, 'DHL', '2025-12-01 06:51:54', '2025-12-01 06:51:54', 'Dr. Krell', '', '', 'Alramstrasse 27b', '', '81371', 'München', 0, 'Germany', '', '376529551080', '00861dd69a0b22350a7d@members.ebay.com', 1, 1, '', 0, 1, '', 0, 2, '{\"product\":\"V01PAK\",\"billingNumber\":\"63741035470101\"}', 0, 0),
(233, 5244, 0, 5253, 0, 1, 'DHL', '2025-12-01 06:53:15', '2025-12-01 06:53:15', 'Mamun Hodali', '', '', 'Pröpstinghoff 9', '', '48607', 'Ochtrup', 0, 'Germany', '', '376574839305', '43104af7d979af844878@members.ebay.com', 1, 1, '', 0, 1, '', 0, 2, '{\"product\":\"V01PAK\",\"billingNumber\":\"63741035470101\"}', 0, 0),
(234, 5245, 0, 5254, 0, 1, 'DHL', '2025-12-01 06:54:29', '2025-12-01 06:54:30', 'Nadine Pietrzik', '', '', 'Einsteinring 15', '', '90453', 'Nürnberg', 0, 'Germany', '', '376574839222', '010c42b5254d564e7c7a@members.ebay.com', 1, 1, '', 0, 1, '', 0, 2, '{\"product\":\"V01PAK\",\"billingNumber\":\"63741035470101\"}', 0, 0),
(235, 5246, 0, 5255, 0, 1, 'DHL', '2025-12-02 08:59:25', '2025-12-02 08:59:25', 'Lezgin Nas', '', '', 'Bonifatiusstraße 58', '', '54296', 'Trier', 0, 'Germany', '', '375807036045', '43165257da71ae118a65@members.ebay.com', 1, 1, '', 0, 1, '', 0, 2, '{\"product\":\"V01PAK\",\"billingNumber\":\"63741035470101\"}', 0, 0),
(236, 5247, 0, 5256, 0, 1, 'DHL', '2025-12-02 09:08:54', '2025-12-02 09:08:55', 'Kaufmann Jacqueline', '', '', 'Sophienstrasse 6', '', '97645', 'Ostheim', 0, 'Germany', '', '376589151968', '10c652b340822dd2df27@members.ebay.com', 1, 1, '', 0, 1, '', 0, 2, '{\"product\":\"V62KP\",\"billingNumber\":\"63741035476201\"}', 0, 0),
(237, 5248, 0, 5257, 0, 1, 'DHL', '2025-12-03 09:00:36', '2025-12-03 09:00:36', 'Robin Schmidt', '', '', 'Föhrenstr. 13a', '', '82194', 'Gröbenzell', 0, 'Germany', '', '375807036045', '010c6753846cc64fde41@members.ebay.com', 1, 1, '', 0, 1, '', 0, 2, '{\"product\":\"V01PAK\",\"billingNumber\":\"63741035470101\"}', 0, 0),
(238, 5249, 0, 5258, 0, 1, 'DHL', '2025-12-03 09:03:54', '2025-12-03 09:03:54', 'Martin Saathoff', '', '', 'Torfstrasse 7', '', '26759', 'Hinte', 0, 'Germany', '', '375990632268', '010c684d818b349ff4f8@members.ebay.com', 1, 1, '', 0, 1, '', 0, 2, '{\"product\":\"V62KP\",\"billingNumber\":\"63741035476201\"}', 0, 0),
(239, 5250, 0, 5253, 0, 1, 'DHL', '2025-12-03 09:05:31', '2025-12-03 09:05:31', 'Mamun Hodali', '', '', 'Pröpstinghoff 9', '', '48607', 'Ochtrup', 0, 'Germany', '', '376744932546', '43104af7d979af844878@members.ebay.com', 1, 1, '', 0, 1, '', 0, 2, '{\"product\":\"V01PAK\",\"billingNumber\":\"63741035470101\"}', 0, 0),
(240, 5251, 0, 5259, 0, 1, 'DHL', '2025-12-06 16:40:27', '2025-12-06 16:40:27', 'Viktor Morozov', '', '', 'Josef-Lohneis-Str. 2a', '', '90451', 'Nürnberg', 0, 'Germany', '', '375990649117', '010ca9459d5682ca571a@members.ebay.com', 1, 1, '', 0, 1, '', 0, 2, '{\"product\":\"V62KP\",\"billingNumber\":\"63741035476201\"}', 0, 0),
(241, 5252, 0, 5258, 0, 1, 'DHL', '2025-12-09 14:05:10', '2025-12-09 14:05:10', 'Martin Saathoff', '', '', 'Torfstrasse 7', '', '26759', 'Hinte', 0, 'Germany', '', '375990649246', '010c684d818b349ff4f8@members.ebay.com', 1, 1, '', 0, 1, '', 0, 2, '{\"product\":\"V62KP\",\"billingNumber\":\"63741035476201\"}', 0, 0),
(242, 5253, 0, 5260, 0, 1, 'DHL', '2025-12-10 08:22:37', '2025-12-10 08:22:37', 'Derico Pratama', '', 'Lithmic GmbH', 'Baierbrunner Str. 30', '', '81379', 'München', 0, 'Germany', '', '', 'babangtualiap@gmail.com', 1, 1, '', 0, 1, '', 0, 2, '{\"product\":\"V01PAK\",\"billingNumber\":\"63741035470101\"}', 0, 0),
(243, 5254, 0, 5261, 0, 1, 'DHL', '2025-12-12 08:05:03', '2025-12-12 08:05:03', 'Barbara Kalinski', '', '', 'Weidenweg 58', '', '47059', 'Duisburg', 0, 'Germany', '', '375959328022', '010d26a6306732ce2e0c@members.ebay.com', 1, 1, '', 0, 1, '', 0, 2, '{\"product\":\"V01PAK\",\"billingNumber\":\"63741035470101\"}', 0, 0),
(244, 5255, 0, 5262, 0, 1, 'DHL', '2025-12-13 10:43:21', '2025-12-13 10:43:22', 'Stephanie Woite', '', '', 'Gartenstr. 2', '', '03058', 'Neuhausen', 0, 'Germany', '', '375959417842', '00869fd811d8da7fe937@members.ebay.com', 1, 1, '', 0, 1, '', 0, 2, '{\"product\":\"V01PAK\",\"billingNumber\":\"63741035470101\"}', 0, 0);

-- --------------------------------------------------------

--
-- Tabellenstruktur für Tabelle `shippings_products`
--

