CREATE TABLE `configuration_group` (
  `configuration_group_id` int(11) NOT NULL,
  `configuration_group_title` varchar(64) NOT NULL DEFAULT '',
  `configuration_group_description` varchar(255) NOT NULL DEFAULT '',
  `sort_order` int(5) DEFAULT NULL,
  `visible` int(1) DEFAULT '1'
) ENGINE=MyISAM DEFAULT CHARSET=utf8;

--
-- Daten für Tabelle `configuration_group`
--

INSERT INTO `configuration_group` (`configuration_group_id`, `configuration_group_title`, `configuration_group_description`, `sort_order`, `visible`) VALUES
(1, 'Mein Shop', 'General information about my store', 1, 1),
(2, 'Minimum Werte', 'The minimum values for functions / data', 2, 1),
(3, 'Maximum Werte', 'The maximum values for functions / data', 3, 1),
(4, 'Bilder Optionen', 'Image parameters', 4, 1),
(5, 'Kunden Details', 'Customer account configuration', 5, 1),
(6, 'Module Options', 'Hidden from configuration', 6, 0),
(7, 'Versand Optionen', 'Shipping options available at my store', 7, 1),
(8, 'Product Listing', 'Product Listing    configuration options', 8, 0),
(9, 'Bestand Optionen', 'Stock configuration options', 9, 1),
(10, 'Logging', 'Logging configuration options', 10, 0),
(12, 'E-Mail Optionen', 'General setting for E-Mail transport and HTML E-Mails', 12, 1),
(13, 'Download', 'Downloadable products options', 13, 0),
(14, 'GZip Compression', 'GZip compression options', 14, 0),
(15, 'Sessions', 'Session options', 15, 0),
(16, 'Suchmaschinen Optimierung', 'Meta-tags/Search engines', 16, 1),
(18, 'UST-ID Konfiguration', 'Konfigurationseinstellungen zur UST-ID der Kunden', 18, 1),
(19, 'Google Conversion', 'Google Conversion-Tracking', 19, 0),
(100, 'Ebay Grundkonfiguration', 'Grundeinstellungen fÃƒÂ¼r die Ebayschnittstelle', 98, 1),
(101, 'Ebay Handel Einstellungen', 'Hier legen Sie die Grundkonfigurationen fÃƒÂ¼r Ihren Ebay Handel fest.', 99, 1),
(111, 'UOS Payment Konfiguration', 'Additional Options for UOS Modules', 66, 1),
(25, 'PayPal', 'PayPal', 25, 1),
(110, 'Firmendaten', 'General information about my Company', 1, 1);

-- --------------------------------------------------------

--
-- Tabellenstruktur für Tabelle `content_manager`
--

CREATE TABLE `content_manager` (
  `content_id` int(11) NOT NULL,
  `categories_id` int(11) NOT NULL DEFAULT '0',
  `parent_id` int(11) NOT NULL DEFAULT '0',
  `group_ids` text,
  `languages_id` int(11) NOT NULL DEFAULT '0',
  `content_title` text NOT NULL,
  `content_heading` text NOT NULL,
  `content_text` text NOT NULL,
  `sort_order` int(4) NOT NULL DEFAULT '0',
  `file_flag` int(1) NOT NULL DEFAULT '0',
  `content_file` varchar(64) NOT NULL DEFAULT '',
  `content_status` int(1) NOT NULL DEFAULT '0',
  `content_group` int(11) NOT NULL DEFAULT '0',
  `content_delete` int(1) NOT NULL DEFAULT '1',
  `content_meta_title` text,
  `content_meta_description` text,
  `content_meta_keywords` text
) ENGINE=MyISAM DEFAULT CHARSET=utf8;

--
-- Daten für Tabelle `content_manager`
--

INSERT INTO `content_manager` (`content_id`, `categories_id`, `parent_id`, `group_ids`, `languages_id`, `content_title`, `content_heading`, `content_text`, `sort_order`, `file_flag`, `content_file`, `content_status`, `content_group`, `content_delete`, `content_meta_title`, `content_meta_description`, `content_meta_keywords`) VALUES
(6, 0, 0, '', 2, 'Versandkosten', 'Versandkosten', '<div class=\"contents\">\r\n<p><span>Die Versandkosten werden im Kaufvorgang und beim Produkt selbst angezeigt und setzen sich aus Ihrer Gesamtbestellung zusammen.</span></p>\r\n</div>', 4, 0, '', 0, 1, 0, '', '', ''),
(7, 0, 0, '', 2, 'Datenschutz', 'Datenschutz', '<div class=\"contents\">\r\n<p>Welche personenbezogenen Daten erfasst werden und warum wir diese erfassen</p>\r\n<p>Datenschutzbelehrung<br />Soweit nachstehend keine anderen Angaben gemacht werden, ist die Bereitstellung Ihrer personenbezogenen Daten weder gesetzlich oder vertraglich vorgeschrieben, noch f&#252;r einen Vertragsabschluss erforderlich. Sie sind zur Bereitstellung der Daten nicht verpflichtet. Eine Nichtbereitstellung hat keine Folgen. Dies gilt nur soweit bei den nachfolgenden Verarbeitungsvorg&#228;ngen keine anderweitige Angabe gemacht wird. &#8222;Personenbezogene Daten&#8220; sind alle Informationen, die sich auf eine identifizierte oder identifizierbare nat&#252;rliche Person beziehen.</p>\r\n<p>Kommentare<br />Wenn Besucher Kommentare auf der Website schreiben, sammeln wir die Daten, die im Kommentar-Formular angezeigt werden, au&#223;erdem die IP-Adresse des Besuchers und den User-Agent-String (damit wird der Browser identifiziert), um die Erkennung von Spam zu unterst&#252;tzen. Aus Ihrer E-Mail-Adresse kann eine anonymisierte Zeichenfolge erstellt (auch Hash genannt) und dem Gravatar-Dienst &#252;bergeben werden, um zu pr&#252;fen, ob Sie diesen nutzen. Die Datenschutzerkl&#228;rung des Gravatar-Dienstes finden Sie hier: https://automattic.com/privacy/. Nachdem der Kommentar freigegeben wurde, ist das Profilbild &#246;ffentlich im Kontext Ihres Kommentars sichtbar.</p>\r\n<p>Medien<br />Wenn Sie ein registrierter Benutzer sind und Fotos auf diese Website l&#228;dst, sollten Sie vermeiden, Fotos mit einem EXIF-GPS-Standort hochzuladen. Besucher dieser Website k&#246;nnten Fotos, die auf dieser Website gespeichert sind, herunterladen und deren Standort-Informationen extrahieren.</p>\r\n<p>Kontaktformulare<br />Bei der Nutzung des Kontaktformulars erheben wir Ihre personenbezogenen Daten (Name, E-Mail-Adresse, Nachrichtentext) nur in dem von Ihnen zur Verf&#252;gung gestellten Umfang. Die Datenverarbeitung dient dem Zweck der Kontaktaufnahme. Mit Absenden Ihrer Nachricht willigen Sie in die Verarbeitung der &#252;bermittelten Daten ein. Die Verarbeitung erfolgt auf Grundlage des Art. 6 (1) lit. a DSGVO mit Ihrer Einwilligung. Sie k&#246;nnen Ihre Einwilligung jederzeit durch Mitteilung an uns widerrufen, ohne dass die Rechtm&#228;&#223;igkeit der aufgrund der Einwilligung bis zum Widerruf erfolgten Verarbeitung ber&#252;hrt wird. Ihre E-Mail-Adresse nutzen wir nur zur Bearbeitung Ihrer Anfrage. Ihre Daten werden anschlie&#223;end gel&#246;scht, sofern Sie der weitergehenden Verarbeitung und Nutzung nicht zugestimmt haben.</p>\r\n<p>Zahlungen &#252;ber&#160;secupay<br />Zahlungsarten per Kreditkarte, per Lastschrift und Rechnung &#252;ber die secupay AG.<br />Der f&#252;r die Verarbeitung Verantwortliche hat auf dieser Internetseite die Komponenten secupay.&#160;<br />Kreditkarte der secupay AG (im folgenden &#8222;secupay&#8220;), Goethestr. 6, 01896 Pulsnitz integriert. secupay ist ein Zahlungsinstitut im Sinne des Zahlungsdiensteaufsichtsgesetz (ZAG) und bei der Bundesanstalt f&#252;r Finanzdienstleistungsaufsicht (BaFin), Graurheindorfer Str. 108, 53117 Bonn registriert (Registernummer: 126737) und erm&#246;glicht eine bargeldlose Zahlung von Produkten und Dienstleistungen im Internet.&#160;<br />secupay bildet ein Verfahren ab, durch welches die Kaufpreisforderung an die secupay abgetreten wird. So wird ein H&#228;ndler in die Lage versetzt, Waren, Dienstleistungen oder Downloads sofort nach der Bestellung an den Kunden auszuliefern.&#160;W&#228;hlen Sie als betroffene Person w&#228;hrend des Bestellvorgangs in unserem Online-Shop als Zahlungsm&#246;glichkeit &#8222;Kreditkarte&#8220; aus, werden automatisiert Daten von Ihnen an secupay &#252;bermittelt. Mit einer Auswahl dieser Zahlungsoption willigen Sie in eine zur Zahlungsabwicklung erforderliche &#220;bermittlung personenbezogener Daten ein.&#160;Bei der Zahlungsabwicklung mit &#8222;Kreditkarte&#8220; &#252;bermitteln Sie als K&#228;ufer die Zahlungsmitteldaten an secupay. secupay f&#252;hrt sodann eine technische &#220;berpr&#252;fung des Zahlungsausfallrisikos aus. Im Anschluss wird dem Online-H&#228;ndler das Transaktionsergebnis automatisiert mitgeteilt.&#160;<br />Bei den mit secupay ausgetauschten personenbezogenen Daten handelt es sich um Vorname, Nachname, Adresse, Email-Adresse, IP-Adresse, Telefonnummer oder andere Daten, die zur Zahlungsabwicklung notwendig sind. Die Daten werden zum Zwecke der Zahlungsabwicklung und der Betrugspr&#228;vention &#252;bermittelt. Der f&#252;r die Verarbeitung Verantwortliche wird secupay andere Personenbezogene Daten auch dann &#252;bermitteln, wenn ein berechtigtes Interesse f&#252;r die &#220;bermittlung gegeben ist. Die zwischen secupay und dem f&#252;r die Verarbeitung Verantwortlichen ausgetauschten personenbezogenen Daten werden von secupay unter Umst&#228;nden an Wirtschaftsauskunfteien &#252;bermittelt. Diese &#220;bermittlung bezweckt die Identit&#228;ts- und Bonit&#228;tspr&#252;fung.&#160;<br />secupay gibt die personenbezogenen Daten gegebenenfalls an verbundene Unternehmen und Leistungserbringer oder Subunternehmer weiter, soweit dies zur Erf&#252;llung der vertraglichen Verpflichtungen erforderlich ist oder die Daten im Auftrag verarbeitet werden sollen.&#160;<br />Sie haben die M&#246;glichkeit, die Einwilligung zum Umgang mit personenbezogenen Daten jederzeit gegen&#252;ber secupay zu widerrufen. Ein Widerruf wirkt sich nicht auf personenbezogene Daten aus, die zwingend zur (vertragsgem&#228;&#223;en) Zahlungsabwicklung verarbeitet, genutzt oder &#252;bermittelt werden m&#252;ssen.<br />Die geltenden Datenschutzbestimmungen von secupay k&#246;nnen unter <a href=\"https://www.secupay.com/de/datenschutz\" target=\"_blank\">https://www.secupay.com/de/datenschutz</a> abgerufen werden.</p>\r\n<p>Zahlungen &#252;ber PayPal<br />Alle PayPal-Transaktionen unterliegen der PayPal-Datenschutzerkl&#228;rung. Diese finden Sie unter <a href=\"https://www.paypal.com/de/webapps/mpp/ua/privacy-prev?locale.x=de_DE\" target=\"_blank\">https://www.paypal.com/de/webapps/mpp/ua/privacy-prev?locale.x=de_DE</a></p>\r\n<p>Cookies<br />Unsere Website verwendet Cookies. Cookies sind kleine Textdateien, die im Internetbrowser bzw. vom Internetbrowser auf dem Computersystem eines Nutzers gespeichert werden. Ruft ein Nutzer eine Website auf, so kann ein Cookie auf dem Betriebssystem des Nutzers gespeichert werden. Dieser Cookie enth&#228;lt eine charakteristische Zeichenfolge, die eine eindeutige Identifizierung des Browsers beim erneuten Aufrufen der Website erm&#246;glicht. Wir setzen Cookies zu dem Zweck ein, unser Angebot nutzerfreundlicher, effektiver und sicherer zu machen. Des Weiteren erm&#246;glichen Cookies unseren Systemen, Ihren Browser auch nach einem Seitenwechsel zu erkennen und Ihnen Services anzubieten. Einige Funktionen unserer Internetseite k&#246;nnen ohne den Einsatz von Cookies nicht angeboten werden. F&#252;r diese ist es erforderlich, dass der Browser auch nach einem Seitenwechsel wiedererkannt wird. Wenn Sie einen Kommentar auf unserer Website schreiben, kann das eine Einwilligung sein, Ihren Namen, E-Mail-Adresse und Website in Cookies zu speichern. Dies ist eine Komfortfunktion, damit Sie nicht, wenn Sie einen weiteren Kommentar schreiben, all diese Daten erneut eingeben musst. Diese Cookies werden ein Jahr lang gespeichert. Falls Sie ein Konto haben und dich auf dieser Website anmeldest, werden wir ein tempor&#228;res Cookie setzen, um festzustellen, ob Ihr Browser Cookies akzeptiert. Dieses Cookie enth&#228;lt keine personenbezogenen Daten und wird verworfen, wenn Sie Ihren Browser schlie&#223;en. Wenn Sie sich anmelden, werden wir einige Cookies einrichten, um Ihre Anmeldeinformationen und Anzeigeoptionen zu speichern. Anmelde-Cookies verfallen nach zwei Tagen und Cookies f&#252;r die Anzeigeoptionen nach einem Jahr. Falls Sie bei der Anmeldung &#8222;Angemeldet bleiben&#8220; ausw&#228;hlen, wird die Anmeldung zwei Wochen lang aufrechterhalten. Mit der Abmeldung aus Ihrem Konto werden die Anmelde-Cookies gel&#246;scht. Wenn Sie einen Artikel bearbeiten oder ver&#246;ffentlichen, wird ein zus&#228;tzlicher Cookie in Ihrem Browser gespeichert. Dieser Cookie enth&#228;lt keine personenbezogenen Daten und verweist nur auf die Beitrags-ID des Artikels, den Sie gerade bearbeitet haben. Der Cookie verf&#228;llt nach einem Tag. Wir verwenden auf unserer Website dar&#252;ber hinaus Cookies zu dem Zweck, eine Analyse des Surfverhaltens unserer Seitenbesucher zu erm&#246;glichen. Des Weiteren verwenden wir Cookies zu dem Zweck, Seitenbesucher anschlie&#223;end auf anderen Webseiten mit gezielter, interessenbezogener Werbung anzusprechen. Die Verarbeitung erfolgt auf Grundlage des &#167; 15 (3) TMG sowie Art. 6 (1) lit. f DSGVO aus dem berechtigten Interesse an den oben genannten Zwecken. Die auf diese Weise von Ihnen erhobenen Daten werden durch technische Vorkehrungen pseudonymisiert. Eine Zuordnung der Daten zu Ihrer Person ist daher nicht mehr m&#246;glich. Die Daten werden nicht gemeinsam mit sonstigen personenbezogenen Daten von Ihnen gespeichert. Sie haben das Recht aus Gr&#252;nden, die sich aus Ihrer besonderen Situation ergeben, jederzeit gegen diese auf Art. 6 (1) f DSGVO beruhende Verarbeitung Sie betreffender personenbezogener Daten zu widersprechen. Cookies werden auf Ihrem Rechner gespeichert. Daher haben Sie die volle Kontrolle &#252;ber die Verwendung von Cookies. Durch die Auswahl entsprechender technischer Einstellungen Ihrem Internetbrowser k&#246;nnen Sie die Speicherung der Cookies und &#220;bermittlung der enthaltenen Daten verhindern. Bereits gespeicherte Cookies k&#246;nnen jederzeit gel&#246;scht werden. Wir weisen Sie jedoch darauf hin, dass Sie in dann gegebenenfalls nicht s&#228;mtliche Funktionen dieser Website vollumf&#228;nglich werden nutzen k&#246;nnen. Unter den nachstehenden Links k&#246;nnen Sie sich informieren, wie Sie die Cookies bei den wichtigsten Browsern verwalten (u.a. auch deaktivieren) k&#246;nnen: Chrome Browser: https://support.google.com/accounts/answer/61416?hl=de Internet Explorer: https://support.microsoft.com/de-de/help/17442/windows-internet-explorer-delete-manage-cookies Mozilla Firefox: https://support.mozilla.org/de/kb/cookies-erlauben-und-ablehnen Safari: https://support.apple.com/de-de/guide/safari/manage-cookies-and-website-data-sfri11471/mac</p>\r\n<p>Cookie-Richtlinie<br />&#220;ber diese Cookie-Richtlinie<br />Diese Cookie-Richtlinie erkl&#228;rt, was Cookies sind und wie wir sie verwenden. Sie sollten diese Richtlinie lesen, um zu verstehen, was Cookies sind, wie wir sie verwenden, welche Arten von Cookies wir verwenden, d.h. welche Informationen wir mit Hilfe von Cookies sammeln und wie diese Informationen verwendet werden und wie Sie die Cookie-Einstellungen steuern k&#246;nnen. Weitere Informationen dar&#252;ber, wie wir Ihre personenbezogenen Daten verwenden, speichern und sicher aufbewahren, finden Sie in unserer Datenschutzerkl&#228;rung. Ihre Einwilligung zur Cookie-Erkl&#228;rung k&#246;nnen Sie auf unserer Website jederzeit &#228;ndern oder widerrufen. Mehr dar&#252;ber, wer wir sind, wie Sie uns kontaktieren k&#246;nnen und wie wir personenbezogene Daten verarbeiten, erfahren Sie in unserer Datenschutzerkl&#228;rung. Ihre Zustimmung gilt f&#252;r die folgenden Bereiche: Haupt-Domain einzelhandel-portal.de und alle Sub-Domains.</p>\r\n<p>Ihr aktueller Stand: Zustimmung angenommen. Verwalten Sie Ihre Einwilligung.<br />Was sind Cookies?<br />Cookies sind kleine Textdateien, die verwendet werden, um kleine Informationen zu speichern. Die Cookies werden auf Ihrem Ger&#228;t gespeichert, wenn die Website in Ihrem Browser geladen wird. Diese Cookies helfen uns, die Website ordnungsgem&#228;&#223; zu funktionieren, die Website sicherer zu machen, eine bessere Benutzerfreundlichkeit zu bieten und zu verstehen, wie die Website funktioniert, und zu analysieren, was funktioniert und wo sie verbessert werden muss.<br />Wie verwenden wir Cookies?<br />Wie die meisten Online-Dienste verwendet unsere Website Cookies First-Party- und Drittanbieter-Cookies f&#252;r eine Reihe von Zwecken. Die First-Party-Cookies sind in den meisten F&#228;llen notwendig, damit die Website richtig funktioniert, und sie sammeln keine Ihrer personenbezogenen Daten. Die auf unseren Websites verwendeten Cookies von Drittanbietern werden haupts&#228;chlich verwendet, um zu verstehen, wie die Website funktioniert, wie Sie mit unserer Website interagieren, unsere Dienste sicher zu halten, Werbung zu schalten, die f&#252;r Sie relevant ist, und Ihnen insgesamt eine bessere und verbesserte Benutzererfahrung zu bieten und Ihre zuk&#252;nftigen Interaktionen mit unserer Website zu beschleunigen.<br />Welche Arten von Cookies verwenden wir?<br />Wesentlich: Einige Cookies sind f&#252;r Sie unerl&#228;sslich, um die volle Funktionalit&#228;t unserer Website nutzen zu k&#246;nnen. Sie erm&#246;glichen es uns, Benutzersitzungen aufrechtzuerhalten und Sicherheitsbedrohungen zu verhindern. Sie sammeln oder speichern keine personenbezogenen Daten. Diese Cookies erm&#246;glichen es Ihnen beispielsweise, sich in Ihr Konto einzuloggen und Produkte in Ihren Warenkorb zu legen und sicher zur Kasse zu gehen. Statistik:Diese Cookies speichern Informationen wie die Anzahl der Besucher der Website, die Anzahl der einzelnen Besucher, welche Seiten der Website besucht wurden, die Quelle des Besuchs etc. Diese Daten helfen uns zu verstehen und zu analysieren, wie gut die Website funktioniert und wo sie verbessert werden muss. Marketing: Auf unserer Website werden Anzeigen geschaltet. Diese Cookies werden verwendet, um die Werbung, die wir Ihnen zeigen, so zu personalisieren, dass sie f&#252;r Sie von Bedeutung ist. Diese Cookies helfen uns auch, die Effizienz dieser Werbekampagnen zu verfolgen. Die in diesen Cookies gespeicherten Informationen k&#246;nnen auch von den Drittanbietern verwendet werden, um Ihnen Anzeigen auf anderen Websites auch im Browser anzuzeigen. Funktional: Dies sind die Cookies, die bestimmte nicht wesentliche Funktionen auf unserer Website unterst&#252;tzen. Zu diesen Funktionalit&#228;ten geh&#246;ren das Einbetten von Inhalten wie Videos oder das Teilen von Inhalten auf der Website auf Social Media-Plattformen. Pr&#228;ferenzen: Diese Cookies helfen uns, Ihre Einstellungen und Browsereinstellungen wie z.B. Spracheinstellungen zu speichern, damit Sie bei zuk&#252;nftigen Besuchen der Website ein besseres und effizienteres Erlebnis haben.<br />Wie kann ich die Cookie-Einstellungen steuern?<br />Sollten Sie sich entscheiden, Ihre Einstellungen sp&#228;ter w&#228;hrend Ihrer Browsersitzung zu &#228;ndern, k&#246;nnen Sie auf der Registerkarte &#8220;Privacy &amp; Cookie Policy&#8221; auf Ihrem Bildschirm klicken. Dadurch wird die Einwilligungserkl&#228;rung erneut angezeigt, so dass Sie Ihre Pr&#228;ferenzen &#228;ndern oder Ihre Einwilligung vollst&#228;ndig widerrufen k&#246;nnen. Dar&#252;ber hinaus bieten verschiedene Browser unterschiedliche Methoden, um von Websites verwendete Cookies zu blockieren und zu l&#246;schen. Sie k&#246;nnen die Einstellungen Ihres Browsers &#228;ndern, um die Cookies zu blockieren/l&#246;schen. Weitere Informationen zur Verwaltung und L&#246;schung von Cookies finden Sie unter wikipedia.org, www.allaboutcookies.org.</p>\r\n<p>Server-Logfiles<br />Sie k&#246;nnen unsere Webseiten besuchen, ohne Angaben zu Ihrer Person zu machen. Es werden bei jedem Zugriff auf unsere Website Nutzungsdaten durch Ihren Internetbrowser &#252;bermittelt und in Protokolldaten (Server-Logfiles) gespeichert. Zu diesen gespeicherten Daten geh&#246;ren z.B. Name der aufgerufenen Seite, Datum und Uhrzeit des Abrufs, &#252;bertragene Datenmenge und der anfragende Provider. Diese Daten dienen ausschlie&#223;lich der Gew&#228;hrleistung eines st&#246;rungsfreien Betriebs unserer Website und zur Verbesserung unseres Angebotes. Eine Zuordnung dieser Daten zu einer bestimmten Person ist nicht m&#246;glich. Eingebettete Inhalte von anderen Websites Beitr&#228;ge auf dieser Website k&#246;nnen eingebettete Inhalte beinhalten (z. B. Videos, Bilder, Beitr&#228;ge etc.). Eingebettete Inhalte von anderen Websites verhalten sich exakt so, als ob der Besucher die andere Website besucht h&#228;tte. Diese Websites k&#246;nnen Daten &#252;ber dich sammeln, Cookies benutzen, zus&#228;tzliche Tracking-Dienste von Dritten einbetten und Ihre Interaktion mit diesem eingebetteten Inhalt aufzeichnen, inklusive Ihrer Interaktion mit dem eingebetteten Inhalt, falls Sie ein Konto haben und auf dieser Website angemeldet sind.</p>\r\n<p>Analysedienste<br />Nutzung von Google Analytics<br />Wir verwenden auf unserer Website den Webanalysedienst Google Analytics der Google Inc. (1600 Amphitheatre Parkway, Mountain View, CA 94043, USA; &#8222;Google&#8220;). Die Datenverarbeitung dient dem Zweck der Analyse dieser Website und ihrer Besucher. Dazu wird Google im Auftrag des Betreibers dieser Website die gewonnenen Informationen benutzen, um Ihre Nutzung der Website auszuwerten, um Reports &#252;ber die Websiteaktivit&#228;ten zusammenzustellen und um weitere, mit der Websitenutzung und der Internetnutzung verbundene Dienstleistungen gegen&#252;ber dem Websitebetreiber zu erbringen. Die im Rahmen von Google Analytics von Ihrem Browser &#252;bermittelte IP-Adresse wird nicht mit anderen Daten von Google zusammengef&#252;hrt. Google Analytics verwendet Cookies, die eine Analyse der Benutzung der Website durch Sie erm&#246;glichen. Die durch die Cookies erzeugten Informationen &#252;ber Ihre Benutzung dieser Website werden in der Regel an einen Server von Google in den USA &#252;bertragen und dort gespeichert. Auf dieser Website ist die IP-Anonymisierung aktiviert. Dadurch wird Ihre IP-Adresse von Google innerhalb von Mitgliedstaaten der Europ&#228;ischen Union oder in anderen Vertragsstaaten des Abkommens &#252;ber den Europ&#228;ischen Wirtschaftsraum zuvor gek&#252;rzt. Nur in Ausnahmef&#228;llen wird die volle IP-Adresse an einen Server von Google in den USA &#252;bertragen und dort gek&#252;rzt. Ihre Daten werden gegebenenfalls in die USA &#252;bermittelt. F&#252;r Daten&#252;bermittlungen in die USA ist ein Angemessenheitsbeschluss der Europ&#228;ischen Kommission vorhanden. Die Verarbeitung erfolgt auf Grundlage des Art. 6 (1) lit. f DSGVO aus dem berechtigten Interesse an der bedarfsgerechten und zielgerichteten Gestaltung der Website. Sie haben das Recht aus Gr&#252;nden, die sich aus Ihrer besonderen Situation ergeben, jederzeit gegen diese auf Art. 6 (1) f DSGVO beruhende Verarbeitung Sie betreffender personenbezogener Daten zu widersprechen. Sie k&#246;nnen dazu die Speicherung der Cookies durch die Auswahl entsprechender technischer Einstellungen Ihrer Browser-Software verhindern; wir weisen Sie jedoch darauf hin, dass Sie in diesem Fall gegebenenfalls nicht s&#228;mtliche Funktionen dieser Website vollumf&#228;nglich werden nutzen k&#246;nnen. Sie k&#246;nnen des Weiteren die Erfassung der durch das Cookie erzeugten und auf Ihre Nutzung der Website bezogenen Daten (inkl. Ihrer IP-Adresse) an Google sowie die Verarbeitung dieser Daten durch Google verhindern, indem sie das unter dem folgenden Link verf&#252;gbare Browser-Plug-in herunterladen und installieren [https://tools.google.com/dlpage/gaoptout?hl=de]. Um die Erfassung durch Google Analytics ger&#228;te&#252;bergreifend zu verhindern k&#246;nnen Sie einen Opt-Out-Cookie setzen. Opt-Out-Cookies verhindern die zuk&#252;nftige Erfassung Ihrer Daten beim Besuch dieser Website. Sie m&#252;ssen das Opt-Out auf allen genutzten Systemen und Ger&#228;ten durchf&#252;hren, damit dies umfassend wirkt. Wenn Sie hier klicken Google Analytics deaktivieren, wird das Opt-Out-Cookie gesetzt. Google Analytics deaktivieren. N&#228;here Informationen zu Nutzungsbedingungen und Datenschutz finden Sie unterhttps://www.google.com/analytics/terms/de.html bzw. unter https://www.google.de/intl/de/policies/.</p>\r\n<p>Verwendung der Remarketing- oder &#8222;&#196;hnliche Zielgruppen&#8220;-Funktion der Google Inc.<br />Wir verwenden auf unserer Website die Remarketing- oder &#8222;&#196;hnliche Zielgruppen&#8220;- Funktion der Google Inc. (1600 Amphitheatre Parkway, Mountain View, CA 94043, USA; &#8222;Google&#8220;). Diese Funktion dient dem Zweck der Analyse des Besucherverhaltens und der Besucherinteressen. Zur Durchf&#252;hrung der Analyse der Websiten-Nutzung, welche die Grundlage f&#252;r die Erstellung der interessenbezogenen Werbeanzeigen bildet, setzt Google Cookies ein. &#220;ber die Cookies werden die Besuche der Website sowie anonymisierte Daten &#252;ber die Nutzung der Website erfasst. Es erfolgt keine Speicherung von personenbezogenen Daten der Besucher der Website. Besuchen Sie nachfolgend eine andere Website im Google Display-Netzwerk werden Ihnen Werbeeinblendungen angezeigt, die mit hoher Wahrscheinlichkeit zuvor aufgerufene Produkt- und Informationsbereiche ber&#252;cksichtigen. Ihre Daten werden dabei gegebenenfalls auch in die USA &#252;bermittelt. F&#252;r Daten&#252;bermittlungen in die USA ist ein Angemessenheitsbeschluss der Europ&#228;ischen Kommission vorhanden. Die Verarbeitung erfolgt auf Grundlage des Art. 6 (1) lit. f DSGVO aus dem berechtigten Interesse, die Besucher der Website zielgerichtet mit Werbung anzusprechen, indem f&#252;r Besucher der Website des Anbieters personalisierte, interessenbezogene Werbung-Anzeigen geschaltet werden, wenn sie andere Websiten im Google Display-Netzwerk besuchen. Sie haben das Recht aus Gr&#252;nden, die sich aus Ihrer besonderen Situation ergeben, jederzeit gegen diese auf Art. 6 (1) f DSGVO beruhende Verarbeitung Sie betreffender personenbezogener Daten zu widersprechen. Sie k&#246;nnen dazu die Verwendung von Cookies durch Google dauerhaft deaktivieren, indem Sie dem nachfolgenden Link folgen und das dort bereitgestellte Plug-In herunterladen und installieren: https://support.google.com/ads/answer/7395996?hl=de Alternativ k&#246;nnen Sie die Verwendung von Cookies durch Drittanbieter deaktivieren, indem sie die Deaktivierungsseite der Netzwerkwerbeinitiative (Network Advertising Initiative) unter https://www.networkadvertising.org/choices/ aufrufen und die dort genannten weiterf&#252;hrenden Information zum Opt-Out umsetzen. N&#228;here Informationen zu Google Remarketing sowie die dazugeh&#246;rige Datenschutzerkl&#228;rung finden Sie unter:https://www.google.com/privacy/ads/</p>\r\n<p>Verwendung von Google Adwords Conversion-Tracking<br />Wir verwenden auf unserer Website das Online-Werbeprogramm &#8222;Google AdWords&#8220; und in diesem Rahmen Conversion-Tracking (Besuchsaktionsauswertung). Das Google Conversion Tracking ist ein Analysedienst der Google Inc. (1600 Amphitheatre Parkway, Mountain View, CA 94043, USA; &#8222;Google&#8220;). Wenn Sie auf eine von Google geschaltete Anzeige klicken, wird ein Cookie f&#252;r das Conversion-Tracking auf Ihrem Rechner abgelegt. Diese Cookies haben eine begrenzte G&#252;ltigkeit, enthalten keine personenbezogenen Daten und dienen somit nicht der pers&#246;nlichen Identifizierung. Wenn Sie bestimmte Seiten unserer Website besuchen und das Cookie noch nicht abgelaufen ist, k&#246;nnen Google und wir erkennen, dass Sie auf die Anzeige geklickt haben und zu dieser Seite weitergeleitet wurden. Jeder Google AdWords-Kunde erh&#228;lt ein anderes Cookie. Somit besteht keine M&#246;glichkeit, dass Cookies &#252;ber die Websites von AdWords-Kunden nachverfolgt werden k&#246;nnen. Die Informationen, die mit Hilfe des Conversion-Cookie eingeholt werden, dienen dem Zweck Conversion-Statistiken zu erstellen. Hierbei erfahren wir die Gesamtanzahl der Nutzer, die auf eine unserer Anzeigen geklickt haben und zu einer mit einem Conversion-Tracking-Tag versehenen Seite weitergeleitet wurden. Wir erhalten jedoch keine Informationen, mit denen sich Nutzer pers&#246;nlich identifizieren lassen. Die Verarbeitung erfolgt auf Grundlage des Art. 6 (1) lit. f DSGVO aus dem berechtigten Interesse an zielgerichteter Werbung und der Analyse der Wirkung und Effizienz dieser Werbung. Sie haben das Recht aus Gr&#252;nden, die sich aus Ihrer besonderen Situation ergeben, jederzeit gegen diese auf Art. 6 (1) f DSGVO beruhende Verarbeitung Sie betreffender personenbezogener Daten zu widersprechen. Dazu k&#246;nnen Sie die Speicherung der Cookies durch die Auswahl entsprechender technischer Einstellungen Ihrer Browser-Software verhindern. Wir weisen Sie jedoch darauf hin, dass Sie in diesem Fall gegebenenfalls nicht s&#228;mtliche Funktionen dieser Website vollumf&#228;nglich werden nutzen k&#246;nnen. Sie werden sodann nicht in die Conversion-Tracking Statistiken aufgenommen. Des Weiteren k&#246;nnen Sie in den Einstellungen f&#252;r Werbung bei Google f&#252;r Sie personalisierte Werbung deaktivieren. Eine Anleitung dazu finden Sie unter https://support.google.com/ads/answer/2662922?hl=de Dar&#252;ber hinaus k&#246;nnen Sie die Verwendung von Cookies durch Drittanbieter deaktivieren, indem sie die Deaktivierungsseite der Netzwerkwerbeinitiative (Network Advertising Initiative) unter https://www.networkadvertising.org/choices/ aufrufen und die dort genannten weiterf&#252;hrenden Information zum Opt-Out umsetzen. Weiterf&#252;hrende Informationen sowie die Datenschutzerkl&#228;rung von Google finden Sie unter:https://www.google.de/policies/privacy/</p>\r\n<p>Verwendung von Facebook Remarketing<br />Wir verwenden auf unserer Website die Remarketing-Funktion &#8222;Custom Audiences&#8220; der Facebook Inc. (1601 S. California Ave, Palo Alto, CA 94304, USA; &#8222;Facebook&#8220;). Diese Funktion dient dem Zweck die Besucher der Website zielgerichtet mit interessenbezogener Werbung im sozialen Netzwerk Facebook anzusprechen. Dazu wurde auf der Website das Remarketing-Tag von Facebook implementiert. &#220;ber dieses Tag wird beim Besuch der Website eine direkte Verbindung zu den Facebook-Servern hergestellt. Hierdurch wird an den Facebook-Server &#252;bermittelt, welche unserer Seiten Sie besucht haben. Facebook ordnet diese Information Ihrem pers&#246;nlichen Facebook-Benutzerkonto zu. Wenn Sie das soziale Netzwerk Facebook besuchen, werden Ihnen dann personalisierte, interessenbezogene Facebook-Ads angezeigt. Die Verarbeitung erfolgt auf Grundlage des Art. 6 (1) lit. f DSGVO aus dem berechtigen Interesse an dem oben genannten Zweck. Sie haben das Recht aus Gr&#252;nden, die sich aus Ihrer besonderen Situation ergeben, jederzeit gegen diese auf Art. 6 (1) f DSGVO beruhende Verarbeitung Sie betreffender personenbezogener Daten zu widersprechen. Dazu k&#246;nnen Sie die Remarketing-Funktion &#8222;Custom Audiences&#8220; hier deaktivieren. N&#228;here Informationen zur Erhebung und Nutzung der Daten durch Facebook, &#252;ber Ihre diesbez&#252;glichen Rechte und M&#246;glichkeiten zum Schutz Ihrer Privatsph&#228;re finden Sie in den Datenschutzhinweisen von Facebook unter https://www.facebook.com/about/privacy/.</p>\r\n<p>Verwendung von YouTube<br />Wir verwenden auf unserer Website die Funktion zur Einbettung von YouTube-Videos der YouTube LLC. (901 Cherry Ave., San Bruno, CA 94066, USA; &#8222;YouTube&#8220;). YouTube ist ein mit der Google Inc. (1600 Amphitheatre Parkway, Mountain View, CA 94043, USA; &#8220;Google&#8221;) verbundenes Unternehmen. Die Funktion zeigt bei YouTube hinterlegte Videos in einem iFrame auf der Website an. Dabei ist die Option &#8222;Erweiterter Datenschutzmodus&#8220; aktiviert. Dadurch werden von YouTube keine Informationen &#252;ber die Besucher der Website gespeichert. Erst wenn Sie sich ein Video ansehen, werden Informationen dar&#252;ber an YouTube &#252;bermittelt und dort gespeichert. N&#228;here Informationen zur Erhebung und Nutzung der Daten durch YouTube und Google, &#252;ber Ihre diesbez&#252;glichen Rechte und M&#246;glichkeiten zum Schutz Ihrer Privatsph&#228;re finden Sie in den Datenschutzhinweisen von YouTube (https://www.youtube.com/t/privacy).</p>\r\n<p>Verwendung von GoogleMaps<br />Wir verwenden auf unserer Website die Funktion zur Einbettung von GoogleMaps-Karten der Google Inc. (1600 Amphitheatre Parkway, Mountain View, CA 94043, USA; &#8220;Google&#8221;). Die Funktion erm&#246;glicht die visuelle Darstellung von geographischen Informationen und interaktiven Landkarten. Dabei werden von Google bei Aufrufen der Seiten, in die GoogleMaps-Karten eingebunden sich, auch Daten der Besucher der Seiten erhoben, verarbeitet und genutzt. N&#228;here Informationen zur Erhebung und Nutzung der Daten durch Google finden Sie in den Datenschutzhinweisen von Google unter https://www.google.com/privacypolicy.html. Dort haben Sie auch im Datenschutzcenter die M&#246;glichkeit Ihre Einstellungen zu ver&#228;ndern, so dass Sie Ihre von Google verarbeiteten Daten verwalten und sch&#252;tzen k&#246;nnen. Ihre Daten werden dabei gegebenenfalls auch in die USA &#252;bermittelt. F&#252;r Daten&#252;bermittlungen in die USA ist ein Angemessenheitsbeschluss der Europ&#228;ischen Kommission vorhanden. Sie haben das Recht aus Gr&#252;nden, die sich aus Ihrer besonderen Situation ergeben, jederzeit gegen diese auf Art. 6 (1) f DSGVO beruhende Verarbeitung Sie betreffender personenbezogener Daten zu widersprechen. Dazu m&#252;ssen Sie die Anwendung JavaScript in Ihrem Browser ausschalten. Wir weisen Sie jedoch darauf hin, dass Sie in diesem Fall gegebenenfalls nicht s&#228;mtliche Funktionen dieser Website, wie bspw. die interaktive Kartenanzeige, vollumf&#228;nglich werden nutzen k&#246;nnen.</p>\r\n<p>Wie lange wir die Daten speichern<br />Wenn Sie einen Kommentar schreiben, wird dieser inklusive Metadaten zeitlich unbegrenzt gespeichert. Auf diese Art k&#246;nnen wir Folgekommentare automatisch erkennen und freigeben, anstelle sie in einer Moderations-Warteschlange festzuhalten. F&#252;r Benutzer, die sich auf unserer Website registrieren, speichern wir zus&#228;tzlich die pers&#246;nlichen Informationen, die sie in ihren Benutzerprofilen angeben. Alle Benutzer k&#246;nnen jederzeit ihre pers&#246;nlichen Informationen einsehen, ver&#228;ndern oder l&#246;schen (der Benutzername kann nicht ver&#228;ndert werden). Administratoren der Website k&#246;nnen diese Informationen ebenfalls einsehen und ver&#228;ndern.</p>\r\n<p>Welche Rechte Sie an Ihren Daten haben<br />Wenn Sie ein Konto auf dieser Website besitzen oder Kommentare geschrieben haben, k&#246;nnen Sie einen Export Ihrer personenbezogenen Daten bei uns anfordern, inklusive aller Daten, die Sie uns mitgeteilt haben. Dar&#252;ber hinaus k&#246;nnen Sie die L&#246;schung aller personenbezogenen Daten, die wir von Ihnen gespeichert haben, anfordern. Dies umfasst nicht die Daten, die wir aufgrund administrativer, rechtlicher oder sicherheitsrelevanter Notwendigkeiten aufbewahren m&#252;ssen. Ihnen stehen bei Vorliegen der gesetzlichen Voraussetzungen folgende Rechte nach Art. 15 bis 20 DSGVO zu: Recht auf Auskunft, auf Berichtigung, auf L&#246;schung, auf Einschr&#228;nkung der Verarbeitung, auf Daten&#252;bertragbarkeit. Au&#223;erdem steht Ihnen nach Art. 21 (1) DSGVO ein Widerspruchsrecht gegen die Verarbeitungen zu, die auf Art. 6 (1) f DSGVO beruhen, sowie gegen die Verarbeitung zum Zwecke von Direktwerbung.</p>\r\n<p>Wohin wir die Daten senden<br />Besucher-Kommentare k&#246;nnten von einem automatisierten Dienst zur Spam-Erkennung untersucht werden.</p>\r\n<p>Kontakt-Informationen<br />Kontaktieren Sie uns auf Wunsch. Die Kontaktdaten finden Sie in unserem Impressum.</p>\r\n<p>Beschwerderecht bei der Aufsichtsbeh&#246;rde<br />Sie haben gem&#228;&#223; Art. 77 DSGVO das Recht, sich bei der Aufsichtsbeh&#246;rde zu beschweren, wenn Sie der Ansicht sind, dass die Verarbeitung Ihrer personenbezogenen Daten nicht rechtm&#228;&#223;ig erfolgt. letzte Aktualisierung: 20.01.2020</p>\r\n</div>', 3, 0, '', 0, 2, 0, '', '', ''),
(8, 0, 0, '', 2, 'Unsere AGB', 'Allgemeine Geschäftsbedingungen', '<p><span>Allgemeine Gesch&#228;ftsbedingungen&#160;</span></p>\r\n<p><span>Informationen f&#252;r Verbraucher bei Fernabsatzvertr&#228;gen&#160;</span><span>sowie Kundeninformationen bei Vertr&#228;gen im elektronischen Gesch&#228;ftsverkehr</span></p>\r\n<p><span>&#167; 1 Geltungsbereich&#160;</span></p>\r\n<p>F&#252;r Gesch&#228;ftsbeziehungen zwischen uns, der&#160;justneo.de &#8211;&#160;<span>Norbert Szyszlo -&#160;<span>St&#252;beheide 59 -&#160;</span><span>22337 Hamburg (Germany)</span></span> und dem Besteller gelten bei Bestellungen &#252;ber den Internetshop die nachfolgenden Allgemeinen Gesch&#228;ftsbedingungen in ihrer zum Zeitpunkt der Bestellung g&#252;ltigen Fassung.</p>\r\n<p><span>&#167; 2 Vertragsschluss&#160;</span></p>\r\n<p>Die Darstellung unserer Produkte in unserem Internetauftritt beinhaltet lediglich eine Aufforderung an den Kunden zur Abgabe eines Vertragsangebotes.</p>\r\n<p>Indem der Kunde eine Bestellung absendet, gibt er ein Angebot im Sinne des &#167; 145 BGB ab. Der Kunde erh&#228;lt eine Best&#228;tigung des Empfangs der Bestellung per E-Mail.&#160;</p>\r\n<p>Der Vertrag mit uns kommt zustande, wenn wir das Angebot des Kunden innerhalb von 2 Werktagen nach Absenden der Bestellung schriftlich oder in Textform annehmen. Ma&#223;geblich ist insoweit der Zeitpunkt des Zuganges der Annahmeerkl&#228;rung beim Kunden&#160;</p>\r\n<p>Werktag ist jeder Kalendertag, der nicht Sonntag oder bundesweit geltender gesetzlicher Feiertag ist.</p>\r\n<p><span>&#167; 3 Lieferung, Versandkosten, Gefahren&#252;bergang&#160;</span></p>\r\n<p>Die Lieferung erfolgt zu den jeweils im Einzelfall ausgewiesenen Versandkosten. Sofern der Kunde Verbraucher ist, tragen wir unabh&#228;ngig von der Versandart in jedem Fall das Versandrisiko. Sofern der Kunde Unternehmer ist, gehen alle Risiken und Gefahren der Versendung auf den Kunden &#252;ber, sobald die Ware von uns an den beauftragten Logistikpartner &#252;bergeben worden ist.</p>\r\n<p><span>&#167; 4 Eigentumsvorbehalt&#160; &#160;</span>&#160;&#160; &#160; &#160; &#160; &#160;&#160;</p>\r\n<p>Die gelieferte Ware bleibt bis zur vollst&#228;ndigen Bezahlung des Kaufpreises unser Eigentum.</p>\r\n<p><span>&#167; 5 Zahlungen&#160;</span></p>\r\n<p>Es werden nur die im Rahmen des Bestellvorgangs dem Kunden jeweils angezeigten Zahlungsarten akzeptiert.</p>\r\n<p><span>&#167; 6 M&#228;ngelhaftung</span></p>\r\n<p>Es bestehen die gesetzlichen M&#228;ngelhaftungsrechte.</p>\r\n<p><span>&#167; 7 Informationen f&#252;r Verbraucher bei Fernabsatzvertr&#228;gen sowie Kundeninformationen bei Vertr&#228;gen im elektronischen Gesch&#228;ftsverkehr</span></p>\r\n<p>a)&#160;Speziellen und vorstehend nicht erw&#228;hnten Verhaltenskodizes unterliegen wir nicht.</p>\r\n<p><span>b)</span>&#160;Etwaige Eingabefehler bei Abgabe Ihrer Bestellung k&#246;nnen Sie bei der abschlie&#223;enden Best&#228;tigung vor dem Absenden Ihrer Vertragserkl&#228;rung erkennen und mit Hilfe der L&#246;sch- und &#196;nderungsfunktion vor Absendung der Bestellung jederzeit korrigieren.</p>\r\n<p><span>c)</span>&#160;Die wesentlichen Eigenschaften der von uns angebotenen Waren sowie die G&#252;ltigkeitsdauer befristeter Angebote entnehmen Sie bitte den einzelnen Produktbeschreibungen im Rahmen unseres Internetangebots.</p>\r\n<p><span>d)</span>&#160;Die f&#252;r den Vertragsschluss zur Verf&#252;gung stehende Sprache ist Deutsch.</p>\r\n<p><span>e)</span>&#160;Beanstandungen und M&#228;ngelhaftungsanspr&#252;che k&#246;nnen Sie unter der in der Anbieterkennzeichnung angegebenen Adresse vorbringen.</p>\r\n<p><span>f)</span>&#160;Der Vertragstext wird durch uns nicht gespeichert und ist daher Ihnen als Kunde nach dem Vertragsschluss &#252;ber uns nicht zug&#228;nglich.</p>\r\n<p><span>g)</span>&#160;Informationen zur Zahlung, Lieferung oder Erf&#252;llung entnehmen Sie bitte dem Angebot.</p>\r\n<p><span>&#167; 8 Information zum Streitbeilegungsverfahren vor einer Verbraucherschlichtungsstelle</span></p>\r\n<p>Wir sind weder bereit noch verpflichtet, an einem Streitbeilegungsverfahren vor einer Verbraucherschlichtungsstelle teilzunehmen.</p>\r\n<p><span>&#167; 9 Verschiedenes</span></p>\r\n<p>Auf das Vertragsverh&#228;ltnis zwischen uns und dem Kunden sowie auf die jeweiligen Gesch&#228;ftsbedingungen findet das Recht der Bundesrepublik Deutschland Anwendung. Sofern der Kunde Verbraucher ist, bleiben die nach dem Recht des Staates, in welchem der Verbraucher seinen gew&#246;hnlichen Aufenthalt hat, zum Schutz des Verbrauchers anzuwendenden gesetzlichen Regelungen und Rechte, von welchen nicht durch Vereinbarung abgewichen werden darf, von dieser Vereinbarung unber&#252;hrt. Die Anwendung von UN-Kaufrecht wird ausgeschlossen.</p>\r\n<p>&#160;</p>', 6, 0, '', 0, 3, 0, '', '', ''),
(9, 0, 0, '', 2, 'Impressum', 'Impressum', '<p><strong>justneo.de</strong><br /><br />Norbert Szyszlo</p>\r\n<p>Anschrift:<br />St&#252;beheide 59<br />22337 Hamburg (Germany)</p>\r\n<p>Kontakt:<br />Telefon: 040 239 68 251<br />E-Mail: info@justneo.de</p>\r\n<p>Umsatzsteuer-ID: DE365237066</p>', 7, 0, '', 0, 4, 0, '', '', ''),
(10, 0, 0, '', 2, 'Index', 'Willkommen', '<p>{$greeting}</p>', 0, 1, '', 0, 5, 0, '', '', ''),
(18, 0, 0, '', 2, 'Preis Info', 'Preis Info', 'Sehr geehrte Damen und Herren,<br /><br /> mit Ihrem aktuellen Systemstatus k&#246;nnen Sie momentan keine Preise sehen.<br /><br /><br /> Loggen Sie sich bitte ein, bzw. melden Sie sich an.<br /><br /> Sollten Sie trotz erfolgreicher Anmeldung keine Preise sehen k&#246;nnen, so kommen Sie bitte auf uns zu.<br /><br />', 0, 0, '', 0, 500, 1, '', '', ''),
(19, 0, 0, '', 2, 'Kooperationen', 'Kooperationen', '<h2>Unser Systemhaus und Partner</h2>\r\n<h3><a href=\"https://yes-websolutions.de\" target=\"_blank\" title=\"Ecommerce Unternehmensberatung\">Die Yes Websolutions aus Hamburg</a></h3>\r\n<p>Das Team der YES Websolutions bietet das YES-System als Cloud ERP System f&#252;r den Onlinehandel an.<br />Dar&#252;ber hinaus unterst&#252;tzt es uns als Berater in allen unternehmerischen Fragen. <br /><br /><a href=\"https://www.yes-system.de\" target=\"_blank\" title=\"ERP Ecommerce Warenwirtschaft\"><img src=\"https://yes-system.de/yes-system-logo.png\" alt=\"ERP Ecommerce Warenwirtschaft  yes-system.de\" width=\"100\" border=\"0\" /></a><br /> Das YES-System ist die optimale Software f&#252;r den Onlinehandel&#160;<br />Die als Komplettl&#246;sung Ihre Unternehmensbereiche aus einer einzigen Basis heraus abbildet.</p>\r\n<p>Bei Fragen kommen Sie gern auf uns zu.</p>', 0, 1, '', 1, 11, 1, '', '', ''),
(13, 0, 0, '', 2, 'Kontakt', 'Kontakt', '<p><span>Vielen Dank f&#252;r Ihre Nachricht.</span></p>\r\n<p><span></span></p>\r\n<p><span>Wir werden uns baldm&#246;glichst bei Ihnen melden.</span></p>\r\n<p><span></span></p>\r\n<p><span>Mit freundlichen Gr&#252;&#223;en</span></p>\r\n<p>Ihr justneo Team</p>\r\n<p><span></span></p>\r\n<p><span>justneo.de</span><br /><span>St&#252;beheide 59</span><br /><span>22337 Hamburg</span><br /><span>Deutschland</span><br /><a href=\"mailto:info@justneo.de\">info@justneo.de</a></p>', 8, 0, '', 1, 7, 0, '', '', ''),
(16, 0, 0, '', 2, 'Sitemap', '', '', 0, 1, 'sitemap.php', 1, 8, 0, '', '', ''),
(20, 0, 0, '', 2, 'Wir über uns', 'Wir über uns', '<h2>Herzlich Willkommen bei YES Concept / YES-System &#8211; Ihrer neuen Handelssoftware</h2>\r\n<p>Das YES4trade ERP System ist eine speziell f&#252;r den Onlinehandel entwickelte<span class=\"Apple-converted-space\">&#160;</span><a href=\"http://yes-system.de/\" title=\"Multichannel Warenwirtschaft.\">Multichannel Warenwirtschaft.</a><br />Das System bildet auch den klassischen station&#228;ren Einzel- und Gro&#223;handel \"parallel\" ab.</p>\r\n<p>&#160;</p>\r\n<h2>Alles in einem System!</h2>\r\n<p>YES bildet den gesamten Handel eines Unternehmens ab.<br />S&#228;mtliche Handelsbereiche des Unternehmens werden aus einer einzigen Basis bedient. Es spielt keine Rolle ob der jeweilige Anwender in einer Filiale, im Stammlager oder B&#252;ro sitzt. Alle arbeiten mit den selben Daten und da es ein einziges System ist, liegen die Daten auch immer aktuell vor. Eine Synchronisation mit einer Filiale oder mit einem Webshop gibt es nicht &#8211; ist nicht erforderlich.</p>\r\n<p>&#160;</p>\r\n<h2>Niemanden fragen &#8211; nie wieder suchen</h2>\r\n<p>S&#228;mtliche Abteilungen wie der Einkauf, Verkauf, Kundendienst (Mailsystem, Reklamationen, &#8230; CRM), das Lager / Versand, das Ladengesch&#228;ft, weitere Marktpl&#228;tze (Ebay, Amazon, real, &#8230;) arbeiten mit einem System. Die gesamte Kommunikation, sowohl intern wie extern l&#228;uft &#252;ber YES-System.<br />Alle wichtigen Vorg&#228;nge werden protokolliert und stehen jederzeit an Ort und Stelle zur Verf&#252;gung.</p>\r\n<p>&#160;</p>\r\n<h2>KMU und Einzelunternehmer</h2>\r\n<p>Unsere Kunden sind sowohl Einzelh&#228;ndler, als auch mittelst&#228;ndische Unternehmen. Durch unser umfangreiches Berechtigungskonzept, sind die Berechtigungen gem&#228;&#223; dem jeweiligen Aufgabengebiet des einzelnen Mitarbeiters genau definierbar. Dar&#252;ber hinaus werden Ihre Prozesse &#252;ber das Customising optimal abgebildet.<br style=\"box-sizing: border-box; font-family: sans-serif, \'Open Sans\', helvetica, arial;\" />Die optimale Prozessabbildung, das interne Meldesystem und die nahezu systemweite Protokollierung sorgen f&#252;r reibungslose Abl&#228;ufe.</p>\r\n<p>&#160;</p>\r\n<h2>Das YES System sichert Ihr Gesch&#228;ft ab ohne das Sie die Kontrolle verlieren.</h2>', 1, 1, '', 1, 10, 1, '', '', ''),
(22, 0, 0, '', 2, 'Widerrufsbelehrung', 'Widerrufsbelehrung', '<p><span>Widerrufsbelehrung&#160;<span>und Muster-Widerrufsformular&#160;</span>f&#252;r Verbraucher</span></p>\r\n<p>Widerrufsrecht</p>\r\n<p>Sie haben das Recht, binnen vierzehn Tagen ohne Angabe von Gr&#252;nden diesen Vertrag zu widerrufen.&#160;</p>\r\n<p>Die Widerrufsfrist betr&#228;gt vierzehn Tage ab dem Tag, an dem Sie oder ein von Ihnen benannter Dritter, der nicht der Bef&#246;rderer ist, die letzte Ware in Besitz genommen haben bzw. hat.&#160;</p>\r\n<p>Um Ihr Widerrufsrecht auszu&#252;ben, m&#252;ssen Sie uns,&#160;</p>\r\n<p><span>justneo.de</span><br /><br />Norbert Szyszlo</p>\r\n<p>St&#252;beheide 59<br />22337 Hamburg (Germany)</p>\r\n<p>Telefon: 040 239 68 251<br />E-Mail: info@justneo.de</p>\r\n<p>Umsatzsteuer-ID: DE365237066</p>\r\n<p>mittels einer eindeutigen Erkl&#228;rung (z. B. ein mit der Post versandter Brief, Telefax oder E-Mail) &#252;ber Ihren Entschluss, diesen Vertrag zu widerrufen, informieren. Sie k&#246;nnen daf&#252;r das beigef&#252;gte Muster-Widerrufsformular verwenden, das jedoch nicht vorgeschrieben ist.&#160;</p>\r\n<p>Zur Wahrung der Widerrufsfrist reicht es aus, dass Sie die Mitteilung &#252;ber die Aus&#252;bung des Widerrufsrechts vor Ablauf der Widerrufsfrist absenden.</p>\r\n<p><span>Folgen des Widerrufs</span></p>\r\n<p>Wenn Sie diesen Vertrag widerrufen, haben wir Ihnen alle Zahlungen, die wir von Ihnen erhalten haben, einschlie&#223;lich der Lieferkosten (mit Ausnahme der zus&#228;tzlichen Kosten, die sich daraus ergeben, dass Sie eine andere Art der Lieferung als die von uns angebotene, g&#252;nstigste Standardlieferung gew&#228;hlt haben), unverz&#252;glich und sp&#228;testens binnen vierzehn Tagen ab dem Tag zur&#252;ckzuzahlen, an dem die Mitteilung &#252;ber Ihren Widerruf dieses Vertrags bei uns eingegangen ist. F&#252;r diese R&#252;ckzahlung verwenden wir dasselbe Zahlungsmittel, das Sie bei der urspr&#252;nglichen Transaktion eingesetzt haben, es sei denn, mit Ihnen wurde ausdr&#252;cklich etwas anderes vereinbart; in keinem Fall werden Ihnen wegen dieser R&#252;ckzahlung Entgelte berechnet. Wir k&#246;nnen die R&#252;ckzahlung verweigern, bis wir die Waren wieder zur&#252;ckerhalten haben oder bis Sie den Nachweis erbracht haben, dass Sie die Waren zur&#252;ckgesandt haben, je nachdem, welches der fr&#252;here Zeitpunkt ist. Sie haben die Waren unverz&#252;glich und in jedem Fall sp&#228;testens binnen vierzehn Tagen ab dem Tag, an dem Sie uns &#252;ber den Widerruf dieses Vertrages unterrichten, an uns zur&#252;ckzusenden oder zu &#252;bergeben. Die Frist ist gewahrt, wenn Sie die Waren vor Ablauf der Frist von vierzehn Tagen absenden. Sie tragen die unmittelbaren Kosten der R&#252;cksendung der Waren. Sie m&#252;ssen f&#252;r einen etwaigen Wertverlust der Waren nur aufkommen, wenn dieser Wertverlust auf einen zur Pr&#252;fung der Beschaffenheit, Eigenschaften und Funktionsweise der Waren nicht notwendigen Umgang mit ihnen zur&#252;ckzuf&#252;hren ist.</p>\r\n<p><span>Ende der Widerrufsbelehrung</span>&#160;</p>\r\n<p><span><a></a>Muster-Widerrufsformular</span></p>\r\n<p>(Wenn Sie den Vertrag widerrufen wollen, dann f&#252;llen Sie bitte dieses Formular aus und senden Sie es zur&#252;ck.)</p>\r\n<p>An:</p>\r\n<p>justneo.de</p>\r\n<p>Norbert Szyszlo</p>\r\n<p>St&#252;beheide 59<br />22337 Hamburg (Germany)</p>\r\n<p>E-Mail:&#160;info@justneo.de</p>\r\n<p>- Hiermit widerrufe(n) ich/wir (*) den von mir/uns (*) abgeschlossenen&#160;</p>\r\n<p>&#160; Vertrag &#252;ber den Kauf der folgenden Waren (*)/ die Erbringung der folgenden Dienstleistung (*)</p>\r\n<p>- Bestellt am (*)/erhalten am (*)</p>\r\n<p>- Name des/der Verbraucher(s)</p>\r\n<p>- Anschrift des/der Verbraucher(s)</p>\r\n<p>- Unterschrift des/der Verbraucher(s) (nur bei Mitteilung auf Papier)</p>\r\n<p>- Datum</p>\r\n<p>_______________</p>\r\n<p>(*) Unzutreffendes streichen.</p>\r\n<p><span>&#160;</span></p>\r\n<p><strong><a href=\"https://justneo.de/files/Wiederruf-Formular-justneo-Norbert-Szyszlo.pdf\">PDF Version zum Download hier</a></strong></p>', 7, 0, '', 0, 9, 1, '', '', '');
INSERT INTO `content_manager` (`content_id`, `categories_id`, `parent_id`, `group_ids`, `languages_id`, `content_title`, `content_heading`, `content_text`, `sort_order`, `file_flag`, `content_file`, `content_status`, `content_group`, `content_delete`, `content_meta_title`, `content_meta_description`, `content_meta_keywords`) VALUES
(41, 0, 0, '', 2, 'Startseitentext - ganz unten', 'YES - Cloud ERP System für Onlinehandel', '<p><strong>Willkommen bei JustNeo &#8211; deinem vertrauensw&#252;rdigen Partner f&#252;r nachhaltige Outdoor-Abenteuer, kreative Freizeitgestaltung und praktische Alltagsl&#246;sungen</strong></p>\r\n<p>Bei JustNeo haben wir es uns zur Aufgabe gemacht, dein Leben mit hochwertigen, umweltfreundlichen Produkten zu bereichern. Egal, ob du die Natur liebst und nach <strong>Outdoor-Equipment</strong> suchst, kreative Projekte in deiner Freizeit umsetzt oder einfach nach intelligenten <strong>Haushaltsl&#246;sungen</strong> suchst &#8211; wir bieten dir die ideale Kombination aus Funktionalit&#228;t, Stil und Nachhaltigkeit. Wir wissen, wie wichtig es ist, Produkte zu verwenden, die nicht nur deinen Alltag erleichtern, sondern auch einen positiven Einfluss auf die Umwelt haben.</p>\r\n<p>Unsere sorgf&#228;ltig ausgew&#228;hlten Artikel sind f&#252;r Menschen gemacht, die das Beste aus ihrer Zeit im Freien herausholen, ihre Kreativit&#228;t ausleben und gleichzeitig umweltbewusst handeln m&#246;chten. Jeder Artikel, den du bei JustNeo findest, wurde nicht nur auf <strong>Haltbarkeit</strong> und <strong>Praktikabilit&#228;t</strong> gepr&#252;ft, sondern entspricht auch den h&#246;chsten <strong>Nachhaltigkeitsstandards</strong>. So kannst du mit gutem Gewissen einkaufen und deine Abenteuer sorgenfrei genie&#223;en.</p>\r\n<p><strong>Was JustNeo besonders macht:</strong></p>\r\n<ol>\r\n<li>\r\n<p><strong>Outdoor-Erlebnisse der Extraklasse</strong>: Unsere Produkte unterst&#252;tzen dich bei jedem Abenteuer. Egal, ob du ein leidenschaftlicher Camper bist, gerne wanderst oder deine Wochenenden mit neuen Outdoor-Aktivit&#228;ten verbringst &#8211; bei uns findest du alles, was du brauchst. Von robusten <strong>Campingzelten</strong> bis hin zu multifunktionalem <strong>Survival-Equipment</strong> &#8211; unsere <strong>Outdoor-Ausr&#252;stung</strong> ist genau auf deine Bed&#252;rfnisse zugeschnitten. Jedes Produkt wurde entwickelt, um dir auch in der Wildnis Zuverl&#228;ssigkeit und Komfort zu bieten.</p>\r\n</li>\r\n<li>\r\n<p><strong>Kreativit&#228;t f&#252;r dein Hobby</strong>: In unserer Kategorie f&#252;r <strong>DIY-Projekte</strong> und <strong>Bastelideen</strong> findest du eine F&#252;lle an Inspiration, um dein kreatives Potenzial auszusch&#246;pfen. Unsere Produkte sind ideal f&#252;r Menschen, die es lieben, etwas mit den eigenen H&#228;nden zu erschaffen. Ob du neue Deko-Elemente f&#252;r dein Zuhause bastelst oder praktische L&#246;sungen f&#252;r deinen Alltag entwickelst &#8211; bei JustNeo bekommst du die Materialien und Werkzeuge, die dir helfen, deine Ideen in die Tat umzusetzen.</p>\r\n</li>\r\n<li>\r\n<p><strong>Nachhaltige Haushaltshelfer</strong>: In Zeiten, in denen <strong>Nachhaltigkeit</strong> immer wichtiger wird, legen wir bei JustNeo gro&#223;en Wert auf umweltfreundliche <strong>Alltagsgegenst&#228;nde</strong>. Unsere Haushaltsprodukte sind nicht nur langlebig, sondern auch ressourcenschonend hergestellt. Sie helfen dir dabei, deinen &#246;kologischen Fu&#223;abdruck zu verkleinern, ohne dabei auf Komfort oder Funktionalit&#228;t zu verzichten.</p>\r\n</li>\r\n</ol>\r\n<p><strong>Warum du bei JustNeo einkaufen solltest:</strong></p>\r\n<ul>\r\n<li>\r\n<p><strong>H&#246;chste Qualit&#228;t und Innovation</strong>: Bei uns erh&#228;ltst du nur Produkte, die sorgf&#228;ltig ausgew&#228;hlt wurden, um dir den Alltag zu erleichtern. Ob f&#252;r die Natur oder dein Zuhause, du kannst sicher sein, dass unsere Artikel h&#246;chsten Qualit&#228;tsstandards entsprechen. Dabei setzen wir auf Innovation und Effizienz, um dir stets die besten L&#246;sungen zu bieten.</p>\r\n</li>\r\n<li>\r\n<p><strong>Nachhaltigkeit und Verantwortung</strong>: Wir sind uns unserer Verantwortung gegen&#252;ber der Umwelt bewusst. Deshalb bieten wir ausschlie&#223;lich Produkte an, die unter fairen Bedingungen und aus umweltfreundlichen Materialien hergestellt wurden. So kannst du sicher sein, dass jeder Kauf nicht nur dir, sondern auch der Natur zugutekommt.</p>\r\n</li>\r\n<li>\r\n<p><strong>Vielf&#228;ltige Produktkategorien</strong>: JustNeo ist dein <strong>One-Stop-Shop</strong> f&#252;r alles, was dein Leben bereichert. Von <strong>Camping-Ausr&#252;stung</strong> &#252;ber <strong>kreative Bastelmaterialien</strong> bis hin zu <strong>smarten Alltagsgegenst&#228;nden</strong> findest du bei uns eine breite Palette an Produkten, die speziell darauf ausgelegt sind, dir sowohl im Alltag als auch bei deinen Hobbys und Abenteuern zu helfen.</p>\r\n</li>\r\n</ul>\r\n<p><strong>Wir verstehen deine Bed&#252;rfnisse</strong><br />Bei JustNeo wissen wir, dass du Wert auf Qualit&#228;t, Stil und Nachhaltigkeit legst. Genau deshalb ist unser Sortiment perfekt auf dich abgestimmt. Du suchst nach <strong>Outdoor-Equipment</strong>, das dich nicht im Stich l&#228;sst? Unsere <strong>Camping-Zelte</strong>, <strong>Survival-Ausr&#252;stung</strong> und <strong>Freizeitartikel</strong> wurden mit Blick auf deine Abenteuer entwickelt. Du m&#246;chtest deine Freizeit mit kreativen Projekten f&#252;llen? Unsere <strong>DIY-Produkte</strong> und <strong>Bastelzubeh&#246;r</strong> inspirieren dich dazu, deine Ideen in die Realit&#228;t umzusetzen. Und wenn du deinen Haushalt nachhaltiger gestalten willst, bieten wir dir langlebige Produkte, die nicht nur praktisch, sondern auch umweltschonend sind.</p>\r\n<p><strong>Deine Zufriedenheit ist unser Antrieb</strong><br />Unser Ziel ist es, dir ein einzigartiges Einkaufserlebnis zu bieten. Dabei steht deine Zufriedenheit f&#252;r uns an erster Stelle. Deshalb haben wir uns verpflichtet, dir Produkte zu bieten, auf die du dich verlassen kannst &#8211; und das zu einem fairen Preis. Entdecke unsere Kategorien und finde genau das, was du f&#252;r dein n&#228;chstes Projekt oder Abenteuer brauchst.</p>', 505, 1, '', 0, 5, 1, '', '', ''),
(44, 0, 0, '', 2, 'Widerrufsformular', '', '<p><span style=\"font-size: 10pt;\">Dies ist eine Internetseite ohne Handelsabsichten. Kaufverlangen werden ignoriert und nicht ausgeliefert. Evtl. Zahlungen auf Leistungen aus diesem Webshop werden nicht akzeptiert.</span></p>\r\n<p><span style=\"font-size: 10pt;\">Widerrufsformular (g&#252;ltig ab 13.06.2014)</span></p>\r\n<p><span style=\"font-size: 12pt;\"><a href=\"https://now-yes.de/files/\" target=\"_blank\">Herunterladen</a></span></p>', 7, 0, '', 0, 12, 1, '', '', ''),
(47, 0, 0, '', 2, 'Slider 2', '', '<a href=\"https://justneo.de/Campingzelte---51.html\"><img src=\"https://justneo.de//ebaymich/Content/camping.jpg\" alt=\"Campingzelte\" /></a>', 602, 1, '', 0, 5, 1, '', '', ''),
(48, 0, 0, '', 2, 'Slider 2 mobil', '', '<a href=\"https://justneo.de/Campingzelte---51.html\"><img src=\"https://justneo.de//ebaymich/Content/camping-m.jpg\" alt=\"Campingzelte\" /></a>', 603, 1, '', 0, 5, 1, '', '', ''),
(49, 0, 0, '', 2, 'Slider 3', '', '<a href=\"https://justneo.de/Survival-Outdoor---54.html\"><img src=\"https://justneo.de/ebaymich/Content/slider-survival.jpg\" alt=\"Survival und Outdoor\" /></a>', 604, 1, '', 0, 5, 1, '', '', ''),
(50, 0, 0, '', 2, 'Footer Bezahlarten', 'Unsere Bezahlarten', '<img src=\"https://now-yes.de//files/Paymentlogos/paypal.png\" alt=\"\" width=\"80px\" /> <img src=\"https://now-yes.de/files/Paymentlogos/kreditkarte.png\" alt=\"\" width=\"80px\" /> <img src=\"https://now-yes.de/files/Paymentlogos/moneyorder.png\" alt=\"\" width=\"80px\" /> <img src=\"https://now-yes.de/files/Paymentlogos/sofortueberweisung.png\" alt=\"\" width=\"80px\" />', 605, 1, '', 0, 5, 1, '', '', ''),
(51, 0, 0, '', 2, 'Über uns Text', 'Willkommen bei just neo!', '<p>Willkommen bei JustNeo &#8211; deinem Shop f&#252;r mehr Abenteuer, Kreativit&#228;t und smarte Alltagsl&#246;sungen.</p>\r\n<p>Unsere Mission ist es, dir genau die Produkte zu bieten, die dein Leben besser machen. Ob du nach nachhaltigen Alltagsgegenst&#228;nden suchst, deine Freizeit gerne drau&#223;en verbringst oder in dein Hobby eintauchst &#8211; bei uns findest du, was du brauchst. Wir haben eine sorgf&#228;ltig kuratierte Auswahl an hochwertigen Artikeln, die nicht nur praktisch sind, sondern auch mit einem starken Fokus auf Nachhaltigkeit entwickelt wurden.</p>\r\n<p>Warum bei JustNeo einkaufen? Weil wir wissen, dass du Qualit&#228;t und Stil sch&#228;tzt. Unsere Produkte sind genau darauf ausgerichtet, dir den Alltag zu erleichtern und gleichzeitig neue M&#246;glichkeiten f&#252;r deine Freizeit und Hobbys zu schaffen. Von Outdoor-Equipment bis zu kreativen Ideen f&#252;r dein n&#228;chstes Projekt &#8211; wir haben alles, was dein Herz begehrt.</p>\r\n<p>Schau dich um und lass dich inspirieren. Wir sind hier, um deine Abenteuer und Ideen zu unterst&#252;tzen &#8211; mit Produkten, auf die du dich verlassen kannst.</p>', 606, 1, '', 0, 5, 1, '', '', ''),
(52, 0, 0, '', 2, 'Footer Logo + Adresse', 'Kontakt', '<a href=\"#\"><img src=\"https://now-yes.de//files/Logos/logo.jpg\" alt=\"\" /></a>\r\n<p><strong>YES-System.de Webshop</strong><br /> Haupt Strasse 1<br /> 20000 Hamaburg</p>\r\n<p>Tel. 040 209 314 800 <br />info@yes-system.de</p>', 607, 1, '', 0, 5, 1, '', '', ''),
(53, 0, 0, '', 2, 'Footer Hinweistext', '', '*Alle Preise in Euro (EUR) inklusive gesetzlicher Mehrwertsteuer und exklusive&#160;<a href=\"https://now-yes.de/Versandkosten-_-1.html\">Versandkosten</a>.<br /> Die durchgestrichenen Preise entsprechen dem bisherigen Preis bei uns.<br /><br />', 608, 1, '', 0, 5, 1, '', '', ''),
(55, 0, 0, '', 2, 'Hinweistext: Header, Versandkosten beim Artikel, Warenkorb', '', 'Versandkostenfrei f&#252;r BRD ab 19,90 &#8364; Einkaufswert', 508, 1, '', 0, 5, 1, '', '', ''),
(56, 0, 0, '', 2, 'Preis Info - Unter dem Content', '', '<p>*Alle Preise in Euro (EUR) inklusive gesetzlicher Mehrwertsteuer und exklusive Versandkosten. Die durchgestrichenen Preise entsprechen dem bisherigen Preis bei justneo.de. Die Lieferzeit ab dem Tag nach der Zahlungsanweisung des Kunden.</p>', 607, 1, '', 0, 5, 1, '', '', ''),
(58, 0, 0, '', 2, 'Slider 3 mobil', '', '<a href=\"https://justneo.de/Survival-Outdoor---54.html\"><img src=\"https://justneo.de/ebaymich/Content/slider-survival-m.jpg\" alt=\"Survival und Outdoor\" /></a>', 604, 0, '', 0, 5, 1, '', '', ''),
(59, 0, 0, '', 2, 'Nachhaltige Outdoor-Abenteuer', 'Nachhaltige Outdoor-Abenteuer mit JustNeo – Die besten Tipps für umweltfreundliches Camping und Trekking', '<p style=\"line-height: 115%; margin-bottom: 0.35cm;\"><span face=\"Calibri\" style=\"font-family: Calibri; font-size: 14pt;\"><span size=\"4\"><span lang=\"de-DE\"><b>Nachhaltige Outdoor-Abenteuer mit JustNeo &#8211; Die besten Tipps f&#252;r umweltfreundliches Camping und Trekking<br /><br /></b></span></span></span></p>\r\n<p style=\"line-height: 115%; margin-bottom: 0.35cm;\"><span face=\"Calibri\" style=\"font-family: Calibri;\"><span size=\"2\" style=\"font-size: small;\"><span lang=\"de-DE\"><span style=\"font-weight: normal;\">Camping und Trekking sind perfekte Wege, die Natur zu erleben und neue Abenteuer zu entdecken. Mit einem nachhaltigen Ansatz kannst du jedoch nicht nur die Umwelt sch&#252;tzen, sondern auch deinen &#246;kologischen Fu&#223;abdruck beim Outdoor-Erlebnis reduzieren. JustNeo bietet dir eine gro&#223;e Auswahl an nachhaltigem Outdoor-Equipment, das deine Abenteuer umweltfreundlicher und praktischer gestaltet. Hier findest du die besten Tipps f&#252;r umweltbewusstes Camping und Trekking &#8211; und wie JustNeo-Produkte dir dabei helfen k&#246;nnen.<br /></span></span></span></span></p>\r\n<p style=\"line-height: 115%; margin-bottom: 0.35cm;\"><span face=\"Calibri\" style=\"font-family: Calibri;\"><span size=\"3\" style=\"font-size: medium;\"><span lang=\"de-DE\"><b>1. Nachhaltige Campingausr&#252;stung f&#252;r ein besseres Naturerlebnis</b></span></span></span></p>\r\n<p style=\"line-height: 115%; margin-bottom: 0.35cm;\"><span face=\"Calibri\" style=\"font-family: Calibri;\"><span size=\"2\" style=\"font-size: small;\"><span lang=\"de-DE\"><span style=\"font-weight: normal;\">Die Wahl der richtigen Campingausr&#252;stung ist der erste Schritt zu einem umweltfreundlichen Abenteuer. JustNeo bietet Produkte, die speziell f&#252;r Langlebigkeit und Ressourcenschonung entwickelt wurden. Unsere Outdoor-Artikel, wie wiederverwendbare Trinkflaschen, langlebige Camping-Zelte und multifunktionale Outdoor-Werkzeuge, reduzieren den Bedarf an Einwegprodukten und sorgen daf&#252;r, dass du mit minimalem Abfall unterwegs bist.<br /><br /></span></span></span></span></p>\r\n<p style=\"line-height: 115%; margin-bottom: 0.35cm;\"><span face=\"Calibri\" style=\"font-family: Calibri;\"><span size=\"2\" style=\"font-size: small;\"><span lang=\"de-DE\"><b>Unsere umweltfreundlichen Favoriten f&#252;r dein Abenteuer:<br /></b></span></span></span></p>\r\n<p style=\"line-height: 115%; margin-bottom: 0.35cm;\"><span face=\"Calibri\" style=\"font-family: Calibri;\"><span size=\"2\" style=\"font-size: small;\"><span lang=\"de-DE\"><span style=\"font-weight: normal;\">Wiederverwendbare Trinkflaschen und Beh&#228;lter: Spare Plastik und reduziere M&#252;ll durch Mehrwegprodukte.</span></span></span></span></p>\r\n<p style=\"line-height: 115%; margin-bottom: 0.35cm;\"><span face=\"Calibri\" style=\"font-family: Calibri;\"><span size=\"2\" style=\"font-size: small;\"><span lang=\"de-DE\"><span style=\"font-weight: normal;\">Multifunktionale Werkzeuge: Unsere Survival-Tools vereinen mehrere Funktionen in einem Produkt, was Gewicht spart und weniger Ausr&#252;stung erfordert.</span></span></span></span></p>\r\n<p style=\"line-height: 115%; margin-bottom: 0.35cm;\"><span face=\"Calibri\" style=\"font-family: Calibri;\"><span size=\"2\" style=\"font-size: small;\"><span lang=\"de-DE\"><span style=\"font-weight: normal;\">Wetterbest&#228;ndige Zelte und Campingausr&#252;stung: Investiere in langlebige, wetterfeste Zelte und Schlafs&#228;cke, die f&#252;r wiederholte Eins&#228;tze gemacht sind.</span></span></span></span></p>\r\n<p style=\"line-height: 115%; margin-bottom: 0.35cm;\"></p>\r\n<p style=\"line-height: 115%; margin-bottom: 0.35cm;\"><span face=\"Calibri\" style=\"font-family: Calibri;\"><span size=\"3\" style=\"font-size: medium;\"><span lang=\"de-DE\"><b>2. Zero-Waste-Camping: M&#252;ll vermeiden und Natur respektieren</b></span></span></span></p>\r\n<p style=\"line-height: 115%; margin-bottom: 0.35cm;\"><span face=\"Calibri\" style=\"font-family: Calibri;\"><span size=\"2\" style=\"font-size: small;\"><span lang=\"de-DE\"><span style=\"font-weight: normal;\">Beim Camping in der freien Natur ist es entscheidend, keine Spuren zu hinterlassen. JustNeo unterst&#252;tzt dich bei einem Zero-Waste-Camping-Erlebnis, indem wir wiederverwendbare und biologisch abbaubare Produkte anbieten. Mit diesen Tipps kannst du unn&#246;tigen Abfall vermeiden:</span></span></span></span></p>\r\n<p style=\"line-height: 115%; margin-bottom: 0.35cm;\"><span face=\"Calibri\" style=\"font-family: Calibri;\"><span size=\"2\" style=\"font-size: small;\"><span lang=\"de-DE\"><span style=\"font-weight: normal;\">Vorbereitungen f&#252;r Zero-Waste-Camping: Plane deine Verpflegung und Ausr&#252;stung so, dass wenig oder gar kein M&#252;ll entsteht. Verwende wiederverwendbare Beh&#228;lter und packe Lebensmittel in Glas oder Edelstahl, um Plastikt&#252;ten und Verpackungen zu vermeiden.</span></span></span></span></p>\r\n<p style=\"line-height: 115%; margin-bottom: 0.35cm;\"><span face=\"Calibri\" style=\"font-family: Calibri;\"><span size=\"2\" style=\"font-size: small;\"><span lang=\"de-DE\"><span style=\"font-weight: normal;\">Abfallmanagement vor Ort: Sorge daf&#252;r, dass alle Abf&#228;lle, die du nicht vermeiden kannst, wieder mitgenommen werden. Nutze biologisch abbaubare Produkte f&#252;r die Hygiene und w&#228;hle umweltfreundliche Seifen, die das Wasser nicht belasten.</span></span></span></span></p>\r\n<p style=\"line-height: 115%; margin-bottom: 0.35cm;\"></p>\r\n<p style=\"line-height: 115%; margin-bottom: 0.35cm;\"><span face=\"Calibri\" style=\"font-family: Calibri;\"><span size=\"3\" style=\"font-size: medium;\"><span lang=\"de-DE\"><b>3. Ressourcenschonende Packlisten f&#252;r nachhaltiges Camping und Trekking</b></span></span></span></p>\r\n<p style=\"line-height: 115%; margin-bottom: 0.35cm;\"><span face=\"Calibri\" style=\"font-family: Calibri;\"><span size=\"2\" style=\"font-size: small;\"><span lang=\"de-DE\"><span style=\"font-weight: normal;\">Eine durchdachte Packliste hilft dir, nur das N&#246;tigste mitzunehmen und dabei auf nachhaltige Alternativen zur&#252;ckzugreifen. JustNeo empfiehlt dir Produkte, die leicht, langlebig und ressourcenschonend sind &#8211; ideal f&#252;r Camping und Trekking.</span></span></span></span></p>\r\n<p style=\"line-height: 115%; margin-bottom: 0.35cm;\"><span face=\"Calibri\" style=\"font-family: Calibri;\"><span size=\"2\" style=\"font-size: small;\"><span lang=\"de-DE\"><span style=\"font-weight: normal;\">Leichte und platzsparende Ausr&#252;stung: Unser Camping- und Outdoor-Sortiment bietet kompakte Produkte, die einfach zu transportieren sind und weniger Ressourcen verbrauchen.</span></span></span></span></p>\r\n<p style=\"line-height: 115%; margin-bottom: 0.35cm;\"><span face=\"Calibri\" style=\"font-family: Calibri;\"><span size=\"2\" style=\"font-size: small;\"><span lang=\"de-DE\"><span style=\"font-weight: normal;\">Nachhaltige Materialien: Setze auf Ausr&#252;stung aus umweltfreundlichen Materialien wie Bambus, Edelstahl und recycelten Stoffen. So sch&#252;tzt du die Natur aktiv, w&#228;hrend du unterwegs bist.</span></span></span></span></p>\r\n<p style=\"line-height: 115%; margin-bottom: 0.35cm;\"><span face=\"Calibri\" style=\"font-family: Calibri;\"><span size=\"2\" style=\"font-size: small;\"><span lang=\"de-DE\"><span style=\"font-weight: normal;\">Energieeffiziente Camping-Gadgets: Nutze Solarpanels oder wiederaufladbare Akkus, um auf Batterien zu verzichten und die Umwelt zu schonen.</span></span></span></span></p>\r\n<p style=\"line-height: 115%; margin-bottom: 0.35cm;\"></p>\r\n<p style=\"line-height: 115%; margin-bottom: 0.35cm;\"><span face=\"Calibri\" style=\"font-family: Calibri;\"><span size=\"3\" style=\"font-size: medium;\"><span lang=\"de-DE\"><b>4. Leave No Trace &#8211; Achtsamkeit f&#252;r die Natur</b></span></span></span></p>\r\n<p style=\"line-height: 115%; margin-bottom: 0.35cm;\"><span face=\"Calibri\" style=\"font-family: Calibri;\"><span size=\"2\" style=\"font-size: small;\"><span lang=\"de-DE\"><span style=\"font-weight: normal;\">Die &#8222;Leave No Trace&#8220;-Regeln sind ein wichtiger Leitfaden f&#252;r alle Outdoor-Fans, die nachhaltig campen und die Natur respektieren m&#246;chten. Mit JustNeo-Produkten kannst du diese Prinzipien einfach umsetzen. Lasse die Umgebung so, wie du sie vorgefunden hast:</span></span></span></span></p>\r\n<p style=\"line-height: 115%; margin-bottom: 0.35cm;\"><span face=\"Calibri\" style=\"font-family: Calibri;\"><span size=\"2\" style=\"font-size: small;\"><span lang=\"de-DE\"><span style=\"font-weight: normal;\">Nat&#252;rliche Wege nutzen: Bleibe auf markierten Wegen und vermeide, empfindliche Naturfl&#228;chen zu betreten.</span></span></span></span></p>\r\n<p style=\"line-height: 115%; margin-bottom: 0.35cm;\"><span face=\"Calibri\" style=\"font-family: Calibri;\"><span size=\"2\" style=\"font-size: small;\"><span lang=\"de-DE\"><span style=\"font-weight: normal;\">Nat&#252;rliche Ressourcen respektieren: Verwende nur das N&#246;tige und vermeide es, Ressourcen wie Wasser und Holz unn&#246;tig zu beanspruchen.</span></span></span></span></p>\r\n<p style=\"line-height: 115%; margin-bottom: 0.35cm;\"></p>\r\n<p style=\"line-height: 115%; margin-bottom: 0.35cm;\"><span face=\"Calibri\" style=\"font-family: Calibri;\"><span size=\"2\" style=\"font-size: small;\"><span lang=\"de-DE\"><b>Nachhaltigkeit mit JustNeo: Dein Beitrag zu einer gr&#252;neren Zukunft</b></span></span></span></p>\r\n<p style=\"line-height: 115%; margin-bottom: 0.35cm;\"><span face=\"Calibri\" style=\"font-family: Calibri;\"><span size=\"2\" style=\"font-size: small;\"><span lang=\"de-DE\"><span style=\"font-weight: normal;\">Mit JustNeo als Partner f&#252;r dein Outdoor-Abenteuer tr&#228;gst du aktiv dazu bei, die Natur zu sch&#252;tzen und nachhaltige Alternativen zu nutzen. Unsere Outdoor-Produkte sind langlebig, funktional und umweltfreundlich &#8211; ideal f&#252;r alle, die Abenteuer lieben und gleichzeitig die Natur bewahren m&#246;chten. Entdecke unser Sortiment und genie&#223;e die Natur verantwortungsvoll, ohne Spuren zu hinterlassen.</span></span></span></span></p>\r\n<p style=\"margin-bottom: 0.35cm; line-height: 115%;\"><span size=\"4\" style=\"font-size: large;\"><span lang=\"\"><span style=\"font-size: small;\">Camping und Trekking sind perfekte Wege, die Natur zu erleben und neue Abenteuer zu entdecken. Mit einem nachhaltigen Ansatz kannst du jedoch nicht nur die Umwelt sch&#252;tzen, sondern auch deinen &#246;kologischen Fu&#223;abdruck beim Outdoor-Erlebnis reduzieren. JustNeo bietet dir eine gro&#223;e Auswahl an nachhaltigem Outdoor-Equipment, das deine Abenteuer umweltfreundlicher und praktischer gestaltet. Hier findest du die besten Tipps f&#252;r umweltbewusstes Camping und Trekking &#8211; und wie JustNeo-Produkte dir dabei helfen k&#246;nnen.</span></span></span></p>\r\n<p lang=\"\" style=\"margin-bottom: 0.35cm; line-height: 115%;\"></p>', 1, 0, '', 1, 15, 1, '', '', ''),
(60, 0, 0, '', 2, 'DIY-Kreativprojekte und Bastelideen', 'DIY-Kreativprojekte und Bastelideen für dein Zuhause – JustNeo macht Nachhaltigkeit einfach', '<p style=\"margin-bottom: 0.35cm; line-height: 115%;\"><span size=\"2\" style=\"font-size: small;\"><span lang=\"\">DIY-Projekte und kreative Bastelideen sind nicht nur eine wunderbare M&#246;glichkeit, dein Zuhause zu versch&#246;nern, sondern auch ein Schritt zu mehr Nachhaltigkeit. Mit den richtigen Materialien und ein wenig Inspiration kannst du dekorative und praktische L&#246;sungen schaffen, die deinem Stil entsprechen und gleichzeitig die Umwelt schonen. Bei JustNeo findest du eine gro&#223;e Auswahl an nachhaltigen DIY- und Bastelmaterialien, die dir helfen, deine kreativen Ideen zu verwirklichen &#8211; und das ganz umweltbewusst.</span></span><br /><br /></p>\r\n<p style=\"margin-bottom: 0.35cm; line-height: 115%;\"><span lang=\"\" style=\"font-size: 10pt;\"><b>1. Nachhaltige Bastelmaterialien f&#252;r kreative Projekte</b></span></p>\r\n<p lang=\"\" style=\"margin-bottom: 0.35cm; line-height: 115%;\"><span size=\"2\" style=\"font-size: small;\">Nachhaltigkeit f&#228;ngt beim Material an. JustNeo bietet eine breite Palette an Bastelmaterialien, die aus umweltfreundlichen und wiederverwertbaren Materialien bestehen. So kannst du deine Kreativit&#228;t ausleben und gleichzeitig einen positiven Beitrag zur Umwelt leisten.</span><br /><br /></p>\r\n<p lang=\"\" style=\"margin-bottom: 0.35cm; line-height: 115%;\"><span size=\"2\" style=\"font-size: small;\"><b>Unsere nachhaltigen Materialien im &#220;berblick:</b></span></p>\r\n<p lang=\"\" style=\"margin-bottom: 0.35cm; line-height: 115%;\"><span size=\"2\" style=\"font-size: small;\">Recycelte und wiederverwendbare Stoffe: Nutze Stoffreste und recycelte Textilien f&#252;r deine DIY-Projekte. Sie sind vielseitig einsetzbar und bieten zahlreiche M&#246;glichkeiten, individuelle Dekorationen zu gestalten.</span></p>\r\n<p lang=\"\" style=\"margin-bottom: 0.35cm; line-height: 115%;\"><span size=\"2\" style=\"font-size: small;\">Holz und Naturmaterialien: Verwende Holzprodukte aus nachhaltiger Forstwirtschaft und Naturmaterialien wie Rattan oder Bambus f&#252;r deine kreativen Projekte. Sie sind langlebig, nat&#252;rlich und biologisch abbaubar.</span></p>\r\n<p lang=\"\" style=\"margin-bottom: 0.35cm; line-height: 115%;\"><span size=\"2\" style=\"font-size: small;\">Nachhaltige Farben und Klebstoffe: Bei JustNeo findest du umweltfreundliche Farben, Lacke und Kleber, die frei von Schadstoffen sind und sich ideal f&#252;r kreative Arbeiten eignen.</span></p>\r\n<p lang=\"\" style=\"margin-bottom: 0.35cm; line-height: 115%;\"><br /><br /></p>\r\n<p lang=\"\" style=\"margin-bottom: 0.35cm; line-height: 115%;\"><span style=\"font-size: 10pt;\"><b>2. DIY-Ideen f&#252;r ein nachhaltiges Zuhause</b></span></p>\r\n<p lang=\"\" style=\"margin-bottom: 0.35cm; line-height: 115%;\"><span size=\"2\" style=\"font-size: small;\">DIY-Projekte sind eine hervorragende M&#246;glichkeit, deine Wohnung individuell zu gestalten und gleichzeitig Ressourcen zu schonen. Mit diesen DIY-Ideen kannst du nachhaltige und stylische Elemente f&#252;r dein Zuhause schaffen:<br /></span></p>\r\n<p lang=\"\" style=\"margin-bottom: 0.35cm; line-height: 115%;\"><span size=\"2\" style=\"font-size: small;\">Upcycling-Projekte: Verwandle alte Glasflaschen in stilvolle Vasen, Dosen in kreative Aufbewahrungsl&#246;sungen oder Holzreste in dekorative Wandhalterungen. So kannst du Alltagsgegenst&#228;nde aufwerten, anstatt sie wegzuwerfen.</span></p>\r\n<p lang=\"\" style=\"margin-bottom: 0.35cm; line-height: 115%;\"><span size=\"2\" style=\"font-size: small;\">Deko aus Naturmaterialien: Gestalte deine eigene Wanddeko aus &#196;sten, Bl&#228;ttern und getrockneten Blumen. Diese Materialien sind nicht nur kostenlos, sondern bringen auch ein St&#252;ck Natur in dein Zuhause.</span></p>\r\n<p lang=\"\" style=\"margin-bottom: 0.35cm; line-height: 115%;\"><span size=\"2\" style=\"font-size: small;\">Kreative Aufbewahrungsl&#246;sungen: Nutze wiederverwendbare Materialien, um funktionale und dekorative Aufbewahrungsl&#246;sungen zu schaffen, die deinem Stil entsprechen und gleichzeitig nachhaltiger sind.</span></p>\r\n<p lang=\"\" style=\"margin-bottom: 0.35cm; line-height: 115%;\"><br /><br /></p>\r\n<p lang=\"\" style=\"margin-bottom: 0.35cm; line-height: 115%;\"><span style=\"font-size: 10pt;\"><b>3. Tipps f&#252;r umweltfreundliches Basteln und Gestalten</b></span></p>\r\n<p lang=\"\" style=\"margin-bottom: 0.35cm; line-height: 115%;\"><span size=\"2\" style=\"font-size: small;\">Bei DIY-Projekten ist es leicht, ressourcenschonend zu arbeiten, wenn man einige Prinzipien beachtet. JustNeo bietet dir nicht nur nachhaltige Materialien, sondern auch n&#252;tzliche Tipps, wie du ressourcenschonend und kreativ arbeiten kannst.</span></p>\r\n<p lang=\"\" style=\"margin-bottom: 0.35cm; line-height: 115%;\"><span size=\"2\" style=\"font-size: small;\">Wiederverwertbare Materialien verwenden: Statt neue Materialien zu kaufen, nutze Reste und nat&#252;rliche Ressourcen, die du bereits zu Hause hast. So reduzierst du deinen Verbrauch und vermeidest unn&#246;tigen M&#252;ll.</span></p>\r\n<p lang=\"\" style=\"margin-bottom: 0.35cm; line-height: 115%;\"><span size=\"2\" style=\"font-size: small;\">Nachhaltige Werkzeuge und Hilfsmittel: W&#228;hle langlebige und umweltfreundliche Werkzeuge f&#252;r deine Projekte. Achte darauf, dass Farben und Lacke wasserbasiert sind und keine sch&#228;dlichen Chemikalien enthalten.</span></p>\r\n<p style=\"margin-bottom: 0.35cm; line-height: 115%;\"><span size=\"2\" style=\"font-size: small;\"><span lang=\"\">Kreative Resteverwertung: Verwende Reste von anderen Projekten f&#252;r neue Ideen &#8211; kleine Stoffst&#252;cke eignen sich ideal f&#252;r Patchwork-Projekte, w&#228;hrend Holzreste als DIY-Deko oder Bilderrahmen dienen k&#246;nnen.</span></span></p>\r\n<p lang=\"\" style=\"margin-bottom: 0.35cm; line-height: 115%;\"><br /><br /></p>\r\n<p style=\"margin-bottom: 0.35cm; line-height: 115%;\"><span lang=\"\" style=\"font-size: 10pt;\"><b>4. DIY f&#252;r jede Jahreszeit &#8211; saisonale Ideen f&#252;r dein Zuhause</b></span></p>\r\n<p style=\"margin-bottom: 0.35cm; line-height: 115%;\"><span size=\"2\" style=\"font-size: small;\"><span lang=\"\">DIY-Projekte sind nicht nur zeitlos, sondern k&#246;nnen auch saisonale Themen aufgreifen. Ob Fr&#252;hling, Herbst oder Weihnachten &#8211; bei JustNeo findest du Inspiration f&#252;r kreative, saisonale Projekte:</span></span></p>\r\n<p lang=\"\" style=\"margin-bottom: 0.35cm; line-height: 115%;\"><span size=\"2\" style=\"font-size: small;\">Fr&#252;hling: Gestalte eine bl&#252;hende Tischdeko mit selbstgemachten Vasen aus recyceltem Glas und Blumenarrangements.</span></p>\r\n<p lang=\"\" style=\"margin-bottom: 0.35cm; line-height: 115%;\"><span size=\"2\" style=\"font-size: small;\">Sommer: Kreiere eigene Garten-Deko, zum Beispiel Windspiele aus Muscheln und Treibholz.</span></p>\r\n<p lang=\"\" style=\"margin-bottom: 0.35cm; line-height: 115%;\"><span size=\"2\" style=\"font-size: small;\">Herbst: Bastle mit Naturmaterialien wie Kastanien und Tannenzapfen, um warme und nat&#252;rliche Akzente zu setzen.</span></p>\r\n<p lang=\"\" style=\"margin-bottom: 0.35cm; line-height: 115%;\"><span size=\"2\" style=\"font-size: small;\">Winter/Weihnachten: Schaffe stimmungsvolle Deko f&#252;r die Weihnachtszeit, etwa selbstgemachte Adventskr&#228;nze aus Zweigen und getrockneten Blumen.</span></p>\r\n<p lang=\"\" style=\"margin-bottom: 0.35cm; line-height: 115%;\"><span size=\"2\" style=\"font-size: small;\">Mit JustNeo wird Nachhaltigkeit in DIY-Projekten zum Kinderspiel</span></p>\r\n<p style=\"margin-bottom: 0.35cm; line-height: 115%;\"><span size=\"2\" style=\"font-size: small;\"><span lang=\"\">JustNeo unterst&#252;tzt dich dabei, deine kreativen Projekte auf eine nachhaltige Weise umzusetzen. Mit hochwertigen und umweltfreundlichen Materialien bist du bestens ausger&#252;stet, um dekorative und n&#252;tzliche Elemente f&#252;r dein Zuhause zu schaffen. Entdecke unser Sortiment und lass dich inspirieren &#8211; dein n&#228;chstes nachhaltiges DIY-Projekt wartet schon!</span></span></p>', 2, 0, '', 1, 16, 1, '', '', ''),
(61, 0, 0, '', 2, 'Smarte Haushaltslösungen', 'Smarte Haushaltslösungen für einen umweltfreundlichen Alltag – JustNeo macht Nachhaltigkeit einfach', '<p style=\"margin-bottom: 0.35cm; line-height: 115%;\"><span size=\"2\" style=\"font-size: small;\"><span lang=\"\">in umweltfreundlicher Haushalt muss nicht kompliziert sein. Mit den richtigen Produkten und smarten L&#246;sungen kannst du ganz leicht deinen Alltag nachhaltiger gestalten und gleichzeitig auf Komfort und Funktionalit&#228;t setzen. JustNeo bietet dir eine gro&#223;e Auswahl an umweltfreundlichen Haushaltsprodukten, die dir dabei helfen, deinen &#246;kologischen Fu&#223;abdruck zu reduzieren und zugleich effizienter und komfortabler zu leben.</span></span></p>\r\n<p lang=\"\" style=\"margin-bottom: 0.35cm; line-height: 115%;\"></p>\r\n<p lang=\"\" style=\"margin-bottom: 0.35cm; line-height: 115%;\"><span style=\"font-size: 10pt;\"><b>1. Umweltfreundliche Alternativen f&#252;r den Alltag</b></span></p>\r\n<p style=\"margin-bottom: 0.35cm; line-height: 115%;\"><span size=\"2\" style=\"font-size: small;\"><span lang=\"\">Nachhaltigkeit beginnt bei allt&#228;glichen Dingen. Mit umweltfreundlichen Alternativen kannst du nicht nur Abfall reduzieren, sondern auch langfristig Kosten sparen. JustNeo setzt auf Haushaltsl&#246;sungen, die wiederverwendbar, langlebig und ressourcenschonend sind &#8211; perfekt f&#252;r einen gr&#252;nen Lebensstil.</span></span></p>\r\n<p style=\"margin-bottom: 0.35cm; line-height: 115%;\"></p>\r\n<p lang=\"\" style=\"margin-bottom: 0.35cm; line-height: 115%;\"><span style=\"font-size: 10pt;\"><strong><span size=\"2\">Unsere Top-Produkte f&#252;r einen nachhaltigen Alltag:</span></strong></span></p>\r\n<p lang=\"\" style=\"margin-bottom: 0.35cm; line-height: 115%;\"><span size=\"2\" style=\"font-size: small;\">Mehrweg-K&#252;chenartikel: Wiederverwendbare Frischhaltefolien aus Bienenwachs, langlebige Aufbewahrungsbeh&#228;lter und Glasflaschen ersetzen Einwegplastik und verringern den M&#252;ll im Haushalt.</span></p>\r\n<p lang=\"\" style=\"margin-bottom: 0.35cm; line-height: 115%;\"><span size=\"2\" style=\"font-size: small;\">Nachhaltige Reinigungsprodukte: Unsere umweltfreundlichen Reinigungsmittel sind biologisch abbaubar und frei von aggressiven Chemikalien. Sie reinigen gr&#252;ndlich, ohne die Natur zu belasten.</span></p>\r\n<p lang=\"\" style=\"margin-bottom: 0.35cm; line-height: 115%;\"><span size=\"2\" style=\"font-size: small;\">Langlebige K&#252;chenhelfer: Setze auf K&#252;chenutensilien aus Materialien wie Bambus, Edelstahl oder recyceltem Kunststoff. Diese sind nicht nur robuster, sondern auch umweltfreundlicher als herk&#246;mmliche Plastikprodukte.</span></p>\r\n<p lang=\"\" style=\"margin-bottom: 0.35cm; line-height: 115%;\"><br /><br /></p>\r\n<p lang=\"\" style=\"margin-bottom: 0.35cm; line-height: 115%;\"><span style=\"font-size: 10pt;\"><b>2. Smarte Haushaltshelfer f&#252;r mehr Effizienz und Komfort</b></span></p>\r\n<p lang=\"\" style=\"margin-bottom: 0.35cm; line-height: 115%;\"><span size=\"2\" style=\"font-size: small;\">Smarte Alltagsl&#246;sungen k&#246;nnen dir helfen, deinen Haushalt effizienter zu organisieren und gleichzeitig nachhaltiger zu gestalten. JustNeo bietet eine Auswahl an multifunktionalen Haushaltshelfern, die nicht nur praktisch, sondern auch platzsparend und langlebig sind.</span></p>\r\n<p lang=\"\" style=\"margin-bottom: 0.35cm; line-height: 115%;\"><span size=\"2\" style=\"font-size: small;\">Multifunktionale K&#252;chenhelfer: Unsere Kombi-Produkte vereinen mehrere Funktionen in einem Ger&#228;t, wie z.B. ein K&#252;chenwerkzeug mit Schneide-, Sch&#228;ler- und Reibefunktion. Das spart Platz und reduziert die Notwendigkeit f&#252;r mehrere Einzelprodukte.</span></p>\r\n<p style=\"margin-bottom: 0.35cm; line-height: 115%;\"><span size=\"2\" style=\"font-size: small;\"><span lang=\"\">Energieeffiziente Ger&#228;te: JustNeo setzt auf Ger&#228;te und Haushaltsartikel, die mit wenig Energie auskommen. Ob LED-Lampen, stromsparende K&#252;chenger&#228;te oder Solarleuchten &#8211; unsere Produkte helfen dir, den Energieverbrauch zu senken und die Umwelt zu schonen.</span></span></p>\r\n<p style=\"margin-bottom: 0.35cm; line-height: 115%;\"><span size=\"2\" style=\"font-size: small;\"><span lang=\"\">Organisationshilfen f&#252;r nachhaltige Ordnung: Von stapelbaren Aufbewahrungsboxen bis zu wiederverwendbaren Beh&#228;ltern &#8211; JustNeo unterst&#252;tzt dich dabei, deinen Haushalt organisiert zu halten und Einwegmaterialien zu vermeiden.</span></span></p>\r\n<p lang=\"\" style=\"margin-bottom: 0.35cm; line-height: 115%;\"><br /><br /></p>\r\n<p lang=\"\" style=\"margin-bottom: 0.35cm; line-height: 115%;\"><span style=\"font-size: 10pt;\"><b>3. Tipps f&#252;r einen plastikfreien Haushalt</b></span></p>\r\n<p lang=\"\" style=\"margin-bottom: 0.35cm; line-height: 115%;\"><span size=\"2\" style=\"font-size: small;\">Ein plastikfreier Haushalt ist nicht nur besser f&#252;r die Umwelt, sondern tr&#228;gt auch zu einem ges&#252;nderen Zuhause bei. JustNeo bietet dir zahlreiche plastikfreie Alternativen, die funktional und &#228;sthetisch zugleich sind:</span></p>\r\n<p lang=\"\" style=\"margin-bottom: 0.35cm; line-height: 115%;\"><span size=\"2\" style=\"font-size: small;\">Stoffbeutel und Beh&#228;lter f&#252;r die K&#252;che: Vermeide Einwegt&#252;ten und Plastikbeh&#228;lter, indem du auf wiederverwendbare Stoffbeutel und Glasbeh&#228;lter setzt. Diese sind perfekt f&#252;r die Aufbewahrung von Lebensmitteln und f&#252;r den Einkauf.</span></p>\r\n<p lang=\"\" style=\"margin-bottom: 0.35cm; line-height: 115%;\"><span size=\"2\" style=\"font-size: small;\">Nachhaltige Pflegeprodukte: Unsere Haushalts- und Reinigungsprodukte sind so konzipiert, dass sie Plastikverpackungen minimieren oder vollst&#228;ndig ersetzen. Entdecke plastikfreie Seifen, Shampoos und Reinigungsmittel f&#252;r ein umweltfreundlicheres Zuhause.</span></p>\r\n<p style=\"margin-bottom: 0.35cm; line-height: 115%;\"><span size=\"2\" style=\"font-size: small;\"><span lang=\"\">Verpackungsfreie Optionen: JustNeo bietet eine Reihe von Produkten ohne Plastikverpackungen an &#8211; von K&#252;chenschw&#228;mmen bis zu Reinigungsb&#252;rsten. Mit diesen Produkten kannst du aktiv zur M&#252;llvermeidung beitragen.</span></span></p>\r\n<p lang=\"\" style=\"margin-bottom: 0.35cm; line-height: 115%;\"><br /><br /></p>\r\n<p lang=\"\" style=\"margin-bottom: 0.35cm; line-height: 115%;\"><span style=\"font-size: 10pt;\"><b>4. Ressourcenschonende Reinigung und Pflege</b></span></p>\r\n<p style=\"margin-bottom: 0.35cm; line-height: 115%;\"><span size=\"2\" style=\"font-size: small;\"><span lang=\"\">Nachhaltigkeit endet nicht bei der Wahl der Produkte &#8211; auch bei der Anwendung kannst du Ressourcen schonen. Mit umweltfreundlichen Reinigungsmitteln und nachhaltigen Pflegeprodukten l&#228;sst sich dein Haushalt effizient und umweltbewusst pflegen:</span></span></p>\r\n<p lang=\"\" style=\"margin-bottom: 0.35cm; line-height: 115%;\"><span size=\"2\" style=\"font-size: small;\">Biologisch abbaubare Reinigungsmittel: Setze auf biologisch abbaubare Reinigungsmittel, die das Abwasser nicht belasten und aus nat&#252;rlichen Inhaltsstoffen bestehen.</span></p>\r\n<p lang=\"\" style=\"margin-bottom: 0.35cm; line-height: 115%;\"><span size=\"2\" style=\"font-size: small;\">Wassersparende Produkte: Reduziere deinen Wasserverbrauch mit Produkten wie wassersparenden Duschk&#246;pfen und durchdachten Reinigungstools. JustNeo bietet L&#246;sungen, die den Wasserverbrauch minimieren und so die Umwelt schonen.</span></p>\r\n<p lang=\"\" style=\"margin-bottom: 0.35cm; line-height: 115%;\"><span size=\"2\" style=\"font-size: small;\">Mikrofaser- und Bambust&#252;cher: Wiederverwendbare T&#252;cher aus Mikrofasern oder Bambus sind langlebig und vermeiden Einwegt&#252;cher oder Papiert&#252;cher. Sie eignen sich perfekt f&#252;r jede Art von Reinigung im Haushalt.<br /><br /></span></p>\r\n<p style=\"margin-bottom: 0.35cm; line-height: 115%;\"><span lang=\"\" style=\"font-size: 10pt;\"><b>Nachhaltigkeit einfach gemacht &#8211; Mit JustNeo zu einem gr&#252;neren Alltag</b></span></p>\r\n<p style=\"margin-bottom: 0.35cm; line-height: 115%;\"><span size=\"2\" style=\"font-size: small;\"><span lang=\"\">JustNeo unterst&#252;tzt dich auf deinem Weg zu einem nachhaltigen Lebensstil, indem wir Produkte anbieten, die deine Haushaltsroutine smarter und umweltfreundlicher gestalten. Ob f&#252;r die K&#252;che, das Bad oder den Garten &#8211; entdecke unsere umweltfreundlichen und funktionalen Haushaltsl&#246;sungen, die dir den Alltag erleichtern und dabei helfen, deinen &#246;kologischen Fu&#223;abdruck zu verringern. Setze auf Qualit&#228;t, Nachhaltigkeit und Funktionalit&#228;t &#8211; mit JustNeo wird ein gr&#252;ner Alltag zum Kinderspiel.</span></span></p>', 4, 0, '', 1, 18, 1, '', '', ''),
(62, 0, 0, '', 2, 'Freizeit', 'Freizeit mit JustNeo – Deine Quelle für Abenteuer, Hobbys und Bewegung', '<p lang=\"\" style=\"margin-bottom: 0.35cm; line-height: 115%;\"><span size=\"2\" style=\"font-size: small;\">Freizeit ist die wertvollste Zeit, um das Leben zu genie&#223;en, neue Aktivit&#228;ten zu entdecken und die eigenen Leidenschaften auszuleben. JustNeo bietet dir eine gro&#223;e Auswahl an Produkten f&#252;r deine Freizeitgestaltung, sei es beim Angeln, in deinem kreativen Hobby oder bei sportlichen Aktivit&#228;ten. Entdecke unsere hochwertigen und nachhaltigen Produkte, die speziell darauf ausgerichtet sind, deine Freizeit unvergesslich und bereichernd zu gestalten.</span></p>\r\n<p lang=\"\" style=\"margin-bottom: 0.35cm; line-height: 115%;\"><br /><br /></p>\r\n<p style=\"margin-bottom: 0.35cm; line-height: 115%;\"><span lang=\"\" style=\"font-size: 10pt;\"><b>Angeln &#8211; Ausr&#252;stung und Zubeh&#246;r f&#252;r dein n&#228;chstes Abenteuer am Wasser</b></span></p>\r\n<p lang=\"\" style=\"margin-bottom: 0.35cm; line-height: 115%;\"><span style=\"font-size: small;\">Angeln ist mehr als nur ein Hobby &#8211; es ist eine M&#246;glichkeit, zur Ruhe zu kommen, die Natur zu genie&#223;en und den Alltag hinter sich zu lassen. JustNeo unterst&#252;tzt dich mit einer umfassenden Auswahl an Angelzubeh&#246;r, das f&#252;r Einsteiger und erfahrene Angler gleicherma&#223;en geeignet ist.</span></p>\r\n<p style=\"margin-bottom: 0.35cm; line-height: 115%;\"><span size=\"2\" style=\"font-size: small;\"><span lang=\"\">Angelruten und Rollen: Von der kompakten Teleskoprute bis zur Profi-Angelrolle &#8211; JustNeo bietet dir die Ausr&#252;stung, die du brauchst, um jeden Angelausflug erfolgreich zu gestalten.</span></span></p>\r\n<p lang=\"\" style=\"margin-bottom: 0.35cm; line-height: 115%;\"><span size=\"2\" style=\"font-size: small;\">K&#246;der und Angelzubeh&#246;r: Unsere Auswahl an Wobblern, Kunstk&#246;dern und Haken sorgt daf&#252;r, dass du bestens auf jede Art von Gew&#228;sser vorbereitet bist.</span></p>\r\n<p lang=\"\" style=\"margin-bottom: 0.35cm; line-height: 115%;\"><span size=\"2\" style=\"font-size: small;\">Aufbewahrungs- und Transportl&#246;sungen: Praktische Taschen, Boxen und Organizer helfen dir, deine Angelausr&#252;stung ordentlich und sicher zu verstauen.</span></p>\r\n<p lang=\"\" style=\"margin-bottom: 0.35cm; line-height: 115%;\"><br /><br /></p>\r\n<p style=\"margin-bottom: 0.35cm; line-height: 115%;\"><span lang=\"\" style=\"font-size: 10pt;\"><b>Hobby &#8211; Kreatives Zubeh&#246;r f&#252;r DIY-Projekte und Bastelideen</b></span></p>\r\n<p style=\"margin-bottom: 0.35cm; line-height: 115%;\"><span size=\"2\" style=\"font-size: small;\"><span lang=\"\">F&#252;r kreative K&#246;pfe, die gerne basteln, malen oder neue DIY-Projekte starten, bietet JustNeo eine breite Palette an Hobbyartikeln. Ob Heimwerker, K&#252;nstler oder Bastelbegeisterte &#8211; mit den richtigen Materialien und Werkzeugen setzt du deine Ideen m&#252;helos in die Realit&#228;t um.</span></span><br /><br /></p>\r\n<p lang=\"\" style=\"margin-bottom: 0.35cm; line-height: 115%;\"><span size=\"2\" style=\"font-size: small;\">DIY-Bastelsets: Komplettsets f&#252;r kreative Projekte, perfekt f&#252;r Einsteiger und Fortgeschrittene, die schnell loslegen wollen.</span></p>\r\n<p style=\"margin-bottom: 0.35cm; line-height: 115%;\"><span size=\"2\" style=\"font-size: small;\"><span lang=\"\">Kreativ-Werkzeuge und Materialien: Von Pinseln und Farben bis zu hochwertigen Bastelscheren und Schneidematten &#8211; finde das richtige Werkzeug f&#252;r jedes Projekt.</span></span></p>\r\n<p lang=\"\" style=\"margin-bottom: 0.35cm; line-height: 115%;\"><span size=\"2\" style=\"font-size: small;\">Nachhaltige Materialien: JustNeo bietet eine Auswahl an umweltfreundlichen Materialien wie recyceltem Papier, Naturb&#252;rsten und biologisch abbaubaren Farben.</span></p>\r\n<p lang=\"\" style=\"margin-bottom: 0.35cm; line-height: 115%;\"><br /><br /></p>\r\n<p style=\"margin-bottom: 0.35cm; line-height: 115%;\"><span lang=\"\" style=\"font-size: 10pt;\"><b>Sport &#8211; Deine Fitness- und Outdoor-Ausr&#252;stung f&#252;r aktive Freizeitgestaltung</b></span></p>\r\n<p lang=\"\" style=\"margin-bottom: 0.35cm; line-height: 115%;\"><span size=\"2\" style=\"font-size: small;\">Sport ist ein wichtiger Bestandteil eines gesunden Lebensstils und bietet die perfekte M&#246;glichkeit, K&#246;rper und Geist in Einklang zu bringen. JustNeo unterst&#252;tzt dich mit einer vielf&#228;ltigen Auswahl an Sport- und Fitnessprodukten, die dir helfen, deine sportlichen Ziele zu erreichen, ob im Fitnessstudio, drau&#223;en oder zu Hause.</span></p>\r\n<p lang=\"\" style=\"margin-bottom: 0.35cm; line-height: 115%;\"><span size=\"2\" style=\"font-size: small;\">Trainingsger&#228;te f&#252;r zu Hause: Entdecke praktische Fitnessger&#228;te wie Springseile, Widerstandsb&#228;nder und Bauchroller, die du ganz einfach zu Hause nutzen kannst.</span></p>\r\n<p lang=\"\" style=\"margin-bottom: 0.35cm; line-height: 115%;\"><span size=\"2\" style=\"font-size: small;\">Outdoor-Sportausr&#252;stung: F&#252;r alle, die ihre Freizeit gerne an der frischen Luft verbringen, bietet JustNeo Produkte wie kompakte Trainingsmatten und koordinationsf&#246;rdernde Trainingsleiter.</span></p>\r\n<p style=\"margin-bottom: 0.35cm; line-height: 115%;\"><span size=\"2\" style=\"font-size: small;\"><span lang=\"\">Zubeh&#246;r f&#252;r ein effektives Training: Von Trinkflaschen &#252;ber Fitnesshandt&#252;cher bis hin zu Transporttaschen &#8211; JustNeo liefert dir alles, was du f&#252;r eine erfolgreiche Sporteinheit brauchst.</span></span></p>\r\n<p style=\"margin-bottom: 0.35cm; line-height: 115%;\"></p>\r\n<p lang=\"\" style=\"margin-bottom: 0.35cm; line-height: 115%;\"><strong><span style=\"font-size: 10pt;\">Mit JustNeo wird Freizeit zur Erlebniswelt</span></strong></p>\r\n<p style=\"margin-bottom: 0.35cm; line-height: 115%;\"><span size=\"2\" style=\"font-size: small;\"><span lang=\"\">Egal, ob du die Ruhe beim Angeln genie&#223;t, dich bei kreativen Projekten entspannst oder in Bewegung kommst &#8211; JustNeo ist dein Partner f&#252;r eine aktive und bereichernde Freizeit. Unsere Produkte sind nicht nur auf Funktionalit&#228;t, sondern auch auf Nachhaltigkeit ausgerichtet, sodass du jede Aktivit&#228;t mit gutem Gewissen genie&#223;en kannst. Entdecke unsere Kategorien und finde genau das, was du brauchst, um deine Freizeit in vollen Z&#252;gen auszukosten.</span></span></p>', 3, 0, '', 1, 17, 1, '', '', '');

-- --------------------------------------------------------

--
-- Tabellenstruktur für Tabelle `costs`
--

CREATE TABLE `costs` (
  `costs_id` int(11) NOT NULL,
  `class` varchar(32) NOT NULL DEFAULT '',
  `orders_id` int(11) NOT NULL DEFAULT '0',
  `reclamations_id` int(11) NOT NULL DEFAULT '0',
  `customers_id` int(11) NOT NULL DEFAULT '0',
  `comments` text NOT NULL,
  `date_created` datetime NOT NULL DEFAULT '0000-00-00 00:00:00',
  `editor_id` int(11) NOT NULL DEFAULT '0',
  `value` float NOT NULL DEFAULT '0'
) ENGINE=MyISAM DEFAULT CHARSET=utf8;

-- --------------------------------------------------------

--
-- Tabellenstruktur für Tabelle `counter`
--

CREATE TABLE `counter` (
  `startdate` char(8) DEFAULT NULL,
  `counter` int(12) DEFAULT NULL
) ENGINE=MyISAM DEFAULT CHARSET=utf8;

-- --------------------------------------------------------

--
-- Tabellenstruktur für Tabelle `counter_history`
--

CREATE TABLE `counter_history` (
  `month` char(8) DEFAULT NULL,
  `counter` int(12) DEFAULT NULL
) ENGINE=MyISAM DEFAULT CHARSET=utf8;

-- --------------------------------------------------------

--
-- Tabellenstruktur für Tabelle `countries`
--

CREATE TABLE `countries` (
  `countries_id` int(11) NOT NULL,
  `countries_name` varchar(64) NOT NULL DEFAULT '',
  `countries_iso_code_2` char(2) NOT NULL DEFAULT '',
  `countries_iso_code_3` char(3) NOT NULL DEFAULT '',
  `address_format_id` int(11) NOT NULL DEFAULT '0'
) ENGINE=MyISAM DEFAULT CHARSET=utf8;

--
-- Daten für Tabelle `countries`
--

INSERT INTO `countries` (`countries_id`, `countries_name`, `countries_iso_code_2`, `countries_iso_code_3`, `address_format_id`) VALUES
(1, 'Afghanistan', 'AF', 'AFG', 1),
(2, 'Albania', 'AL', 'ALB', 1),
(3, 'Algeria', 'DZ', 'DZA', 1),
(4, 'American Samoa', 'AS', 'ASM', 1),
(5, 'Andorra', 'AD', 'AND', 1),
(6, 'Angola', 'AO', 'AGO', 1),
(7, 'Anguilla', 'AI', 'AIA', 1),
(8, 'Antarctica', 'AQ', 'ATA', 1),
(9, 'Antigua and Barbuda', 'AG', 'ATG', 1),
(10, 'Argentina', 'AR', 'ARG', 1),
(11, 'Armenia', 'AM', 'ARM', 1),
(12, 'Aruba', 'AW', 'ABW', 1),
(13, 'Australia', 'AU', 'AUS', 1),
(14, 'Austria', 'AT', 'AUT', 5),
(15, 'Azerbaijan', 'AZ', 'AZE', 1),
(16, 'Bahamas', 'BS', 'BHS', 1),
(17, 'Bahrain', 'BH', 'BHR', 1),
(18, 'Bangladesh', 'BD', 'BGD', 1),
(19, 'Barbados', 'BB', 'BRB', 1),
(20, 'Belarus', 'BY', 'BLR', 1),
(21, 'Belgium', 'BE', 'BEL', 1),
(22, 'Belize', 'BZ', 'BLZ', 1),
(23, 'Benin', 'BJ', 'BEN', 1),
(24, 'Bermuda', 'BM', 'BMU', 1),
(25, 'Bhutan', 'BT', 'BTN', 1),
(26, 'Bolivia', 'BO', 'BOL', 1),
(27, 'Bosnia and Herzegowina', 'BA', 'BIH', 1),
(28, 'Botswana', 'BW', 'BWA', 1),
(29, 'Bouvet Island', 'BV', 'BVT', 1),
(30, 'Brazil', 'BR', 'BRA', 1),
(31, 'British Indian Ocean Territory', 'IO', 'IOT', 1),
(32, 'Brunei Darussalam', 'BN', 'BRN', 1),
(33, 'Bulgaria', 'BG', 'BGR', 1),
(34, 'Burkina Faso', 'BF', 'BFA', 1),
(35, 'Burundi', 'BI', 'BDI', 1),
(36, 'Cambodia', 'KH', 'KHM', 1),
(37, 'Cameroon', 'CM', 'CMR', 1),
(38, 'Canada', 'CA', 'CAN', 1),
(39, 'Cape Verde', 'CV', 'CPV', 1),
(40, 'Cayman Islands', 'KY', 'CYM', 1),
(41, 'Central African Republic', 'CF', 'CAF', 1),
(42, 'Chad', 'TD', 'TCD', 1),
(43, 'Chile', 'CL', 'CHL', 1),
(44, 'China', 'CN', 'CHN', 1),
(45, 'Christmas Island', 'CX', 'CXR', 1),
(46, 'Cocos (Keeling) Islands', 'CC', 'CCK', 1),
(47, 'Colombia', 'CO', 'COL', 1),
(48, 'Comoros', 'KM', 'COM', 1),
(49, 'Congo', 'CG', 'COG', 1),
(50, 'Cook Islands', 'CK', 'COK', 1),
(51, 'Costa Rica', 'CR', 'CRI', 1),
(52, 'Cote D Ivoire', 'CI', 'CIV', 1),
(53, 'Croatia', 'HR', 'HRV', 1),
(54, 'Cuba', 'CU', 'CUB', 1),
(55, 'Cyprus', 'CY', 'CYP', 1),
(56, 'Czech Republic', 'CZ', 'CZE', 1),
(57, 'Denmark', 'DK', 'DNK', 1),
(58, 'Djibouti', 'DJ', 'DJI', 1),
(59, 'Dominica', 'DM', 'DMA', 1),
(60, 'Dominican Republic', 'DO', 'DOM', 1),
(61, 'East Timor', 'TP', 'TMP', 1),
(62, 'Ecuador', 'EC', 'ECU', 1),
(63, 'Egypt', 'EG', 'EGY', 1),
(64, 'El Salvador', 'SV', 'SLV', 1),
(65, 'Equatorial Guinea', 'GQ', 'GNQ', 1),
(66, 'Eritrea', 'ER', 'ERI', 1),
(67, 'Estonia', 'EE', 'EST', 1),
(68, 'Ethiopia', 'ET', 'ETH', 1),
(69, 'Falkland Islands (Malvinas)', 'FK', 'FLK', 1),
(70, 'Faroe Islands', 'FO', 'FRO', 1),
(71, 'Fiji', 'FJ', 'FJI', 1),
(72, 'Finland', 'FI', 'FIN', 1),
(73, 'France', 'FR', 'FRA', 1),
(74, 'France, Metropolitan', 'FX', 'FXX', 1),
(75, 'French Guiana', 'GF', 'GUF', 1),
(76, 'French Polynesia', 'PF', 'PYF', 1),
(77, 'French Southern Territories', 'TF', 'ATF', 1),
(78, 'Gabon', 'GA', 'GAB', 1),
(79, 'Gambia', 'GM', 'GMB', 1),
(80, 'Georgia', 'GE', 'GEO', 1),
(81, 'Germany', 'DE', 'DEU', 5),
(82, 'Ghana', 'GH', 'GHA', 1),
(83, 'Gibraltar', 'GI', 'GIB', 1),
(84, 'Greece', 'GR', 'GRC', 1),
(85, 'Greenland', 'GL', 'GRL', 1),
(86, 'Grenada', 'GD', 'GRD', 1),
(87, 'Guadeloupe', 'GP', 'GLP', 1),
(88, 'Guam', 'GU', 'GUM', 1),
(89, 'Guatemala', 'GT', 'GTM', 1),
(90, 'Guinea', 'GN', 'GIN', 1),
(91, 'Guinea-bissau', 'GW', 'GNB', 1),
(92, 'Guyana', 'GY', 'GUY', 1),
(93, 'Haiti', 'HT', 'HTI', 1),
(94, 'Heard and Mc Donald Islands', 'HM', 'HMD', 1),
(95, 'Honduras', 'HN', 'HND', 1),
(96, 'Hong Kong', 'HK', 'HKG', 1),
(97, 'Hungary', 'HU', 'HUN', 1),
(98, 'Iceland', 'IS', 'ISL', 1),
(99, 'India', 'IN', 'IND', 1),
(100, 'Indonesia', 'ID', 'IDN', 1),
(101, 'Iran (Islamic Republic of)', 'IR', 'IRN', 1),
(102, 'Iraq', 'IQ', 'IRQ', 1),
(103, 'Ireland', 'IE', 'IRL', 1),
(104, 'Israel', 'IL', 'ISR', 1),
(105, 'Italy', 'IT', 'ITA', 1),
(106, 'Jamaica', 'JM', 'JAM', 1),
(107, 'Japan', 'JP', 'JPN', 1),
(108, 'Jordan', 'JO', 'JOR', 1),
(109, 'Kazakhstan', 'KZ', 'KAZ', 1),
(110, 'Kenya', 'KE', 'KEN', 1),
(111, 'Kiribati', 'KI', 'KIR', 1),
(112, 'Korea, Democratic People\'s Republic of', 'KP', 'PRK', 1),
(113, 'Korea, Republic of', 'KR', 'KOR', 1),
(114, 'Kuwait', 'KW', 'KWT', 1),
(115, 'Kyrgyzstan', 'KG', 'KGZ', 1),
(116, 'Lao People\'s Democratic Republic', 'LA', 'LAO', 1),
(117, 'Latvia', 'LV', 'LVA', 1),
(118, 'Lebanon', 'LB', 'LBN', 1),
(119, 'Lesotho', 'LS', 'LSO', 1),
(120, 'Liberia', 'LR', 'LBR', 1),
(121, 'Libyan Arab Jamahiriya', 'LY', 'LBY', 1),
(122, 'Liechtenstein', 'LI', 'LIE', 1),
(123, 'Lithuania', 'LT', 'LTU', 1),
(124, 'Luxembourg', 'LU', 'LUX', 1),
(125, 'Macau', 'MO', 'MAC', 1),
(126, 'Macedonia, The Former Yugoslav Republic of', 'MK', 'MKD', 1),
(127, 'Madagascar', 'MG', 'MDG', 1),
(128, 'Malawi', 'MW', 'MWI', 1),
(129, 'Malaysia', 'MY', 'MYS', 1),
(130, 'Maldives', 'MV', 'MDV', 1),
(131, 'Mali', 'ML', 'MLI', 1),
(132, 'Malta', 'MT', 'MLT', 1),
(133, 'Marshall Islands', 'MH', 'MHL', 1),
(134, 'Martinique', 'MQ', 'MTQ', 1),
(135, 'Mauritania', 'MR', 'MRT', 1),
(136, 'Mauritius', 'MU', 'MUS', 1),
(137, 'Mayotte', 'YT', 'MYT', 1),
(138, 'Mexico', 'MX', 'MEX', 1),
(139, 'Micronesia, Federated States of', 'FM', 'FSM', 1),
(140, 'Moldova, Republic of', 'MD', 'MDA', 1),
(141, 'Monaco', 'MC', 'MCO', 1),
(142, 'Mongolia', 'MN', 'MNG', 1),
(143, 'Montserrat', 'MS', 'MSR', 1),
(144, 'Morocco', 'MA', 'MAR', 1),
(145, 'Mozambique', 'MZ', 'MOZ', 1),
(146, 'Myanmar', 'MM', 'MMR', 1),
(147, 'Namibia', 'NA', 'NAM', 1),
(148, 'Nauru', 'NR', 'NRU', 1),
(149, 'Nepal', 'NP', 'NPL', 1),
(150, 'Netherlands', 'NL', 'NLD', 1),
(151, 'Netherlands Antilles', 'AN', 'ANT', 1),
(152, 'New Caledonia', 'NC', 'NCL', 1),
(153, 'New Zealand', 'NZ', 'NZL', 1),
(154, 'Nicaragua', 'NI', 'NIC', 1),
(155, 'Niger', 'NE', 'NER', 1),
(156, 'Nigeria', 'NG', 'NGA', 1),
(157, 'Niue', 'NU', 'NIU', 1),
(158, 'Norfolk Island', 'NF', 'NFK', 1),
(159, 'Northern Mariana Islands', 'MP', 'MNP', 1),
(160, 'Norway', 'NO', 'NOR', 1),
(161, 'Oman', 'OM', 'OMN', 1),
(162, 'Pakistan', 'PK', 'PAK', 1),
(163, 'Palau', 'PW', 'PLW', 1),
(164, 'Panama', 'PA', 'PAN', 1),
(165, 'Papua New Guinea', 'PG', 'PNG', 1),
(166, 'Paraguay', 'PY', 'PRY', 1),
(167, 'Peru', 'PE', 'PER', 1),
(168, 'Philippines', 'PH', 'PHL', 1),
(169, 'Pitcairn', 'PN', 'PCN', 1),
(170, 'Poland', 'PL', 'POL', 1),
(171, 'Portugal', 'PT', 'PRT', 1),
(172, 'Puerto Rico', 'PR', 'PRI', 1),
(173, 'Qatar', 'QA', 'QAT', 1),
(174, 'Reunion', 'RE', 'REU', 1),
(175, 'Romania', 'RO', 'ROU', 1),
(176, 'Russian Federation', 'RU', 'RUS', 1),
(177, 'Rwanda', 'RW', 'RWA', 1),
(178, 'Saint Kitts and Nevis', 'KN', 'KNA', 1),
(179, 'Saint Lucia', 'LC', 'LCA', 1),
(180, 'Saint Vincent and the Grenadines', 'VC', 'VCT', 1),
(181, 'Samoa', 'WS', 'WSM', 1),
(182, 'San Marino', 'SM', 'SMR', 1),
(183, 'Sao Tome and Principe', 'ST', 'STP', 1),
(184, 'Saudi Arabia', 'SA', 'SAU', 1),
(185, 'Senegal', 'SN', 'SEN', 1),
(186, 'Seychelles', 'SC', 'SYC', 1),
(187, 'Sierra Leone', 'SL', 'SLE', 1),
(188, 'Singapore', 'SG', 'SGP', 4),
(189, 'Slovakia (Slovak Republic)', 'SK', 'SVK', 1),
(190, 'Slovenia', 'SI', 'SVN', 1),
(191, 'Solomon Islands', 'SB', 'SLB', 1),
(192, 'Somalia', 'SO', 'SOM', 1),
(193, 'South Africa', 'ZA', 'ZAF', 1),
(194, 'South Georgia and the South Sandwich Islands', 'GS', 'SGS', 1),
(195, 'Spain', 'ES', 'ESP', 3),
(196, 'Sri Lanka', 'LK', 'LKA', 1),
(197, 'St. Helena', 'SH', 'SHN', 1),
(198, 'St. Pierre and Miquelon', 'PM', 'SPM', 1),
(199, 'Sudan', 'SD', 'SDN', 1),
(200, 'Suriname', 'SR', 'SUR', 1),
(201, 'Svalbard and Jan Mayen Islands', 'SJ', 'SJM', 1),
(202, 'Swaziland', 'SZ', 'SWZ', 1),
(203, 'Sweden', 'SE', 'SWE', 1),
(204, 'Switzerland', 'CH', 'CHE', 1),
(205, 'Syrian Arab Republic', 'SY', 'SYR', 1),
(206, 'Taiwan', 'TW', 'TWN', 1),
(207, 'Tajikistan', 'TJ', 'TJK', 1),
(208, 'Tanzania, United Republic of', 'TZ', 'TZA', 1),
(209, 'Thailand', 'TH', 'THA', 1),
(210, 'Togo', 'TG', 'TGO', 1),
(211, 'Tokelau', 'TK', 'TKL', 1),
(212, 'Tonga', 'TO', 'TON', 1),
(213, 'Trinidad and Tobago', 'TT', 'TTO', 1),
(214, 'Tunisia', 'TN', 'TUN', 1),
(215, 'Turkey', 'TR', 'TUR', 1),
(216, 'Turkmenistan', 'TM', 'TKM', 1),
(217, 'Turks and Caicos Islands', 'TC', 'TCA', 1),
(218, 'Tuvalu', 'TV', 'TUV', 1),
(219, 'Uganda', 'UG', 'UGA', 1),
(220, 'Ukraine', 'UA', 'UKR', 1),
(221, 'United Arab Emirates', 'AE', 'ARE', 1),
(222, 'United Kingdom', 'GB', 'GBR', 1),
(223, 'United States', 'US', 'USA', 2),
(224, 'United States Minor Outlying Islands', 'UM', 'UMI', 1),
(240, 'Uruguay', 'UY', 'URY', 5),
(226, 'Uzbekistan', 'UZ', 'UZB', 1),
(227, 'Vanuatu', 'VU', 'VUT', 1),
(228, 'Vatican City State (Holy See)', 'VA', 'VAT', 1),
(229, 'Venezuela', 'VE', 'VEN', 1),
(230, 'Viet Nam', 'VN', 'VNM', 1),
(231, 'Virgin Islands (British)', 'VG', 'VGB', 1),
(232, 'Virgin Islands (U.S.)', 'VI', 'VIR', 1),
(233, 'Wallis and Futuna Islands', 'WF', 'WLF', 1),
(234, 'Western Sahara', 'EH', 'ESH', 1),
(235, 'Yemen', 'YE', 'YEM', 1),
(236, 'Yugoslavia', 'YU', 'YUG', 1),
(237, 'Zaire', 'ZR', 'ZAR', 1),
(238, 'Zambia', 'ZM', 'ZMB', 1),
(239, 'Zimbabwe', 'ZW', 'ZWE', 1),
(241, 'Serbia', 'RS', 'SRB', 1);

-- --------------------------------------------------------

--
-- Tabellenstruktur für Tabelle `countries_allocations`
--

CREATE TABLE `countries_allocations` (
  `countries_group` varchar(32) NOT NULL DEFAULT '',
  `countries_id` int(11) NOT NULL DEFAULT '0'
) ENGINE=MyISAM DEFAULT CHARSET=utf8;

--
-- Daten für Tabelle `countries_allocations`
--

INSERT INTO `countries_allocations` (`countries_group`, `countries_id`) VALUES
('Africa', 238),
('Africa', 237),
('Africa', 234),
('Africa', 219),
('Africa', 214),
('Africa', 210),
('Africa', 208),
('Africa', 202),
('Africa', 199),
('Africa', 197),
('Africa', 193),
('Africa', 192),
('Africa', 187),
('Africa', 186),
('Africa', 185),
('Africa', 183),
('Africa', 177),
('Africa', 174),
('Africa', 156),
('Africa', 155),
('Africa', 147),
('Africa', 145),
('Africa', 144),
('Africa', 137),
('Africa', 136),
('Africa', 135),
('Africa', 131),
('Africa', 128),
('Africa', 127),
('Africa', 121),
('Africa', 120),
('Africa', 119),
('Africa', 110),
('Africa', 91),
('Africa', 90),
('Africa', 82),
('Africa', 79),
('Africa', 78),
('Africa', 77),
('Africa', 68),
('Africa', 66),
('Africa', 65),
('Africa', 63),
('Africa', 58),
('Africa', 52),
('Africa', 49),
('Africa', 48),
('Africa', 42),
('Africa', 41),
('Africa', 39),
('Africa', 37),
('Africa', 35),
('Africa', 34),
('Africa', 29),
('Africa', 28),
('Africa', 23),
('Asia', 230),
('Asia', 226),
('Asia', 221),
('Asia', 216),
('Asia', 215),
('Asia', 209),
('Asia', 206),
('Asia', 205),
('Asia', 196),
('Asia', 188),
('Asia', 184),
('Asia', 176),
('Asia', 173),
('Asia', 168),
('Asia', 162),
('Asia', 161),
('Asia', 149),
('Asia', 146),
('Asia', 142),
('Asia', 130),
('Asia', 129),
('Asia', 125),
('Asia', 118),
('Asia', 116),
('Asia', 115),
('Asia', 114),
('Asia', 113),
('Asia', 112),
('Asia', 109),
('Asia', 108),
('Asia', 107),
('Asia', 104),
('Asia', 102),
('Asia', 101),
('Asia', 100),
('Asia', 99),
('Asia', 96),
('Asia', 80),
('Asia', 61),
('Asia', 55),
('Asia', 44),
('Asia', 36),
('Asia', 32),
('Asia', 31),
('Asia', 25),
('Asia', 18),
('Asia', 17),
('Asia', 15),
('Asia', 11),
('Asia', 1),
('Caribbean', 7),
('Caribbean', 9),
('Caribbean', 12),
('Caribbean', 16),
('Caribbean', 19),
('Caribbean', 22),
('Caribbean', 40),
('Caribbean', 47),
('Caribbean', 51),
('Caribbean', 54),
('Caribbean', 59),
('Caribbean', 60),
('Caribbean', 75),
('Caribbean', 86),
('Caribbean', 87),
('Caribbean', 89),
('Caribbean', 92),
('Caribbean', 93),
('Caribbean', 95),
('Caribbean', 106),
('Caribbean', 134),
('Caribbean', 138),
('Caribbean', 143),
('Caribbean', 151),
('Caribbean', 154),
('Caribbean', 164),
('Caribbean', 172),
('Caribbean', 178),
('Caribbean', 179),
('Caribbean', 180),
('Caribbean', 200),
('Caribbean', 213),
('Caribbean', 217),
('Caribbean', 223),
('Caribbean', 229),
('Caribbean', 231),
('Caribbean', 232),
('Europe', 222),
('Europe', 220),
('Europe', 204),
('Europe', 203),
('Europe', 201),
('Europe', 195),
('Europe', 190),
('Europe', 189),
('Europe', 182),
('Europe', 175),
('Europe', 171),
('Europe', 170),
('Europe', 160),
('Europe', 150),
('Europe', 141),
('Europe', 140),
('Europe', 132),
('Europe', 126),
('Europe', 124),
('Europe', 123),
('Europe', 122),
('Europe', 117),
('Europe', 105),
('Europe', 103),
('Europe', 98),
('Europe', 97),
('Europe', 84),
('Europe', 83),
('Europe', 81),
('Europe', 74),
('Europe', 73),
('Europe', 72),
('Europe', 70),
('Europe', 67),
('Europe', 57),
('Europe', 56),
('Europe', 53),
('Europe', 33),
('Europe', 27),
('Europe', 21),
('Europe', 20),
('Europe', 14),
('Europe', 5),
('MiddleEast', 235),
('MiddleEast', 221),
('MiddleEast', 215),
('MiddleEast', 207),
('MiddleEast', 205),
('MiddleEast', 184),
('MiddleEast', 161),
('MiddleEast', 118),
('MiddleEast', 114),
('MiddleEast', 108),
('MiddleEast', 104),
('MiddleEast', 102),
('MiddleEast', 80),
('MiddleEast', 55),
('MiddleEast', 17),
('MiddleEast', 15),
('Oceania', 4),
('Oceania', 13),
('Oceania', 45),
('Oceania', 46),
('Oceania', 50),
('Oceania', 71),
('Oceania', 76),
('Oceania', 88),
('Oceania', 100),
('Oceania', 111),
('Oceania', 133),
('Oceania', 148),
('Oceania', 152),
('Oceania', 153),
('Oceania', 157),
('Oceania', 158),
('Oceania', 159),
('Oceania', 163),
('Oceania', 165),
('Oceania', 169),
('Oceania', 181),
('Oceania', 191),
('Oceania', 211),
('Oceania', 212),
('Oceania', 218),
('Oceania', 227),
('Oceania', 233),
('NorthAmerica', 224),
('NorthAmerica', 223),
('NorthAmerica', 217),
('NorthAmerica', 213),
('NorthAmerica', 198),
('NorthAmerica', 180),
('NorthAmerica', 179),
('NorthAmerica', 178),
('NorthAmerica', 172),
('NorthAmerica', 164),
('NorthAmerica', 154),
('NorthAmerica', 151),
('NorthAmerica', 143),
('NorthAmerica', 139),
('NorthAmerica', 138),
('NorthAmerica', 134),
('NorthAmerica', 106),
('NorthAmerica', 95),
('NorthAmerica', 94),
('NorthAmerica', 93),
('NorthAmerica', 89),
('NorthAmerica', 87),
('NorthAmerica', 86),
('NorthAmerica', 85),
('NorthAmerica', 64),
('NorthAmerica', 60),
('NorthAmerica', 54),
('NorthAmerica', 51),
('NorthAmerica', 40),
('NorthAmerica', 38),
('NorthAmerica', 24),
('NorthAmerica', 22),
('NorthAmerica', 19),
('NorthAmerica', 16),
('SouthAmerica', 10),
('SouthAmerica', 26),
('SouthAmerica', 30),
('SouthAmerica', 43),
('SouthAmerica', 47),
('SouthAmerica', 62),
('SouthAmerica', 69),
('SouthAmerica', 75),
('SouthAmerica', 92),
('SouthAmerica', 166),
('SouthAmerica', 167),
('SouthAmerica', 194),
('SouthAmerica', 200),
('SouthAmerica', 225),
('SouthAmerica', 229),
('LatinAmerica', 10),
('LatinAmerica', 26),
('LatinAmerica', 30),
('LatinAmerica', 43),
('LatinAmerica', 47),
('LatinAmerica', 51),
('LatinAmerica', 54),
('LatinAmerica', 60),
('LatinAmerica', 62),
('LatinAmerica', 64),
('LatinAmerica', 89),
('LatinAmerica', 93),
('LatinAmerica', 95),
('LatinAmerica', 138),
('LatinAmerica', 154),
('LatinAmerica', 164),
('LatinAmerica', 166),
('LatinAmerica', 167),
('LatinAmerica', 225),
('LatinAmerica', 229),
('EuropeanUnion', 195),
('EuropeanUnion', 190),
('EuropeanUnion', 189),
('EuropeanUnion', 175),
('EuropeanUnion', 171),
('EuropeanUnion', 170),
('EuropeanUnion', 150),
('EuropeanUnion', 132),
('EuropeanUnion', 124),
('EuropeanUnion', 123),
('EuropeanUnion', 117),
('EuropeanUnion', 105),
('EuropeanUnion', 103),
('EuropeanUnion', 97),
('EuropeanUnion', 84),
('EuropeanUnion', 81),
('EuropeanUnion', 73),
('EuropeanUnion', 72),
('EuropeanUnion', 67),
('EuropeanUnion', 57),
('EuropeanUnion', 56),
('EuropeanUnion', 55),
('EuropeanUnion', 53),
('EuropeanUnion', 33),
('EuropeanUnion', 21),
('EuropeanUnion', 14),
('Africa', 8),
('Africa', 6),
('Asia', 235),
('Europe', 2),
('Africa', 3),
('Africa', 239),
('NorthAmerica', 12),
('NorthAmerica', 9),
('NorthAmerica', 7),
('Europe', 228),
('MiddleEast', 11),
('NorthAmerica', 232),
('MiddleEast', 236),
('EuropeanUnion', 203);

-- --------------------------------------------------------

--
-- Tabellenstruktur für Tabelle `coupons`
--

CREATE TABLE `coupons` (
  `coupon_id` int(11) NOT NULL,
  `coupon_type` char(1) NOT NULL DEFAULT 'F',
  `coupon_code` varchar(32) NOT NULL DEFAULT '',
  `coupon_amount` decimal(8,4) NOT NULL DEFAULT '0.0000',
  `coupon_minimum_order` decimal(8,4) NOT NULL DEFAULT '0.0000',
  `coupon_start_date` datetime NOT NULL DEFAULT '0000-00-00 00:00:00',
  `coupon_expire_date` datetime NOT NULL DEFAULT '0000-00-00 00:00:00',
  `uses_per_coupon` int(5) NOT NULL DEFAULT '1',
  `uses_per_user` int(5) NOT NULL DEFAULT '0',
  `restrict_to_products` varchar(255) DEFAULT NULL,
  `restrict_to_categories` varchar(255) DEFAULT NULL,
  `restrict_to_customers` text,
  `coupon_active` char(1) NOT NULL DEFAULT 'Y',
  `date_created` datetime NOT NULL DEFAULT '0000-00-00 00:00:00',
  `date_modified` datetime NOT NULL DEFAULT '0000-00-00 00:00:00',
  `free_shipping_countries` varchar(255) NOT NULL
) ENGINE=MyISAM DEFAULT CHARSET=utf8;

-- --------------------------------------------------------

--
-- Tabellenstruktur für Tabelle `coupons_description`
--

CREATE TABLE `coupons_description` (
  `coupon_id` int(11) NOT NULL DEFAULT '0',
  `language_id` int(11) NOT NULL DEFAULT '0',
  `coupon_name` varchar(32) NOT NULL DEFAULT '',
  `coupon_description` text
) ENGINE=MyISAM DEFAULT CHARSET=utf8;

-- --------------------------------------------------------

--
-- Tabellenstruktur für Tabelle `coupon_email_track`
--

CREATE TABLE `coupon_email_track` (
  `unique_id` int(11) NOT NULL,
  `coupon_id` int(11) NOT NULL DEFAULT '0',
  `customer_id_sent` int(11) NOT NULL DEFAULT '0',
  `sent_firstname` varchar(32) DEFAULT NULL,
  `sent_lastname` varchar(32) DEFAULT NULL,
  `emailed_to` varchar(32) DEFAULT NULL,
  `date_sent` datetime NOT NULL DEFAULT '0000-00-00 00:00:00'
) ENGINE=MyISAM DEFAULT CHARSET=utf8;

-- --------------------------------------------------------

--
-- Tabellenstruktur für Tabelle `coupon_gv_customer`
--

CREATE TABLE `coupon_gv_customer` (
  `customer_id` int(5) NOT NULL DEFAULT '0',
  `amount` decimal(8,4) NOT NULL DEFAULT '0.0000'
) ENGINE=MyISAM DEFAULT CHARSET=utf8;

-- --------------------------------------------------------

--
-- Tabellenstruktur für Tabelle `coupon_gv_queue`
--

CREATE TABLE `coupon_gv_queue` (
  `unique_id` int(5) NOT NULL,
  `customer_id` int(5) NOT NULL DEFAULT '0',
  `order_id` int(5) NOT NULL DEFAULT '0',
  `amount` decimal(8,4) NOT NULL DEFAULT '0.0000',
  `date_created` datetime NOT NULL DEFAULT '0000-00-00 00:00:00',
  `ipaddr` varchar(32) NOT NULL DEFAULT '',
  `release_flag` char(1) NOT NULL DEFAULT 'N'
) ENGINE=MyISAM DEFAULT CHARSET=utf8;

-- --------------------------------------------------------

--
-- Tabellenstruktur für Tabelle `coupon_redeem_track`
--

CREATE TABLE `coupon_redeem_track` (
  `unique_id` int(11) NOT NULL,
  `coupon_id` int(11) NOT NULL DEFAULT '0',
  `customer_id` int(11) NOT NULL DEFAULT '0',
  `redeem_date` datetime NOT NULL DEFAULT '0000-00-00 00:00:00',
  `redeem_ip` varchar(32) NOT NULL DEFAULT '',
  `order_id` int(11) NOT NULL DEFAULT '0'
) ENGINE=MyISAM DEFAULT CHARSET=utf8;

-- --------------------------------------------------------

--
-- Tabellenstruktur für Tabelle `currencies`
--

CREATE TABLE `currencies` (
  `currencies_id` int(11) NOT NULL,
  `title` varchar(32) NOT NULL DEFAULT '',
  `code` char(3) NOT NULL DEFAULT '',
  `symbol_left` varchar(12) DEFAULT NULL,
  `symbol_right` varchar(12) DEFAULT NULL,
  `decimal_point` char(1) DEFAULT NULL,
  `thousands_point` char(1) DEFAULT NULL,
  `decimal_places` char(1) DEFAULT NULL,
  `value` float(13,8) DEFAULT NULL,
  `last_updated` datetime DEFAULT NULL
) ENGINE=MyISAM DEFAULT CHARSET=utf8;

--
-- Daten für Tabelle `currencies`
--

INSERT INTO `currencies` (`currencies_id`, `title`, `code`, `symbol_left`, `symbol_right`, `decimal_point`, `thousands_point`, `decimal_places`, `value`, `last_updated`) VALUES
(1, 'Euro', 'EUR', '', 'EUR', ',', '.', '2', 1.00000000, '2004-09-15 09:56:10');

-- --------------------------------------------------------

--
-- Tabellenstruktur für Tabelle `customers`
--

CREATE TABLE `customers` (
  `customers_id` int(11) NOT NULL,
  `customers_cid` varchar(32) DEFAULT NULL,
  `customers_vat_id` varchar(20) DEFAULT NULL,
  `customers_vat_id_status` int(2) NOT NULL DEFAULT '0',
  `customers_warning` varchar(32) DEFAULT NULL,
  `customers_status` int(5) NOT NULL DEFAULT '1',
  `customers_gender` char(1) NOT NULL DEFAULT '',
  `customers_firstname` varchar(64) NOT NULL,
  `customers_lastname` varchar(64) NOT NULL,
  `customers_dob` datetime NOT NULL DEFAULT '0000-00-00 00:00:00',
  `customers_email_address` varchar(96) NOT NULL DEFAULT '',
  `customers_default_address_id` int(11) NOT NULL DEFAULT '0',
  `customers_telephone` varchar(32) NOT NULL DEFAULT '',
  `customers_fax` varchar(32) DEFAULT NULL,
  `customers_password` varchar(40) NOT NULL DEFAULT '',
  `customers_newsletter` char(1) DEFAULT NULL,
  `customers_newsletter_mode` char(1) NOT NULL DEFAULT '0',
  `member_flag` char(1) NOT NULL DEFAULT '0',
  `delete_user` char(1) NOT NULL DEFAULT '1',
  `account_type` int(1) NOT NULL DEFAULT '0',
  `password_request_key` varchar(32) NOT NULL DEFAULT '',
  `customers_ebay_userid` varchar(64) NOT NULL DEFAULT '',
  `kto_nummer` varchar(32) NOT NULL DEFAULT '',
  `kto_blz` varchar(32) NOT NULL DEFAULT '',
  `kto_bank` varchar(128) NOT NULL DEFAULT '',
  `kto_inhaber` varchar(128) NOT NULL DEFAULT '',
  `kto_iban` varchar(128) NOT NULL DEFAULT '',
  `kto_swift` varchar(128) NOT NULL DEFAULT '',
  `block_warnings` int(1) NOT NULL DEFAULT '0',
  `block_warnings_span` int(1) NOT NULL DEFAULT '0',
  `block_warnings_dayspan` int(11) NOT NULL DEFAULT '0',
  `block_warnings_date` datetime NOT NULL DEFAULT '0000-00-00 00:00:00',
  `mobile` varchar(64) NOT NULL DEFAULT '',
  `subject_from_textitem` int(1) NOT NULL DEFAULT '0',
  `branches_id` int(11) NOT NULL DEFAULT '0',
  `customers_date_added` datetime NOT NULL DEFAULT '0000-00-00 00:00:00',
  `customers_last_modified` datetime NOT NULL DEFAULT '0000-00-00 00:00:00',
  `refferers_id` int(11) NOT NULL,
  `orders_default_search_type` varchar(32) NOT NULL,
  `use_own_mailaddress` int(1) NOT NULL,
  `easylog_tn_national` varchar(64) NOT NULL,
  `easylog_tn_international` varchar(64) NOT NULL,
  `account_value_alert_notified` int(1) NOT NULL,
  `account_value` decimal(10,4) NOT NULL,
  `email_signature` text NOT NULL,
  `hpsu_iban` varchar(64) DEFAULT NULL,
  `hpsu_bic` varchar(64) DEFAULT NULL,
  `wechselgeld_calculator` int(1) NOT NULL DEFAULT '1',
  `distributor_orders_edit_products_search_default` varchar(32) NOT NULL,
  `theme` varchar(32) DEFAULT NULL
) ENGINE=InnoDB DEFAULT CHARSET=utf8;

--
-- Daten für Tabelle `customers`
--

INSERT INTO `customers` (`customers_id`, `customers_cid`, `customers_vat_id`, `customers_vat_id_status`, `customers_warning`, `customers_status`, `customers_gender`, `customers_firstname`, `customers_lastname`, `customers_dob`, `customers_email_address`, `customers_default_address_id`, `customers_telephone`, `customers_fax`, `customers_password`, `customers_newsletter`, `customers_newsletter_mode`, `member_flag`, `delete_user`, `account_type`, `password_request_key`, `customers_ebay_userid`, `kto_nummer`, `kto_blz`, `kto_bank`, `kto_inhaber`, `kto_iban`, `kto_swift`, `block_warnings`, `block_warnings_span`, `block_warnings_dayspan`, `block_warnings_date`, `mobile`, `subject_from_textitem`, `branches_id`, `customers_date_added`, `customers_last_modified`, `refferers_id`, `orders_default_search_type`, `use_own_mailaddress`, `easylog_tn_national`, `easylog_tn_international`, `account_value_alert_notified`, `account_value`, `email_signature`, `hpsu_iban`, `hpsu_bic`, `wechselgeld_calculator`, `distributor_orders_edit_products_search_default`, `theme`) VALUES
(1, '', '', 0, NULL, 0, '', 'YES', 'System', '0000-00-00 00:00:00', 'system@yes-websolutions.de', 1, '040-112-110', '', '1424e80743973ed9fb3bd82cece945a6', '1', '0', '0', '0', 0, '', '', '', '', '', '', '', '', 0, 0, 0, '0000-00-00 00:00:00', '', 0, 0, '0000-00-00 00:00:00', '0000-00-00 00:00:00', 0, '', 0, '', '', 0, 0.0000, '', NULL, NULL, 1, '', NULL),
(96, '', '', 0, NULL, 9, 'm', 'Kasse', '__KASSE__', '0000-00-00 00:00:00', 'KASSE@yes4trade.de', 97, '000000000', '', 'NICHTRELEVANT', '1', '0', '0', '1', 0, '', '', '', '', '', '', '', '', 0, 0, 0, '0000-00-00 00:00:00', '', 0, 0, '0000-00-00 00:00:00', '0000-00-00 00:00:00', 0, '', 0, '', '', 0, 0.0000, '', NULL, NULL, 1, '', NULL),
(5000, '', '', 0, NULL, 0, 'm', 'Chris', 'Wiese', '0000-00-00 00:00:00', 'highdiv@gmail.com', 5000, '015112286219', '', '74a34c7e95f0c74f4293073c435843d4', NULL, '0', '0', '1', 0, '', '', '', '', '', '', '', '', 0, 0, 0, '0000-00-00 00:00:00', '', 0, 0, '0000-00-00 00:00:00', '0000-00-00 00:00:00', 0, '', 0, '', '', 0, 0.0000, '', NULL, NULL, 1, '', NULL),
(5001, '', '', 0, NULL, 0, 'm', 'Norbert', 'Szyszlo', '0000-00-00 00:00:00', 'info@nordiancamp.de', 5001, '040 239 68 251', '', 'ac3576f324f9dbbbe7ca5f8679866d83', NULL, '0', '0', '1', 0, '', '', '', '', '', '', '', '', 0, 0, 0, '0000-00-00 00:00:00', '', 0, 0, '0000-00-00 00:00:00', '0000-00-00 00:00:00', 0, '', 0, '', '', 0, 0.0000, '', NULL, NULL, 1, '', NULL),
(5002, NULL, NULL, 0, NULL, 4, 'm', 'Elena', ' Haas', '1970-01-01 00:00:00', '00ed71aa8c8b3458897d@members.ebay.com', 5002, '', NULL, '84066d183d2e196cd81c76082ed21102', NULL, '0', '0', '1', 0, '', 'camikazetommy', '', '', '', '', '', '', 0, 0, 0, '0000-00-00 00:00:00', '', 0, 0, '0000-00-00 00:00:00', '0000-00-00 00:00:00', 0, '', 0, '', '', 0, 7.8000, '', NULL, NULL, 1, '', NULL),
(5003, NULL, NULL, 0, NULL, 4, 'm', 'Patrick', ' Szyszlo', '1970-01-01 00:00:00', '00edd2f42ccceb990cc6@members.ebay.com', 5003, '', NULL, '357da04bee02282a9542c7b6df1bef20', NULL, '0', '0', '1', 0, '', 'patszy_37', '', '', '', '', '', '', 0, 0, 0, '0000-00-00 00:00:00', '', 0, 0, '0000-00-00 00:00:00', '0000-00-00 00:00:00', 0, '', 0, '', '', 0, 7.8000, '', NULL, NULL, 1, '', NULL),
(5004, NULL, '', 0, NULL, 2, 'f', 'Janine ', 'Hübsch ', '0000-00-00 00:00:00', 'janineschluenz@googlemail.com', 5004, '', '', '2ebac550526c3d79006436f667ad6d13', '0', '0', '0', '1', 0, '', '', '', '', '', '', '', '', 0, 0, 0, '0000-00-00 00:00:00', '', 0, 0, '0000-00-00 00:00:00', '0000-00-00 00:00:00', 0, '', 0, '', '', 0, 0.0000, '', NULL, NULL, 1, '', NULL),
(5005, NULL, '', 0, NULL, 1, 'm', 'hjkl', 'qswdefr', '0000-00-00 00:00:00', 'Maged1955@cuvox.de', 5005, '', '', '4bf524e6ca73e616819dc3e4b04d2a21', '0', '0', '0', '1', 1, '', '', '', '', '', '', '', '', 0, 0, 0, '0000-00-00 00:00:00', '', 0, 0, '0000-00-00 00:00:00', '0000-00-00 00:00:00', 0, '', 0, '', '', 0, 0.0000, '', NULL, NULL, 1, '', NULL),
(5006, NULL, '', 0, NULL, 1, 'm', 'Peter', 'Mustermann', '0000-00-00 00:00:00', 'mustermann.peter@gmx.de', 5006, '', '', 'e155d02fb93057fdc4ab84169c43346b', '0', '0', '0', '1', 1, '', '', '', '', '', '', '', '', 0, 0, 0, '0000-00-00 00:00:00', '', 0, 0, '0000-00-00 00:00:00', '0000-00-00 00:00:00', 0, '', 0, '', '', 0, 0.0000, '', NULL, NULL, 1, '', NULL),
(5007, NULL, '', 0, NULL, 1, 'f', 'tet', 'tester', '0000-00-00 00:00:00', 'test@idealo.de', 5007, '', '', '43ff8896a868496cf674b9f9d4bad246', '0', '0', '0', '1', 1, '', '', '', '', '', '', '', '', 0, 0, 0, '0000-00-00 00:00:00', '', 0, 0, '0000-00-00 00:00:00', '0000-00-00 00:00:00', 0, '', 0, '', '', 0, 0.0000, '', NULL, NULL, 1, '', NULL),
(5008, NULL, NULL, 0, NULL, 4, 'm', 'Elke', ' Bodendorf', '1970-01-01 00:00:00', '07756cee423715753b75@members.ebay.com', 5008, '', NULL, 'a7e6ff445a2f9abeda13db03e9e84146', NULL, '0', '0', '1', 0, '', 'elkenelli', '', '', '', '', '', '', 0, 0, 0, '0000-00-00 00:00:00', '', 0, 0, '0000-00-00 00:00:00', '0000-00-00 00:00:00', 0, '', 0, '', '', 0, 24.7000, '', NULL, NULL, 1, '', NULL),
(5009, NULL, NULL, 0, NULL, 4, 'm', 'Tahir', ' Beydemir', '1970-01-01 00:00:00', '1dda65e355738d3e9035@members.ebay.com', 5009, '', NULL, '9f5ad493fe9277184ead2d14200724af', NULL, '0', '0', '1', 0, '', 'efendi87-de', '', '', '', '', '', '', 0, 0, 0, '0000-00-00 00:00:00', '', 0, 0, '0000-00-00 00:00:00', '0000-00-00 00:00:00', 0, '', 0, '', '', 0, 22.8000, '', NULL, NULL, 1, '', NULL),
(5010, NULL, NULL, 0, NULL, 4, 'm', 'Oleg', ' Kehl', '1970-01-01 00:00:00', '3bbac3aba90c93267210@members.ebay.com', 5010, '', NULL, '8711ba116e6f7ab2e5efe3b5cd99d1f7', NULL, '0', '0', '1', 0, '', 'keh_de9', '', '', '', '', '', '', 0, 0, 0, '0000-00-00 00:00:00', '', 0, 0, '0000-00-00 00:00:00', '0000-00-00 00:00:00', 0, '', 0, '', '', 0, 12.7500, '', NULL, NULL, 1, '', NULL),
(5011, NULL, NULL, 0, NULL, 4, 'm', 'Michael', ' Warszawski / Sicheristsicher24', '1970-01-01 00:00:00', '7792d99194c59d050035@members.ebay.com', 5011, '', NULL, '63f3172bcc458bae721441a9ddcf4ad9', NULL, '0', '0', '1', 0, '', 'sicheristsicher24', '', '', '', '', '', '', 0, 0, 0, '0000-00-00 00:00:00', '', 0, 0, '0000-00-00 00:00:00', '0000-00-00 00:00:00', 0, '', 0, '', '', 0, 6.7500, '', NULL, NULL, 1, '', NULL),
(5012, NULL, NULL, 0, NULL, 4, 'm', 'Michal', ' Zwolinski', '1970-01-01 00:00:00', '77940071cc42a5891482@members.ebay.com', 5012, '', NULL, 'b1f955300ade0681de1a7c685de7ac80', NULL, '0', '0', '1', 0, '', 'mimasells', '', '', '', '', '', '', 0, 0, 0, '0000-00-00 00:00:00', '', 0, 0, '0000-00-00 00:00:00', '0000-00-00 00:00:00', 0, '', 0, '', '', 0, 6.7500, '', NULL, NULL, 1, '', NULL),
(5013, NULL, NULL, 0, NULL, 4, 'm', 'Krzysztof', ' Wiese', '1970-01-01 00:00:00', '0779f218d9c959c75d47@members.ebay.com', 5013, '', NULL, '01b90c2ffabcbbed0a59dede59b0209b', NULL, '0', '0', '1', 0, '', 'hig-5601', '', '', '', '', '', '', 0, 0, 0, '0000-00-00 00:00:00', '', 0, 0, '0000-00-00 00:00:00', '0000-00-00 00:00:00', 0, '', 0, '', '', 0, 9.8000, '', NULL, NULL, 1, '', NULL),
(5014, NULL, NULL, 0, NULL, 4, 'm', 'Heike', ' Groenert', '1970-01-01 00:00:00', '1dea415991668b20e123@members.ebay.com', 5014, '', NULL, 'da64ff6d723c5b312af635953c3864aa', NULL, '0', '0', '1', 0, '', 'heikefirchau', '', '', '', '', '', '', 0, 0, 0, '0000-00-00 00:00:00', '', 0, 0, '0000-00-00 00:00:00', '0000-00-00 00:00:00', 0, '', 0, '', '', 0, 15.7500, '', NULL, NULL, 1, '', NULL),
(5015, NULL, NULL, 0, NULL, 4, 'm', 'Valentina', '  Wolosnikow', '1970-01-01 00:00:00', '1ded5b362194afcfba18@members.ebay.com', 5015, '', NULL, '510f33280a8b604b27a5ec29ee6b5ab8', NULL, '0', '0', '1', 0, '', 'eduardocool-2008', '', '', '', '', '', '', 0, 0, 0, '0000-00-00 00:00:00', '', 0, 0, '0000-00-00 00:00:00', '0000-00-00 00:00:00', 0, '', 0, '', '', 0, 44.7000, '', NULL, NULL, 1, '', NULL),
(5016, NULL, NULL, 0, NULL, 4, 'm', 'Ingo', ' Hartmann', '1970-01-01 00:00:00', '1ded612922581fedb350@members.ebay.com', 5016, '', NULL, '5bbabc0d98a1080b1e4ddec44315945f', NULL, '0', '0', '1', 0, '', 'vwfront', '', '', '', '', '', '', 0, 0, 0, '0000-00-00 00:00:00', '', 0, 0, '0000-00-00 00:00:00', '0000-00-00 00:00:00', 0, '', 0, '', '', 0, 15.7500, '', NULL, NULL, 1, '', NULL),
(5017, NULL, '', 0, NULL, 1, 'm', 'Hanito', 'Sancho', '0000-00-00 00:00:00', 'Sanchomancho@gmail.com', 5017, '', '', '804573113c08f57222031c9b9b78cd5e', '0', '0', '0', '1', 1, '', '', '', '', '', '', '', '', 0, 0, 0, '0000-00-00 00:00:00', '', 0, 0, '0000-00-00 00:00:00', '0000-00-00 00:00:00', 0, '', 0, '', '', 0, 0.0000, '', NULL, NULL, 1, '', NULL),
(5018, NULL, NULL, 0, NULL, 4, 'm', 'Janine', ' Hübsch', '1970-01-01 00:00:00', '3be5360a5a0b375b3732@members.ebay.com', 5018, '', NULL, 'fc7b8fcf889f44552e0c323cf47951e0', NULL, '0', '0', '1', 0, '', 'jansch-1440', '', '', '', '', '', '', 0, 0, 0, '0000-00-00 00:00:00', '', 0, 0, '0000-00-00 00:00:00', '0000-00-00 00:00:00', 0, '', 0, '', '', 0, 9.8000, '', NULL, NULL, 1, '', NULL),
(5019, NULL, NULL, 0, NULL, 4, 'm', 'Anastasia', ' Kondratyuk', '1970-01-01 00:00:00', '3c00f8f3333ae6ef3d27@members.ebay.com', 5019, '', NULL, 'd69034c00b361d1645e08364b4ab8e90', NULL, '0', '0', '1', 0, '', 'anastasiaprinseira', '', '', '', '', '', '', 0, 0, 0, '0000-00-00 00:00:00', '', 0, 0, '0000-00-00 00:00:00', '0000-00-00 00:00:00', 0, '', 0, '', '', 0, 24.8000, '', NULL, NULL, 1, '', NULL),
(5020, NULL, NULL, 0, NULL, 4, 'm', 'James', ' O Neil', '1970-01-01 00:00:00', '781f9eecb4166ef32f51@members.ebay.com', 5020, '', NULL, '6279b0628b21ee60b05851aab7c83c50', NULL, '0', '0', '1', 0, '', 'jameso37', '', '', '', '', '', '', 0, 0, 0, '0000-00-00 00:00:00', '', 0, 0, '0000-00-00 00:00:00', '0000-00-00 00:00:00', 0, '', 0, '', '', 0, 9.7500, '', NULL, NULL, 1, '', NULL),
(5021, NULL, '', 0, NULL, 1, 'm', 'Norbert', 'Szyszlo', '0000-00-00 00:00:00', 'info@nordiancamp.de', 5021, '', '', 'b8ec920c142fd2ea24d4b4335de3c734', '0', '0', '0', '1', 1, '', '', '', '', '', '', '', '', 0, 0, 0, '0000-00-00 00:00:00', '', 0, 0, '0000-00-00 00:00:00', '0000-00-00 00:00:00', 0, '', 0, '', '', 0, 0.0000, '', NULL, NULL, 1, '', NULL),
(5022, NULL, NULL, 0, NULL, 4, 'm', 'Richard', ' Exner', '1970-01-01 00:00:00', '03c52a5b245cee67d616@members.ebay.com', 5022, '', NULL, 'a3e63654156f6faec88fa46348eff915', NULL, '0', '0', '1', 0, '', 'richex_50', '', '', '', '', '', '', 0, 0, 0, '0000-00-00 00:00:00', '', 0, 0, '0000-00-00 00:00:00', '0000-00-00 00:00:00', 0, '', 0, '', '', 0, 24.8000, '', NULL, NULL, 1, '', NULL),
(5023, NULL, NULL, 0, NULL, 4, 'm', 'Bernhardt', ' Stenke', '1970-01-01 00:00:00', '03c7c111ad918af15b90@members.ebay.com', 5023, '', NULL, '7b9edf779eb86fb71e6373de79bc725f', NULL, '0', '0', '1', 0, '', 'bestfixsystem', '', '', '', '', '', '', 0, 0, 0, '0000-00-00 00:00:00', '', 0, 0, '0000-00-00 00:00:00', '0000-00-00 00:00:00', 0, '', 0, '', '', 0, 20.7000, '', NULL, NULL, 1, '', NULL),
(5024, NULL, '', 0, NULL, 1, 'm', 'Norbert', 'Szyszlo', '0000-00-00 00:00:00', 'info@nordiancamp.de', 5024, '', '', 'b8ec920c142fd2ea24d4b4335de3c734', '0', '0', '0', '1', 1, '', '', '', '', '', '', '', '', 0, 0, 0, '0000-00-00 00:00:00', '', 0, 0, '0000-00-00 00:00:00', '0000-00-00 00:00:00', 0, '', 0, '', '', 0, 0.0000, '', NULL, NULL, 1, '', NULL),
(5025, NULL, NULL, 0, NULL, 4, 'm', 'Kai', ' Witschen', '1970-01-01 00:00:00', '0f286a03d092b1880671@members.ebay.com', 5025, '', NULL, 'dbb2d876b070054a462bec8fb77a51b7', NULL, '0', '0', '1', 0, '', 'kameleon15', '', '', '', '', '', '', 0, 0, 0, '0000-00-00 00:00:00', '', 0, 0, '0000-00-00 00:00:00', '0000-00-00 00:00:00', 0, '', 0, '', '', 0, 119.0000, '', NULL, NULL, 1, '', NULL),
(5026, NULL, NULL, 0, NULL, 4, 'm', 'Streck', '', '1970-01-01 00:00:00', '1e5eb92092329fe67a44@members.ebay.com', 5026, '', NULL, '1970bed3e13f9d048a8eae495cd1ca99', NULL, '0', '0', '1', 0, '', 'tokyogaming', '', '', '', '', '', '', 0, 0, 0, '0000-00-00 00:00:00', '', 0, 0, '0000-00-00 00:00:00', '0000-00-00 00:00:00', 0, '', 0, '', '', 0, 9.9000, '', NULL, NULL, 1, '', NULL),
(5027, NULL, '', 0, NULL, 1, 'm', 'Max', 'Mustermann', '0000-00-00 00:00:00', 'max@mustermann.de', 5027, '', '', '3d9425caa65e3cacf943a437f48c92c9', '0', '0', '0', '1', 1, '', '', '', '', '', '', '', '', 0, 0, 0, '0000-00-00 00:00:00', '', 0, 0, '0000-00-00 00:00:00', '0000-00-00 00:00:00', 0, '', 0, '', '', 0, 0.0000, '', NULL, NULL, 1, '', NULL),
(5028, NULL, '', 0, NULL, 2, 'f', 'Mock', 'Mock', '0000-00-00 00:00:00', 'customer@email.de', 5028, '', '', '2e25a863991cbcad0f69c66d564ad6e4', '0', '0', '0', '1', 0, '', '', '', '', '', '', '', '', 0, 0, 0, '0000-00-00 00:00:00', '', 0, 0, '0000-00-00 00:00:00', '0000-00-00 00:00:00', 0, '', 0, '', '', 0, 0.0000, '', NULL, NULL, 1, '', NULL),
(5029, NULL, NULL, 0, NULL, 4, 'm', 'Thomas', ' Aurbach', '1970-01-01 00:00:00', '3cd7825b255496d06367@members.ebay.com', 5029, '', NULL, '8386c7ea818d0749ed14813ca5d540fa', NULL, '0', '0', '1', 0, '', 'bochser16', '', '', '', '', '', '', 0, 0, 0, '0000-00-00 00:00:00', '', 0, 0, '0000-00-00 00:00:00', '0000-00-00 00:00:00', 0, '', 0, '', '', 0, 10.9900, '', NULL, NULL, 1, '', NULL),
(5030, NULL, NULL, 0, NULL, 4, 'm', 'Thilo', ' Hengst', '1970-01-01 00:00:00', '3ce0bcba0d7dae2e3664@members.ebay.com', 5030, '', NULL, 'a0ed8ea1abab46638a5931243fe31fc2', NULL, '0', '0', '1', 0, '', 'hypa_dawg', '', '', '', '', '', '', 0, 0, 0, '0000-00-00 00:00:00', '', 0, 0, '0000-00-00 00:00:00', '0000-00-00 00:00:00', 0, '', 0, '', '', 0, 9.9900, '', NULL, NULL, 1, '', NULL),
(5031, NULL, NULL, 0, NULL, 4, 'm', 'Ideler,', 'Karl-Heinz', '1970-01-01 00:00:00', '3ce0dfdd34613f2b1c51@members.ebay.com', 5031, '', NULL, '7eb14c8bdfa857836194a2ccb8e19948', NULL, '0', '0', '1', 0, '', 'z526lo100', '', '', '', '', '', '', 0, 0, 0, '0000-00-00 00:00:00', '', 0, 0, '0000-00-00 00:00:00', '2025-02-03 14:40:40', 0, '', 0, '', '', 0, 10.9900, '', NULL, NULL, 1, '', NULL),
(5032, NULL, NULL, 0, NULL, 4, 'm', 'Timo', ' Maute', '1970-01-01 00:00:00', '3ce220d8a52dae377d83@members.ebay.com', 5035, '', NULL, '4caf480789d19d69743736ab8627e937', NULL, '0', '0', '1', 0, '', 'timmaut-7', '', '', '', '', '', '', 0, 0, 0, '0000-00-00 00:00:00', '', 0, 0, '0000-00-00 00:00:00', '0000-00-00 00:00:00', 0, '', 0, '', '', 0, 9.9000, '', NULL, NULL, 1, '', NULL),
(5033, NULL, '', 0, NULL, 1, 'm', 'Norbert', 'Szyszlo', '0000-00-00 00:00:00', 'norea27@yahoo.de', 5036, '', '', '60cc7112af30f5ba340a9e5440c9291b', '0', '0', '0', '1', 1, '', '', '', '', '', '', '', '', 0, 0, 0, '0000-00-00 00:00:00', '', 0, 0, '0000-00-00 00:00:00', '0000-00-00 00:00:00', 0, '', 0, '', '', 0, 0.0000, '', NULL, NULL, 1, '', NULL),
(5034, NULL, '', 0, NULL, 1, 'f', 'Petra ', 'Frerichs ', '0000-00-00 00:00:00', 'frerichspetra5@gmail.com', 5037, '', '', 'd931dacab38cc8809566a48bb5026d4b', '0', '0', '0', '1', 1, '', '', '', '', '', '', '', '', 0, 0, 0, '0000-00-00 00:00:00', '', 0, 0, '0000-00-00 00:00:00', '0000-00-00 00:00:00', 0, '', 0, '', '', 0, 0.0000, '', NULL, NULL, 1, '', NULL),
(5035, NULL, NULL, 0, NULL, 4, 'm', 'Oliver', ' Wolff', '1970-01-01 00:00:00', '079e557aa216ece97481@members.ebay.com', 5038, '', NULL, '21e42c681d98dbaca62e3605ca9f0eeb', NULL, '0', '0', '1', 0, '', 'uh-wolff-de', '', '', '', '', '', '', 0, 0, 0, '0000-00-00 00:00:00', '', 0, 0, '0000-00-00 00:00:00', '0000-00-00 00:00:00', 0, '', 0, '', '', 0, 9.9900, '', NULL, NULL, 1, '', NULL),
(5036, NULL, NULL, 0, NULL, 4, 'm', 'Patrick', ' Strauch', '1970-01-01 00:00:00', '1e8621a259648b0af886@members.ebay.com', 5039, '', NULL, '3ce55ff0c9375af5ac76dd3b4a8e04fe', NULL, '0', '0', '1', 0, '', 'missssssi', '', '', '', '', '', '', 0, 0, 0, '0000-00-00 00:00:00', '', 0, 0, '0000-00-00 00:00:00', '0000-00-00 00:00:00', 0, '', 0, '', '', 0, 12.7000, '', NULL, NULL, 1, '', NULL),
(5037, NULL, NULL, 0, NULL, 4, 'm', 'Manita', ' Naupert', '1970-01-01 00:00:00', '7a18a19d9f7d8e562712@members.ebay.com', 5040, '', NULL, '5ced51b291eebd597621390cdf9adce5', NULL, '0', '0', '1', 0, '', 'maschenka07', '', '', '', '', '', '', 0, 0, 0, '0000-00-00 00:00:00', '', 0, 0, '0000-00-00 00:00:00', '0000-00-00 00:00:00', 0, '', 0, '', '', 0, 18.0900, '', NULL, NULL, 1, '', NULL),
(5038, NULL, NULL, 0, NULL, 4, 'm', 'Katja', ' Kärgel', '1970-01-01 00:00:00', '00f440081e39555c5980@members.ebay.com', 5041, '', NULL, 'd2440e0ccc43705afea3cbcfe12d5a0f', NULL, '0', '0', '1', 0, '', 'weddinggirle', '', '', '', '', '', '', 0, 0, 0, '0000-00-00 00:00:00', '', 0, 0, '0000-00-00 00:00:00', '0000-00-00 00:00:00', 0, '', 0, '', '', 0, 12.7000, '', NULL, NULL, 1, '', NULL),
(5039, NULL, '', 0, NULL, 1, 'm', 'Hager', 'Nakli', '0000-00-00 00:00:00', 'hekbib@googlemail.com', 5042, '', '', '8253eb9674cf6590d97f0538b9bae3bd', '0', '0', '0', '1', 1, '', '', '', '', '', '', '', '', 0, 0, 0, '0000-00-00 00:00:00', '', 0, 0, '0000-00-00 00:00:00', '0000-00-00 00:00:00', 0, '', 0, '', '', 0, 23.3999, '', NULL, NULL, 1, '', NULL),
(5040, NULL, '', 0, NULL, 1, 'm', 'Norbert', 'Szyszlo', '0000-00-00 00:00:00', 'info@nordiancamp.de', 5043, '', '', 'b8ec920c142fd2ea24d4b4335de3c734', '0', '0', '0', '1', 1, '', '', '', '', '', '', '', '', 0, 0, 0, '0000-00-00 00:00:00', '', 0, 0, '0000-00-00 00:00:00', '0000-00-00 00:00:00', 0, '', 0, '', '', 0, 0.0000, '', NULL, NULL, 1, '', NULL),
(5041, NULL, NULL, 0, NULL, 4, 'm', 'Martin', ' Munkert', '1970-01-01 00:00:00', '03d23461cff52e686c13@members.ebay.com', 5044, '', NULL, '15cc97d732661f801c8f258bbe7a223e', NULL, '0', '0', '1', 0, '', 'quirlino', '', '', '', '', '', '', 0, 0, 0, '0000-00-00 00:00:00', '', 0, 0, '0000-00-00 00:00:00', '0000-00-00 00:00:00', 0, '', 0, '', '', 0, 274.5500, '', NULL, NULL, 1, '', NULL),
(5042, NULL, NULL, 0, NULL, 4, 'm', 'Tomasz', ' Filipiak', '1970-01-01 00:00:00', '1e9580c29efec91e6a33@members.ebay.com', 5045, '', NULL, 'e207c27dddc492d72bb050f099656171', NULL, '0', '0', '1', 0, '', 'tomfili60', '', '', '', '', '', '', 0, 0, 0, '0000-00-00 00:00:00', '', 0, 0, '0000-00-00 00:00:00', '0000-00-00 00:00:00', 0, '', 0, '', '', 0, 129.0000, '', NULL, NULL, 1, '', NULL),
(5043, NULL, NULL, 0, NULL, 4, 'm', 'christian', ' ruthner', '1970-01-01 00:00:00', '03d3c41147cfac667d72@members.ebay.com', 5046, '', NULL, '32de0923d9a3190ccc39d9f103a38499', NULL, '0', '0', '1', 0, '', 'christian.r.00', '', '', '', '', '', '', 0, 0, 0, '0000-00-00 00:00:00', '', 0, 0, '0000-00-00 00:00:00', '0000-00-00 00:00:00', 0, '', 0, '', '', 0, 12.7000, '', NULL, NULL, 1, '', NULL),
(5044, NULL, NULL, 0, NULL, 4, 'm', 'Rengschburger', ' Herzen', '1970-01-01 00:00:00', '03d3cc5449ca436e0c69@members.ebay.com', 5047, '', NULL, '50afdbed9f2e1fb132aea42766ac8d9d', NULL, '0', '0', '1', 0, '', '1608mr', '', '', '', '', '', '', 0, 0, 0, '0000-00-00 00:00:00', '', 0, 0, '0000-00-00 00:00:00', '0000-00-00 00:00:00', 0, '', 0, '', '', 0, 25.9600, '', NULL, NULL, 1, '', NULL),
(5045, NULL, NULL, 0, NULL, 4, 'm', 'Jens', ' Schaar', '1970-01-01 00:00:00', '0f51c4fca9336b889a46@members.ebay.com', 5048, '', NULL, 'bc8c0179b1df3f51a18522471b9333e2', NULL, '0', '0', '1', 0, '', 'jocht', '', '', '', '', '', '', 0, 0, 0, '0000-00-00 00:00:00', '', 0, 0, '0000-00-00 00:00:00', '0000-00-00 00:00:00', 0, '', 0, '', '', 0, 19.7200, '', NULL, NULL, 1, '', NULL),
(5046, NULL, NULL, 0, NULL, 4, 'm', 'Mark', ' Imhof', '1970-01-01 00:00:00', '0f52d5a6d28172bd0113@members.ebay.com', 5049, '', NULL, '4540a2fb947326712b34349ef650605b', NULL, '0', '0', '1', 0, '', 'znfgti', '', '', '', '', '', '', 0, 0, 0, '0000-00-00 00:00:00', '', 0, 0, '0000-00-00 00:00:00', '0000-00-00 00:00:00', 0, '', 0, '', '', 0, 9.9000, '', NULL, NULL, 1, '', NULL),
(5047, NULL, NULL, 0, NULL, 4, 'm', 'Manuela', ' Böhnke', '1970-01-01 00:00:00', '0f5321a109f6b8cc5a25@members.ebay.com', 5050, '', NULL, '4a27d63e78b27f3a4e82b6dfe5677034', NULL, '0', '0', '1', 0, '', 'manbh_7576', '', '', '', '', '', '', 0, 0, 0, '0000-00-00 00:00:00', '', 0, 0, '0000-00-00 00:00:00', '0000-00-00 00:00:00', 0, '', 0, '', '', 0, 18.0900, '', NULL, NULL, 1, '', NULL),
(5048, NULL, NULL, 0, NULL, 4, 'm', 'Annabell', ' Pliska', '1970-01-01 00:00:00', '0f5346d9a6db6ace0090@members.ebay.com', 5051, '', NULL, 'd81e42c4c2cf7324558a70df4b005318', NULL, '0', '0', '1', 0, '', 'teddy_the_dancing_queen', '', '', '', '', '', '', 0, 0, 0, '0000-00-00 00:00:00', '', 0, 0, '0000-00-00 00:00:00', '0000-00-00 00:00:00', 0, '', 0, '', '', 0, 22.8100, '', NULL, NULL, 1, '', NULL),
(5049, NULL, NULL, 0, NULL, 4, 'm', 'Frank', ' Färber', '1970-01-01 00:00:00', '1ead0083e03563ba7c94@members.ebay.com', 5052, '', NULL, '332515c1472d8e1cef522ac161c8602a', NULL, '0', '0', '1', 0, '', 'franksio2004', '', '', '', '', '', '', 0, 0, 0, '0000-00-00 00:00:00', '', 0, 0, '0000-00-00 00:00:00', '0000-00-00 00:00:00', 0, '', 0, '', '', 0, 24.8000, '', NULL, NULL, 1, '', NULL),
(5050, NULL, NULL, 0, NULL, 4, 'm', 'hans', ' trommer', '1970-01-01 00:00:00', '0f5770ef5c6f62b38370@members.ebay.com', 5053, '', NULL, 'a8e324a607c7e682acb74c9e99410101', NULL, '0', '0', '1', 0, '', 'jajaem_89', '', '', '', '', '', '', 0, 0, 0, '0000-00-00 00:00:00', '', 0, 0, '0000-00-00 00:00:00', '0000-00-00 00:00:00', 0, '', 0, '', '', 0, 274.5500, '', NULL, NULL, 1, '', NULL),
(5051, NULL, NULL, 0, NULL, 4, 'm', 'Silke', ' Bauer', '1970-01-01 00:00:00', '3d6a75bdb5aee6baef36@members.ebay.com', 5054, '', NULL, '2e4205a558f9bd2c2bc8e3ea47b71e82', NULL, '0', '0', '1', 0, '', 'silke2746', '', '', '', '', '', '', 0, 0, 0, '0000-00-00 00:00:00', '', 0, 0, '0000-00-00 00:00:00', '0000-00-00 00:00:00', 0, '', 0, '', '', 0, 24.8000, '', NULL, NULL, 1, '', NULL),
(5052, NULL, NULL, 0, NULL, 4, 'm', 'Andre', ' Zerr', '1970-01-01 00:00:00', '3d74e29b881aae809280@members.ebay.com', 5055, '', NULL, '5f993b587781b468cc29bd820084e039', NULL, '0', '0', '1', 0, '', 'bmwe39150', '', '', '', '', '', '', 0, 0, 0, '0000-00-00 00:00:00', '', 0, 0, '0000-00-00 00:00:00', '0000-00-00 00:00:00', 0, '', 0, '', '', 0, 30.0100, '', NULL, NULL, 1, '', NULL),
(5053, NULL, NULL, 0, NULL, 4, 'm', 'Andreas', ' Steguweit', '1970-01-01 00:00:00', '7b34db0bc78b54e30a83@members.ebay.com', 5056, '', NULL, '50b4711d4916e06ef8e0173a9fd0f024', NULL, '0', '0', '1', 0, '', 'tqfdg31', '', '', '', '', '', '', 0, 0, 0, '0000-00-00 00:00:00', '', 0, 0, '0000-00-00 00:00:00', '0000-00-00 00:00:00', 0, '', 0, '', '', 0, 129.0000, '', NULL, NULL, 1, '', NULL),
(5054, NULL, NULL, 0, NULL, 4, 'm', 'norbert', ' kloth', '1970-01-01 00:00:00', '07b82f9dacb3a6c03d34@members.ebay.com', 5057, '', NULL, '07dcbf6d2cf49db6a7aa1e1c54c232ef', NULL, '0', '0', '1', 0, '', 'retro-pan', '', '', '', '', '', '', 0, 0, 0, '0000-00-00 00:00:00', '', 0, 0, '0000-00-00 00:00:00', '0000-00-00 00:00:00', 0, '', 0, '', '', 0, 129.0000, '', NULL, NULL, 1, '', NULL),
(5055, NULL, NULL, 0, NULL, 4, 'm', 'Timo', ' Nimz', '1970-01-01 00:00:00', '7b934bf43e45c7411557@members.ebay.com', 5058, '', NULL, 'fbdf0c4a5ddc11b4516898b986d24d52', NULL, '0', '0', '1', 0, '', 'kisskloepper', '', '', '', '', '', '', 0, 0, 0, '0000-00-00 00:00:00', '', 0, 0, '0000-00-00 00:00:00', '0000-00-00 00:00:00', 0, '', 0, '', '', 0, 18.0900, '', NULL, NULL, 1, '', NULL),
(5056, NULL, NULL, 0, NULL, 4, 'm', 'Moritz', ' Kaulhausen', '1970-01-01 00:00:00', '0f7660eaf5b1b4ce3185@members.ebay.com', 5061, '', NULL, 'b2953d79e5d605e9d79ade09e83d78bc', NULL, '0', '0', '1', 0, '', 'kaulh_865', '', '', '', '', '', '', 0, 0, 0, '0000-00-00 00:00:00', '', 0, 0, '0000-00-00 00:00:00', '0000-00-00 00:00:00', 0, '', 0, '', '', 0, 129.0000, '', NULL, NULL, 1, '', NULL),
(5057, NULL, NULL, 0, NULL, 4, 'm', 'Jürgen', ' Knörr', '1970-01-01 00:00:00', '1ef16d045e769f6f6159@members.ebay.com', 5062, '', NULL, '7add30ba45a0f770de72cb5730bbc7e5', NULL, '0', '0', '1', 0, '', 'suppenschmied007', '', '', '', '', '', '', 0, 0, 0, '0000-00-00 00:00:00', '', 0, 0, '0000-00-00 00:00:00', '0000-00-00 00:00:00', 0, '', 0, '', '', 0, 34.8000, '', NULL, NULL, 1, '', NULL),
(5058, NULL, NULL, 0, NULL, 4, 'm', 'Alexander', ' Müller', '1970-01-01 00:00:00', '3df2bd1a959e7e8d5916@members.ebay.com', 5064, '', NULL, 'd332719d77a6ba5bfe17bfdaa7c1896e', NULL, '0', '0', '1', 0, '', 'muklo12', '', '', '', '', '', '', 0, 0, 0, '0000-00-00 00:00:00', '', 0, 0, '0000-00-00 00:00:00', '0000-00-00 00:00:00', 0, '', 0, '', '', 0, 21.9000, '', NULL, NULL, 1, '', NULL),
(5059, NULL, NULL, 0, NULL, 4, 'm', 'Svenja', ' Nierstenhöfer', '1970-01-01 00:00:00', '0f7d038335624db22d61@members.ebay.com', 5065, '', NULL, '2f7eb57ec73f660e14bb393b220510ec', NULL, '0', '0', '1', 0, '', 'max*luise', '', '', '', '', '', '', 0, 0, 0, '0000-00-00 00:00:00', '', 0, 0, '0000-00-00 00:00:00', '0000-00-00 00:00:00', 0, '', 0, '', '', 0, 16.8200, '', NULL, NULL, 1, '', NULL),
(5060, NULL, NULL, 0, NULL, 4, 'm', 'R.', ' Amort', '1970-01-01 00:00:00', '1efa899f8a681bb95614@members.ebay.com', 5066, '', NULL, 'e69a05f07ae0107aebef451e406e09f3', NULL, '0', '0', '1', 0, '', 'amormi1', '', '', '', '', '', '', 0, 0, 0, '0000-00-00 00:00:00', '', 0, 0, '0000-00-00 00:00:00', '0000-00-00 00:00:00', 0, '', 0, '', '', 0, 32.8000, '', NULL, NULL, 1, '', NULL),
(5061, NULL, NULL, 0, NULL, 4, 'm', 'Patrick', ' Müller', '1970-01-01 00:00:00', '1f00668399b73736be92@members.ebay.com', 5067, '', NULL, 'e2379a7a9005816737e6fad1b728379e', NULL, '0', '0', '1', 0, '', 'patti.m-85', '', '', '', '', '', '', 0, 0, 0, '0000-00-00 00:00:00', '', 0, 0, '0000-00-00 00:00:00', '0000-00-00 00:00:00', 0, '', 0, '', '', 0, 129.0000, '', NULL, NULL, 1, '', NULL),
(5062, NULL, NULL, 0, NULL, 4, 'm', 'Eric', ' Fischoeder', '1970-01-01 00:00:00', '3e07f792c45a9fbdbd43@members.ebay.com', 5068, '', NULL, '13b29328432e8d581d42af3464d07dc1', NULL, '0', '0', '1', 0, '', 'erfisch-0', '', '', '', '', '', '', 0, 0, 0, '0000-00-00 00:00:00', '', 0, 0, '0000-00-00 00:00:00', '0000-00-00 00:00:00', 0, '', 0, '', '', 0, 24.8000, '', NULL, NULL, 1, '', NULL),
(5063, NULL, NULL, 0, NULL, 4, 'm', 'Von', 'Wiltberg, Arnold', '1970-01-01 00:00:00', '1f052f9197d2c3902828@members.ebay.com', 5069, '', NULL, '17f2802d6d21f30238f9e9aa3c666995', NULL, '0', '0', '1', 0, '', '8394arnold', '', '', '', '', '', '', 0, 0, 0, '0000-00-00 00:00:00', '', 0, 0, '0000-00-00 00:00:00', '2025-04-01 11:49:01', 0, '', 0, '', '', 0, 34.8000, '', NULL, NULL, 1, '', NULL),
(5064, NULL, NULL, 0, NULL, 4, 'm', 'Luka', 'Madzarevic', '1970-01-01 00:00:00', '07c238433dc039430056@members.ebay.com', 5071, '', NULL, 'bbaea89c09f8d5cce75aec4eec3113b2', NULL, '0', '0', '1', 0, '', 'lumada_59', '', '', '', '', '', '', 0, 0, 0, '0000-00-00 00:00:00', '', 0, 0, '0000-00-00 00:00:00', '2025-04-02 16:54:09', 0, '', 0, '', '', 0, 24.8000, '', NULL, NULL, 1, '', NULL),
(5065, NULL, NULL, 0, NULL, 4, 'm', 'Mario', ' Sauer', '1970-01-01 00:00:00', '00f84e5eda6d56099f42@members.ebay.com', 5072, '', NULL, '31bbac7733e4a33df1d5c27aa87a6f8a', NULL, '0', '0', '1', 0, '', 'msausk', '', '', '', '', '', '', 0, 0, 0, '0000-00-00 00:00:00', '', 0, 0, '0000-00-00 00:00:00', '0000-00-00 00:00:00', 0, '', 0, '', '', 0, 9.9900, '', NULL, NULL, 1, '', NULL),
(5066, NULL, NULL, 0, NULL, 4, 'm', 'Andrey', ' Perederiy', '1970-01-01 00:00:00', '3e054b1b736d575ea564@members.ebay.com', 5073, '', NULL, 'cf2faea07639f66a5464d1ac8ee81c9c', NULL, '0', '0', '1', 0, '', 'de2015-stepa', '', '', '', '', '', '', 0, 0, 0, '0000-00-00 00:00:00', '', 0, 0, '0000-00-00 00:00:00', '0000-00-00 00:00:00', 0, '', 0, '', '', 0, 129.0000, '', NULL, NULL, 1, '', NULL),
(5067, NULL, NULL, 0, NULL, 4, 'm', 'Jürgen', ' Bergmann', '1970-01-01 00:00:00', '1f0d3264c26b5732ee36@members.ebay.com', 5074, '', NULL, '081e2aabe76847a3b234e45e3905535c', NULL, '0', '0', '1', 0, '', 'juer-2679', '', '', '', '', '', '', 0, 0, 0, '0000-00-00 00:00:00', '', 0, 0, '0000-00-00 00:00:00', '0000-00-00 00:00:00', 0, '', 0, '', '', 0, 18.0900, '', NULL, NULL, 1, '', NULL),
(5068, NULL, NULL, 0, NULL, 4, 'm', 'Anne', ' Beuchler', '1970-01-01 00:00:00', '3e3942f184d6afdd1468@members.ebay.com', 5075, '', NULL, '50b2b0223b3690d26acfd2f6358eca06', NULL, '0', '0', '1', 0, '', 'shinystar_123', '', '', '', '', '', '', 0, 0, 0, '0000-00-00 00:00:00', '', 0, 0, '0000-00-00 00:00:00', '0000-00-00 00:00:00', 0, '', 0, '', '', 0, 32.8000, '', NULL, NULL, 1, '', NULL),
(5069, NULL, NULL, 0, NULL, 4, 'm', 'André', 'Seidel', '1970-01-01 00:00:00', '0f9370f33e96dbcac757@members.ebay.com', 5076, '', NULL, '5a814b61b87d1c1a03d70252589aa719', NULL, '0', '0', '1', 0, '', 'asas5907', '', '', '', '', '', '', 0, 0, 0, '0000-00-00 00:00:00', '', 0, 0, '0000-00-00 00:00:00', '2025-04-14 13:00:27', 0, '', 0, '', '', 0, 9.9900, '', NULL, NULL, 1, '', NULL),
(5070, NULL, NULL, 0, NULL, 4, 'm', 'Ralf', ' Rischewski', '1970-01-01 00:00:00', '00f97797d7e7b62884ae@members.ebay.com', 5078, '', NULL, '18393a423d147e7f39bb946aef6835ec', NULL, '0', '0', '1', 0, '', 'risc_709', '', '', '', '', '', '', 0, 0, 0, '0000-00-00 00:00:00', '', 0, 0, '0000-00-00 00:00:00', '0000-00-00 00:00:00', 0, '', 0, '', '', 0, 12.3100, '', NULL, NULL, 1, '', NULL),
(5071, NULL, NULL, 0, NULL, 4, 'm', 'semih', ' Sergi', '1970-01-01 00:00:00', '00f9c774abf96dbafb13@members.ebay.com', 5079, '', NULL, '8587be0992c8c6765001f63220ff9c41', NULL, '0', '0', '1', 0, '', 'se-323609', '', '', '', '', '', '', 0, 0, 0, '0000-00-00 00:00:00', '', 0, 0, '0000-00-00 00:00:00', '0000-00-00 00:00:00', 0, '', 0, '', '', 0, 45.3100, '', NULL, NULL, 1, '', NULL),
(5072, NULL, NULL, 0, NULL, 4, 'm', 'Nagler', ' josef', '1970-01-01 00:00:00', '00f9c8e8c68154f80975@members.ebay.com', 5080, '', NULL, 'c098ee8c1179d060234274d1412fbbbd', NULL, '0', '0', '1', 0, '', 'josefn8956', '', '', '', '', '', '', 0, 0, 0, '0000-00-00 00:00:00', '', 0, 0, '0000-00-00 00:00:00', '0000-00-00 00:00:00', 0, '', 0, '', '', 0, 129.0000, '', NULL, NULL, 1, '', NULL),
(5073, NULL, NULL, 0, NULL, 4, 'm', 'Holger', ' Kimmich', '1970-01-01 00:00:00', '00f9dd2f110d86a86bd5@members.ebay.com', 5081, '', NULL, 'b32a125e9e11de22f2ea5efaf29c5d39', NULL, '0', '0', '1', 0, '', 'tastenhopser', '', '', '', '', '', '', 0, 0, 0, '0000-00-00 00:00:00', '', 0, 0, '0000-00-00 00:00:00', '0000-00-00 00:00:00', 0, '', 0, '', '', 0, 18.6200, '', NULL, NULL, 1, '', NULL),
(5074, NULL, NULL, 0, NULL, 4, 'm', 'Michael', 'Roberts', '1970-01-01 00:00:00', '00f9df261de11a787d28@members.ebay.com', 5082, '', NULL, '9a5a081eaa943bc7f0e80f20f4adc2e7', NULL, '0', '0', '1', 0, '', 'odakimeth', '', '', '', '', '', '', 0, 0, 0, '0000-00-00 00:00:00', '', 0, 0, '0000-00-00 00:00:00', '2025-04-22 09:09:11', 0, '', 0, '', '', 0, 9.9900, '', NULL, NULL, 1, '', NULL),
(5075, NULL, NULL, 0, NULL, 4, 'm', 'Joseph', ' Ressing', '1970-01-01 00:00:00', '00f9f6c6e76f4b890984@members.ebay.com', 5083, '', NULL, '2b17784b9bcd4def7917bf7ec96a4287', NULL, '0', '0', '1', 0, '', 'joseph16092013', '', '', '', '', '', '', 0, 0, 0, '0000-00-00 00:00:00', '', 0, 0, '0000-00-00 00:00:00', '0000-00-00 00:00:00', 0, '', 0, '', '', 0, 9.9900, '', NULL, NULL, 1, '', NULL),
(5076, '', '', 0, NULL, 4, 'm', 'Beat', 'Bürgi', '0000-00-00 00:00:00', 'b.buergi19@yahoo.de', 5084, '', '', 'b121c7c732d764f4abada8e66b645bbe', '0', '0', '0', '1', 0, '', '', '', '', '', '', '', '', 0, 0, 0, '0000-00-00 00:00:00', '', 0, 0, '0000-00-00 00:00:00', '0000-00-00 00:00:00', 0, '', 0, '', '', 0, 17.3500, '', NULL, NULL, 1, '', NULL),
(5077, NULL, '', 0, NULL, 4, 'm', 'Timm', 'Schröder', '0000-00-00 00:00:00', 'timm_schroeder@icloud.com', 5085, '', '', '91b67e20ba62a3e2ee13da3de9ede6e4', '0', '0', '0', '1', 1, '', '', '', '', '', '', '', '', 0, 0, 0, '0000-00-00 00:00:00', '', 0, 0, '0000-00-00 00:00:00', '0000-00-00 00:00:00', 0, '', 0, '', '', 0, 0.0000, '', NULL, NULL, 1, '', NULL),
(5078, NULL, '', 0, NULL, 4, 'm', 'Timm', 'Schröder', '0000-00-00 00:00:00', 'timm_schroeder@icloud.com', 5086, '', '', 'b149c379cb9d11455afe53b79e3c716a', '0', '0', '0', '1', 1, '', '', '', '', '', '', '', '', 0, 0, 0, '0000-00-00 00:00:00', '', 0, 0, '0000-00-00 00:00:00', '0000-00-00 00:00:00', 0, '', 0, '', '', 0, 125.0000, '', NULL, NULL, 1, '', NULL),
(5079, '', '', 0, NULL, 4, 'm', 'Bernd', 'Mengel', '0000-00-00 00:00:00', '2025428_151937@justneo.de', 5087, '', '', 'df7ec2a14f2073a91f1d3502ea8fe9a0', '0', '0', '0', '1', 0, '', '', '', '', '', '', '', '', 0, 0, 0, '0000-00-00 00:00:00', '', 0, 0, '0000-00-00 00:00:00', '2025-04-28 19:14:18', 0, '', 0, '', '', 0, 17.3500, '', NULL, NULL, 1, '', NULL),
(5080, '', '', 0, NULL, 4, 'm', 'Bastian', 'Lutz', '0000-00-00 00:00:00', '2025428_211228@justneo.de', 5089, '', '', 'f137e52d3cd794dc954742e4b432b088', '0', '0', '0', '1', 0, '', '', '', '', '', '', '', '', 0, 0, 0, '0000-00-00 00:00:00', '', 0, 0, '0000-00-00 00:00:00', '2025-04-28 21:23:51', 0, '', 0, '', '', 0, 9.9900, '', NULL, NULL, 1, '', NULL),
(5081, NULL, '', 0, NULL, 1, 'f', 'Sarah', 'Emmert', '0000-00-00 00:00:00', 'antimacht@web.de', 5091, '', '', '3a73e6eff03f9878dc0387cc0979ecc0', '0', '0', '0', '1', 1, '', '', '', '', '', '', '', '', 0, 0, 0, '0000-00-00 00:00:00', '', 0, 0, '0000-00-00 00:00:00', '2025-04-29 14:18:06', 0, '', 0, '', '', 0, 269.0000, '', NULL, NULL, 1, '', NULL),
(5082, NULL, NULL, 0, NULL, 4, 'm', 'Klaus', 'Zeiger', '1970-01-01 00:00:00', '0fa73af7b4a035ad4e61@members.ebay.com', 5092, '', NULL, '63c0197512523c43ddf9437b09b750dc', NULL, '0', '0', '1', 0, '', 'surfcity25', '', '', '', '', '', '', 0, 0, 0, '0000-00-00 00:00:00', '', 0, 0, '0000-00-00 00:00:00', '2025-04-29 14:16:48', 0, '', 0, '', '', 0, 168.1500, '', NULL, NULL, 1, '', NULL),
(5083, NULL, NULL, 0, NULL, 4, 'm', 'Frank', ' Rist', '1970-01-01 00:00:00', '3e9dfd061392e3378a26@members.ebay.com', 5093, '', NULL, '9c6c70176906e3749d8ebc13357057ca', NULL, '0', '0', '1', 0, '', 'ruscht78', '', '', '', '', '', '', 0, 0, 0, '0000-00-00 00:00:00', '', 0, 0, '0000-00-00 00:00:00', '0000-00-00 00:00:00', 0, '', 0, '', '', 0, 129.0000, '', NULL, NULL, 1, '', NULL),
(5084, NULL, NULL, 0, NULL, 4, 'm', 'Bernd', ' Mengel', '1970-01-01 00:00:00', '3e98a159deba227c9f71@members.ebay.com', 5094, '', NULL, 'eccf9f51ccf0acd3b39f3a40e51c2485', NULL, '0', '0', '1', 0, '', 'rundstueck2001', '', '', '', '', '', '', 0, 0, 0, '0000-00-00 00:00:00', '', 0, 0, '0000-00-00 00:00:00', '0000-00-00 00:00:00', 0, '', 0, '', '', 0, 0.0000, '', NULL, NULL, 1, '', NULL),
(5085, NULL, NULL, 0, NULL, 4, 'm', 'Bastian', ' Lutz', '1970-01-01 00:00:00', '3e9891a9deba22796574@members.ebay.com', 5095, '', NULL, '5c336c6adc83b6d762058b13483208e2', NULL, '0', '0', '1', 0, '', 'bastyoje', '', '', '', '', '', '', 0, 0, 0, '0000-00-00 00:00:00', '', 0, 0, '0000-00-00 00:00:00', '0000-00-00 00:00:00', 0, '', 0, '', '', 0, 0.0000, '', NULL, NULL, 1, '', NULL),
(5086, NULL, NULL, 0, NULL, 4, 'm', 'Beat', ' Bürgi', '1970-01-01 00:00:00', '0fa210fb65e4b4e20529@members.ebay.com', 5096, '', NULL, '254ff971fe3662c2b1a4f727f7ceaf3e', NULL, '0', '0', '1', 0, '', 'godinuda', '', '', '', '', '', '', 0, 0, 0, '0000-00-00 00:00:00', '', 0, 0, '0000-00-00 00:00:00', '0000-00-00 00:00:00', 0, '', 0, '', '', 0, 0.0000, '', NULL, NULL, 1, '', NULL),
(5087, NULL, '', 0, NULL, 1, 'm', 'David', 'Berard', '0000-00-00 00:00:00', 'david.berard.ac@gmail.com', 5097, '', '', '6cb503c956e4610050fa9f7951670bb8', '0', '0', '0', '1', 1, '', '', '', '', '', '', '', '', 0, 0, 0, '0000-00-00 00:00:00', '', 0, 0, '0000-00-00 00:00:00', '0000-00-00 00:00:00', 0, '', 0, '', '', 0, 269.0000, '', NULL, NULL, 1, '', NULL),
(5088, NULL, '', 0, NULL, 2, 'm', 'David', 'Berard', '0000-00-00 00:00:00', 'david.berard.ac@gmail.com', 5098, '', '', '80fe3dcd043600fec3d3767474cc628c', '0', '0', '0', '1', 0, '', '', '', '', '', '', '', '', 0, 0, 0, '0000-00-00 00:00:00', '', 0, 0, '0000-00-00 00:00:00', '0000-00-00 00:00:00', 0, '', 0, '', '', 0, 0.0000, '', NULL, NULL, 1, '', NULL),
(5089, NULL, NULL, 0, NULL, 4, 'm', 'Stefan', ' Pleyer', '1970-01-01 00:00:00', '7d6513da38253d338366@members.ebay.com', 5099, '', NULL, '8974dc6c36df013a4e89da3f8a15a070', NULL, '0', '0', '1', 0, '', '3133stefan', '', '', '', '', '', '', 0, 0, 0, '0000-00-00 00:00:00', '', 0, 0, '0000-00-00 00:00:00', '0000-00-00 00:00:00', 0, '', 0, '', '', 0, 18.0900, '', NULL, NULL, 1, '', NULL),
(5090, NULL, NULL, 0, NULL, 4, 'm', 'Björn', ' Lebedies', '1970-01-01 00:00:00', '3eb58e082595368f0e74@members.ebay.com', 5100, '', NULL, 'e66f52895a7047c43cd8841fa1872548', NULL, '0', '0', '1', 0, '', 'bjlebe-57', '', '', '', '', '', '', 0, 0, 0, '0000-00-00 00:00:00', '', 0, 0, '0000-00-00 00:00:00', '0000-00-00 00:00:00', 0, '', 0, '', '', 0, 18.0900, '', NULL, NULL, 1, '', NULL),
(5091, NULL, NULL, 0, NULL, 4, 'm', 'Ulrike', ' Brinkmann', '1970-01-01 00:00:00', '3eb6bb53799136052445@members.ebay.com', 5101, '', NULL, 'd9c2ee89c4322fece19242e4db04ef2b', NULL, '0', '0', '1', 0, '', 'ulrike01809', '', '', '', '', '', '', 0, 0, 0, '0000-00-00 00:00:00', '', 0, 0, '0000-00-00 00:00:00', '0000-00-00 00:00:00', 0, '', 0, '', '', 0, 9.9900, '', NULL, NULL, 1, '', NULL),
(5092, NULL, '', 0, NULL, 2, 'm', 'Simon', 'Bauer', '0000-00-00 00:00:00', 'simon.bauer@gmx.ch', 5102, '', '', 'd252ecc5d1d200ccfeb8c9c7a958160a', '0', '0', '0', '1', 0, '', '', '', '', '', '', '', '', 0, 0, 0, '0000-00-00 00:00:00', '', 0, 0, '0000-00-00 00:00:00', '0000-00-00 00:00:00', 0, '', 0, '', '', 0, 269.0000, '', NULL, NULL, 1, '', NULL),
(5093, NULL, '', 0, NULL, 1, 'm', 'Manuel', 'Sutter', '0000-00-00 00:00:00', 'sutter115@gmx.de', 5103, '', '', '8159f7e2b7ac8d4c7fd05775a559ec42', '0', '0', '0', '1', 1, '', '', '', '', '', '', '', '', 0, 0, 0, '0000-00-00 00:00:00', '', 0, 0, '0000-00-00 00:00:00', '0000-00-00 00:00:00', 0, '', 0, '', '', 0, 39.9000, '', NULL, NULL, 1, '', NULL),
(5094, NULL, '', 0, NULL, 1, 'f', 'Claudia', 'Schablowski', '0000-00-00 00:00:00', 'Claudia.dinkloh@web.de', 5104, '', '', 'a744bcc6d4d2cf7038a2bbec2a86a9ae', '0', '0', '0', '1', 1, '', '', '', '', '', '', '', '', 0, 0, 0, '0000-00-00 00:00:00', '', 0, 0, '0000-00-00 00:00:00', '0000-00-00 00:00:00', 0, '', 0, '', '', 0, 39.9000, '', NULL, NULL, 1, '', NULL),
(5095, NULL, NULL, 0, NULL, 4, 'm', 'Cornelia', 'Hasler', '1970-01-01 00:00:00', '3ec2c6f136d04ab86275@members.ebay.com', 5105, '', NULL, '6adc6744227734ab27596ab49aca49cf', NULL, '0', '0', '1', 0, '', 'wollmie', '', '', '', '', '', '', 0, 0, 0, '0000-00-00 00:00:00', '', 0, 0, '0000-00-00 00:00:00', '2025-05-06 13:52:46', 0, '', 0, '', '', 0, 19.7200, '', NULL, NULL, 1, '', NULL),
(5096, NULL, NULL, 0, NULL, 4, 'm', 'Marcus', 'Böttcher', '1970-01-01 00:00:00', '1f69363f5f15b3717b53@members.ebay.com', 5107, '', NULL, 'd60fce0b8efa6d459c398eb84085e936', NULL, '0', '0', '1', 0, '', 'quarmar', '', '', '', '', '', '', 0, 0, 0, '0000-00-00 00:00:00', '', 0, 0, '0000-00-00 00:00:00', '2025-05-09 10:46:34', 0, '', 0, '', '', 0, 289.0000, '', NULL, NULL, 1, '', NULL),
(5097, NULL, NULL, 0, NULL, 4, 'm', 'Lisa', ' Hoth', '1970-01-01 00:00:00', '3ee18815b392d2cdbb84@members.ebay.com', 5109, '', NULL, 'eb7051e80342041f82537b8e9cc82d28', NULL, '0', '0', '1', 0, '', 'lisahst', '', '', '', '', '', '', 0, 0, 0, '0000-00-00 00:00:00', '', 0, 0, '0000-00-00 00:00:00', '0000-00-00 00:00:00', 0, '', 0, '', '', 0, 9.9900, '', NULL, NULL, 1, '', NULL),
(5098, NULL, NULL, 0, NULL, 4, 'm', 'Julian', ' König', '1970-01-01 00:00:00', '3ee2d005b8833f10b970@members.ebay.com', 5110, '', NULL, '5807dc65a74abd6f96c8436a02bc49be', NULL, '0', '0', '1', 0, '', 'juliankoenig87', '', '', '', '', '', '', 0, 0, 0, '0000-00-00 00:00:00', '', 0, 0, '0000-00-00 00:00:00', '0000-00-00 00:00:00', 0, '', 0, '', '', 0, 9.9900, '', NULL, NULL, 1, '', NULL),
(5099, NULL, '', 0, NULL, 1, 'm', 'Caspar-M.', 'Krüger', '0000-00-00 00:00:00', 'mail@caspar-krueger.de', 5111, '', '', '30e6d4352266b8938eb4dc26cf27c608', '0', '0', '0', '1', 1, '', '', '', '', '', '', '', '', 0, 0, 0, '0000-00-00 00:00:00', '', 0, 0, '0000-00-00 00:00:00', '0000-00-00 00:00:00', 0, '', 0, '', '', 0, 39.9000, '', NULL, NULL, 1, '', NULL),
(5100, NULL, NULL, 0, NULL, 4, 'm', 'Antonio', ' Faust', '1970-01-01 00:00:00', '00fb9dcb8fde4b196dfc@members.ebay.com', 5112, '', NULL, '01778f1c210334114022cd49d32df7c4', NULL, '0', '0', '1', 0, '', 'antfa_2171', '', '', '', '', '', '', 0, 0, 0, '0000-00-00 00:00:00', '', 0, 0, '0000-00-00 00:00:00', '0000-00-00 00:00:00', 0, '', 0, '', '', 0, 18.8000, '', NULL, NULL, 1, '', NULL),
(5101, NULL, NULL, 0, NULL, 4, 'm', 'Sven', ' Kaufmann', '1970-01-01 00:00:00', '7dcff0e4932377237966@members.ebay.com', 5113, '', NULL, 'fc7d8604ab2859cffaf1fdc7b8fc2f43', NULL, '0', '0', '1', 0, '', '1974schnappi', '', '', '', '', '', '', 0, 0, 0, '0000-00-00 00:00:00', '', 0, 0, '0000-00-00 00:00:00', '0000-00-00 00:00:00', 0, '', 0, '', '', 0, 9.9900, '', NULL, NULL, 1, '', NULL),
(5102, NULL, NULL, 0, NULL, 4, 'm', 'Freya', ' Schomacker', '1970-01-01 00:00:00', '7ddb04a45f1b07a82064@members.ebay.com', 5114, '', NULL, 'dc78c2ce65ad000c32a39babcc60d995', NULL, '0', '0', '1', 0, '', 'schom884', '', '', '', '', '', '', 0, 0, 0, '0000-00-00 00:00:00', '', 0, 0, '0000-00-00 00:00:00', '0000-00-00 00:00:00', 0, '', 0, '', '', 0, 188.1000, '', NULL, NULL, 1, '', NULL),
(5103, NULL, NULL, 0, NULL, 4, 'm', 'Andreas', ' Lettner', '1970-01-01 00:00:00', '7de31f3161c35fcc5698@members.ebay.com', 5115, '', NULL, 'f21a797fd1e62f64fce686a371dade9c', NULL, '0', '0', '1', 0, '', 'professorlette', '', '', '', '', '', '', 0, 0, 0, '0000-00-00 00:00:00', '', 0, 0, '0000-00-00 00:00:00', '0000-00-00 00:00:00', 0, '', 0, '', '', 0, 8.9100, '', NULL, NULL, 1, '', NULL),
(5104, NULL, NULL, 0, NULL, 4, 'm', 'Dragos', ' Terbea', '1970-01-01 00:00:00', '00fc0089db8719fc5f4d@members.ebay.com', 5116, '', NULL, '0341e0e5a2f155c95ee80802b2b99648', NULL, '0', '0', '1', 0, '', 'drater71', '', '', '', '', '', '', 0, 0, 0, '0000-00-00 00:00:00', '', 0, 0, '0000-00-00 00:00:00', '0000-00-00 00:00:00', 0, '', 0, '', '', 0, 19.7200, '', NULL, NULL, 1, '', NULL),
(5105, NULL, NULL, 0, NULL, 4, 'm', 'Elmar', ' Lieske', '1970-01-01 00:00:00', '00fc2ee98b8719fda40d@members.ebay.com', 5117, '', NULL, '1696215cac8ff6e34eeebb9e4266122e', NULL, '0', '0', '1', 0, '', 'elmar4701', '', '', '', '', '', '', 0, 0, 0, '0000-00-00 00:00:00', '', 0, 0, '0000-00-00 00:00:00', '0000-00-00 00:00:00', 0, '', 0, '', '', 0, 9.9900, '', NULL, NULL, 1, '', NULL),
(5106, NULL, '', 0, NULL, 1, 'm', 'Jonas', 'Kreß', '0000-00-00 00:00:00', 'kress.jonas@gmail.com', 5118, '', '', 'f2c69b082718000db3b39d7c819da061', '0', '0', '0', '1', 1, '', '', '', '', '', '', '', '', 0, 0, 0, '0000-00-00 00:00:00', '', 0, 0, '0000-00-00 00:00:00', '0000-00-00 00:00:00', 0, '', 0, '', '', 0, 0.0000, '', NULL, NULL, 1, '', NULL),
(5107, NULL, NULL, 0, NULL, 4, 'm', 'Axel', ' Schmidt', '1970-01-01 00:00:00', '00fc964e651b245beaf8@members.ebay.com', 5119, '', NULL, '55fffe3fbf1ac2396a6fe32a04fb6f51', NULL, '0', '0', '1', 0, '', 'herbert_meier', '', '', '', '', '', '', 0, 0, 0, '0000-00-00 00:00:00', '', 0, 0, '0000-00-00 00:00:00', '0000-00-00 00:00:00', 0, '', 0, '', '', 0, 122.5500, '', NULL, NULL, 1, '', NULL),
(5108, NULL, NULL, 0, NULL, 4, 'm', 'Stefan', ' Schlesinger', '1970-01-01 00:00:00', '00fcb1e52afb088c2160@members.ebay.com', 5120, '', NULL, 'e1dd8b0397e114b8ec305639cacd4131', NULL, '0', '0', '1', 0, '', 'steschle_8', '', '', '', '', '', '', 0, 0, 0, '0000-00-00 00:00:00', '', 0, 0, '0000-00-00 00:00:00', '0000-00-00 00:00:00', 0, '', 0, '', '', 0, 9.9000, '', NULL, NULL, 1, '', NULL),
(5109, NULL, NULL, 0, NULL, 4, 'm', 'Andy', ' Dee', '1970-01-01 00:00:00', '00fcb21656fda60ce5b4@members.ebay.com', 5121, '', NULL, '08d404d816b2fe1948e114402ee468d9', NULL, '0', '0', '1', 0, '', 'paulemann0_6', '', '', '', '', '', '', 0, 0, 0, '0000-00-00 00:00:00', '', 0, 0, '0000-00-00 00:00:00', '0000-00-00 00:00:00', 0, '', 0, '', '', 0, 9.9900, '', NULL, NULL, 1, '', NULL),
(5110, NULL, '', 0, NULL, 1, 'm', 'Frank', 'Moos', '0000-00-00 00:00:00', 'frank.moos@sap.com', 5122, '', '', 'eab9c55dc7b7a022c29de7628e7dc17e', '0', '0', '0', '1', 1, '', '', '', '', '', '', '', '', 0, 0, 0, '0000-00-00 00:00:00', '', 0, 0, '0000-00-00 00:00:00', '0000-00-00 00:00:00', 0, '', 0, '', '', 0, 39.9000, '', NULL, NULL, 1, '', NULL),
(5111, NULL, NULL, 0, NULL, 4, 'm', 'Michael', ' Post', '1970-01-01 00:00:00', '1f9e8dbb69406b1afb30@members.ebay.com', 5123, '', NULL, '515a4f92097f40bb276b0a51660b81ed', NULL, '0', '0', '1', 0, '', 'micha.v8', '', '', '', '', '', '', 0, 0, 0, '0000-00-00 00:00:00', '', 0, 0, '0000-00-00 00:00:00', '0000-00-00 00:00:00', 0, '', 0, '', '', 0, 9.9000, '', NULL, NULL, 1, '', NULL),
(5112, NULL, NULL, 0, NULL, 4, 'm', 'Andrej', ' Engraf', '1970-01-01 00:00:00', '1fa381e8c433630e4445@members.ebay.com', 5124, '', NULL, 'af62b00ca9c591f35748e77ae50dd210', NULL, '0', '0', '1', 0, '', 'andreengra0', '', '', '', '', '', '', 0, 0, 0, '0000-00-00 00:00:00', '', 0, 0, '0000-00-00 00:00:00', '0000-00-00 00:00:00', 0, '', 0, '', '', 0, 18.8000, '', NULL, NULL, 1, '', NULL),
(5113, NULL, NULL, 0, NULL, 4, 'm', 'Martin', ' Rosenbaum', '1970-01-01 00:00:00', '1fa5b23b5d3ed7907d43@members.ebay.com', 5125, '', NULL, 'ebbca40c80c99acbd8e890e4cb3de86f', NULL, '0', '0', '1', 0, '', 'martin_ro_ba', '', '', '', '', '', '', 0, 0, 0, '0000-00-00 00:00:00', '', 0, 0, '0000-00-00 00:00:00', '0000-00-00 00:00:00', 0, '', 0, '', '', 0, 9.9900, '', NULL, NULL, 1, '', NULL),
(5114, NULL, NULL, 0, NULL, 4, 'm', 'Steffen', ' Werner', '1970-01-01 00:00:00', '1fa658c84fa48fa5d385@members.ebay.com', 5126, '', NULL, 'd2dff8b7a9123f158549ab0c4a11c935', NULL, '0', '0', '1', 0, '', '7818steffen', '', '', '', '', '', '', 0, 0, 0, '0000-00-00 00:00:00', '', 0, 0, '0000-00-00 00:00:00', '0000-00-00 00:00:00', 0, '', 0, '', '', 0, 377.0000, '', NULL, NULL, 1, '', NULL),
(5115, NULL, NULL, 0, NULL, 4, 'm', 'Marko', ' Bizjak', '1970-01-01 00:00:00', '1fa7ee77e9413fe01049@members.ebay.com', 5127, '', NULL, '1b24c04d97b112e4e5eae0df77681090', NULL, '0', '0', '1', 0, '', 'markobi75', '', '', '', '', '', '', 0, 0, 0, '0000-00-00 00:00:00', '', 0, 0, '0000-00-00 00:00:00', '0000-00-00 00:00:00', 0, '', 0, '', '', 0, 18.6200, '', NULL, NULL, 1, '', NULL),
(5116, NULL, NULL, 0, NULL, 4, 'm', 'Holger', ' Herrmann', '1970-01-01 00:00:00', '3f4fe35fb300d60c1776@members.ebay.com', 5128, '', NULL, '4dd46441d86bf4d611471bab01d42b90', NULL, '0', '0', '1', 0, '', 'flippinholsche', '', '', '', '', '', '', 0, 0, 0, '0000-00-00 00:00:00', '', 0, 0, '0000-00-00 00:00:00', '0000-00-00 00:00:00', 0, '', 0, '', '', 0, 18.6200, '', NULL, NULL, 1, '', NULL),
(5117, NULL, NULL, 0, NULL, 4, 'm', 'Mesanovic', '', '1970-01-01 00:00:00', '3f50db94a3ad860ef132@members.ebay.com', 5129, '', NULL, '4ba207bbf12519d9b84f1efd9cee18c7', NULL, '0', '0', '1', 0, '', 'shbsanierungundholzbau', '', '', '', '', '', '', 0, 0, 0, '0000-00-00 00:00:00', '', 0, 0, '0000-00-00 00:00:00', '0000-00-00 00:00:00', 0, '', 0, '', '', 0, 12.7000, '', NULL, NULL, 1, '', NULL),
(5118, NULL, NULL, 0, NULL, 4, 'm', 'Reifen', ' Autoservice Pneumaster', '1970-01-01 00:00:00', '3f539f11295d8a8a5d76@members.ebay.com', 5130, '', NULL, '3921319512f21d9b166b31f13c92f478', NULL, '0', '0', '1', 0, '', 'wendelinz', '', '', '', '', '', '', 0, 0, 0, '0000-00-00 00:00:00', '', 0, 0, '0000-00-00 00:00:00', '0000-00-00 00:00:00', 0, '', 0, '', '', 0, 9.9900, '', NULL, NULL, 1, '', NULL),
(5119, NULL, NULL, 0, NULL, 4, 'm', 'Thomas', ' Raitmeir', '1970-01-01 00:00:00', '3f5675c7b300d7007042@members.ebay.com', 5135, '', NULL, '17c2e031c748e6da05a28c3f0de081c3', NULL, '0', '0', '1', 0, '', 'topo2311', '', '', '', '', '', '', 0, 0, 0, '0000-00-00 00:00:00', '', 0, 0, '0000-00-00 00:00:00', '0000-00-00 00:00:00', 0, '', 0, '', '', 0, 258.0000, '', NULL, NULL, 1, '', NULL),
(5120, NULL, NULL, 0, NULL, 4, 'm', 'Stefan', ' Klug', '1970-01-01 00:00:00', '00fd6a4c11804a7c6a23@members.ebay.com', 5136, '', NULL, '05bd0efd4eb2ea1ec014ba819509cd45', NULL, '0', '0', '1', 0, '', 'stefanklug', '', '', '', '', '', '', 0, 0, 0, '0000-00-00 00:00:00', '', 0, 0, '0000-00-00 00:00:00', '0000-00-00 00:00:00', 0, '', 0, '', '', 0, 12.7000, '', NULL, NULL, 1, '', NULL),
(5121, NULL, NULL, 0, NULL, 4, 'm', 'Ingrid', ' Linnhoff', '1970-01-01 00:00:00', '3f5b2c3851b1af979791@members.ebay.com', 5137, '', NULL, '5cdf7be2c3450fc6ff9dda3599488aa6', NULL, '0', '0', '1', 0, '', 'calimero10_0', '', '', '', '', '', '', 0, 0, 0, '0000-00-00 00:00:00', '', 0, 0, '0000-00-00 00:00:00', '0000-00-00 00:00:00', 0, '', 0, '', '', 0, 9.9900, '', NULL, NULL, 1, '', NULL),
(5122, NULL, '', 0, NULL, 1, 'f', 'Sabrina', 'Staude', '0000-00-00 00:00:00', 'sabrina.staude@t-online.de', 5138, '', '', '1f30781162c4bfcbed124ddc86ab861f', '0', '0', '0', '1', 1, '', '', '', '', '', '', '', '', 0, 0, 0, '0000-00-00 00:00:00', '', 0, 0, '0000-00-00 00:00:00', '2025-06-04 11:31:02', 0, '', 0, '', '', 0, 32.9000, '', NULL, NULL, 1, '', NULL),
(5123, NULL, '', 0, NULL, 1, 'm', 'Max', 'Babtschenko ', '0000-00-00 00:00:00', 'babtschenkomaxim@gmail.com', 5139, '', '', '4c213dd009b99af6a44b6139f879c274', '0', '0', '0', '1', 1, '', '', '', '', '', '', '', '', 0, 0, 0, '0000-00-00 00:00:00', '', 0, 0, '0000-00-00 00:00:00', '0000-00-00 00:00:00', 0, '', 0, '', '', 0, 0.0000, '', NULL, NULL, 1, '', NULL),
(5124, NULL, NULL, 0, NULL, 4, 'm', 'Michael', ' Wagensoner', '1970-01-01 00:00:00', '7ee9ad14fea9ae327094@members.ebay.com', 5140, '', NULL, '6e8fe8e6fe5c5001d6b12fbd2786e9a9', NULL, '0', '0', '1', 0, '', 'babtschenk_0', '', '', '', '', '', '', 0, 0, 0, '0000-00-00 00:00:00', '', 0, 0, '0000-00-00 00:00:00', '0000-00-00 00:00:00', 0, '', 0, '', '', 0, 129.0000, '', NULL, NULL, 1, '', NULL),
(5125, NULL, NULL, 0, NULL, 4, 'm', 'Jens', ' Ripken', '1970-01-01 00:00:00', '7ef4ee97acd1aebc7897@members.ebay.com', 5141, '', NULL, '8a710e1bff2befa5b5877de537078368', NULL, '0', '0', '1', 0, '', 'ripjenkens', '', '', '', '', '', '', 0, 0, 0, '0000-00-00 00:00:00', '', 0, 0, '0000-00-00 00:00:00', '0000-00-00 00:00:00', 0, '', 0, '', '', 0, 32.8000, '', NULL, NULL, 1, '', NULL),
(5126, NULL, '', 0, NULL, 2, 'm', 'Stefan', 'Ruckdäschel', '0000-00-00 00:00:00', 'stefanrucki@t-online.de', 5142, '', '', '1acf4210fdc1be88be6920c10ba61601', '0', '0', '0', '1', 0, '', '', '', '', '', '', '', '', 0, 0, 0, '0000-00-00 00:00:00', '', 0, 0, '0000-00-00 00:00:00', '0000-00-00 00:00:00', 0, '', 0, '', '', 0, 32.9000, '', NULL, NULL, 1, '', NULL);
INSERT INTO `customers` (`customers_id`, `customers_cid`, `customers_vat_id`, `customers_vat_id_status`, `customers_warning`, `customers_status`, `customers_gender`, `customers_firstname`, `customers_lastname`, `customers_dob`, `customers_email_address`, `customers_default_address_id`, `customers_telephone`, `customers_fax`, `customers_password`, `customers_newsletter`, `customers_newsletter_mode`, `member_flag`, `delete_user`, `account_type`, `password_request_key`, `customers_ebay_userid`, `kto_nummer`, `kto_blz`, `kto_bank`, `kto_inhaber`, `kto_iban`, `kto_swift`, `block_warnings`, `block_warnings_span`, `block_warnings_dayspan`, `block_warnings_date`, `mobile`, `subject_from_textitem`, `branches_id`, `customers_date_added`, `customers_last_modified`, `refferers_id`, `orders_default_search_type`, `use_own_mailaddress`, `easylog_tn_national`, `easylog_tn_international`, `account_value_alert_notified`, `account_value`, `email_signature`, `hpsu_iban`, `hpsu_bic`, `wechselgeld_calculator`, `distributor_orders_edit_products_search_default`, `theme`) VALUES
(5127, NULL, NULL, 0, NULL, 4, 'm', 'Frank', ' Bauer', '1970-01-01 00:00:00', '00fe2c58e4be2628822b@members.ebay.com', 5143, '', NULL, '0697f4dff920920e51f329b23bde6d3f', NULL, '0', '0', '1', 0, '', 'argusnaut49', '', '', '', '', '', '', 0, 0, 0, '0000-00-00 00:00:00', '', 0, 0, '0000-00-00 00:00:00', '0000-00-00 00:00:00', 0, '', 0, '', '', 0, 18.8000, '', NULL, NULL, 1, '', NULL),
(5128, NULL, NULL, 0, NULL, 4, 'm', 'Sindy', ' Parschau', '1970-01-01 00:00:00', '7f1d7b8b40a27fc0d225@members.ebay.com', 5144, '', NULL, 'bd1f1545280f12663769ccb1fd57fb47', NULL, '0', '0', '1', 0, '', 'sindyskorpion', '', '', '', '', '', '', 0, 0, 0, '0000-00-00 00:00:00', '', 0, 0, '0000-00-00 00:00:00', '0000-00-00 00:00:00', 0, '', 0, '', '', 0, 24.8000, '', NULL, NULL, 1, '', NULL),
(5129, NULL, NULL, 0, NULL, 4, 'm', 'Amazon', ' Logger Frederick  Logger Schell', '1970-01-01 00:00:00', '7f2330d707cda67e3d21@members.ebay.com', 5145, '', NULL, 'db1cd9caf9a1a77d857ad1145fd4798a', NULL, '0', '0', '1', 0, '', 'steki76', '', '', '', '', '', '', 0, 0, 0, '0000-00-00 00:00:00', '', 0, 0, '0000-00-00 00:00:00', '0000-00-00 00:00:00', 0, '', 0, '', '', 0, 18.8000, '', NULL, NULL, 1, '', NULL),
(5130, NULL, NULL, 0, NULL, 4, 'm', 'Krzysztof', ' Szczepkowski', '1970-01-01 00:00:00', '00fe61e3a84f5b88f1af@members.ebay.com', 5146, '', NULL, '4def10fefbad52b1a10e0f46963ce2c0', NULL, '0', '0', '1', 0, '', 'krzyszczep73', '', '', '', '', '', '', 0, 0, 0, '0000-00-00 00:00:00', '', 0, 0, '0000-00-00 00:00:00', '0000-00-00 00:00:00', 0, '', 0, '', '', 0, 18.8000, '', NULL, NULL, 1, '', NULL),
(5131, NULL, NULL, 0, NULL, 4, 'm', 'Theater', ' Eukitea', '1970-01-01 00:00:00', '00fe7e69e7f9ad99e206@members.ebay.com', 5147, '', NULL, '71b906adee5e1c6826ef5b2224cf8fa2', NULL, '0', '0', '1', 0, '', 'eukitea', '', '', '', '', '', '', 0, 0, 0, '0000-00-00 00:00:00', '', 0, 0, '0000-00-00 00:00:00', '0000-00-00 00:00:00', 0, '', 0, '', '', 0, 84.4600, '', NULL, NULL, 1, '', NULL),
(5132, NULL, NULL, 0, NULL, 4, 'm', 'Vincent', ' Power', '1970-01-01 00:00:00', '7f5c1a9b1b3c4f279810@members.ebay.com', 5148, '', NULL, '5e1bcf2cbdb3b130413fb465833b3d7d', NULL, '0', '0', '1', 0, '', 'vin41276', '', '', '', '', '', '', 0, 0, 0, '0000-00-00 00:00:00', '', 0, 0, '0000-00-00 00:00:00', '0000-00-00 00:00:00', 0, '', 0, '', '', 0, 9.9000, '', NULL, NULL, 1, '', NULL),
(5133, NULL, NULL, 0, NULL, 4, 'm', 'Dieter', ' Friedrich', '1970-01-01 00:00:00', '00febca744be262c6e37@members.ebay.com', 5149, '', NULL, 'fc165702261929962567497a03fe858c', NULL, '0', '0', '1', 0, '', 'hdh8084', '', '', '', 'Dieter Friedrich', 'DE54860100900073052900', '', 0, 0, 0, '0000-00-00 00:00:00', '', 0, 0, '0000-00-00 00:00:00', '0000-00-00 00:00:00', 0, '', 0, '', '', 0, 99.0000, '', NULL, NULL, 1, '', NULL),
(5134, NULL, NULL, 0, NULL, 4, 'm', 'Fabian', ' Hofmann', '1970-01-01 00:00:00', '00fef8d6c6367898bea6@members.ebay.com', 5150, '', NULL, '9582ecd718dc49221bbaa2b5df478d6a', NULL, '0', '0', '1', 0, '', 'michel_dinski', '', '', '', '', '', '', 0, 0, 0, '0000-00-00 00:00:00', '', 0, 0, '0000-00-00 00:00:00', '0000-00-00 00:00:00', 0, '', 0, '', '', 0, 9.9900, '', NULL, NULL, 1, '', NULL),
(5135, NULL, NULL, 0, NULL, 4, 'm', 'Bernd+Andrea', 'Alexander', '1970-01-01 00:00:00', '00fefdc4a7f4262e1368@members.ebay.com', 5151, '', NULL, '3463eb7b3b2fb65710822d409366b0bd', NULL, '0', '0', '1', 0, '', 'harley-ashkim', '', '', '', '', '', '', 0, 0, 0, '0000-00-00 00:00:00', '', 0, 0, '0000-00-00 00:00:00', '2025-06-23 10:40:56', 0, '', 0, '', '', 0, 9.9000, '', NULL, NULL, 1, '', NULL),
(5136, NULL, NULL, 0, NULL, 4, 'm', 'Marco', ' Schmalz', '1970-01-01 00:00:00', '7f88d592d6a9ae1efd53@members.ebay.com', 5153, '', NULL, 'e5438cc1036c72c401b750ac1068ccc4', NULL, '0', '0', '1', 0, '', 'masch-243497', '', '', '', '', '', '', 0, 0, 0, '0000-00-00 00:00:00', '', 0, 0, '0000-00-00 00:00:00', '0000-00-00 00:00:00', 0, '', 0, '', '', 0, 9.9900, '', NULL, NULL, 1, '', NULL),
(5137, NULL, '', 0, NULL, 1, 'f', 'Manja', 'Unrath', '0000-00-00 00:00:00', 'manjaunrath@gmail.com', 5154, '', '', '3e32142bae79ad533a70b093b8689bc6', '0', '0', '0', '1', 1, '', '', '', '', '', '', '', '', 0, 0, 0, '0000-00-00 00:00:00', '', 0, 0, '0000-00-00 00:00:00', '2025-06-26 07:47:07', 0, '', 0, '', '', 0, 44.9000, '', NULL, NULL, 1, '', NULL),
(5138, NULL, NULL, 0, NULL, 4, 'm', 'Albrecht', ' Sondermaschinen/URSU', '1970-01-01 00:00:00', '1fe92f80f5826b2ef717@members.ebay.com', 5156, '', NULL, '23653df095f5205f2ba87c8b45e14f76', NULL, '0', '0', '1', 0, '', 'waldemaru11', '', '', '', '', '', '', 0, 0, 0, '0000-00-00 00:00:00', '', 0, 0, '0000-00-00 00:00:00', '0000-00-00 00:00:00', 0, '', 0, '', '', 0, 20.0900, '', NULL, NULL, 1, '', NULL),
(5139, NULL, NULL, 0, NULL, 4, 'm', 'Michael', ' Büttner', '1970-01-01 00:00:00', '1fea709e8e5963715a59@members.ebay.com', 5157, '', NULL, '0d1519fa508e153bd0db994a6aadfc0a', NULL, '0', '0', '1', 0, '', 'buetti1962', '', '', '', '', '', '', 0, 0, 0, '0000-00-00 00:00:00', '', 0, 0, '0000-00-00 00:00:00', '0000-00-00 00:00:00', 0, '', 0, '', '', 0, 9.9000, '', NULL, NULL, 1, '', NULL),
(5140, NULL, '', 0, NULL, 1, 'f', 'Hannelore', 'Meyer', '0000-00-00 00:00:00', 'hannemeyer76@t-online.de', 5158, '', '', '846d750732ddf10fdbd3138ad087d264', '0', '0', '0', '1', 1, '', '', '', '', '', '', '', '', 0, 0, 0, '0000-00-00 00:00:00', '', 0, 0, '0000-00-00 00:00:00', '0000-00-00 00:00:00', 0, '', 0, '', '', 0, 24.9000, '', NULL, NULL, 1, '', NULL),
(5141, NULL, NULL, 0, NULL, 4, 'm', 'Zagefka', ' Immobilien UG', '1970-01-01 00:00:00', '1fec7c1ca7b0abd7e447@members.ebay.com', 5159, '', NULL, '8de2a4749f3f4035622d6e28a6ce6942', NULL, '0', '0', '1', 0, '', 'zageug', '', '', '', '', '', '', 0, 0, 0, '0000-00-00 00:00:00', '', 0, 0, '0000-00-00 00:00:00', '0000-00-00 00:00:00', 0, '', 0, '', '', 0, 25.9600, '', NULL, NULL, 1, '', NULL),
(5142, NULL, NULL, 0, NULL, 4, 'm', 'Torsten', ' Gahrens', '1970-01-01 00:00:00', '3fdeecd5743d1aba1d72@members.ebay.com', 5160, '', NULL, '7ab3f6f56614f9a584bfed447ece724e', NULL, '0', '0', '1', 0, '', 'torsten4218', '', '', '', '', '', '', 0, 0, 0, '0000-00-00 00:00:00', '', 0, 0, '0000-00-00 00:00:00', '0000-00-00 00:00:00', 0, '', 0, '', '', 0, 9.9000, '', NULL, NULL, 1, '', NULL),
(5143, NULL, NULL, 0, NULL, 4, 'm', 'Blum', '', '1970-01-01 00:00:00', '3fe3d88adcb6af0f6947@members.ebay.com', 5161, '', NULL, '182ac2973d9db2c095f321c479f1217d', NULL, '0', '0', '1', 0, '', 'paypal-fan', '', '', '', '', '', '', 0, 0, 0, '0000-00-00 00:00:00', '', 0, 0, '0000-00-00 00:00:00', '0000-00-00 00:00:00', 0, '', 0, '', '', 0, 99.0000, '', NULL, NULL, 1, '', NULL),
(5144, NULL, NULL, 0, NULL, 4, 'm', 'thomas', ' zabel', '1970-01-01 00:00:00', '3fe51f52dcb6af3de196@members.ebay.com', 5162, '', NULL, '8c6b526647eab4784b07e655678a7076', NULL, '0', '0', '1', 0, '', 'thomasz20100815', '', '', '', '', '', '', 0, 0, 0, '0000-00-00 00:00:00', '', 0, 0, '0000-00-00 00:00:00', '0000-00-00 00:00:00', 0, '', 0, '', '', 0, 12.7000, '', NULL, NULL, 1, '', NULL),
(5145, NULL, NULL, 0, NULL, 4, 'm', 'Thomas', ' Lieberenz', '1970-01-01 00:00:00', '3fe54fe70b92d3618e66@members.ebay.com', 5163, '', NULL, '3e2436e8ca943a66924022fbf8aad72e', NULL, '0', '0', '1', 0, '', 'lieberenz123', '', '', '', '', '', '', 0, 0, 0, '0000-00-00 00:00:00', '', 0, 0, '0000-00-00 00:00:00', '0000-00-00 00:00:00', 0, '', 0, '', '', 0, 9.9900, '', NULL, NULL, 1, '', NULL),
(5146, NULL, NULL, 0, NULL, 4, 'm', 'Sarah', ' Teubner', '1970-01-01 00:00:00', '3fe602f4a678b70ef192@members.ebay.com', 5164, '', NULL, '5f2e6ffecb7a664d8ee33f11566ee2d4', NULL, '0', '0', '1', 0, '', 'sarateubne0', '', '', '', '', '', '', 0, 0, 0, '0000-00-00 00:00:00', '', 0, 0, '0000-00-00 00:00:00', '0000-00-00 00:00:00', 0, '', 0, '', '', 0, 9.9000, '', NULL, NULL, 1, '', NULL),
(5147, NULL, NULL, 0, NULL, 4, 'm', 'Michael', ' Köllmann', '1970-01-01 00:00:00', '3fe86931743d1bb80646@members.ebay.com', 5167, '', NULL, 'd539bf42bcf7d35bdbffa2b521438f1b', NULL, '0', '0', '1', 0, '', '4urbanknights', '', '', '', '', '', '', 0, 0, 0, '0000-00-00 00:00:00', '', 0, 0, '0000-00-00 00:00:00', '0000-00-00 00:00:00', 0, '', 0, '', '', 0, 9.9900, '', NULL, NULL, 1, '', NULL),
(5148, NULL, NULL, 0, NULL, 4, 'm', 'Aaron', ' Steiner', '1970-01-01 00:00:00', '3fe898c49e78b7567a19@members.ebay.com', 5168, '', NULL, '66401b7997e04338385be0a8ef595398', NULL, '0', '0', '1', 0, '', 'aa-3681', '', '', '', '', '', '', 0, 0, 0, '0000-00-00 00:00:00', '', 0, 0, '0000-00-00 00:00:00', '0000-00-00 00:00:00', 0, '', 0, '', '', 0, 21.0900, '', NULL, NULL, 1, '', NULL),
(5149, NULL, NULL, 0, NULL, 4, 'm', 'Mario', ' Retzar', '1970-01-01 00:00:00', '00ffb89b0280246d4945@members.ebay.com', 5169, '', NULL, '985b840b5b8e2d43521713e8e0031edb', NULL, '0', '0', '1', 0, '', 'par-5902', '', '', '', '', '', '', 0, 0, 0, '0000-00-00 00:00:00', '', 0, 0, '0000-00-00 00:00:00', '0000-00-00 00:00:00', 0, '', 0, '', '', 0, 289.0000, '', NULL, NULL, 1, '', NULL),
(5150, NULL, NULL, 0, NULL, 4, 'm', 'Thomas', 'Hämmerle', '1970-01-01 00:00:00', '7fdfb6ff4a3234d04668@members.ebay.com', 5170, '', NULL, '7d00507736e3f29dbe7075231200c91e', NULL, '0', '0', '1', 0, '', 'thomas3218', '', '', '', '', '', '', 0, 0, 0, '0000-00-00 00:00:00', '', 0, 0, '0000-00-00 00:00:00', '2025-07-02 07:26:44', 0, '', 0, '', '', 0, 12.7000, '', NULL, NULL, 1, '', NULL),
(5151, NULL, NULL, 0, NULL, 4, 'm', 'Hendrik', 'Schmidtpott', '0000-00-00 00:00:00', '7feeb24307531537bf82@members.ebay.com', 5172, '', NULL, 'b34b03bb8f9e4314b959159c44a46c34', NULL, '0', '0', '1', 0, '', 'henlab', '', '', '', '', '', '', 0, 0, 0, '0000-00-00 00:00:00', '', 0, 0, '2025-07-03 19:28:20', '0000-00-00 00:00:00', 0, '', 0, '', '', 0, 122.5500, '', NULL, NULL, 1, '', NULL),
(5152, NULL, NULL, 0, NULL, 4, 'm', 'Ingo', 'Dewitz', '0000-00-00 00:00:00', '7ff4b2577d7edd1aff38@members.ebay.com', 5173, '', NULL, '4b6d5f22211753f25f17b9449c12e9ee', NULL, '0', '0', '1', 0, '', '*der-baer*', '', '', '', '', '', '', 0, 0, 0, '0000-00-00 00:00:00', '', 0, 0, '2025-07-04 09:53:44', '0000-00-00 00:00:00', 0, '', 0, '', '', 0, 31.4200, '', NULL, NULL, 1, '', NULL),
(5153, NULL, NULL, 0, NULL, 4, 'm', 'Yasmin', 'Plobner', '0000-00-00 00:00:00', '7ffc5865ca43160f5b39@members.ebay.com', 5174, '', NULL, '7cf3dc25a728a4c678ff2b6e5991ad08', NULL, '0', '0', '1', 0, '', 'yasplo_0', '', '', '', '', '', '', 0, 0, 0, '0000-00-00 00:00:00', '', 0, 0, '2025-07-04 15:10:05', '0000-00-00 00:00:00', 0, '', 0, '', '', 0, 19.7200, '', NULL, NULL, 1, '', NULL),
(5154, NULL, NULL, 0, NULL, 4, 'm', 'Axel', 'Neumeister', '0000-00-00 00:00:00', '0080060ebbb4c9ae7d76@members.ebay.com', 5175, '', NULL, '87f58dc3dd7742b593f5491ce96897d9', NULL, '0', '0', '1', 0, '', 'axneume-0', '', '', '', '', '', '', 0, 0, 0, '0000-00-00 00:00:00', '', 0, 0, '2025-07-05 13:15:07', '2025-07-07 10:50:29', 0, '', 0, '', '', 0, 9.9900, '', NULL, NULL, 1, '', NULL),
(5155, NULL, NULL, 0, NULL, 4, 'm', 'Andreas', 'Häupl', '0000-00-00 00:00:00', '008013cc113cf16f2948@members.ebay.com', 5176, '', NULL, '1a7a212b8f8310ce77fc76a326a7aa8e', NULL, '0', '0', '1', 0, '', 'plasteholz', '', '', '', '', '', '', 0, 0, 0, '0000-00-00 00:00:00', '', 0, 0, '2025-07-06 20:30:08', '2025-07-07 10:55:18', 0, '', 0, '', '', 0, 9.9900, '', NULL, NULL, 1, '', NULL),
(5156, NULL, NULL, 0, NULL, 4, 'm', 'Sarah', 'Friedrich', '0000-00-00 00:00:00', '00801959142e89af2c64@members.ebay.com', 5177, '', NULL, 'ebeb48b9a852700463bc50b15c40febb', NULL, '0', '0', '1', 0, '', 'sa_982907', '', '', '', '', '', '', 0, 0, 0, '0000-00-00 00:00:00', '', 0, 0, '2025-07-07 09:10:05', '0000-00-00 00:00:00', 0, '', 0, '', '', 0, 89.1000, '', NULL, NULL, 1, '', NULL),
(5157, NULL, NULL, 0, NULL, 4, 'm', 'Roland', 'Bock', '0000-00-00 00:00:00', '00801a8d35f8c55c10d8@members.ebay.com', 5181, '', NULL, 'b9714cfd9cf99e17b581f19ffdf320bd', NULL, '0', '0', '1', 0, '', 'rolbo6621', '', '', '', '', '', '', 0, 0, 0, '0000-00-00 00:00:00', '', 0, 0, '2025-07-07 11:55:04', '0000-00-00 00:00:00', 0, '', 0, '', '', 0, 9.9900, '', NULL, NULL, 1, '', NULL),
(5158, NULL, NULL, 0, NULL, 4, 'm', 'Mathieu', 'Ermuth', '0000-00-00 00:00:00', '00801e85b77c9e6f501c@members.ebay.com', 5182, '', NULL, '6b6fa9b1e212be5a1eeb2d4cc0eb658b', NULL, '0', '0', '1', 0, '', 'mathieu.2', '', '', '', '', '', '', 0, 0, 0, '0000-00-00 00:00:00', '', 0, 0, '2025-07-07 20:55:04', '0000-00-00 00:00:00', 0, '', 0, '', '', 0, 35.9000, '', NULL, NULL, 1, '', NULL),
(5159, NULL, NULL, 0, NULL, 4, 'm', 'jens', 'schaefer', '0000-00-00 00:00:00', '0080239e23f8853ccbc4@members.ebay.com', 5183, '', NULL, 'c4ca095af491b91882a999f1d90dcae8', NULL, '0', '0', '1', 0, '', 'knut06641', '', '', '', '', '', '', 0, 0, 0, '0000-00-00 00:00:00', '', 0, 0, '2025-07-08 08:30:10', '0000-00-00 00:00:00', 0, '', 0, '', '', 0, 86.1200, '', NULL, NULL, 1, '', NULL),
(5160, NULL, NULL, 0, NULL, 4, 'm', 'Mario', 'Linhardt', '0000-00-00 00:00:00', '01004c196279e2d83e6b@members.ebay.com', 5184, '', NULL, 'f9ab9e28a212cce771b06a19c6d883f4', NULL, '0', '0', '1', 0, '', 'bikerliner', '', '', '', '', '', '', 0, 0, 0, '0000-00-00 00:00:00', '', 0, 0, '2025-07-08 14:05:04', '0000-00-00 00:00:00', 0, '', 0, '', '', 0, 20.0900, '', NULL, NULL, 1, '', NULL),
(5161, NULL, NULL, 0, NULL, 4, 'm', 'Marko', 'Tasic L-Bau GbR', '0000-00-00 00:00:00', '0080330b9128f55d3a5a@members.ebay.com', 5185, '', NULL, '9cbc32f1e4bf72b18b99f4cd414e60bc', NULL, '0', '0', '1', 0, '', 'mata-462917', '', '', '', '', '', '', 0, 0, 0, '0000-00-00 00:00:00', '', 0, 0, '2025-07-09 19:40:05', '2025-07-10 08:57:32', 0, '', 0, '', '', 0, 30.0100, '', NULL, NULL, 1, '', NULL),
(5162, NULL, NULL, 0, NULL, 4, 'm', 'gabriele', 'herzog', '0000-00-00 00:00:00', '01006822e6585cd8b1d4@members.ebay.com', 5186, '', NULL, 'c392b56e45513b79e5417b40d50420b2', NULL, '0', '0', '1', 0, '', 'binbieten2', '', '', '', '', '', '', 0, 0, 0, '0000-00-00 00:00:00', '', 0, 0, '2025-07-09 22:00:14', '0000-00-00 00:00:00', 0, '', 0, '', '', 0, 43.0600, '', NULL, NULL, 1, '', NULL),
(5163, NULL, NULL, 0, NULL, 4, 'm', 'Margret', 'Hermann', '0000-00-00 00:00:00', '1007b55d841ab18a2d18@members.ebay.com', 5188, '', NULL, '7fbff92dd29f4e4374f05ce59632d1fe', NULL, '0', '0', '1', 0, '', 'marher5393', '', '', '', '', '', '', 0, 0, 0, '0000-00-00 00:00:00', '', 0, 0, '2025-07-10 19:50:06', '0000-00-00 00:00:00', 0, '', 0, '', '', 0, 9.9000, '', NULL, NULL, 1, '', NULL),
(5164, NULL, NULL, 0, NULL, 4, 'm', 'Kadhewe', 'Westerholt', '0000-00-00 00:00:00', '200fa71bd5b2ab658958@members.ebay.com', 5189, '', NULL, 'c1767c855dfacf30fbe874caaef5d92c', NULL, '0', '0', '1', 0, '', 'kadweste-0', '', '', '', '', '', '', 0, 0, 0, '0000-00-00 00:00:00', '', 0, 0, '2025-07-10 21:55:03', '0000-00-00 00:00:00', 0, '', 0, '', '', 0, 43.0600, '', NULL, NULL, 1, '', NULL),
(5165, NULL, NULL, 0, NULL, 4, 'm', 'Doreen', 'Rode', '0000-00-00 00:00:00', '00803f7de899153f03f6@members.ebay.com', 5190, '', NULL, '2dc8477cda89bac4c6aefc764f40001f', NULL, '0', '0', '1', 0, '', 'kleeblatt*24', '', '', '', '', '', '', 0, 0, 0, '0000-00-00 00:00:00', '', 0, 0, '2025-07-11 00:00:20', '0000-00-00 00:00:00', 0, '', 0, '', '', 0, 43.0600, '', NULL, NULL, 1, '', NULL),
(5166, NULL, NULL, 0, NULL, 4, 'm', 'frank', 'neumann', '0000-00-00 00:00:00', '0100a4e82289e2da0347@members.ebay.com', 5191, '', NULL, 'fec2344ecc59592991f02f7e6c1bf1ec', NULL, '0', '0', '1', 0, '', 'herry175', '', '', '', '', '', '', 0, 0, 0, '0000-00-00 00:00:00', '', 0, 0, '2025-07-12 19:05:04', '0000-00-00 00:00:00', 0, '', 0, '', '', 0, 9.9900, '', NULL, NULL, 1, '', NULL),
(5167, NULL, NULL, 0, NULL, 4, 'm', 'Stephanie', 'Keßler', '0000-00-00 00:00:00', '0100df09c2b0ea78a08c@members.ebay.com', 5192, '', NULL, '62cb5b3dc351b90042ed934bd1030bc7', NULL, '0', '0', '1', 0, '', 'pferdegais', '', '', '', '', '', '', 0, 0, 0, '0000-00-00 00:00:00', '', 0, 0, '2025-07-15 13:15:06', '2025-07-15 15:11:00', 0, '', 0, '', '', 0, 34.8000, '', NULL, NULL, 1, '', NULL),
(5168, NULL, NULL, 0, NULL, 4, 'm', 'Nils', 'Dannecker', '0000-00-00 00:00:00', '0100f4939b94862c0b14@members.ebay.com', 5195, '', NULL, 'd9781baab31c39f5e12a1fc6e8991cb2', NULL, '0', '0', '1', 0, '', 'nidann_75', '', '', '', '', '', '', 0, 0, 0, '0000-00-00 00:00:00', '', 0, 0, '2025-07-16 13:45:04', '0000-00-00 00:00:00', 0, '', 0, '', '', 0, 780.3000, '', NULL, NULL, 1, '', NULL),
(5169, NULL, NULL, 0, NULL, 4, 'm', 'Sascha', 'Jühlke', '0000-00-00 00:00:00', '0100f55ee5e0f46a0164@members.ebay.com', 5196, '', NULL, 'b289b8277ee9fffe861b130332cce46e', NULL, '0', '0', '1', 0, '', 'sjuehlke', '', '', '', '', '', '', 0, 0, 0, '0000-00-00 00:00:00', '', 0, 0, '2025-07-16 14:40:06', '0000-00-00 00:00:00', 0, '', 0, '', '', 0, 122.5500, '', NULL, NULL, 1, '', NULL),
(5170, NULL, NULL, 0, NULL, 4, 'm', 'Katrin', 'Behrendt', '0000-00-00 00:00:00', '010103b1ad72dabae431@members.ebay.com', 5197, '', NULL, '01da643f0db47cc213fa6ee421b2629c', NULL, '0', '0', '1', 0, '', 'k_ehrke_9', '', '', '', '', '', '', 0, 0, 0, '0000-00-00 00:00:00', '', 0, 0, '2025-07-17 06:55:04', '2025-07-17 07:36:55', 0, '', 0, '', '', 0, 35.9000, '', NULL, NULL, 1, '', NULL),
(5171, NULL, NULL, 0, NULL, 4, 'm', 'Franziska', 'Obersojer', '0000-00-00 00:00:00', '01010f1550ed460b3ff7@members.ebay.com', 5199, '', NULL, 'b431272efc66b35a11fe7774a1ce01ab', NULL, '0', '0', '1', 0, '', 'ober-44768', '', '', '', '', '', '', 0, 0, 0, '0000-00-00 00:00:00', '', 0, 0, '2025-07-17 20:00:17', '0000-00-00 00:00:00', 0, '', 0, '', '', 0, 9.9900, '', NULL, NULL, 1, '', NULL),
(5172, NULL, NULL, 0, NULL, 4, 'm', 'Anton', 'Weber', '0000-00-00 00:00:00', '202c312b7374afb6e518@members.ebay.com', 5200, '', NULL, '646c2cfec1106b105cd25b7209c69655', NULL, '0', '0', '1', 0, '', 'toniquarter', '', '', '', '', '', '', 0, 0, 0, '0000-00-00 00:00:00', '', 0, 0, '2025-07-21 17:45:06', '0000-00-00 00:00:00', 0, '', 0, '', '', 0, 9.9900, '', NULL, NULL, 1, '', NULL),
(5173, NULL, NULL, 0, NULL, 4, 'm', 'björn-uwe', 'wendt', '0000-00-00 00:00:00', '202ca0f3bd3ed7c9c567@members.ebay.com', 5201, '', NULL, '6ebe8bcb11626f533a94a442e783f3ab', NULL, '0', '0', '1', 0, '', 'dr-cabfreak', '', '', '', '', '', '', 0, 0, 0, '0000-00-00 00:00:00', '', 0, 0, '2025-07-21 21:40:05', '0000-00-00 00:00:00', 0, '', 0, '', '', 0, 71.8000, '', NULL, NULL, 1, '', NULL),
(5174, NULL, NULL, 0, NULL, 4, 'm', 'Joachim', 'Maier', '0000-00-00 00:00:00', '405dead506bed26d3297@members.ebay.com', 5202, '', NULL, '90ddc4ff95a352766ead90d38d885ecb', NULL, '0', '0', '1', 0, '', 'tigerjakomodxtl', '', '', '', '', '', '', 0, 0, 0, '0000-00-00 00:00:00', '', 0, 0, '2025-07-22 18:55:04', '0000-00-00 00:00:00', 0, '', 0, '', '', 0, 12.7000, '', NULL, NULL, 1, '', NULL),
(5175, NULL, NULL, 0, NULL, 4, 'm', 'Franziska', 'Obersojer', '0000-00-00 00:00:00', '4062da96f72983083894@members.ebay.com', 5203, '', NULL, '5954c76ffc8cd71aff462aa5ddb48995', NULL, '0', '0', '1', 0, '', 'entchen153', '', '', '', '', '', '', 0, 0, 0, '0000-00-00 00:00:00', '', 0, 0, '2025-07-23 17:25:03', '2025-07-23 17:27:42', 0, '', 0, '', '', 0, 9.9900, '', NULL, NULL, 1, '', NULL),
(5176, NULL, NULL, 0, NULL, 4, 'm', 'Markus', 'Große-Kalmer', '0000-00-00 00:00:00', '1018d4293330429e1414@members.ebay.com', 5206, '', NULL, '3d6b81ca2bcc5ecc0775cc374b9f0d95', NULL, '0', '0', '1', 0, '', '2015-groek', '', '', '', '', '', '', 0, 0, 0, '0000-00-00 00:00:00', '', 0, 0, '2025-07-23 19:30:07', '0000-00-00 00:00:00', 0, '', 0, '', '', 0, 19.7200, '', NULL, NULL, 1, '', NULL),
(5177, NULL, NULL, 0, NULL, 4, 'm', 'michael', 'marschall', '0000-00-00 00:00:00', '4066f00f2fe2d3855e96@members.ebay.com', 5207, '', NULL, 'f10c613d4efcf4f159a1e86f94d69548', NULL, '0', '0', '1', 0, '', 'xmicham', '', '', '', '', '', '', 0, 0, 0, '0000-00-00 00:00:00', '', 0, 0, '2025-07-24 12:00:17', '0000-00-00 00:00:00', 0, '', 0, '', '', 0, 9.9900, '', NULL, NULL, 1, '', NULL),
(5178, NULL, NULL, 0, NULL, 4, 'm', 'Florian', 'Wägner', '0000-00-00 00:00:00', '40687a3eca998ac48821@members.ebay.com', 5208, '', NULL, '88d20fce8a80b705fe223947f936d11b', NULL, '0', '0', '1', 0, '', 'floriawgne_0', '', '', '', '', '', '', 0, 0, 0, '0000-00-00 00:00:00', '', 0, 0, '2025-07-24 19:00:13', '0000-00-00 00:00:00', 0, '', 0, '', '', 0, 122.5500, '', NULL, NULL, 1, '', NULL),
(5179, NULL, NULL, 0, NULL, 2, 'm', 'Peter ', 'Kolberg ', '2025-07-25 20:54:25', 'peter.kolberg@live.de', 5209, '', NULL, 'f9f06dd1973647cbd1955782a54fae93', '0', '0', '0', '1', 1, '', '', '', '', '', '', '', '', 0, 0, 0, '0000-00-00 00:00:00', '', 0, 0, '0000-00-00 00:00:00', '0000-00-00 00:00:00', 0, '', 0, '', '', 0, 0.0000, '', NULL, NULL, 1, '', NULL),
(5180, NULL, NULL, 0, NULL, 4, 'm', 'Christian', 'Feldker', '0000-00-00 00:00:00', '00811a47cf923b9ce487@members.ebay.com', 5210, '', NULL, '2fc33ec05ec4aaeef3b9a3e364892435', NULL, '0', '0', '1', 0, '', 'pauleson', '', '', '', '', '', '', 0, 0, 0, '0000-00-00 00:00:00', '', 0, 0, '2025-07-31 17:50:04', '0000-00-00 00:00:00', 0, '', 0, '', '', 0, 9.9000, '', NULL, NULL, 1, '', NULL),
(5181, NULL, NULL, 0, NULL, 4, 'm', 'Marius', 'Welk', '0000-00-00 00:00:00', '0081219387a8f35c21e0@members.ebay.com', 5211, '', NULL, '04d7508f2e80a44a240502fb4e601a04', NULL, '0', '0', '1', 0, '', 'yomann90', '', '', '', '', '', '', 0, 0, 0, '0000-00-00 00:00:00', '', 0, 0, '2025-08-01 10:25:04', '0000-00-00 00:00:00', 0, '', 0, '', '', 0, 9.9900, '', NULL, NULL, 1, '', NULL),
(5182, NULL, NULL, 0, NULL, 4, 'm', 'Maximilian', 'Martin', '0000-00-00 00:00:00', '040920195c8d54759323@members.ebay.com', 5212, '', NULL, '67b0c03f91ebb6860a9dd73ae6288a57', NULL, '0', '0', '1', 0, '', 'desert-plains', '', '', '', '', '', '', 0, 0, 0, '0000-00-00 00:00:00', '', 0, 0, '2025-08-01 16:00:13', '2025-08-01 21:16:11', 0, '', 0, '', '', 0, 20.6000, '', NULL, NULL, 1, '', NULL),
(5183, NULL, NULL, 0, NULL, 4, 'm', 'Ingo', 'van de Reydt', '0000-00-00 00:00:00', '1026fcd776f049f17529@members.ebay.com', 5215, '', NULL, '8e05d86e82c862caf2ddaa5d344f6909', NULL, '0', '0', '1', 0, '', 'inco1', '', '', '', '', '', '', 0, 0, 0, '0000-00-00 00:00:00', '', 0, 0, '2025-08-03 13:15:04', '0000-00-00 00:00:00', 0, '', 0, '', '', 0, 14.8000, '', NULL, NULL, 1, '', NULL),
(5184, NULL, NULL, 0, NULL, 4, 'm', 'Martin', 'Themann', '0000-00-00 00:00:00', '0102e21f826042ebbee9@members.ebay.com', 5216, '', NULL, '02875b94ebeea8e57bc8bcb4edf9e33b', NULL, '0', '0', '1', 0, '', 'madginero', '', '', '', '', '', '', 0, 0, 0, '0000-00-00 00:00:00', '', 0, 0, '2025-08-08 23:20:05', '0000-00-00 00:00:00', 0, '', 0, '', '', 0, 236.5500, '', NULL, NULL, 1, '', NULL),
(5185, NULL, NULL, 0, NULL, 4, 'm', 'Bob', 'Baumeister', '0000-00-00 00:00:00', '40db1bd0a35513476a75@members.ebay.com', 5217, '', NULL, '3801f8ad2630c9d57adc7c8d7c1c2b04', NULL, '0', '0', '1', 0, '', 'helds-70', '', '', '', '', '', '', 0, 0, 0, '0000-00-00 00:00:00', '', 0, 0, '2025-08-15 12:40:06', '0000-00-00 00:00:00', 0, '', 0, '', '', 0, 21.0900, '', NULL, NULL, 1, '', NULL),
(5186, NULL, NULL, 0, NULL, 4, 'm', 'Ulrike', 'Funk', '0000-00-00 00:00:00', '0081cb360e47824d3caa@members.ebay.com', 5218, '', NULL, '276dd1e43119106729decf9e5bac87da', NULL, '0', '0', '1', 0, '', '2011ulrike2011', '', '', '', '', '', '', 0, 0, 0, '0000-00-00 00:00:00', '', 0, 0, '2025-08-17 12:25:05', '2025-08-18 08:36:58', 0, '', 0, '', '', 0, 10.8000, '', NULL, NULL, 1, '', NULL),
(5187, NULL, NULL, 0, NULL, 4, 'm', 'Marek ', 'Ehrhardt', '0000-00-00 00:00:00', '02078ef132ec8d703273@members.ebay.com', 5220, '', NULL, '97590d7ffea9fc6785c7f59690ddad9f', NULL, '0', '0', '1', 0, '', 'birke09', '', '', '', '', '', '', 0, 0, 0, '0000-00-00 00:00:00', '', 0, 0, '2025-08-19 20:15:04', '0000-00-00 00:00:00', 0, '', 0, '', '', 0, 236.5500, '', NULL, NULL, 1, '', NULL),
(5188, NULL, NULL, 0, NULL, 4, 'm', 'Tobias', 'Schatz', '0000-00-00 00:00:00', '040fed48310f492bd541@members.ebay.com', 5221, '', NULL, '7192c5e62212cdccc910c26c73eb1fb4', NULL, '0', '0', '1', 0, '', 'jacks13132015', '', '', '', '', '', '', 0, 0, 0, '0000-00-00 00:00:00', '', 0, 0, '2025-08-22 07:15:05', '0000-00-00 00:00:00', 0, '', 0, '', '', 0, 21.0900, '', NULL, NULL, 1, '', NULL),
(5189, NULL, NULL, 0, NULL, 4, 'm', 'Heiko', 'Wenzel', '0000-00-00 00:00:00', '411405b2808b3eba5e80@members.ebay.com', 5222, '', NULL, 'cdbfa542c000cf3ade94acf458240a4b', NULL, '0', '0', '1', 0, '', 'okieh_lezenw', '', '', '', '', '', '', 0, 0, 0, '0000-00-00 00:00:00', '', 0, 0, '2025-08-26 07:40:05', '0000-00-00 00:00:00', 0, '', 0, '', '', 0, 21.0900, '', NULL, NULL, 1, '', NULL),
(5190, NULL, NULL, 0, NULL, 2, 'm', 'Peter', 'Ruzic', '2025-08-26 10:45:18', 'pruzic@gmx.de', 5223, '', NULL, '62fc350b7e4b1842bf9e27a494812b10', '0', '0', '0', '1', 0, '', '', '', '', '', '', '', '', 0, 0, 0, '0000-00-00 00:00:00', '', 0, 0, '0000-00-00 00:00:00', '0000-00-00 00:00:00', 0, '', 0, '', '', 0, 20.4999, '', NULL, NULL, 1, '', NULL),
(5191, NULL, NULL, 0, NULL, 4, 'm', 'Jasper', 'Grosser', '0000-00-00 00:00:00', '008262059e49b926c2c8@members.ebay.com', 5224, '', NULL, '7b3efd226f73965a7bb8f9bc935419a3', NULL, '0', '0', '1', 0, '', 'entenbiene91', '', '', '', '', '', '', 0, 0, 0, '0000-00-00 00:00:00', '', 0, 0, '2025-08-31 19:40:05', '2025-09-01 09:04:30', 0, '', 0, '', '', 0, 21.0900, '', NULL, NULL, 1, '', NULL),
(5192, NULL, NULL, 0, NULL, 4, 'm', 'S.', 'Heitzer', '0000-00-00 00:00:00', '20a6420e35cb719a2093@members.ebay.com', 5226, '', NULL, 'c4c2eed16b76e9b136547d23ef02051a', NULL, '0', '0', '1', 0, '', 'hei-56883', '', '', '', '', '', '', 0, 0, 0, '0000-00-00 00:00:00', '', 0, 0, '2025-09-06 00:50:05', '0000-00-00 00:00:00', 0, '', 0, '', '', 0, 10.8000, '', NULL, NULL, 1, '', NULL),
(5193, NULL, NULL, 0, NULL, 4, 'm', 'Jens', 'Tefett', '0000-00-00 00:00:00', '415381c0809f3f598062@members.ebay.com', 5227, '', NULL, '547cfa3cab25b4dc116e3f3994691930', NULL, '0', '0', '1', 0, '', 'jense0204', '', '', '', '', '', '', 0, 0, 0, '0000-00-00 00:00:00', '', 0, 0, '2025-09-07 08:35:04', '2025-09-08 07:29:13', 0, '', 0, '', '', 0, 19.3000, '', NULL, NULL, 1, '', NULL),
(5194, NULL, NULL, 0, NULL, 2, 'm', 'Simon', 'Wörrlein', '2025-09-07 21:06:16', 'swoerrle@web.de', 5228, '', NULL, 'f88f91c317a6eb17313140e878962a73', '0', '0', '0', '1', 0, '', '', '', '', '', '', '', '', 0, 0, 0, '0000-00-00 00:00:00', '', 0, 0, '0000-00-00 00:00:00', '0000-00-00 00:00:00', 0, '', 0, '', '', 0, 0.0000, '', NULL, NULL, 1, '', NULL),
(5195, NULL, NULL, 0, NULL, 4, 'm', 'Manuela', 'Mohmeyer', '0000-00-00 00:00:00', '0082b413d977c5c451a5@members.ebay.com', 5230, '', NULL, '48b8bbb9d1f59d8104a237689c790408', NULL, '0', '0', '1', 0, '', 'mohm723', '', '', '', '', '', '', 0, 0, 0, '0000-00-00 00:00:00', '', 0, 0, '2025-09-08 14:20:06', '0000-00-00 00:00:00', 0, '', 0, '', '', 0, 21.1400, '', NULL, NULL, 1, '', NULL),
(5196, NULL, NULL, 0, NULL, 4, 'm', 'Florian', 'Weber', '0000-00-00 00:00:00', '105a3f187b2346e9b630@members.ebay.com', 5231, '', NULL, '7ab186bc81c37460df29cb0a73cf798b', NULL, '0', '0', '1', 0, '', '904flow', '', '', '', '', '', '', 0, 0, 0, '0000-00-00 00:00:00', '', 0, 0, '2025-09-11 10:20:06', '0000-00-00 00:00:00', 0, '', 0, '', '', 0, 20.5000, '', NULL, NULL, 1, '', NULL),
(5197, NULL, NULL, 0, NULL, 4, 'm', 'Dirk', 'Hanusch', '0000-00-00 00:00:00', '41770ad0e1515684b419@members.ebay.com', 5232, '', NULL, '2a93ec4939bbfe512ac398dc4fd3b6a3', NULL, '0', '0', '1', 0, '', 'rita250906', '', '', '', '', '', '', 0, 0, 0, '0000-00-00 00:00:00', '', 0, 0, '2025-09-14 02:20:06', '0000-00-00 00:00:00', 0, '', 0, '', '', 0, 14.8000, '', NULL, NULL, 1, '', NULL),
(5198, NULL, NULL, 0, NULL, 4, 'm', 'Sven', 'Heinzelmann', '0000-00-00 00:00:00', '20bd4b6a719c89422b16@members.ebay.com', 5233, '', NULL, 'e048d3ba711681636f4f747ec1c8a8c9', NULL, '0', '0', '1', 0, '', 'svheinz_0', '', '', '', '', '', '', 0, 0, 0, '0000-00-00 00:00:00', '', 0, 0, '2025-09-14 18:30:06', '0000-00-00 00:00:00', 0, '', 0, '', '', 0, 12.7000, '', NULL, NULL, 1, '', NULL),
(5199, NULL, NULL, 0, NULL, 4, 'm', 'Georg', 'Mezlaw', '0000-00-00 00:00:00', '4180bf3b489d477c3251@members.ebay.com', 5234, '', NULL, 'dc580c7885b9805971a9d98d54747a3f', NULL, '0', '0', '1', 0, '', 'grieschm', '', '', '', '', '', '', 0, 0, 0, '0000-00-00 00:00:00', '', 0, 0, '2025-09-15 22:30:10', '0000-00-00 00:00:00', 0, '', 0, '', '', 0, 103.2000, '', NULL, NULL, 1, '', NULL),
(5200, NULL, NULL, 0, NULL, 4, 'm', 'Jakob', 'Boillat', '0000-00-00 00:00:00', '08312084629a925bfa52@members.ebay.com', 5235, '', NULL, 'ecefab4c8ea2956738cdca73a2023c5b', NULL, '0', '0', '1', 0, '', 'luxusvinyl', '', '', '', '', '', '', 0, 0, 0, '0000-00-00 00:00:00', '', 0, 0, '2025-09-17 12:10:06', '2025-09-17 15:07:54', 0, '', 0, '', '', 0, 21.1000, '', NULL, NULL, 1, '', NULL),
(5201, NULL, NULL, 0, NULL, 4, 'm', 'Heike', 'Fischer', '0000-00-00 00:00:00', '00831a71c72b8a6d3f71@members.ebay.com', 5236, '', NULL, 'dbdab36aae7f02b44a8ca5b6d949eb86', NULL, '0', '0', '1', 0, '', 'sternchen.2005', '', '', '', '', '', '', 0, 0, 0, '0000-00-00 00:00:00', '', 0, 0, '2025-09-18 07:15:04', '0000-00-00 00:00:00', 0, '', 0, '', '', 0, 103.2000, '', NULL, NULL, 1, '', NULL),
(5202, NULL, NULL, 0, NULL, 4, 'm', 'Helmut', 'Pfeifer', '0000-00-00 00:00:00', '0106e1bd0d22751b5d4b@members.ebay.com', 5237, '', NULL, '00d8f4ec28248c0f095a80e8d76991b9', NULL, '0', '0', '1', 0, '', 'schraeglage64', '', '', '', '', '', '', 0, 0, 0, '0000-00-00 00:00:00', '', 0, 0, '2025-09-26 11:55:04', '2025-09-26 12:30:32', 0, '', 0, '', '', 0, 19.3000, '', NULL, NULL, 1, '', NULL),
(5203, NULL, NULL, 0, NULL, 4, 'm', 'Marcus', 'Stegmann', '0000-00-00 00:00:00', '00837ebf9b6080e6b868@members.ebay.com', 5240, '', NULL, '5a2adae025f5064559d12132f4b82eba', NULL, '0', '0', '1', 0, '', 'mordrag74', '', '', '', '', '', '', 0, 0, 0, '0000-00-00 00:00:00', '', 0, 0, '2025-09-27 19:30:08', '2025-09-29 07:33:50', 0, '', 0, '', '', 0, 19.3000, '', NULL, NULL, 1, '', NULL),
(5204, NULL, NULL, 0, NULL, 4, 'm', 'Vitalis', 'Tag', '0000-00-00 00:00:00', '00839abbb500917454f8@members.ebay.com', 5242, '', NULL, '3a243459cfae20b002735af874b3007a', NULL, '0', '0', '1', 0, '', '2007vitalis', '', '', '', '', '', '', 0, 0, 0, '0000-00-00 00:00:00', '', 0, 0, '2025-09-30 11:15:05', '0000-00-00 00:00:00', 0, '', 0, '', '', 0, 19.3000, '', NULL, NULL, 1, '', NULL),
(5205, NULL, NULL, 0, NULL, 4, 'm', 'Olaf', 'Bartoschik', '0000-00-00 00:00:00', '0107499977ce9b8f093d@members.ebay.com', 5243, '', NULL, '67ce29c4213fbdc188438a988e84db0e', NULL, '0', '0', '1', 0, '', 'gon4040', '', '', '', '', '', '', 0, 0, 0, '0000-00-00 00:00:00', '', 0, 0, '2025-10-01 10:05:04', '2025-10-01 11:14:38', 0, '', 0, '', '', 0, 31.8100, '', NULL, NULL, 1, '', NULL),
(5206, NULL, NULL, 0, NULL, 4, 'm', 'Dajana', 'Nobis', '0000-00-00 00:00:00', '041d831a48c311ad4e22@members.ebay.com', 5245, '', NULL, '9bb918db04177f8c4ad3d1707602b981', NULL, '0', '0', '1', 0, '', 'aj-539703', '', '', '', '', '', '', 0, 0, 0, '0000-00-00 00:00:00', '', 0, 0, '2025-10-02 12:30:09', '2025-10-02 16:02:25', 0, '', 0, '', '', 0, 13.0900, '', NULL, NULL, 1, '', NULL),
(5207, NULL, NULL, 0, NULL, 4, 'm', 'Elke', 'Driesch-Etscheid', '0000-00-00 00:00:00', '01076368fa28db4861bc@members.ebay.com', 5246, '', NULL, 'd8ed547e3e3467be6ae2083f00a84f83', NULL, '0', '0', '1', 0, '', 'savuti253', '', '', '', '', '', '', 0, 0, 0, '0000-00-00 00:00:00', '', 0, 0, '2025-10-02 15:30:10', '0000-00-00 00:00:00', 0, '', 0, '', '', 0, 153.9000, '', NULL, NULL, 1, '', NULL),
(5208, NULL, NULL, 0, NULL, 1, 'm', 'Burak', 'Agri', '2025-10-05 07:11:47', 'agri@einzelhandel-portal.de', 5248, '', NULL, 'c0575ab12cfeb059451031db9022d579', '0', '0', '0', '1', 1, '', '', '', '', '', '', '', '', 0, 0, 0, '0000-00-00 00:00:00', '', 0, 0, '0000-00-00 00:00:00', '0000-00-00 00:00:00', 0, '', 0, '', '', 0, 0.0000, '', NULL, NULL, 1, '', NULL),
(5209, NULL, NULL, 0, NULL, 4, 'm', 'Christian', 'Wagner', '0000-00-00 00:00:00', '01079f5fbc53524804ea@members.ebay.com', 5249, '', NULL, '92ff0c3251ddbcb908c4f7e048342f08', NULL, '0', '0', '1', 0, '', 'tekchrisi', '', '', '', '', '', '', 0, 0, 0, '0000-00-00 00:00:00', '', 0, 0, '2025-10-05 11:45:06', '0000-00-00 00:00:00', 0, '', 0, '', '', 0, 18.9400, '', NULL, NULL, 1, '', NULL),
(5210, NULL, NULL, 0, NULL, 4, 'm', 'Sebastian', 'Glaß', '0000-00-00 00:00:00', '41e9effd1931ae7ef030@members.ebay.com', 5250, '', NULL, '0252540ca79886378cb92bd98d53ff0e', NULL, '0', '0', '1', 0, '', 'sgmillerider', '', '', '', '', '', '', 0, 0, 0, '0000-00-00 00:00:00', '', 0, 0, '2025-10-05 21:15:05', '0000-00-00 00:00:00', 0, '', 0, '', '', 0, 9.0900, '', NULL, NULL, 1, '', NULL),
(5211, NULL, NULL, 0, NULL, 4, 'm', 'Diego', 'Gardon', '0000-00-00 00:00:00', '0083eb1b223cc35c32bb@members.ebay.com', 5251, '', NULL, '8fa6156f52d09aec41b75393f3f31ba8', NULL, '0', '0', '1', 0, '', 'filifor', '', '', '', '', '', '', 0, 0, 0, '0000-00-00 00:00:00', '', 0, 0, '2025-10-08 02:05:04', '0000-00-00 00:00:00', 0, '', 0, '', '', 0, 19.8000, '', NULL, NULL, 1, '', NULL),
(5212, NULL, NULL, 0, NULL, 4, 'm', 'Andrej', 'Weizel', '0000-00-00 00:00:00', '107f4320f96a2cb32846@members.ebay.com', 5252, '', NULL, '56f6c031b750aa0319804bae76ae53ca', NULL, '0', '0', '1', 0, '', 'evo.171', '', '', '', '', '', '', 0, 0, 0, '0000-00-00 00:00:00', '', 0, 0, '2025-10-09 12:15:05', '2025-10-10 11:55:02', 0, '', 0, '', '', 0, 13.8000, '', NULL, NULL, 1, '', NULL),
(5213, NULL, NULL, 0, NULL, 4, 'm', 'Oguzhan', 'Erkmen', '0000-00-00 00:00:00', '10821ef30e03cff56f38@members.ebay.com', 5253, '', NULL, '440f591457b1ab6cabe10dbff1d9336f', NULL, '0', '0', '1', 0, '', 'oguzhan_erkmen', '', '', '', '', '', '', 0, 0, 0, '0000-00-00 00:00:00', '', 0, 0, '2025-10-11 16:20:05', '0000-00-00 00:00:00', 0, '', 0, '', '', 0, 18.9400, '', NULL, NULL, 1, '', NULL),
(5214, NULL, NULL, 0, NULL, 4, 'm', 'Gajda', '', '0000-00-00 00:00:00', '2105386474c4d73d2515@members.ebay.com', 5254, '', NULL, 'b21a6be705918934951ccb2920cb43c3', NULL, '0', '0', '1', 0, '', 'ferrariwaldi', '', '', '', '', '', '', 0, 0, 0, '0000-00-00 00:00:00', '', 0, 0, '2025-10-12 01:10:06', '2025-10-13 08:24:53', 0, '', 0, '', '', 0, 29.8000, '', NULL, NULL, 1, '', NULL),
(5215, NULL, NULL, 0, NULL, 4, 'm', 'Alexander', 'Feige', '0000-00-00 00:00:00', '2106cef86cc059851369@members.ebay.com', 5255, '', NULL, '2471b8ac5b15d3592fe3bb19960ec6f7', NULL, '0', '0', '1', 0, '', 'alexander-f242', '', '', '', '', '', '', 0, 0, 0, '0000-00-00 00:00:00', '', 0, 0, '2025-10-12 15:35:03', '0000-00-00 00:00:00', 0, '', 0, '', '', 0, 12.0900, '', NULL, NULL, 1, '', NULL),
(5216, NULL, NULL, 0, NULL, 4, 'm', 'falk', 'lützelberger', '0000-00-00 00:00:00', '2106e21b1a2e8db9cc83@members.ebay.com', 5256, '', NULL, '165a68abdb0d6fed4e2a79faeb87cbe9', NULL, '0', '0', '1', 0, '', 'falk_luetzelberger', '', '', '', '', '', '', 0, 0, 0, '0000-00-00 00:00:00', '', 0, 0, '2025-10-12 16:20:06', '0000-00-00 00:00:00', 0, '', 0, '', '', 0, 18.9400, '', NULL, NULL, 1, '', NULL),
(5217, NULL, NULL, 0, NULL, 4, 'm', 'edeltraut', 'senss', '0000-00-00 00:00:00', '2107011a74c4d7911b26@members.ebay.com', 5257, '', NULL, '17c8b6d7e1381cfd7f21211b6b702612', NULL, '0', '0', '1', 0, '', 'dickepeter', '', '', '', '', '', '', 0, 0, 0, '0000-00-00 00:00:00', '', 0, 0, '2025-10-12 17:25:04', '0000-00-00 00:00:00', 0, '', 0, '', '', 0, 23.8000, '', NULL, NULL, 1, '', NULL),
(5218, NULL, NULL, 0, NULL, 4, 'm', 'Elmar', 'Kaiser', '0000-00-00 00:00:00', '21072c203a108dd4c212@members.ebay.com', 5258, '', NULL, '2eeff483e2e335aaa8d027537b69730d', NULL, '0', '0', '1', 0, '', 'ramleresiak', '', '', '', '', '', '', 0, 0, 0, '0000-00-00 00:00:00', '', 0, 0, '2025-10-12 18:55:04', '0000-00-00 00:00:00', 0, '', 0, '', '', 0, 22.8000, '', NULL, NULL, 1, '', NULL),
(5219, NULL, NULL, 0, NULL, 4, 'm', 'Robert', 'Klenk', '0000-00-00 00:00:00', '4214c89335c0b2a1ba78@members.ebay.com', 5262, '', NULL, '9fc271287ee649db8a2e29b487182f5c', NULL, '0', '0', '1', 0, '', 'rmk_in_germany', '', '', '', '', '', '', 0, 0, 0, '0000-00-00 00:00:00', '', 0, 0, '2025-10-14 00:15:06', '0000-00-00 00:00:00', 0, '', 0, '', '', 0, 18.9400, '', NULL, NULL, 1, '', NULL),
(5220, NULL, NULL, 0, NULL, 4, 'm', 'Jens', 'Naujoks', '0000-00-00 00:00:00', '008465ec6154f16e5939@members.ebay.com', 5263, '', NULL, '0b1c6ce6decc67313686b556e4cebe55', NULL, '0', '0', '1', 0, '', 'nauipri', '', '', '', '', '', '', 0, 0, 0, '0000-00-00 00:00:00', '', 0, 0, '2025-10-19 17:35:04', '0000-00-00 00:00:00', 0, '', 0, '', '', 0, 24.8000, '', NULL, NULL, 1, '', NULL),
(5221, NULL, NULL, 0, NULL, 1, 'm', 'Bruno', 'Prekratic', '2025-10-21 16:11:14', 'prekraticbruno@a1.net', 5264, '', NULL, 'e5d1738ef7569212ee0b63ce7a304771', '0', '0', '0', '1', 1, '', '', '', '', '', '', '', '', 0, 0, 0, '0000-00-00 00:00:00', '', 0, 0, '0000-00-00 00:00:00', '0000-00-00 00:00:00', 0, '', 0, '', '', 0, 82.1765, '', NULL, NULL, 1, '', NULL),
(5222, NULL, NULL, 0, NULL, 4, 'm', 'Claus Marian', 'Wohler', '0000-00-00 00:00:00', '0109460008dd1b8c27c0@members.ebay.com', 5265, '', NULL, 'b6e59c2aab05096ad1340520d1aba135', NULL, '0', '0', '1', 0, '', 'vibiemme-domo', '', '', '', '', '', '', 0, 0, 0, '0000-00-00 00:00:00', '', 0, 0, '2025-10-25 12:30:10', '0000-00-00 00:00:00', 0, '', 0, '', '', 0, 153.9000, '', NULL, NULL, 1, '', NULL),
(5223, NULL, NULL, 0, NULL, 4, 'm', 'Katrin', 'Tobi', '0000-00-00 00:00:00', '0084a54a5669c12756c6@members.ebay.com', 5266, '', NULL, 'd841fb6ab068e8c788b84851cf9623ac', NULL, '0', '0', '1', 0, '', 'tobikmr', '', '', '', '', '', '', 0, 0, 0, '0000-00-00 00:00:00', '', 0, 0, '2025-10-25 17:45:05', '0000-00-00 00:00:00', 0, '', 0, '', '', 0, 153.9000, '', NULL, NULL, 1, '', NULL),
(5224, NULL, NULL, 0, NULL, 4, 'm', 'Peter', 'Abel', '0000-00-00 00:00:00', '010979d92a8111c9066f@members.ebay.com', 5267, '', NULL, 'd5cf0f44df602dbd84862f38a54e4f21', NULL, '0', '0', '1', 0, '', 'retep_leba', '', '', '', '', '', '', 0, 0, 0, '0000-00-00 00:00:00', '', 0, 0, '2025-10-27 22:35:03', '0000-00-00 00:00:00', 0, '', 0, '', '', 0, 72.5400, '', NULL, NULL, 1, '', NULL),
(5225, NULL, NULL, 0, NULL, 4, 'm', 'Marita', 'Schnell', '0000-00-00 00:00:00', '4262dbbf0565467d6a43@members.ebay.com', 5268, '', NULL, '9d5ecb9025e5db31e36a976d69d08538', NULL, '0', '0', '1', 0, '', 'sm7787', '', '', '', '', '', '', 0, 0, 0, '0000-00-00 00:00:00', '', 0, 0, '2025-10-28 18:30:09', '0000-00-00 00:00:00', 0, '', 0, '', '', 0, 24.8000, '', NULL, NULL, 1, '', NULL),
(5226, NULL, NULL, 0, NULL, 4, 'm', 'Dagmar', 'Hossfeld', '0000-00-00 00:00:00', '0109c63bcef3824b78e7@members.ebay.com', 5269, '', NULL, 'ff279ef6b405a8d68607a5a1f9f560a7', NULL, '0', '0', '1', 0, '', 'katerzuendi', '', '', '', '', '', '', 0, 0, 0, '0000-00-00 00:00:00', '', 0, 0, '2025-10-31 13:25:03', '0000-00-00 00:00:00', 0, '', 0, '', '', 0, 24.8000, '', NULL, NULL, 1, '', NULL),
(5227, NULL, NULL, 0, NULL, 4, 'm', 'Andreas', 'Baumgart', '0000-00-00 00:00:00', '4272e363495d5688f975@members.ebay.com', 5270, '', NULL, '1b2a0cc42b355dd624b2ac5afd0b6bf6', NULL, '0', '0', '1', 0, '', 'butterblume6186', '', '', '', '', '', '', 0, 0, 0, '0000-00-00 00:00:00', '', 0, 0, '2025-10-31 19:30:09', '2025-11-03 09:14:42', 0, '', 0, '', '', 0, 27.0900, '', NULL, NULL, 1, '', NULL),
(5228, NULL, NULL, 0, NULL, 4, 'm', 'Michael', 'Schmidt', '0000-00-00 00:00:00', '0213b0d0d2ef21513a51@members.ebay.com', 5271, '', NULL, '9b6c0a597937bd1ab1bab8425c176a50', NULL, '0', '0', '1', 0, '', 'mos_eisley_cantina_1791', '', '', '', '', '', '', 0, 0, 0, '0000-00-00 00:00:00', '', 0, 0, '2025-11-01 10:05:04', '0000-00-00 00:00:00', 0, '', 0, '', '', 0, 24.8000, '', NULL, NULL, 1, '', NULL),
(5229, NULL, NULL, 0, NULL, 4, 'm', 'Klaus', 'Enseroth', '0000-00-00 00:00:00', '0109e078696cc44c1fa8@members.ebay.com', 5272, '', NULL, 'b53f5b9b291e2bc29174a20fb3ff3707', NULL, '0', '0', '1', 0, '', '2951klaus', '', '', '', '', '', '', 0, 0, 0, '0000-00-00 00:00:00', '', 0, 0, '2025-11-01 19:15:03', '0000-00-00 00:00:00', 0, '', 0, '', '', 0, 29.8000, '', NULL, NULL, 1, '', NULL),
(5230, NULL, NULL, 0, NULL, 4, 'm', 'Ursula', 'Maier', '0000-00-00 00:00:00', '109ee1513f174fb53669@members.ebay.com', 5273, '', NULL, '5ca6954239295f029f9f98fdda706916', NULL, '0', '0', '1', 0, '', 'urs97337', '', '', '', '', '', '', 0, 0, 0, '0000-00-00 00:00:00', '', 0, 0, '2025-11-02 10:45:05', '0000-00-00 00:00:00', 0, '', 0, '', '', 0, 22.8000, '', NULL, NULL, 1, '', NULL),
(5231, NULL, NULL, 0, NULL, 4, 'm', 'Juliane', 'Sülter', '0000-00-00 00:00:00', '427db6307e0cb7821423@members.ebay.com', 5274, '', NULL, '1babd7888a6a4b473b30bb1a46d2b085', NULL, '0', '0', '1', 0, '', 'phloxolotl', '', '', '', '', '', '', 0, 0, 0, '0000-00-00 00:00:00', '', 0, 0, '2025-11-02 20:50:04', '0000-00-00 00:00:00', 0, '', 0, '', '', 0, 44.6000, '', NULL, NULL, 1, '', NULL),
(5232, NULL, NULL, 0, NULL, 4, 'm', 'Tanja', 'Moritz', '0000-00-00 00:00:00', '42a5322d1b3192087491@members.ebay.com', 5276, '', NULL, 'bd086f589e3957f030fe6db5b7b9dfdf', NULL, '0', '0', '1', 0, '', 'tamor-18', '', '', '', '', '', '', 0, 0, 0, '0000-00-00 00:00:00', '', 0, 0, '2025-11-10 08:25:03', '0000-00-00 00:00:00', 0, '', 0, '', '', 0, 21.0100, '', NULL, NULL, 1, '', NULL),
(5233, NULL, NULL, 0, NULL, 1, 'm', 'Jo', 'Herbst', '2025-11-10 22:32:46', 'Jo.herbst@online.de', 5277, '', NULL, '16ec9fc13ca06eab24dcd06770887aa1', '0', '0', '0', '1', 1, '', '', '', '', '', '', '', '', 0, 0, 0, '0000-00-00 00:00:00', '', 0, 0, '0000-00-00 00:00:00', '2025-11-12 07:42:00', 0, '', 0, '', '', 0, 19.9000, '', NULL, NULL, 1, '', NULL),
(5234, NULL, NULL, 0, NULL, 4, 'm', 'Waltraud', 'Calabrese', '0000-00-00 00:00:00', '42b1714e75e0b39a1937@members.ebay.com', 5279, '', NULL, 'd5639875fc09bc4b55af24860372b849', NULL, '0', '0', '1', 0, '', 'kuschelwalli', '', '', '', '', '', '', 0, 0, 0, '0000-00-00 00:00:00', '', 0, 0, '2025-11-12 16:10:06', '0000-00-00 00:00:00', 0, '', 0, '', '', 0, 71.0000, '', NULL, NULL, 1, '', NULL),
(5235, NULL, NULL, 0, NULL, 4, 'm', 'Ute', 'Adler', '0000-00-00 00:00:00', '42b29c5cd458bbd19055@members.ebay.com', 5280, '', NULL, '250c3025171efcbd36de48190f6d3236', NULL, '0', '0', '1', 0, '', 'ad-2964', '', '', '', '', '', '', 0, 0, 0, '0000-00-00 00:00:00', '', 0, 0, '2025-11-12 21:30:08', '0000-00-00 00:00:00', 0, '', 0, '', '', 0, 22.8100, '', NULL, NULL, 1, '', NULL),
(5236, NULL, NULL, 0, NULL, 4, 'm', 'Jörg', 'Ostrowski', '0000-00-00 00:00:00', '00857393391ccdbcb1b3@members.ebay.com', 5281, '', NULL, 'd4e73dbcd5b945cf635f4fddb45eb1a5', NULL, '0', '0', '1', 0, '', 'supporter*h*s*v*', '', '', '', '', '', '', 0, 0, 0, '0000-00-00 00:00:00', '', 0, 0, '2025-11-14 06:10:06', '0000-00-00 00:00:00', 0, '', 0, '', '', 0, 21.0100, '', NULL, NULL, 1, '', NULL),
(5237, NULL, NULL, 0, NULL, 4, 'm', 'Robert', 'Keane', '0000-00-00 00:00:00', '0085764dfed655c58f53@members.ebay.com', 5282, '', NULL, '1b58658aaa9f4025bf983eaaad3464e2', NULL, '0', '0', '1', 0, '', 'bobby2503', '', '', '', '', '', '', 0, 0, 0, '0000-00-00 00:00:00', '', 0, 0, '2025-11-14 12:20:06', '0000-00-00 00:00:00', 0, '', 0, '', '', 0, 14.8000, '', NULL, NULL, 1, '', NULL),
(5238, NULL, NULL, 0, NULL, 4, 'm', 'Katrin', 'Schuricht', '0000-00-00 00:00:00', '00858af231d8da7ef67e@members.ebay.com', 5283, '', NULL, '0a0be534a80bcff4595bb18efb9f894b', NULL, '0', '0', '1', 0, '', 'hihahexe', '', '', '', '', '', '', 0, 0, 0, '0000-00-00 00:00:00', '', 0, 0, '2025-11-16 11:20:06', '0000-00-00 00:00:00', 0, '', 0, '', '', 0, 24.8000, '', NULL, NULL, 1, '', NULL),
(5239, NULL, NULL, 0, NULL, 4, 'm', 'Fornfeist', 'Marc', '0000-00-00 00:00:00', '00858c463547cdc70d44@members.ebay.com', 5284, '', NULL, 'c99db0898b2c6ae4c24597e8e2de3de1', NULL, '0', '0', '1', 0, '', 'fortuna-man', '', '', '', '', '', '', 0, 0, 0, '0000-00-00 00:00:00', '', 0, 0, '2025-11-16 14:20:07', '0000-00-00 00:00:00', 0, '', 0, '', '', 0, 24.8000, '', NULL, NULL, 1, '', NULL),
(5240, NULL, NULL, 0, NULL, 4, 'm', 'Michael', 'Gohl', '0000-00-00 00:00:00', '00858fa0ad47cdc767e3@members.ebay.com', 5285, '', NULL, '7447826f174fb1ccde171a7a5e2cbfc6', NULL, '0', '0', '1', 0, '', 'micha6070', '', '', '', '', '', '', 0, 0, 0, '0000-00-00 00:00:00', '', 0, 0, '2025-11-16 22:00:10', '0000-00-00 00:00:00', 0, '', 0, '', '', 0, 24.8000, '', NULL, NULL, 1, '', NULL),
(5241, NULL, NULL, 0, NULL, 4, 'm', 'Silke', 'Eberle', '0000-00-00 00:00:00', '008597de7fb2f35f0d69@members.ebay.com', 5286, '', NULL, 'cd1ee07e18a83f3a97bdd8e20c310791', NULL, '0', '0', '1', 0, '', 'ebe_33120', '', '', '', '', '', '', 0, 0, 0, '0000-00-00 00:00:00', '', 0, 0, '2025-11-17 16:45:05', '0000-00-00 00:00:00', 0, '', 0, '', '', 0, 22.8000, '', NULL, NULL, 1, '', NULL),
(5242, NULL, NULL, 0, NULL, 4, 'm', 'Barbara', 'Witt', '0000-00-00 00:00:00', '008597f40f92f35f0d6a@members.ebay.com', 5287, '', NULL, '6539dd5da78ee4cdc8c17354cc5b07ec', NULL, '0', '0', '1', 0, '', 'nymphe57', '', '', '', '', '', '', 0, 0, 0, '0000-00-00 00:00:00', '', 0, 0, '2025-11-17 16:55:04', '0000-00-00 00:00:00', 0, '', 0, '', '', 0, 24.8000, '', NULL, NULL, 1, '', NULL),
(5243, NULL, NULL, 0, NULL, 4, 'm', 'Sonia', 'Duda', '0000-00-00 00:00:00', '010b3eebd3b1b4f8b1fb@members.ebay.com', 5288, '', NULL, '130ae44c66564ed8feae4eec20c5f558', NULL, '0', '0', '1', 0, '', 'sonidud-4', '', '', '', '', '', '', 0, 0, 0, '0000-00-00 00:00:00', '', 0, 0, '2025-11-18 10:00:12', '0000-00-00 00:00:00', 0, '', 0, '', '', 0, 29.8000, '', NULL, NULL, 1, '', NULL),
(5244, NULL, NULL, 0, NULL, 4, 'm', 'Thomas', 'Gries', '0000-00-00 00:00:00', '0085a076ac658a4d4dd2@members.ebay.com', 5289, '', NULL, '68805e55fe3ca2eb230464c3ada08139', NULL, '0', '0', '1', 0, '', 'grasmere64', '', '', '', '', '', '', 0, 0, 0, '0000-00-00 00:00:00', '', 0, 0, '2025-11-18 12:20:07', '0000-00-00 00:00:00', 0, '', 0, '', '', 0, 29.8600, '', NULL, NULL, 1, '', NULL),
(5245, NULL, NULL, 0, NULL, 4, 'm', 'Annegret', 'Zimpel', '0000-00-00 00:00:00', '217387e90d896945a983@members.ebay.com', 5290, '', NULL, 'b06798616e99d715a3d186a8b78efeb3', NULL, '0', '0', '1', 0, '', 'atl-kastanie', '', '', '', '', '', '', 0, 0, 0, '0000-00-00 00:00:00', '', 0, 0, '2025-11-22 20:10:05', '0000-00-00 00:00:00', 0, '', 0, '', '', 0, 19.8000, '', NULL, NULL, 1, '', NULL),
(5246, NULL, NULL, 0, NULL, 4, 'm', 'Bernd', 'Hertle', '0000-00-00 00:00:00', '010baa455e22746cc192@members.ebay.com', 5291, '', NULL, '90bd3ea2a2f4ab6a456c7780bda63ee0', NULL, '0', '0', '1', 0, '', 'boerny2001', '', '', '', '', '', '', 0, 0, 0, '0000-00-00 00:00:00', '', 0, 0, '2025-11-23 12:10:05', '0000-00-00 00:00:00', 0, '', 0, '', '', 0, 18.9400, '', NULL, NULL, 1, '', NULL),
(5247, NULL, NULL, 0, NULL, 4, 'm', 'Marc', 'Meerkamp', '0000-00-00 00:00:00', '010bc574937ecb8ddfb7@members.ebay.com', 5292, '', NULL, 'c993f3db343c1fa2279bdf1710dfa361', NULL, '0', '0', '1', 0, '', 'chicoottawa', '', '', '', '', '', '', 0, 0, 0, '0000-00-00 00:00:00', '', 0, 0, '2025-11-24 19:05:04', '2025-11-26 08:08:36', 0, '', 0, '', '', 0, 22.8100, '', NULL, NULL, 1, '', NULL),
(5248, NULL, NULL, 0, NULL, 4, 'm', 'Sabrina', 'Akgül', '0000-00-00 00:00:00', '010bd0f7a92bad8c7854@members.ebay.com', 5293, '', NULL, '91fb5540a21a5c944579c742aaa3a50d', NULL, '0', '0', '1', 0, '', 'sabrinaa1407', '', '', '', '', '', '', 0, 0, 0, '0000-00-00 00:00:00', '', 0, 0, '2025-11-25 08:10:05', '0000-00-00 00:00:00', 0, '', 0, '', '', 0, 22.8100, '', NULL, NULL, 1, '', NULL),
(5249, NULL, NULL, 0, NULL, 4, 'm', 'Angelika', 'Grathwohl', '0000-00-00 00:00:00', '010bfc7dd92bad8df0f3@members.ebay.com', 5295, '', NULL, 'b7cb9becd82144623aa29552bfb60566', NULL, '0', '0', '1', 0, '', '0815*g*', '', '', '', '', '', '', 0, 0, 0, '0000-00-00 00:00:00', '', 0, 0, '2025-11-27 09:45:04', '0000-00-00 00:00:00', 0, '', 0, '', '', 0, 9.0900, '', NULL, NULL, 1, '', NULL),
(5250, NULL, NULL, 0, NULL, 4, 'm', 'Arnd-D.', 'zur Horst', '0000-00-00 00:00:00', '04309b52eb6a95326f81@members.ebay.com', 5296, '', NULL, '48cd26862c789be6b6eb62842314a864', NULL, '0', '0', '1', 0, '', '317412', '', '', '', '', '', '', 0, 0, 0, '0000-00-00 00:00:00', '', 0, 0, '2025-11-29 09:55:03', '0000-00-00 00:00:00', 0, '', 0, '', '', 0, 153.9000, '', NULL, NULL, 1, '', NULL),
(5251, NULL, NULL, 0, NULL, 4, 'm', 'Michael', 'Keller', '0000-00-00 00:00:00', '010c302f1dcc144dcb4f@members.ebay.com', 5297, '', NULL, '20017d1f0bee4e6ee95ac56eaf62b118', NULL, '0', '0', '1', 0, '', 'mickel-74', '', '', '', '', '', '', 0, 0, 0, '0000-00-00 00:00:00', '', 0, 0, '2025-11-29 20:30:06', '0000-00-00 00:00:00', 0, '', 0, '', '', 0, 153.9000, '', NULL, NULL, 1, '', NULL),
(5252, NULL, NULL, 0, NULL, 4, 'm', 'Michaela', 'Dr. Krell', '0000-00-00 00:00:00', '00861dd69a0b22350a7d@members.ebay.com', 5298, '', NULL, '53ca8ee8ae054c6b8552a7252cbd7d01', NULL, '0', '0', '1', 0, '', '10117michaela', '', '', '', '', '', '', 0, 0, 0, '0000-00-00 00:00:00', '', 0, 0, '2025-11-30 09:35:04', '0000-00-00 00:00:00', 0, '', 0, '', '', 0, 18.9400, '', NULL, NULL, 1, '', NULL),
(5253, NULL, NULL, 0, NULL, 4, 'm', 'Mamun', 'Hodali', '0000-00-00 00:00:00', '43104af7d979af844878@members.ebay.com', 5299, '', NULL, '1346a514d1c5a172601d13761dd0c7ff', NULL, '0', '0', '1', 0, '', 'sweet.bonbon', '', '', '', '', '', '', 0, 0, 0, '0000-00-00 00:00:00', '', 0, 0, '2025-11-30 15:50:06', '0000-00-00 00:00:00', 0, '', 0, '', '', 0, 52.6100, '', NULL, NULL, 1, '', NULL);
INSERT INTO `customers` (`customers_id`, `customers_cid`, `customers_vat_id`, `customers_vat_id_status`, `customers_warning`, `customers_status`, `customers_gender`, `customers_firstname`, `customers_lastname`, `customers_dob`, `customers_email_address`, `customers_default_address_id`, `customers_telephone`, `customers_fax`, `customers_password`, `customers_newsletter`, `customers_newsletter_mode`, `member_flag`, `delete_user`, `account_type`, `password_request_key`, `customers_ebay_userid`, `kto_nummer`, `kto_blz`, `kto_bank`, `kto_inhaber`, `kto_iban`, `kto_swift`, `block_warnings`, `block_warnings_span`, `block_warnings_dayspan`, `block_warnings_date`, `mobile`, `subject_from_textitem`, `branches_id`, `customers_date_added`, `customers_last_modified`, `refferers_id`, `orders_default_search_type`, `use_own_mailaddress`, `easylog_tn_national`, `easylog_tn_international`, `account_value_alert_notified`, `account_value`, `email_signature`, `hpsu_iban`, `hpsu_bic`, `wechselgeld_calculator`, `distributor_orders_edit_products_search_default`, `theme`) VALUES
(5254, NULL, NULL, 0, NULL, 4, 'm', 'Nadine', 'Scharke', '0000-00-00 00:00:00', '010c42b5254d564e7c7a@members.ebay.com', 5300, '', NULL, 'e3d92c6a935be0bd228aa1669a09516a', NULL, '0', '0', '1', 0, '', '11sunshinestate', '', '', '', '', '', '', 0, 0, 0, '0000-00-00 00:00:00', '', 0, 0, '2025-11-30 17:35:04', '0000-00-00 00:00:00', 0, '', 0, '', '', 0, 29.8000, '', NULL, NULL, 1, '', NULL),
(5255, NULL, NULL, 0, NULL, 4, 'm', 'Lezgin', 'Nas', '0000-00-00 00:00:00', '43165257da71ae118a65@members.ebay.com', 5301, '', NULL, 'd3954a4267559a0759e4eb4d12c59fa2', NULL, '0', '0', '1', 0, '', 'lezo473', '', '', '', '', '', '', 0, 0, 0, '0000-00-00 00:00:00', '', 0, 0, '2025-12-01 19:15:04', '0000-00-00 00:00:00', 0, '', 0, '', '', 0, 22.8000, '', NULL, NULL, 1, '', NULL),
(5256, NULL, NULL, 0, NULL, 4, 'm', 'Kaufmann', 'Jacqueline', '0000-00-00 00:00:00', '10c652b340822dd2df27@members.ebay.com', 5302, '', NULL, '916078ce5ada64c742ef98d439ff46dd', NULL, '0', '0', '1', 0, '', 'jackapraga', '', '', '', '', '', '', 0, 0, 0, '0000-00-00 00:00:00', '', 0, 0, '2025-12-02 08:50:07', '2025-12-02 09:08:39', 0, '', 0, '', '', 0, 12.0900, '', NULL, NULL, 1, '', NULL),
(5257, NULL, NULL, 0, NULL, 4, 'm', 'Robin', 'Schmidt', '0000-00-00 00:00:00', '010c6753846cc64fde41@members.ebay.com', 5304, '', NULL, '72a53c548c384b708999612bf0092a32', NULL, '0', '0', '1', 0, '', 'ro-608720', '', '', '', '', '', '', 0, 0, 0, '0000-00-00 00:00:00', '', 0, 0, '2025-12-02 11:15:04', '0000-00-00 00:00:00', 0, '', 0, '', '', 0, 22.8000, '', NULL, NULL, 1, '', NULL),
(5258, NULL, NULL, 0, NULL, 4, 'm', 'Martin', 'Saathoff', '0000-00-00 00:00:00', '010c684d818b349ff4f8@members.ebay.com', 5305, '', NULL, '9e3d6f4ed125a42f58aa3ff112fe0e89', NULL, '0', '0', '1', 0, '', 'hsvfanmartin', '', '', '', '', '', '', 0, 0, 0, '0000-00-00 00:00:00', '', 0, 0, '2025-12-02 12:20:06', '0000-00-00 00:00:00', 0, '', 0, '', '', 0, 18.8000, '', NULL, NULL, 1, '', NULL),
(5259, NULL, NULL, 0, NULL, 4, 'm', 'Viktor', 'Morozov', '0000-00-00 00:00:00', '010ca9459d5682ca571a@members.ebay.com', 5306, '', NULL, 'dbb00e89e14389846903100d98df3b41', NULL, '0', '0', '1', 0, '', 'vic_morozov', '', '', '', '', '', '', 0, 0, 0, '0000-00-00 00:00:00', '', 0, 0, '2025-12-05 14:20:06', '0000-00-00 00:00:00', 0, '', 0, '', '', 0, 10.0900, '', NULL, NULL, 1, '', NULL),
(5260, NULL, NULL, 0, NULL, 2, 'm', 'Derico', 'Pratama', '2025-12-09 14:56:40', 'babangtualiap@gmail.com', 5307, '', NULL, 'a5120f6a7a485987ee1881e21a36d0ba', '0', '0', '0', '1', 0, '', '', '', '', '', '', '', '', 0, 0, 0, '0000-00-00 00:00:00', '', 0, 0, '0000-00-00 00:00:00', '2025-12-10 08:22:32', 0, '', 0, '', '', 0, 11.7999, '', NULL, NULL, 1, '', NULL),
(5261, NULL, NULL, 0, NULL, 4, 'm', 'Barbara', 'Kalinski', '0000-00-00 00:00:00', '010d26a6306732ce2e0c@members.ebay.com', 5310, '', NULL, '560eb527f5320fa0ead9b17842b0d6cf', NULL, '0', '0', '1', 0, '', 'laflamm', '', '', '', '', '', '', 0, 0, 0, '0000-00-00 00:00:00', '', 0, 0, '2025-12-11 12:55:04', '0000-00-00 00:00:00', 0, '', 0, '', '', 0, 34.8000, '', NULL, NULL, 1, '', NULL),
(5262, NULL, NULL, 0, NULL, 4, 'm', 'Stephanie', 'Woite', '0000-00-00 00:00:00', '00869fd811d8da7fe937@members.ebay.com', 5311, '', NULL, '7a61e9f58ad4a02ae24e94332d1bc7ea', NULL, '0', '0', '1', 0, '', 'step-wein', '', '', '', '', '', '', 0, 0, 0, '0000-00-00 00:00:00', '', 0, 0, '2025-12-12 17:25:04', '2025-12-13 10:43:14', 0, '', 0, '', '', 0, 20.9700, '', NULL, NULL, 1, '', NULL),
(5263, NULL, NULL, 0, NULL, 4, 'm', 'Sergej', 'Loban', '0000-00-00 00:00:00', '4354c93b6c951b6d6b45@members.ebay.com', 5313, '', NULL, 'f11c1188506a905b3e7b88b00ef08afd', NULL, '0', '0', '1', 0, '', 'babrow007', '', '', '', '', '', '', 0, 0, 0, '0000-00-00 00:00:00', '', 0, 0, '2025-12-13 15:35:04', '0000-00-00 00:00:00', 0, '', 0, '', '', 0, 0.0000, '', NULL, NULL, 1, '', NULL),
(5264, NULL, NULL, 0, NULL, 4, 'm', 'Anja', 'Lesniak', '0000-00-00 00:00:00', '010d69c38bdb2d886de3@members.ebay.com', 5314, '', NULL, 'f32a119dd338ccf63dddf182f5ba76e1', NULL, '0', '0', '1', 0, '', 'scott_litt', '', '', '', '', '', '', 0, 0, 0, '0000-00-00 00:00:00', '', 0, 0, '2025-12-14 17:20:06', '0000-00-00 00:00:00', 0, '', 0, '', '', 0, 0.0000, '', NULL, NULL, 1, '', NULL),
(5265, NULL, NULL, 0, NULL, 4, 'm', 'Waldemar', 'Tyczynski', '0000-00-00 00:00:00', '435abce4e2ef579af843@members.ebay.com', 5315, '', NULL, 'ffaf273ee6aca6f2f01e0749149a78c7', NULL, '0', '0', '1', 0, '', 'waldtycz-30', '', '', '', '', '', '', 0, 0, 0, '0000-00-00 00:00:00', '', 0, 0, '2025-12-14 18:40:05', '0000-00-00 00:00:00', 0, '', 0, '', '', 0, 0.0000, '', NULL, NULL, 1, '', NULL),
(5266, NULL, NULL, 0, NULL, 4, 'm', 'jochen', 'richrath', '0000-00-00 00:00:00', '010d6e8dcf65e6bcb2ae@members.ebay.com', 5316, '', NULL, '771650c506659538856ace495b701dc7', NULL, '0', '0', '1', 0, '', 'krebsjochen', '', '', '', '', '', '', 0, 0, 0, '0000-00-00 00:00:00', '', 0, 0, '2025-12-14 22:45:04', '0000-00-00 00:00:00', 0, '', 0, '', '', 0, 0.0000, '', NULL, NULL, 1, '', NULL);

-- --------------------------------------------------------

--
-- Tabellenstruktur für Tabelle `customers_basket`
--

CREATE TABLE `customers_basket` (
  `customers_basket_id` int(11) NOT NULL,
  `customers_id` int(11) NOT NULL DEFAULT '0',
  `products_id` tinytext NOT NULL,
  `customers_basket_quantity` int(2) NOT NULL DEFAULT '0',
  `final_price` decimal(15,4) NOT NULL DEFAULT '0.0000',
  `customers_basket_date_added` varchar(8) DEFAULT NULL
) ENGINE=MyISAM DEFAULT CHARSET=utf8;

--
-- Daten für Tabelle `customers_basket`
--

INSERT INTO `customers_basket` (`customers_basket_id`, `customers_id`, `products_id`, `customers_basket_quantity`, `final_price`, `customers_basket_date_added`) VALUES
(27, 5006, '183', 1, 0.0000, '20241203'),
(24, 5004, '170', 1, 0.0000, '20241127'),
(25, 5001, '174', 1, 0.0000, '20241128'),
(26, 5005, '152', 1, 0.0000, '20241203'),
(21, 1, '159', 1, 0.0000, '20241115'),
(28, 5007, '157', 1, 0.0000, '20241203'),
(29, 1, '175', 1, 0.0000, '20241205'),
(32, 5017, '153', 1, 0.0000, '20241217'),
(33, 5021, '206', 1, 0.0000, '20250106'),
(34, 5024, '167', 1, 0.0000, '20250117'),
(36, 5027, '158', 1, 0.0000, '20250131'),
(37, 5028, '164', 1, 0.0000, '20250131'),
(38, 5033, '209', 1, 0.0000, '20250205'),
(41, 5040, '209', 1, 0.0000, '20250213'),
(42, 5001, '209', 1, 0.0000, '20250220'),
(43, 5001, '206', 1, 0.0000, '20250227'),
(44, 5077, '152', 1, 0.0000, '20250426'),
(52, 5106, '152', 1, 0.0000, '20250522'),
(54, 1, '165', 1, 0.0000, '20250602'),
(56, 5123, '152', 1, 0.0000, '20250607'),
(60, 1, '212', 1, 0.0000, '20250703'),
(61, 1, '152', 1, 0.0000, '20250712');

-- --------------------------------------------------------

--
-- Tabellenstruktur für Tabelle `customers_basket_attributes`
--

CREATE TABLE `customers_basket_attributes` (
  `customers_basket_attributes_id` int(11) NOT NULL,
  `customers_id` int(11) NOT NULL DEFAULT '0',
  `products_id` tinytext NOT NULL,
  `products_options_id` int(11) NOT NULL DEFAULT '0',
  `products_options_value_id` int(11) NOT NULL DEFAULT '0'
) ENGINE=MyISAM DEFAULT CHARSET=utf8;

-- --------------------------------------------------------

--
-- Tabellenstruktur für Tabelle `customers_email_aliases`
--

CREATE TABLE `customers_email_aliases` (
  `customers_email_aliases_id` int(11) NOT NULL,
  `customers_id` int(11) NOT NULL,
  `email_address` varchar(255) NOT NULL,
  `date_created` timestamp NOT NULL DEFAULT CURRENT_TIMESTAMP ON UPDATE CURRENT_TIMESTAMP
) ENGINE=InnoDB DEFAULT CHARSET=utf8 COMMENT='alternative emailadressen zu kunden';

-- --------------------------------------------------------

--
-- Tabellenstruktur für Tabelle `customers_email_filter`
--

CREATE TABLE `customers_email_filter` (
  `customers_email_filter_id` int(11) NOT NULL,
  `customers_id` int(11) NOT NULL DEFAULT '0',
  `email_address` varchar(255) NOT NULL DEFAULT ''
) ENGINE=MyISAM DEFAULT CHARSET=utf8;

-- --------------------------------------------------------

--
-- Tabellenstruktur für Tabelle `customers_info`
--

CREATE TABLE `customers_info` (
  `customers_info_id` int(11) NOT NULL DEFAULT '0',
  `customers_info_date_of_last_logon` datetime DEFAULT NULL,
  `customers_info_number_of_logons` int(5) DEFAULT NULL,
  `customers_info_date_account_created` datetime DEFAULT NULL,
  `customers_info_date_account_last_modified` datetime DEFAULT NULL,
  `global_product_notifications` int(1) DEFAULT '0'
) ENGINE=MyISAM DEFAULT CHARSET=utf8;

--
-- Daten für Tabelle `customers_info`
--

INSERT INTO `customers_info` (`customers_info_id`, `customers_info_date_of_last_logon`, `customers_info_number_of_logons`, `customers_info_date_account_created`, `customers_info_date_account_last_modified`, `global_product_notifications`) VALUES
(5000, '2025-05-27 16:39:52', 17, '2024-09-17 14:05:13', NULL, 0),
(5001, '2025-12-13 10:42:36', 210, '2024-09-17 14:10:27', '2025-02-24 09:48:40', 0),
(5002, NULL, NULL, '2024-11-21 18:10:04', NULL, 0),
(5003, NULL, NULL, '2024-11-26 08:50:03', NULL, 0),
(5004, NULL, 0, '2024-11-27 10:27:37', NULL, 0),
(5005, NULL, 0, '2024-12-03 10:45:49', NULL, 0),
(5006, NULL, 0, '2024-12-03 13:53:07', NULL, 0),
(5007, NULL, 0, '2024-12-03 15:05:46', NULL, 0),
(5008, NULL, NULL, '2024-12-06 17:38:24', NULL, 0),
(5009, NULL, NULL, '2024-12-08 12:30:10', NULL, 0),
(5010, NULL, NULL, '2024-12-09 15:40:03', NULL, 0),
(5011, NULL, NULL, '2024-12-12 10:20:04', NULL, 0),
(5012, NULL, NULL, '2024-12-12 13:00:11', NULL, 0),
(5013, NULL, NULL, '2024-12-13 14:20:05', NULL, 0),
(5014, NULL, NULL, '2024-12-14 12:50:05', NULL, 0),
(5015, NULL, NULL, '2024-12-15 17:00:12', NULL, 0),
(5016, NULL, NULL, '2024-12-15 17:10:04', NULL, 0),
(5017, NULL, 0, '2024-12-17 15:56:15', NULL, 0),
(5018, NULL, NULL, '2024-12-17 16:50:04', NULL, 0),
(5019, NULL, NULL, '2024-12-22 23:10:04', NULL, 0),
(5020, NULL, NULL, '2024-12-25 18:40:04', NULL, 0),
(5021, NULL, 0, '2025-01-06 10:23:31', NULL, 0),
(5022, NULL, NULL, '2025-01-07 10:50:03', NULL, 0),
(5023, NULL, NULL, '2025-01-15 07:20:04', NULL, 0),
(5024, NULL, 0, '2025-01-17 08:38:59', NULL, 0),
(5025, NULL, NULL, '2025-01-22 10:30:11', NULL, 0),
(5026, NULL, NULL, '2025-01-27 16:50:04', NULL, 0),
(5027, NULL, 0, '2025-01-31 09:08:11', NULL, 0),
(5028, NULL, 0, '2025-01-31 09:48:06', NULL, 0),
(5029, NULL, NULL, '2025-02-01 15:30:09', NULL, 0),
(5030, NULL, NULL, '2025-02-03 09:30:10', NULL, 0),
(5031, NULL, NULL, '2025-02-03 10:10:04', NULL, 0),
(5032, NULL, NULL, '2025-02-03 15:50:04', NULL, 0),
(5033, NULL, 0, '2025-02-05 14:06:41', NULL, 0),
(5034, NULL, 0, '2025-02-05 20:26:52', NULL, 0),
(5035, NULL, NULL, '2025-02-06 19:10:04', NULL, 0),
(5036, NULL, NULL, '2025-02-11 15:30:09', NULL, 0),
(5037, NULL, NULL, '2025-02-11 15:50:04', NULL, 0),
(5038, NULL, NULL, '2025-02-12 08:40:05', NULL, 0),
(5039, NULL, 0, '2025-02-13 13:31:54', NULL, 0),
(5040, NULL, 0, '2025-02-13 15:55:39', NULL, 0),
(5041, NULL, NULL, '2025-02-16 00:20:05', NULL, 0),
(5042, NULL, NULL, '2025-02-17 11:30:10', NULL, 0),
(5043, NULL, NULL, '2025-02-20 18:00:10', NULL, 0),
(5044, NULL, NULL, '2025-02-20 20:20:05', NULL, 0),
(5045, NULL, NULL, '2025-02-22 19:20:04', NULL, 0),
(5046, NULL, NULL, '2025-02-23 14:40:05', NULL, 0),
(5047, NULL, NULL, '2025-02-23 20:00:13', NULL, 0),
(5048, NULL, NULL, '2025-02-23 22:40:04', NULL, 0),
(5049, NULL, NULL, '2025-02-26 09:20:05', NULL, 0),
(5050, NULL, NULL, '2025-02-27 02:30:10', NULL, 0),
(5051, NULL, NULL, '2025-03-01 12:20:05', NULL, 0),
(5052, NULL, NULL, '2025-03-03 11:40:05', NULL, 0),
(5053, NULL, NULL, '2025-03-10 14:40:05', NULL, 0),
(5054, NULL, NULL, '2025-03-18 00:20:06', NULL, 0),
(5055, NULL, NULL, '2025-03-19 13:30:11', NULL, 0),
(5056, NULL, NULL, '2025-03-22 13:40:05', NULL, 0),
(5057, NULL, NULL, '2025-03-24 08:10:04', NULL, 0),
(5058, NULL, NULL, '2025-03-27 08:30:12', NULL, 0),
(5059, NULL, NULL, '2025-03-27 14:30:06', NULL, 0),
(5060, NULL, NULL, '2025-03-27 19:10:05', NULL, 0),
(5061, NULL, NULL, '2025-03-30 00:30:10', NULL, 0),
(5062, NULL, NULL, '2025-03-31 10:10:06', NULL, 0),
(5063, NULL, NULL, '2025-03-31 21:00:14', NULL, 0),
(5064, NULL, NULL, '2025-04-02 06:40:05', NULL, 0),
(5065, NULL, NULL, '2025-04-02 15:00:13', NULL, 0),
(5066, NULL, NULL, '2025-04-02 17:00:07', NULL, 0),
(5067, NULL, NULL, '2025-04-03 22:00:13', NULL, 0),
(5068, NULL, NULL, '2025-04-09 18:30:11', NULL, 0),
(5069, NULL, NULL, '2025-04-13 15:50:05', NULL, 0),
(5070, NULL, NULL, '2025-04-16 17:10:05', NULL, 0),
(5071, NULL, NULL, '2025-04-20 12:00:16', NULL, 0),
(5072, NULL, NULL, '2025-04-20 13:40:06', NULL, 0),
(5073, NULL, NULL, '2025-04-21 12:50:05', NULL, 0),
(5074, NULL, NULL, '2025-04-21 15:00:12', NULL, 0),
(5075, NULL, NULL, '2025-04-22 17:50:05', NULL, 0),
(5076, NULL, 0, '2025-04-25 17:34:46', '2025-04-25 17:35:42', 0),
(5077, NULL, 0, '2025-04-26 14:33:48', NULL, 0),
(5078, NULL, 0, '2025-04-27 15:07:32', NULL, 0),
(5079, NULL, 0, '2025-04-28 15:20:26', '2025-04-28 15:20:42', 0),
(5080, NULL, 0, '2025-04-28 21:12:31', '2025-04-28 21:13:21', 0),
(5081, NULL, 0, '2025-04-28 22:18:54', NULL, 0),
(5082, NULL, NULL, '2025-04-29 09:40:06', NULL, 0),
(5083, NULL, NULL, '2025-04-29 09:40:09', NULL, 0),
(5084, NULL, NULL, '2025-04-29 09:40:09', NULL, 0),
(5085, NULL, NULL, '2025-04-29 09:40:09', NULL, 0),
(5086, NULL, NULL, '2025-04-29 09:40:09', NULL, 0),
(5087, NULL, 0, '2025-04-30 12:10:55', NULL, 0),
(5088, NULL, 0, '2025-05-02 09:47:56', NULL, 0),
(5089, NULL, NULL, '2025-05-02 18:20:06', NULL, 0),
(5090, NULL, NULL, '2025-05-03 08:10:06', NULL, 0),
(5091, NULL, NULL, '2025-05-03 13:30:12', NULL, 0),
(5092, NULL, 0, '2025-05-03 14:34:13', NULL, 0),
(5093, NULL, 0, '2025-05-03 21:38:14', NULL, 0),
(5094, NULL, 0, '2025-05-04 18:45:45', NULL, 0),
(5095, NULL, NULL, '2025-05-05 20:20:05', NULL, 0),
(5096, NULL, NULL, '2025-05-08 19:30:13', NULL, 0),
(5097, NULL, NULL, '2025-05-11 16:20:06', NULL, 0),
(5098, NULL, NULL, '2025-05-11 22:10:05', NULL, 0),
(5099, '2025-05-19 11:12:24', 1, '2025-05-11 22:29:20', NULL, 0),
(5100, NULL, NULL, '2025-05-12 19:10:06', NULL, 0),
(5101, NULL, NULL, '2025-05-12 21:30:10', NULL, 0),
(5102, NULL, NULL, '2025-05-13 22:50:06', NULL, 0),
(5103, NULL, NULL, '2025-05-14 17:10:06', NULL, 0),
(5104, NULL, NULL, '2025-05-17 11:30:11', NULL, 0),
(5105, NULL, NULL, '2025-05-19 16:20:06', NULL, 0),
(5106, NULL, 0, '2025-05-22 12:40:31', NULL, 0),
(5107, NULL, NULL, '2025-05-24 14:00:15', NULL, 0),
(5108, NULL, NULL, '2025-05-25 21:20:05', NULL, 0),
(5109, NULL, NULL, '2025-05-25 21:30:11', NULL, 0),
(5110, NULL, 0, '2025-05-26 22:51:31', NULL, 0),
(5111, NULL, NULL, '2025-05-29 01:00:14', NULL, 0),
(5112, NULL, NULL, '2025-05-30 22:10:06', NULL, 0),
(5113, NULL, NULL, '2025-05-31 18:00:16', NULL, 0),
(5114, NULL, NULL, '2025-06-01 00:00:19', NULL, 0),
(5115, NULL, NULL, '2025-06-01 14:20:06', NULL, 0),
(5116, NULL, NULL, '2025-06-01 14:30:10', NULL, 0),
(5117, NULL, NULL, '2025-06-01 19:00:12', NULL, 0),
(5118, NULL, NULL, '2025-06-02 07:30:10', NULL, 0),
(5119, NULL, NULL, '2025-06-02 20:30:11', NULL, 0),
(5120, NULL, NULL, '2025-06-03 15:10:06', NULL, 0),
(5121, NULL, NULL, '2025-06-03 17:50:06', NULL, 0),
(5122, NULL, 0, '2025-06-04 09:31:34', NULL, 0),
(5123, NULL, 0, '2025-06-07 08:58:48', NULL, 0),
(5124, NULL, NULL, '2025-06-08 14:40:05', NULL, 0),
(5125, NULL, NULL, '2025-06-09 16:20:06', NULL, 0),
(5126, NULL, 0, '2025-06-10 13:24:17', NULL, 0),
(5127, NULL, NULL, '2025-06-12 20:00:16', NULL, 0),
(5128, NULL, NULL, '2025-06-13 12:30:09', NULL, 0),
(5129, NULL, NULL, '2025-06-14 01:30:10', NULL, 0),
(5130, NULL, NULL, '2025-06-15 08:50:05', NULL, 0),
(5131, NULL, NULL, '2025-06-16 17:20:06', NULL, 0),
(5132, NULL, NULL, '2025-06-19 11:10:06', NULL, 0),
(5133, NULL, NULL, '2025-06-19 16:10:06', NULL, 0),
(5134, NULL, NULL, '2025-06-22 12:40:06', NULL, 0),
(5135, NULL, NULL, '2025-06-22 18:10:05', NULL, 0),
(5136, NULL, NULL, '2025-06-23 16:50:05', NULL, 0),
(5137, NULL, 0, '2025-06-25 16:39:29', NULL, 0),
(5138, NULL, NULL, '2025-06-26 08:20:06', NULL, 0),
(5139, NULL, NULL, '2025-06-26 19:50:06', NULL, 0),
(5140, NULL, 0, '2025-06-26 23:15:16', NULL, 0),
(5141, NULL, NULL, '2025-06-27 14:20:06', NULL, 0),
(5142, NULL, NULL, '2025-06-28 17:30:08', NULL, 0),
(5143, NULL, NULL, '2025-06-29 15:50:05', NULL, 0),
(5144, NULL, NULL, '2025-06-29 21:40:04', NULL, 0),
(5145, NULL, NULL, '2025-06-29 22:30:07', NULL, 0),
(5146, NULL, NULL, '2025-06-30 01:50:06', NULL, 0),
(5147, NULL, NULL, '2025-06-30 12:40:06', NULL, 0),
(5148, NULL, NULL, '2025-06-30 13:30:11', NULL, 0),
(5149, NULL, NULL, '2025-07-01 14:50:06', NULL, 0),
(5150, NULL, NULL, '2025-07-01 22:30:10', NULL, 0),
(5151, NULL, NULL, '2025-07-03 19:28:20', NULL, 0),
(5152, NULL, NULL, '2025-07-04 09:53:44', NULL, 0),
(5153, NULL, NULL, '2025-07-04 15:10:05', NULL, 0),
(5154, NULL, NULL, '2025-07-05 13:15:07', NULL, 0),
(5155, NULL, NULL, '2025-07-06 20:30:08', NULL, 0),
(5156, NULL, NULL, '2025-07-07 09:10:05', NULL, 0),
(5157, NULL, NULL, '2025-07-07 11:55:04', NULL, 0),
(5158, NULL, NULL, '2025-07-07 20:55:04', NULL, 0),
(5159, NULL, NULL, '2025-07-08 08:30:10', NULL, 0),
(5160, NULL, NULL, '2025-07-08 14:05:04', NULL, 0),
(5161, NULL, NULL, '2025-07-09 19:40:05', NULL, 0),
(5162, NULL, NULL, '2025-07-09 22:00:14', NULL, 0),
(5163, NULL, NULL, '2025-07-10 19:50:06', NULL, 0),
(5164, NULL, NULL, '2025-07-10 21:55:03', NULL, 0),
(5165, NULL, NULL, '2025-07-11 00:00:20', NULL, 0),
(5166, NULL, NULL, '2025-07-12 19:05:04', NULL, 0),
(5167, NULL, NULL, '2025-07-15 13:15:06', NULL, 0),
(5168, NULL, NULL, '2025-07-16 13:45:04', NULL, 0),
(5169, NULL, NULL, '2025-07-16 14:40:06', NULL, 0),
(5170, NULL, NULL, '2025-07-17 06:55:04', NULL, 0),
(5171, NULL, NULL, '2025-07-17 20:00:17', NULL, 0),
(5172, NULL, NULL, '2025-07-21 17:45:06', NULL, 0),
(5173, NULL, NULL, '2025-07-21 21:40:05', NULL, 0),
(5174, NULL, NULL, '2025-07-22 18:55:04', NULL, 0),
(5175, NULL, NULL, '2025-07-23 17:25:03', NULL, 0),
(5176, NULL, NULL, '2025-07-23 19:30:07', NULL, 0),
(5177, NULL, NULL, '2025-07-24 12:00:17', NULL, 0),
(5178, NULL, NULL, '2025-07-24 19:00:13', NULL, 0),
(5179, NULL, 0, '2025-07-25 22:54:25', NULL, 0),
(5180, NULL, NULL, '2025-07-31 17:50:04', NULL, 0),
(5181, NULL, NULL, '2025-08-01 10:25:04', NULL, 0),
(5182, NULL, NULL, '2025-08-01 16:00:14', NULL, 0),
(5183, NULL, NULL, '2025-08-03 13:15:04', NULL, 0),
(5184, NULL, NULL, '2025-08-08 23:20:05', NULL, 0),
(5185, NULL, NULL, '2025-08-15 12:40:06', NULL, 0),
(5186, NULL, NULL, '2025-08-17 12:25:05', NULL, 0),
(5187, NULL, NULL, '2025-08-19 20:15:04', NULL, 0),
(5188, NULL, NULL, '2025-08-22 07:15:05', NULL, 0),
(5189, NULL, NULL, '2025-08-26 07:40:05', NULL, 0),
(5190, NULL, 0, '2025-08-26 12:45:18', NULL, 0),
(5191, NULL, NULL, '2025-08-31 19:40:05', NULL, 0),
(5192, NULL, NULL, '2025-09-06 00:50:05', NULL, 0),
(5193, NULL, NULL, '2025-09-07 08:35:04', NULL, 0),
(5194, NULL, 0, '2025-09-07 23:06:16', NULL, 0),
(5195, NULL, NULL, '2025-09-08 14:20:06', NULL, 0),
(5196, NULL, NULL, '2025-09-11 10:20:06', NULL, 0),
(5197, NULL, NULL, '2025-09-14 02:20:06', NULL, 0),
(5198, NULL, NULL, '2025-09-14 18:30:06', NULL, 0),
(5199, NULL, NULL, '2025-09-15 22:30:10', NULL, 0),
(5200, NULL, NULL, '2025-09-17 12:10:06', NULL, 0),
(5201, NULL, NULL, '2025-09-18 07:15:04', NULL, 0),
(5202, NULL, NULL, '2025-09-26 11:55:04', NULL, 0),
(5203, NULL, NULL, '2025-09-27 19:30:08', NULL, 0),
(5204, NULL, NULL, '2025-09-30 11:15:05', NULL, 0),
(5205, NULL, NULL, '2025-10-01 10:05:04', NULL, 0),
(5206, NULL, NULL, '2025-10-02 12:30:09', NULL, 0),
(5207, NULL, NULL, '2025-10-02 15:30:10', NULL, 0),
(5208, NULL, 0, '2025-10-05 09:11:47', NULL, 0),
(5209, NULL, NULL, '2025-10-05 11:45:06', NULL, 0),
(5210, NULL, NULL, '2025-10-05 21:15:05', NULL, 0),
(5211, NULL, NULL, '2025-10-08 02:05:04', NULL, 0),
(5212, NULL, NULL, '2025-10-09 12:15:05', NULL, 0),
(5213, NULL, NULL, '2025-10-11 16:20:05', NULL, 0),
(5214, NULL, NULL, '2025-10-12 01:10:06', NULL, 0),
(5215, NULL, NULL, '2025-10-12 15:35:03', NULL, 0),
(5216, NULL, NULL, '2025-10-12 16:20:06', NULL, 0),
(5217, NULL, NULL, '2025-10-12 17:25:04', NULL, 0),
(5218, NULL, NULL, '2025-10-12 18:55:04', NULL, 0),
(5219, NULL, NULL, '2025-10-14 00:15:06', NULL, 0),
(5220, NULL, NULL, '2025-10-19 17:35:04', NULL, 0),
(5221, NULL, 0, '2025-10-21 18:11:14', NULL, 0),
(5222, NULL, NULL, '2025-10-25 12:30:10', NULL, 0),
(5223, NULL, NULL, '2025-10-25 17:45:05', NULL, 0),
(5224, NULL, NULL, '2025-10-27 22:35:03', NULL, 0),
(5225, NULL, NULL, '2025-10-28 18:30:09', NULL, 0),
(5226, NULL, NULL, '2025-10-31 13:25:03', NULL, 0),
(5227, NULL, NULL, '2025-10-31 19:30:09', NULL, 0),
(5228, NULL, NULL, '2025-11-01 10:05:04', NULL, 0),
(5229, NULL, NULL, '2025-11-01 19:15:04', NULL, 0),
(5230, NULL, NULL, '2025-11-02 10:45:05', NULL, 0),
(5231, NULL, NULL, '2025-11-02 20:50:04', NULL, 0),
(5232, NULL, NULL, '2025-11-10 08:25:03', NULL, 0),
(5233, NULL, 0, '2025-11-10 23:32:46', NULL, 0),
(5234, NULL, NULL, '2025-11-12 16:10:06', NULL, 0),
(5235, NULL, NULL, '2025-11-12 21:30:08', NULL, 0),
(5236, NULL, NULL, '2025-11-14 06:10:06', NULL, 0),
(5237, NULL, NULL, '2025-11-14 12:20:06', NULL, 0),
(5238, NULL, NULL, '2025-11-16 11:20:06', NULL, 0),
(5239, NULL, NULL, '2025-11-16 14:20:07', NULL, 0),
(5240, NULL, NULL, '2025-11-16 22:00:10', NULL, 0),
(5241, NULL, NULL, '2025-11-17 16:45:05', NULL, 0),
(5242, NULL, NULL, '2025-11-17 16:55:04', NULL, 0),
(5243, NULL, NULL, '2025-11-18 10:00:12', NULL, 0),
(5244, NULL, NULL, '2025-11-18 12:20:07', NULL, 0),
(5245, NULL, NULL, '2025-11-22 20:10:05', NULL, 0),
(5246, NULL, NULL, '2025-11-23 12:10:05', NULL, 0),
(5247, NULL, NULL, '2025-11-24 19:05:04', NULL, 0),
(5248, NULL, NULL, '2025-11-25 08:10:05', NULL, 0),
(5249, NULL, NULL, '2025-11-27 09:45:04', NULL, 0),
(5250, NULL, NULL, '2025-11-29 09:55:03', NULL, 0),
(5251, NULL, NULL, '2025-11-29 20:30:07', NULL, 0),
(5252, NULL, NULL, '2025-11-30 09:35:04', NULL, 0),
(5253, NULL, NULL, '2025-11-30 15:50:06', NULL, 0),
(5254, NULL, NULL, '2025-11-30 17:35:04', NULL, 0),
(5255, NULL, NULL, '2025-12-01 19:15:04', NULL, 0),
(5256, NULL, NULL, '2025-12-02 08:50:07', NULL, 0),
(5257, NULL, NULL, '2025-12-02 11:15:04', NULL, 0),
(5258, NULL, NULL, '2025-12-02 12:20:06', NULL, 0),
(5259, NULL, NULL, '2025-12-05 14:20:06', NULL, 0),
(5260, NULL, 0, '2025-12-09 15:56:40', NULL, 0),
(5261, NULL, NULL, '2025-12-11 12:55:04', NULL, 0),
(5262, NULL, NULL, '2025-12-12 17:25:04', NULL, 0),
(5263, NULL, NULL, '2025-12-13 15:35:04', NULL, 0),
(5264, NULL, NULL, '2025-12-14 17:20:06', NULL, 0),
(5265, NULL, NULL, '2025-12-14 18:40:05', NULL, 0),
(5266, NULL, NULL, '2025-12-14 22:45:04', NULL, 0);

-- --------------------------------------------------------

--
-- Tabellenstruktur für Tabelle `customers_ip`
--

CREATE TABLE `customers_ip` (
  `customers_ip_id` int(11) NOT NULL,
  `customers_id` int(11) NOT NULL DEFAULT '0',
  `customers_ip` varchar(15) NOT NULL DEFAULT '',
  `customers_ip_date` datetime NOT NULL DEFAULT '0000-00-00 00:00:00',
  `customers_host` varchar(255) NOT NULL DEFAULT '',
  `customers_advertiser` varchar(30) DEFAULT NULL,
  `customers_referer_url` varchar(255) DEFAULT NULL
) ENGINE=MyISAM DEFAULT CHARSET=utf8;

--
-- Daten für Tabelle `customers_ip`
--

INSERT INTO `customers_ip` (`customers_ip_id`, `customers_id`, `customers_ip`, `customers_ip_date`, `customers_host`, `customers_advertiser`, `customers_referer_url`) VALUES
(1, 1, '109.40.240.57', '2020-03-09 18:01:24', 'now-yes.de', '', 'now-yes.de/'),
(2, 1, '2001:16b8:67f1:', '2020-03-17 16:34:44', 'now-yes.de', '', 'now-yes.de/'),
(3, 1, '2001:16b8:66a4:', '2020-03-18 16:02:30', '', '', ''),
(4, 1, '109.40.240.164', '2020-05-11 15:47:48', 'now-yes.de', '', 'now-yes.de/'),
(5, 1, '109.40.242.184', '2020-05-13 10:44:28', 'now-yes.de', '', 'now-yes.de/'),
(6, 1, '2a01:598:b170:d', '2020-11-17 14:04:00', '', '', ''),
(7, 1, '77.3.56.88', '2020-12-18 12:29:54', 'now-yes.de', '', 'now-yes.de/'),
(8, 1, '2a01:598:a979:3', '2021-03-17 12:47:18', 'now-yes.de', '', 'now-yes.de/'),
(9, 1, '2a01:598:b176:1', '2021-03-19 14:17:07', 'now-yes.de', '', 'now-yes.de/'),
(10, 1, '2a01:598:a123:e', '2021-03-22 20:29:08', 'now-yes.de', '', 'now-yes.de/'),
(11, 1, '2a01:598:b974:2', '2021-03-29 20:45:05', 'now-yes.de', '', 'now-yes.de/'),
(12, 1, '2a01:598:a127:f', '2021-03-31 20:45:15', 'now-yes.de', '', 'now-yes.de/'),
(13, 1, '2a01:598:b9a0:3', '2021-04-07 10:17:29', 'now-yes.de', '', 'now-yes.de/'),
(14, 1, '2a01:598:a123:e', '2021-04-14 15:03:23', 'now-yes.de', '', 'now-yes.de/'),
(15, 1, '2a01:598:a13b:f', '2021-06-29 14:51:12', 'now-yes.de', '', 'now-yes.de/'),
(16, 1, '80.187.113.31', '2021-08-16 16:22:40', 'now-yes.de', '', 'now-yes.de/'),
(17, 1, '80.187.109.110', '2021-08-17 16:57:55', 'now-yes.de', '', 'now-yes.de/'),
(18, 1, '80.187.113.207', '2021-08-19 10:46:52', 'now-yes.de', '', 'now-yes.de/'),
(19, 1, '2a01:598:a12d:6', '2021-09-15 13:17:28', 'now-yes.de', '', 'now-yes.de/'),
(20, 1, '2a01:598:a12b:7', '2021-09-24 12:08:57', 'now-yes.de', '', 'now-yes.de/files/Divi-Child-Theme.zip'),
(21, 1, '2a01:598:a12f:b', '2021-12-20 15:57:08', 'now-yes.de', '', 'now-yes.de/'),
(22, 1, '95.116.30.239', '2022-08-10 11:42:55', 'now-yes.de', '', 'now-yes.de/'),
(23, 1, '2a01:598:a127:8', '2022-08-10 13:30:47', 'now-yes.de', '', 'now-yes.de/admin/tax_rates.php'),
(24, 1, '2001:16b8:66ec:', '2022-11-14 14:06:38', 'now-yes.de', '', 'now-yes.de/'),
(25, 1, '2001:16b8:6674:', '2023-07-14 17:02:46', 'now-yes.de', '', 'now-yes.de/'),
(26, 1, '88.130.57.100', '2023-07-21 12:02:45', 'now-yes.de', '', 'now-yes.de/'),
(27, 1, '2001:16b8:6731:', '2023-12-12 11:08:59', 'now-yes.de', '', 'now-yes.de/'),
(28, 1, '2001:16b8:6744:', '2024-01-02 16:19:51', '', '', ''),
(29, 1, '88.130.57.155', '2024-01-24 17:38:46', '', '', ''),
(30, 1, '2001:16b8:6746:', '2024-02-01 09:25:19', '', '', ''),
(31, 1, '2001:16b8:6344:', '2024-04-01 15:24:38', '', '', ''),
(32, 1, '88.130.57.27', '2024-08-12 09:47:21', 'now-yes.de', '', 'now-yes.de/'),
(33, 1, '88.130.58.2', '2024-08-14 12:09:03', '', '', ''),
(34, 5001, '80.138.225.70', '2024-09-17 16:54:28', '', '', ''),
(35, 5001, '80.138.225.70', '2024-09-17 20:04:49', 'justneo.de', '', 'justneo.de/logoff.php'),
(36, 1, '77.0.29.101', '2024-09-18 10:33:58', '', '', ''),
(37, 5001, '2003:e3:e713:32', '2024-09-23 08:48:06', '', '', ''),
(38, 5001, '2003:e3:e724:6e', '2024-09-24 12:28:56', '', '', ''),
(39, 1, '77.8.138.156', '2024-09-24 12:29:10', '', '', ''),
(40, 5000, '2001:9e8:e21e:6', '2024-09-25 16:58:02', '', '', ''),
(41, 1, '88.130.58.212', '2024-09-25 19:04:25', '', '', ''),
(42, 5001, '91.46.67.25', '2024-09-25 19:39:47', '', '', ''),
(43, 5000, '2001:9e8:e21e:6', '2024-09-26 07:16:37', 'justneo.de', '', 'justneo.de/logoff.php'),
(44, 5001, '91.46.67.25', '2024-09-26 07:58:30', 'justneo.de', '', 'justneo.de/index.php'),
(45, 1, '2001:16b8:61e7:', '2024-09-26 08:45:05', '', '', ''),
(46, 5001, '2003:e3:e724:6e', '2024-09-26 12:45:41', '', '', ''),
(47, 5000, '2001:9e8:e224:9', '2024-09-26 23:34:49', 'justneo.de', '', 'justneo.de/K%C3%B6der---43.html'),
(48, 5001, '2003:e3:e707:a9', '2024-09-27 09:53:23', 'justneo.de', '', 'justneo.de/logoff.php'),
(49, 5000, '2001:9e8:e230:e', '2024-09-28 13:18:36', 'justneo.de', '', 'justneo.de/'),
(50, 5001, '91.46.66.208', '2024-09-28 14:34:52', 'justneo.de', '', 'justneo.de/Koeder-Name/Gummiek%C3%B6der---44.html'),
(51, 1, '2001:16b8:6304:', '2024-09-29 11:35:17', '', '', ''),
(52, 5001, '91.46.66.208', '2024-09-29 12:07:38', 'justneo.de', '', 'justneo.de/'),
(53, 5001, '91.46.66.208', '2024-09-29 12:12:19', '', '', ''),
(54, 5001, '91.46.66.208', '2024-09-29 12:16:53', 'justneo.de', '', 'justneo.de/logoff.php'),
(55, 5001, '91.46.66.208', '2024-09-29 12:21:11', '', '', ''),
(56, 5001, '91.46.66.208', '2024-09-29 12:45:07', 'justneo.de', '', 'justneo.de/Gummiek%C3%B6der---44.html'),
(57, 5001, '2003:e3:e71b:eb', '2024-09-30 08:02:42', 'justneo.de', '', 'justneo.de/Gummiek%C3%B6der---44.html'),
(58, 1, '2001:16b8:6153:', '2024-09-30 10:03:08', 'justneo.de', '', 'justneo.de/admin/configuration.php'),
(59, 5000, '2001:9e8:e23d:4', '2024-09-30 17:28:24', '', '', ''),
(60, 1, '2a01:599:712:81', '2024-09-30 18:43:18', '', '', ''),
(61, 1, '2a01:599:712:81', '2024-09-30 18:44:45', 'justneo.de', '', 'justneo.de/checkout_success.php'),
(62, 1, '88.130.58.192', '2024-10-01 09:59:25', '', '', ''),
(63, 1, '88.130.57.216', '2024-10-02 09:40:21', 'justneo.de', '', 'justneo.de/admin/ebayapi_cart.php'),
(64, 1, '2a01:599:727:d0', '2024-10-02 10:39:36', '', '', ''),
(65, 5000, '2001:9e8:e209:c', '2024-10-02 14:05:40', '', '', ''),
(66, 5001, '2003:e3:e725:78', '2024-10-02 15:23:21', 'justneo.de', '', 'justneo.de/admin/categories.php'),
(67, 1, '2a01:599:727:d0', '2024-10-03 18:29:51', 'justneo.de', '', 'justneo.de/admin/categories.php'),
(68, 5001, '2003:e3:e70d:ef', '2024-10-04 09:35:07', 'justneo.de', '', 'justneo.de/index.php'),
(69, 5000, '2001:9e8:e216:4', '2024-10-04 16:15:50', '', '', ''),
(70, 5001, '2003:e3:e70b:39', '2024-10-07 14:56:52', 'justneo.de', '', 'justneo.de/index.php'),
(71, 5001, '2003:e3:e70b:39', '2024-10-08 13:01:13', '', '', ''),
(72, 5001, '2003:e3:e70b:39', '2024-10-08 13:20:24', '', '', ''),
(73, 5001, '2003:e3:e72c:24', '2024-10-09 07:18:37', 'justneo.de', '', 'justneo.de/index.php'),
(74, 5001, '2003:e3:e72c:24', '2024-10-09 09:18:53', '', '', ''),
(75, 5001, '2003:e3:e732:1e', '2024-10-10 08:59:31', 'justneo.de', '', 'justneo.de/logoff.php'),
(76, 1, '88.130.58.134', '2024-10-10 14:28:39', '', '', ''),
(77, 5001, '2003:e3:e732:1e', '2024-10-10 14:28:55', 'justneo.de', '', 'justneo.de/Weihnachten---59.html'),
(78, 5000, '2001:9e8:e203:b', '2024-10-11 15:16:59', '', '', ''),
(79, 5001, '2a04:4540:641f:', '2024-10-12 13:57:20', 'justneo.de', '', 'justneo.de/Weihnachten---59.html'),
(80, 5001, '2a04:4540:641f:', '2024-10-12 13:58:17', 'justneo.de', '', 'justneo.de/logoff.php'),
(81, 5001, '2a04:4540:641a:', '2024-10-15 11:04:11', 'justneo.de', '', 'justneo.de/admin/categories.php'),
(82, 1, '95.112.133.198', '2024-10-15 11:31:39', '', '', ''),
(83, 1, '2001:16b8:61fc:', '2024-10-16 07:26:32', 'justneo.de', '', 'justneo.de/'),
(84, 5001, '2a04:4540:6428:', '2024-10-16 07:47:54', 'justneo.de', '', 'justneo.de/admin/ebayapi_favorite_category.php'),
(85, 5000, '2001:9e8:e224:9', '2024-10-16 12:27:51', '', '', ''),
(86, 5001, '2a04:4540:6428:', '2024-10-16 14:19:35', 'justneo.de', '', 'justneo.de/Weihnachten---59.html'),
(87, 5001, '2a04:4540:640e:', '2024-10-18 07:54:52', 'justneo.de', '', 'justneo.de/admin/ebayapi_favorite_category.php'),
(88, 5000, '2001:9e8:e231:c', '2024-10-18 17:55:06', '', '', ''),
(89, 5000, '2001:9e8:e239:1', '2024-10-19 15:53:11', '', '', ''),
(90, 5001, '2a04:4540:641c:', '2024-10-20 15:41:18', 'justneo.de', '', 'justneo.de/index.php'),
(91, 1, '2001:16b8:634f:', '2024-10-21 08:10:36', '', '', ''),
(92, 1, '2001:16b8:639d:', '2024-10-24 08:55:08', '', '', ''),
(93, 5001, '2a04:4540:6423:', '2024-10-24 09:49:55', 'justneo.de', '', 'justneo.de/login.php'),
(94, 5000, '2001:9e8:e219:5', '2024-10-25 10:58:34', '', '', ''),
(95, 1, '2001:16b8:6318:', '2024-10-28 12:17:34', '', '', ''),
(96, 5001, '2a04:4540:641a:', '2024-10-29 09:35:10', 'justneo.de', '', 'justneo.de/admin/ebayapi_favorite_category.php'),
(97, 1, '88.130.58.74', '2024-11-05 11:32:07', '', '', ''),
(98, 5001, '2a04:4540:641e:', '2024-11-05 14:09:39', '', '', ''),
(99, 1, '88.130.58.74', '2024-11-05 14:19:43', '', '', ''),
(100, 5001, '88.130.58.74', '2024-11-05 14:20:31', 'justneo.de', '', 'justneo.de/logoff.php'),
(101, 1, '88.130.58.74', '2024-11-05 14:21:23', 'justneo.de', '', 'justneo.de/logoff.php'),
(102, 5001, '2a04:4540:641e:', '2024-11-05 14:32:13', '', '', ''),
(103, 5001, '2a04:4540:6423:', '2024-11-10 10:57:02', 'justneo.de', '', 'justneo.de/admin/includes/stylesheet.css.php'),
(104, 5001, '2a04:4540:6414:', '2024-11-11 10:53:02', 'justneo.de', '', 'justneo.de/login.php'),
(105, 1, '88.130.58.19', '2024-11-11 11:02:05', '', '', ''),
(106, 1, '2001:16b8:637d:', '2024-11-11 16:17:26', '', '', ''),
(107, 5001, '2a04:4540:6425:', '2024-11-12 08:30:42', 'justneo.de', '', 'justneo.de/admin/categories.php'),
(108, 1, '88.130.57.205', '2024-11-12 11:25:17', '', '', ''),
(109, 5001, '2a04:4540:641e:', '2024-11-13 07:44:54', 'justneo.de', '', 'justneo.de/Grill-%20&%20Kochzubeh%C3%B6r---53.html'),
(110, 1, '2001:16b8:63b0:', '2024-11-13 13:20:03', 'justneo.de', '', 'justneo.de/admin/groups.php'),
(111, 5001, '2a04:4540:6414:', '2024-11-14 07:20:19', 'justneo.de', '', 'justneo.de/Hobby---47.html'),
(112, 1, '88.130.57.201', '2024-11-14 11:42:17', '', '', ''),
(113, 5001, '2a04:4540:6410:', '2024-11-15 07:37:41', 'justneo.de', '', 'justneo.de/admin/categories.php'),
(114, 5001, '2a04:4540:6410:', '2024-11-15 10:10:45', 'justneo.de', '', 'justneo.de/admin/categories.php'),
(115, 5001, '2a04:4540:6410:', '2024-11-15 10:10:47', 'justneo.de', '', 'justneo.de/index.php'),
(116, 5001, '2a04:4540:6410:', '2024-11-15 10:10:50', 'justneo.de', '', 'justneo.de/login.php'),
(117, 5001, '2a04:4540:6410:', '2024-11-15 10:10:52', 'justneo.de', '', 'justneo.de/Weihnachten---59.html'),
(118, 1, '88.130.58.138', '2024-11-15 10:15:25', '', '', ''),
(119, 5001, '2a04:4540:6410:', '2024-11-15 10:15:47', 'justneo.de', '', 'justneo.de/index.php'),
(120, 5001, '2a04:4540:6410:', '2024-11-15 10:15:48', 'justneo.de', '', 'justneo.de/index.php'),
(121, 5001, '2a04:4540:6410:', '2024-11-15 10:15:51', 'justneo.de', '', 'justneo.de/index.php'),
(122, 5001, '2a04:4540:6410:', '2024-11-15 10:15:59', 'justneo.de', '', 'justneo.de/index.php'),
(123, 5001, '2a04:4540:6410:', '2024-11-15 10:16:12', 'justneo.de', '', 'justneo.de/index.php'),
(124, 5001, '2a04:4540:6410:', '2024-11-15 10:16:14', 'justneo.de', '', 'justneo.de/'),
(125, 5001, '2a04:4540:6410:', '2024-11-15 10:16:26', 'justneo.de', '', 'justneo.de/index.php'),
(126, 5001, '2a04:4540:6410:', '2024-11-15 10:16:37', 'justneo.de', '', 'justneo.de/'),
(127, 5001, '2a04:4540:6410:', '2024-11-15 10:16:38', 'justneo.de', '', 'justneo.de/'),
(128, 5001, '2a04:4540:6410:', '2024-11-15 10:16:38', 'justneo.de', '', 'justneo.de/index.php'),
(129, 5001, '2a04:4540:6410:', '2024-11-15 10:16:39', 'justneo.de', '', 'justneo.de/index.php'),
(130, 5001, '2a04:4540:6410:', '2024-11-15 10:16:40', 'justneo.de', '', 'justneo.de/index.php'),
(131, 5001, '2a04:4540:6410:', '2024-11-15 10:17:48', 'justneo.de', '', 'justneo.de/index.php'),
(132, 5001, '2a04:4540:6410:', '2024-11-15 10:17:49', 'justneo.de', '', 'justneo.de/'),
(133, 5001, '2a04:4540:6410:', '2024-11-15 10:17:49', 'justneo.de', '', 'justneo.de/index.php'),
(134, 5001, '2a04:4540:6410:', '2024-11-15 10:17:50', 'justneo.de', '', 'justneo.de/index.php'),
(135, 5001, '2a04:4540:6410:', '2024-11-15 10:18:16', 'justneo.de', '', 'justneo.de/index.php'),
(136, 5001, '2a04:4540:6410:', '2024-11-15 10:18:29', 'justneo.de', '', 'justneo.de/index.php'),
(137, 5001, '2a04:4540:6410:', '2024-11-15 10:18:30', 'justneo.de', '', 'justneo.de/index.php'),
(138, 5001, '2a04:4540:6410:', '2024-11-15 10:18:31', 'justneo.de', '', 'justneo.de/index.php'),
(139, 5001, '2a04:4540:6410:', '2024-11-15 10:20:07', 'justneo.de', '', 'justneo.de/index.php'),
(140, 5000, '2001:9e8:e227:a', '2024-11-15 12:55:52', '', '', ''),
(141, 1, '88.130.58.138', '2024-11-15 17:27:13', '', '', ''),
(142, 1, '88.130.58.138', '2024-11-15 17:53:27', 'justneo.de', '', 'justneo.de/admin/content_manager.php'),
(143, 5001, '2a04:4540:6400:', '2024-11-16 09:53:47', 'justneo.de', '', 'justneo.de/admin/categories.php'),
(144, 5001, '2a04:4540:6400:', '2024-11-16 17:04:01', 'justneo.de', '', 'justneo.de/Weihnachten---59.html'),
(145, 1, '2001:16b8:631b:', '2024-11-17 19:34:45', '', '', ''),
(146, 5001, '2a04:4540:6412:', '2024-11-20 13:33:40', 'justneo.de', '', 'justneo.de/Weihnachtskranz-mit-Kugeln-33-cm-%E2%80%93-Rote-Gruene-Goldene-Ornamente--157_59.html'),
(147, 5001, '2a04:4540:641b:', '2024-11-21 10:33:26', 'justneo.de', '', 'justneo.de/index.php'),
(148, 1, '88.130.57.10', '2024-11-21 10:44:25', '', '', ''),
(149, 1, '88.130.57.143', '2024-11-22 11:35:51', '', '', ''),
(150, 5001, '2a04:4540:641f:', '2024-11-22 16:56:53', 'justneo.de', '', 'justneo.de/admin/includes/stylesheet.css.php'),
(151, 5001, '2a04:4540:641f:', '2024-11-22 16:57:03', 'justneo.de', '', 'justneo.de/admin/includes/stylesheet.css.php'),
(152, 1, '2001:16b8:61c3:', '2024-11-22 17:03:16', '', '', ''),
(153, 5001, '2a04:4540:6422:', '2024-11-25 11:42:31', 'justneo.de', '', 'justneo.de/Angelk%C3%B6der---56.html'),
(154, 1, '88.130.58.75', '2024-11-26 09:36:52', '', '', ''),
(155, 5004, '2a01:599:104:a6', '2024-11-27 10:27:37', '', '', ''),
(156, 1, '88.130.58.205', '2024-11-27 13:25:21', '', '', ''),
(157, 5001, '2a04:4540:641e:', '2024-11-27 13:46:50', 'justneo.de', '', 'justneo.de/Campingausr%C3%BCstung---52.html'),
(158, 5001, '2a04:4540:640e:', '2024-11-28 08:44:40', 'justneo.de', '', 'justneo.de/admin/orders.php'),
(159, 5001, '2a04:4540:6416:', '2024-11-29 07:40:13', 'justneo.de', '', 'justneo.de/admin/ebayapi_cart.php'),
(160, 1, '88.130.57.202', '2024-12-02 13:44:47', '', '', ''),
(161, 5001, '2a04:4540:6405:', '2024-12-02 13:49:45', 'justneo.de', '', 'justneo.de/checkout_shipping.php'),
(162, 5001, '2a04:4540:640c:', '2024-12-03 07:51:56', 'justneo.de', '', 'justneo.de/admin/categories.php'),
(163, 1, '88.130.57.202', '2024-12-03 10:27:39', '', '', ''),
(164, 1, '77.3.194.33', '2024-12-05 11:55:37', 'justneo.de', '', 'justneo.de/logoff.php'),
(165, 1, '88.130.57.221', '2024-12-06 17:33:56', '', '', ''),
(166, 1, '88.130.58.77', '2024-12-09 09:02:10', 'justneo.de', '', 'justneo.de/checkout_shipping.php'),
(167, 1, '88.130.58.77', '2024-12-09 09:03:50', 'justneo.de', '', 'justneo.de/admin/shipping.php'),
(168, 1, '2001:16b8:611c:', '2024-12-16 13:07:01', '', '', ''),
(169, 5001, '2a04:4540:641c:', '2024-12-23 08:40:50', 'justneo.de', '', 'justneo.de/'),
(170, 1, '88.130.58.72', '2024-12-27 11:06:07', '', '', ''),
(171, 5001, '2a04:4540:6429:', '2024-12-27 14:51:36', 'justneo.de', '', 'justneo.de/admin/shipping.php'),
(172, 5001, '2a04:4540:6429:', '2024-12-27 14:51:38', 'justneo.de', '', 'justneo.de/'),
(173, 5001, '2a04:4540:6429:', '2024-12-27 14:51:44', 'justneo.de', '', 'justneo.de/login.php'),
(174, 5001, '2a04:4540:6429:', '2024-12-27 14:51:53', 'justneo.de', '', 'justneo.de/login.php'),
(175, 5001, '2a04:4540:6429:', '2024-12-27 14:51:56', 'justneo.de', '', 'justneo.de/'),
(176, 5001, '2a04:4540:6429:', '2024-12-27 14:53:55', 'justneo.de', '', 'justneo.de/login.php'),
(177, 5001, '2a04:4540:6429:', '2024-12-27 14:53:57', 'justneo.de', '', 'justneo.de/'),
(178, 5001, '2a04:4540:6429:', '2024-12-27 14:53:59', 'justneo.de', '', 'justneo.de/login.php'),
(179, 5001, '2a04:4540:6429:', '2024-12-27 14:54:07', 'justneo.de', '', 'justneo.de/login.php'),
(180, 5001, '2a04:4540:6429:', '2024-12-27 14:54:23', 'justneo.de', '', 'justneo.de/login.php'),
(181, 5001, '2a04:4540:6429:', '2024-12-27 15:00:18', 'justneo.de', '', 'justneo.de/wp-admin'),
(182, 5001, '2a04:4540:6429:', '2024-12-27 15:00:20', 'justneo.de', '', 'justneo.de/'),
(183, 5001, '2a04:4540:6429:', '2024-12-27 15:00:22', 'justneo.de', '', 'justneo.de/login.php'),
(184, 5001, '2a04:4540:6429:', '2024-12-27 15:00:40', 'justneo.de', '', 'justneo.de/login.php'),
(185, 5001, '2a04:4540:6429:', '2024-12-27 15:00:43', 'justneo.de', '', 'justneo.de/'),
(186, 5001, '2a04:4540:6429:', '2024-12-27 15:01:47', 'justneo.de', '', 'justneo.de/login.php'),
(187, 5001, '2a04:4540:6429:', '2024-12-27 15:01:49', 'justneo.de', '', 'justneo.de/'),
(188, 5001, '2a04:4540:6429:', '2024-12-27 15:01:51', 'justneo.de', '', 'justneo.de/login.php'),
(189, 5001, '2a04:4540:6429:', '2024-12-27 15:01:54', 'justneo.de', '', 'justneo.de/login.php'),
(190, 5001, '2a04:4540:6429:', '2024-12-27 15:01:57', 'justneo.de', '', 'justneo.de/login.php'),
(191, 1, '213.70.33.107', '2024-12-27 15:02:45', '', '', ''),
(192, 5001, '2a04:4540:6429:', '2024-12-27 15:03:19', '', '', ''),
(193, 1, '88.130.57.76', '2025-01-02 18:39:03', '', '', ''),
(194, 5001, '2a04:4540:6400:', '2025-01-07 14:06:22', 'justneo.de', '', 'justneo.de/'),
(195, 5001, '2a04:4540:6401:', '2025-01-08 13:45:09', 'justneo.de', '', 'justneo.de/admin/start.php'),
(196, 5001, '2a04:4540:6401:', '2025-01-08 13:45:37', 'justneo.de', '', 'justneo.de/login.php'),
(197, 5001, '2a04:4540:6401:', '2025-01-08 13:59:25', 'justneo.de', '', 'justneo.de/login.php'),
(198, 5001, '2a04:4540:6401:', '2025-01-08 13:59:30', 'justneo.de', '', 'justneo.de/'),
(199, 5001, '2a04:4540:6401:', '2025-01-08 13:59:54', 'justneo.de', '', 'justneo.de/login.php'),
(200, 5001, '2a04:4540:6401:', '2025-01-08 14:04:42', 'justneo.de', '', 'justneo.de/'),
(201, 5001, '2a04:4540:6401:', '2025-01-08 14:05:08', 'justneo.de', '', 'justneo.de/'),
(202, 5001, '2a04:4540:6401:', '2025-01-08 14:06:26', 'justneo.de', '', 'justneo.de/login.php'),
(203, 1, '2001:16b8:6333:', '2025-01-09 17:20:11', '', '', ''),
(204, 5001, '2a04:4540:641b:', '2025-01-13 14:22:49', 'justneo.de', '', 'justneo.de/admin/categories.php'),
(205, 1, '88.130.57.5', '2025-01-15 16:49:15', '', '', ''),
(206, 1, '2a04:4540:8210:', '2025-01-17 09:27:57', '', '', ''),
(207, 5000, '2001:9e8:e236:a', '2025-01-24 14:31:40', '', '', ''),
(208, 5001, '2a04:4540:641f:', '2025-01-28 16:18:09', 'justneo.de', '', 'justneo.de/admin/orders.php'),
(209, 5001, '2a04:4540:641f:', '2025-01-28 16:18:15', 'justneo.de', '', 'justneo.de/login.php'),
(210, 5001, '2a04:4540:641f:', '2025-01-28 16:18:28', 'justneo.de', '', 'justneo.de/login.php'),
(211, 5001, '2a04:4540:641f:', '2025-01-28 16:20:00', 'justneo.de', '', 'justneo.de/login.php'),
(212, 5001, '2a04:4540:641f:', '2025-01-28 16:20:04', 'justneo.de', '', 'justneo.de/'),
(213, 5001, '2a04:4540:641f:', '2025-01-28 16:20:17', 'justneo.de', '', 'justneo.de/login.php'),
(214, 5001, '2a04:4540:641f:', '2025-01-28 16:21:44', 'justneo.de', '', 'justneo.de/wp-admin'),
(215, 5001, '2a04:4540:641f:', '2025-01-28 16:22:03', 'justneo.de', '', 'justneo.de/login.php'),
(216, 1, '88.130.57.83', '2025-01-30 14:18:21', '', '', ''),
(217, 5028, '20.101.168.229', '2025-01-31 09:48:06', '', '', ''),
(218, 1, '88.130.58.1', '2025-02-04 10:17:22', '', '', ''),
(219, 1, '2001:16b8:6307:', '2025-02-06 09:22:45', '', '', ''),
(220, 1, '2001:16b8:61da:', '2025-02-12 09:07:55', '', '', ''),
(221, 1, '88.130.58.4', '2025-02-17 14:32:12', '', '', ''),
(222, 5001, '2a04:4540:641e:', '2025-02-17 14:32:49', '', '', ''),
(223, 1, '88.130.57.70', '2025-02-19 15:35:51', '', '', ''),
(224, 5001, '2a04:4540:6425:', '2025-02-24 09:44:50', 'justneo.de', '', 'justneo.de/admin/categories.php'),
(225, 5001, '2a04:4540:6425:', '2025-02-24 09:46:13', 'justneo.de', '', 'justneo.de/login.php'),
(226, 5001, '2a04:4540:6425:', '2025-02-24 09:47:25', 'justneo.de', '', 'justneo.de/'),
(227, 5001, '2a04:4540:6425:', '2025-02-24 09:47:29', 'justneo.de', '', 'justneo.de/login.php'),
(228, 5001, '2a04:4540:6425:', '2025-02-24 09:48:07', '', '', ''),
(229, 5001, '2a04:4540:6425:', '2025-02-24 09:49:01', 'justneo.de', '', 'justneo.de/login.php'),
(230, 5001, '2a04:4540:6425:', '2025-02-24 09:49:27', '', '', ''),
(231, 5001, '2a04:4540:6404:', '2025-02-27 21:04:59', 'www.idealo.de', '', 'www.idealo.de/'),
(232, 1, '2001:16b8:639d:', '2025-03-04 08:19:57', '', '', ''),
(233, 5001, '2a04:4540:6401:', '2025-03-05 10:25:41', 'justneo.de', '', 'justneo.de/logoff.php'),
(234, 5001, '2a04:4540:6401:', '2025-03-05 10:27:44', 'justneo.de', '', 'justneo.de/admin/categories.php'),
(235, 5001, '2a04:4540:6401:', '2025-03-05 10:27:56', 'justneo.de', '', 'justneo.de/login.php'),
(236, 5001, '2a04:4540:6401:', '2025-03-05 10:28:32', 'justneo.de', '', 'justneo.de/login.php'),
(237, 5001, '2a04:4540:6401:', '2025-03-05 10:28:55', 'justneo.de', '', 'justneo.de/login.php'),
(238, 5001, '2a04:4540:6401:', '2025-03-05 10:29:27', '', '', ''),
(239, 5001, '2a04:4540:6401:', '2025-03-10 16:04:44', 'justneo.de', '', 'justneo.de/login.php'),
(240, 5001, '2a04:4540:6408:', '2025-03-10 16:05:21', '', '', ''),
(241, 5001, '2a04:4540:640d:', '2025-03-11 15:40:18', '', '', ''),
(242, 5001, '2a04:4540:6404:', '2025-03-19 14:30:22', 'justneo.de', '', 'justneo.de/Grill-%20&%20Kochzubeh%C3%B6r---53.html'),
(243, 5001, '2a04:4540:6421:', '2025-03-24 12:34:12', 'justneo.de', '', 'justneo.de/Campingzelte---51.html'),
(244, 5001, '2a04:4540:6410:', '2025-03-24 12:35:41', 'justneo.de', '', 'justneo.de/Campingzelte---51.html'),
(245, 1, '88.130.57.132', '2025-03-26 10:34:47', '', '', ''),
(246, 5001, '2a04:4540:6424:', '2025-03-26 11:29:15', 'justneo.de', '', 'justneo.de/admin/shipping.php'),
(247, 5001, '2a04:4540:6429:', '2025-03-26 11:29:18', 'justneo.de', '', 'justneo.de/Outwell-Galana-Campingstuhl-%E2%80%93-Klappbarer-Liegestuhl-verstellbar-120-kg--207_52.html'),
(248, 5001, '2a04:4540:6429:', '2025-03-26 11:29:41', 'www.google.com', '', 'www.google.com/'),
(249, 5001, '2a04:4540:6429:', '2025-03-27 08:48:28', 'justneo.de', '', 'justneo.de/login.php'),
(250, 5001, '2a04:4540:641e:', '2025-03-27 08:48:30', 'justneo.de', '', 'justneo.de/'),
(251, 5001, '2a04:4540:641e:', '2025-03-27 08:48:32', 'justneo.de', '', 'justneo.de/login.php'),
(252, 5001, '2a04:4540:641e:', '2025-03-27 08:48:39', 'justneo.de', '', 'justneo.de/login.php'),
(253, 5001, '2a04:4540:641e:', '2025-03-27 17:17:52', 'justneo.de', '', 'justneo.de/login.php'),
(254, 5001, '2a04:4540:6402:', '2025-04-02 16:58:08', 'justneo.de', '', 'justneo.de/logoff.php'),
(255, 5001, '2a04:4540:6415:', '2025-04-14 11:49:06', 'justneo.de', '', 'justneo.de/admin/orders.php'),
(256, 5001, '2a04:4540:6420:', '2025-04-22 08:54:02', 'justneo.de', '', 'justneo.de/admin/categories.php'),
(257, 5001, '2a04:4540:640c:', '2025-04-25 09:01:35', 'justneo.de', '', 'justneo.de/logoff.php'),
(258, 5001, '2a04:4540:640c:', '2025-04-25 09:03:25', '', '', ''),
(259, 1, '2001:16b8:63b9:', '2025-04-25 10:33:26', '', '', ''),
(260, 5001, '2a04:4540:6421:', '2025-04-28 09:32:39', 'justneo.de', '', 'justneo.de/shopping_cart.php'),
(261, 1, '2001:16b8:63fd:', '2025-04-28 17:26:27', '', '', ''),
(262, 1, '2001:16b8:613c:', '2025-04-29 09:00:19', '', '', ''),
(263, 1, '2001:16b8:613c:', '2025-04-29 09:16:20', 'justneo.de', '', 'justneo.de/admin/orders.php'),
(264, 1, '2001:16b8:613c:', '2025-04-29 09:22:26', 'justneo.de', '', 'justneo.de/admin/token.php'),
(265, 1, '2a04:4540:820a:', '2025-04-29 09:50:03', '', '', ''),
(266, 1, '2001:16b8:613c:', '2025-04-29 10:10:21', 'justneo.de', '', 'justneo.de/Impressum-_-4.html'),
(267, 1, '2001:16b8:613c:', '2025-04-29 10:29:40', 'justneo.de', '', 'justneo.de/Impressum-_-4.html'),
(268, 5001, '2a04:4540:6402:', '2025-04-30 08:00:52', '', '', ''),
(269, 5088, '2a02:3037:308:e', '2025-05-02 09:47:56', 'justneo.de', '', 'justneo.de/shop_content.php'),
(270, 5001, '2a04:4540:6419:', '2025-05-02 18:09:08', 'justneo.de', '', 'justneo.de/Gesundheit---65.html'),
(271, 5092, '2003:ea:7f24:a3', '2025-05-03 14:34:13', 'www.idealo.de', '', 'www.idealo.de/'),
(272, 5001, '2a04:4540:6428:', '2025-05-05 07:48:39', 'justneo.de', '', 'justneo.de/admin/orders.php'),
(273, 5001, '2a04:4540:6428:', '2025-05-05 07:48:44', 'justneo.de', '', 'justneo.de/login.php'),
(274, 5001, '2a04:4540:6428:', '2025-05-05 07:48:49', 'justneo.de', '', 'justneo.de/login.php'),
(275, 5001, '2a04:4540:6428:', '2025-05-05 07:48:58', 'justneo.de', '', 'justneo.de/login.php'),
(276, 5001, '2a04:4540:6428:', '2025-05-05 07:49:12', 'justneo.de', '', 'justneo.de/Survival-Schaufel-Faltbar-Spitzhacke-Saege-Oeffner-Outdoor-Werkzeug--176_54.html'),
(277, 5001, '2a04:4540:6428:', '2025-05-05 08:16:06', 'justneo.de', '', 'justneo.de/'),
(278, 5001, '2a04:4540:6428:', '2025-05-05 08:16:23', 'justneo.de', '', 'justneo.de/Laser-Nivelliergeraet-mit-Massband-3-Libellen-fuer-DIY-Projekte-Handwerk--179_62.html'),
(279, 1, '2001:16b8:61c3:', '2025-05-05 10:54:05', '', '', ''),
(280, 5001, '2a04:4540:6428:', '2025-05-05 13:09:36', '', '', ''),
(281, 1, '2001:16b8:6162:', '2025-05-12 09:06:35', '', '', ''),
(282, 5001, '2a04:4540:6406:', '2025-05-12 13:32:50', 'justneo.de', '', 'justneo.de/Campingzelte---51.html'),
(283, 1, '2001:16b8:6162:', '2025-05-12 13:33:46', '', '', ''),
(284, 5000, '2001:9e8:e209:e', '2025-05-15 16:22:33', '', '', ''),
(285, 5001, '2a04:4540:6404:', '2025-05-19 07:43:45', 'justneo.de', '', 'justneo.de/Deko%20&%20Basteln---49.html'),
(286, 5099, '91.55.195.46', '2025-05-19 11:12:24', 'www.idealo.de', '', 'www.idealo.de/'),
(287, 1, '2001:16b8:6105:', '2025-05-19 12:14:49', '', '', ''),
(288, 5000, '2001:9e8:e229:7', '2025-05-20 14:54:41', '', '', ''),
(289, 5001, '2a04:4540:6416:', '2025-05-26 14:10:11', 'justneo.de', '', 'justneo.de/Campingausr%C3%BCstung---52.html'),
(290, 1, '2001:16b8:61ba:', '2025-05-27 07:56:29', '', '', ''),
(291, 1, '2001:16b8:61ba:', '2025-05-27 09:00:20', '', '', ''),
(292, 5000, '2001:9e8:e214:a', '2025-05-27 16:39:52', '', '', ''),
(293, 5001, '2a04:4540:6405:', '2025-06-02 08:58:52', 'justneo.de', '', 'justneo.de/Camping---48.html'),
(294, 1, '2001:16b8:6315:', '2025-06-02 12:55:13', '', '', ''),
(295, 1, '2001:16b8:616f:', '2025-06-04 15:40:36', '', '', ''),
(296, 5126, '2003:ef:5f25:b6', '2025-06-10 13:24:17', 'de.idealo.android', '', 'de.idealo.android/'),
(297, 5001, '2a04:4540:6427:', '2025-06-16 16:41:26', 'justneo.de', '', 'justneo.de/Campingzelte---51.html'),
(298, 5001, '2a04:4540:6427:', '2025-06-16 16:44:22', 'justneo.de', '', 'justneo.de/logoff.php'),
(299, 1, '2001:16b8:6197:', '2025-06-28 07:59:21', '', '', ''),
(300, 5001, '2a04:4540:6419:', '2025-06-30 07:45:07', 'justneo.de', '', 'justneo.de/Campingausr%C3%BCstung---52.html'),
(301, 5001, '2a04:4540:640a:', '2025-07-03 15:43:18', 'justneo.de', '', 'justneo.de/Campingzelte---51.html'),
(302, 1, '2001:16b8:63c7:', '2025-07-03 16:35:49', '', '', ''),
(303, 1, '2001:16b8:63df:', '2025-07-03 17:46:34', 'justneo.de', NULL, 'justneo.de/logoff.php'),
(304, 1, '2001:16b8:63df:', '2025-07-03 19:58:39', 'justneo.de', NULL, 'justneo.de/logoff.php'),
(305, 1, '2001:16b8:6150:', '2025-07-06 15:18:08', '', NULL, ''),
(306, 5001, '2a04:4540:640f:', '2025-07-07 10:42:22', 'justneo.de', NULL, 'justneo.de/Campingausr%C3%BCstung---52.html'),
(307, 5001, '2a04:4540:640f:', '2025-07-07 14:36:32', 'justneo.de', NULL, 'justneo.de/Campingausr%C3%BCstung---52.html'),
(308, 5001, '2a04:4540:642a:', '2025-07-08 08:34:32', 'justneo.de', NULL, 'justneo.de/admin/orders.php'),
(309, 5001, '2a04:4540:6429:', '2025-07-09 10:59:55', 'justneo.de', NULL, 'justneo.de/Outwell-Reel-Luftmatratze-Camping-195x70-cm-%E2%80%93-single--231_52.html'),
(310, 1, '2001:16b8:61c8:', '2025-07-11 11:25:13', '', NULL, ''),
(311, 5001, '2a04:4540:641a:', '2025-07-12 17:36:51', 'justneo.de', NULL, 'justneo.de/Outwell-Reel-Luftmatratze-Camping-195x70-cm-%E2%80%93-single--231_52.html'),
(312, 5001, '2a04:4540:6406:', '2025-07-12 17:40:35', 'justneo.de', NULL, 'justneo.de/admin/orders.php'),
(313, 5001, '2a04:4540:6419:', '2025-07-14 11:16:02', 'justneo.de', NULL, 'justneo.de/admin/orders.php'),
(314, 5001, '2a04:4540:6412:', '2025-07-16 14:00:39', 'justneo.de', NULL, 'justneo.de/admin/orders.php'),
(315, 1, '2001:16b8:6329:', '2025-07-17 11:19:13', '', NULL, ''),
(316, 5001, '2a04:4540:6428:', '2025-07-22 08:49:41', 'justneo.de', NULL, 'justneo.de/login.php'),
(317, 5179, '2a02:26f7:ec64:', '2025-07-25 22:54:25', 'www.idealo.de', NULL, 'www.idealo.de/'),
(318, 5001, '2a04:4540:640c:', '2025-07-28 08:46:12', 'justneo.de', NULL, 'justneo.de/Easy-Camp-Isomatte-Basic-EVA-Campingmatte-gruen--209_52.html'),
(319, 5001, '2a04:4540:6414:', '2025-08-01 14:04:42', '', NULL, ''),
(320, 1, '2001:16b8:639c:', '2025-08-01 14:17:45', '', NULL, ''),
(321, 1, '2001:16b8:63e2:', '2025-08-04 16:42:16', '', NULL, ''),
(322, 5001, '2003:d4:9f41:a8', '2025-08-05 10:23:43', '', NULL, ''),
(323, 5001, '2003:d4:9f41:a8', '2025-08-05 19:13:26', 'justneo.de', NULL, 'justneo.de/admin/start.php'),
(324, 1, '2a01:599:708:10', '2025-08-06 15:38:54', '', NULL, ''),
(325, 1, '2001:16b8:6343:', '2025-08-08 11:33:04', '', NULL, ''),
(326, 5001, '2a04:4540:6406:', '2025-08-11 08:07:00', 'justneo.de', NULL, 'justneo.de/Camping---48.html'),
(327, 1, '94.134.193.8', '2025-08-11 15:48:55', '', NULL, ''),
(328, 5001, '2a04:4540:6424:', '2025-08-18 08:34:04', 'justneo.de', NULL, 'justneo.de/Camping---48.html'),
(329, 5190, '62.143.178.207', '2025-08-26 12:45:18', 'www.idealo.de', NULL, 'www.idealo.de/'),
(330, 5001, '2a04:4540:6414:', '2025-09-01 09:03:40', 'justneo.de', NULL, 'justneo.de/login.php'),
(331, 5194, '2003:c1:af4c:e7', '2025-09-07 23:06:16', 'www.idealo.de', NULL, 'www.idealo.de/'),
(332, 5001, '2a04:4540:6427:', '2025-09-15 13:03:59', 'justneo.de', NULL, 'justneo.de/Trainingsleiter-mit-12-Sprossen-6m-%E2%80%93-Ideal-fuer-Koordinationsuebungen--162_60.html'),
(333, 1, '94.134.192.26', '2025-09-15 14:19:51', 'www.google.com', NULL, 'www.google.com/'),
(334, 1, '2001:16b8:6307:', '2025-09-23 12:08:04', '', NULL, ''),
(335, 5001, '2a04:4540:6403:', '2025-09-24 11:17:18', 'justneo.de', NULL, 'justneo.de/Festival%20Accessoires---67.html'),
(336, 1, '2001:16b8:6172:', '2025-09-26 14:47:37', '', NULL, ''),
(337, 1, '2001:16b8:63e4:', '2025-10-02 08:35:46', 'yes-a177922.de', NULL, 'yes-a177922.de/'),
(338, 1, '2001:16b8:6334:', '2025-10-05 09:08:17', '', NULL, ''),
(339, 5208, '2001:16b8:6334:', '2025-10-05 09:11:47', 'justneo.de', NULL, 'justneo.de/logoff.php'),
(340, 1, '2001:16b8:6334:', '2025-10-05 09:15:36', 'justneo.de', NULL, 'justneo.de/logoff.php'),
(341, 5001, '2a04:4540:6410:', '2025-10-06 09:05:31', 'justneo.de', NULL, 'justneo.de/admin/categories.php'),
(342, 1, '2001:16b8:6149:', '2025-10-16 14:50:54', '', NULL, ''),
(343, 5221, '2001:4bb8:17c:7', '2025-10-21 18:11:14', 'www.idealo.de', NULL, 'www.idealo.de/'),
(344, 1, '2a02:3100:8b97:', '2025-10-22 14:01:53', '', NULL, ''),
(345, 1, '2a02:3100:8b4e:', '2025-10-27 10:04:08', '', NULL, ''),
(346, 5001, '2a04:4540:6412:', '2025-10-29 14:59:56', 'justneo.de', NULL, 'justneo.de/admin/orders.php'),
(347, 1, '2001:16b8:63f9:', '2025-11-03 15:12:11', '', NULL, ''),
(348, 5001, '2a02:3100:8b35:', '2025-11-10 16:41:25', '', NULL, ''),
(349, 1, '2a02:3100:8b35:', '2025-11-10 17:21:44', '', NULL, ''),
(350, 5233, '91.214.65.136', '2025-11-10 23:32:46', '', NULL, ''),
(351, 5001, '2a02:3100:8802:', '2025-11-12 17:02:11', 'justneo.de', NULL, 'justneo.de/admin/ebayapi_ftpfile.php'),
(352, 5001, '2a02:3100:8802:', '2025-11-12 17:02:46', 'justneo.de', NULL, 'justneo.de/Campingausruestung---52.html'),
(353, 5001, '2a02:3100:8802:', '2025-11-12 17:04:29', 'justneo.de', NULL, 'justneo.de/login.php'),
(354, 5001, '2a02:3100:8802:', '2025-11-12 17:04:54', 'justneo.de', NULL, 'justneo.de/'),
(355, 5001, '2a02:3100:8802:', '2025-11-12 17:10:07', 'justneo.de', NULL, 'justneo.de/Campingausruestung---52.html'),
(356, 5001, '2a02:3100:8802:', '2025-11-12 17:10:22', 'justneo.de', NULL, 'justneo.de/login.php'),
(357, 5001, '2a02:3100:8802:', '2025-11-12 17:11:20', 'justneo.de', NULL, 'justneo.de/login.php'),
(358, 5001, '2a02:3100:8802:', '2025-11-12 17:11:39', 'justneo.de', NULL, 'justneo.de/'),
(359, 1, '2a02:3100:8802:', '2025-11-12 17:13:44', '', NULL, ''),
(360, 5001, '2a02:3100:8802:', '2025-11-12 17:14:48', '', NULL, ''),
(361, 1, '2a02:3100:8802:', '2025-11-12 17:31:13', '', NULL, ''),
(362, 1, '2a02:3100:83bd:', '2025-11-14 15:41:41', '', NULL, ''),
(363, 5001, '2a02:3100:887e:', '2025-11-17 12:51:43', '', NULL, ''),
(364, 1, '2001:16b8:6169:', '2025-11-17 14:27:53', 'yes-a177922.de', NULL, 'yes-a177922.de/'),
(365, 5001, '2a02:3100:898d:', '2025-11-24 11:30:23', 'justneo.de', NULL, 'justneo.de/admin/orders.php'),
(366, 5001, '2a02:3100:85cc:', '2025-11-26 13:22:26', 'justneo.de', NULL, 'justneo.de/admin/categories.php'),
(367, 1, '2a02:3100:83e5:', '2025-11-27 18:47:25', '', NULL, ''),
(368, 5001, '2a02:3100:804e:', '2025-12-01 15:08:22', 'justneo.de', NULL, 'justneo.de/admin/categories.php'),
(369, 1, '2a02:3100:8367:', '2025-12-02 23:05:59', '', NULL, ''),
(370, 5001, '2a02:3100:7ca1:', '2025-12-03 14:30:59', 'justneo.de', NULL, 'justneo.de/login.php'),
(371, 1, '2a02:3100:7ca1:', '2025-12-03 16:20:08', '', NULL, ''),
(372, 5001, '2a04:4540:640b:', '2025-12-04 14:37:53', 'ilovegoa.de', NULL, 'ilovegoa.de/'),
(373, 1, '2a02:3100:88a7:', '2025-12-04 15:48:15', '', NULL, ''),
(374, 5001, '2a02:3100:85dd:', '2025-12-08 15:17:45', '', NULL, ''),
(375, 5260, '80.81.11.21', '2025-12-09 15:56:40', 'www.idealo.de', NULL, 'www.idealo.de/'),
(376, 1, '2001:16b8:61e4:', '2025-12-12 21:20:51', '', NULL, ''),
(377, 5001, '2a04:4540:6401:', '2025-12-13 10:42:36', '', NULL, '');

-- --------------------------------------------------------

--
-- Tabellenstruktur für Tabelle `customers_memo`
--

